[INFO] fetching crate thot-core 0.10.0-intermediate...
[INFO] testing thot-core-0.10.0-intermediate against nightly-2024-10-28 for randomize-layout
[INFO] extracting crate thot-core 0.10.0-intermediate into /workspace/builds/worker-7-tc1/source
[INFO] validating manifest of crates.io crate thot-core 0.10.0-intermediate on toolchain nightly-2024-10-28
[INFO] running `Command { std: CARGO_HOME="/workspace/cargo-home" RUSTUP_HOME="/workspace/rustup-home" "/workspace/cargo-home/bin/cargo" "+nightly-2024-10-28" "metadata" "--manifest-path" "Cargo.toml" "--no-deps", kill_on_drop: false }`
[INFO] removed /workspace/builds/worker-7-tc1/source/rust-toolchain
[INFO] started tweaking crates.io crate thot-core 0.10.0-intermediate
[INFO] finished tweaking crates.io crate thot-core 0.10.0-intermediate
[INFO] tweaked toml for crates.io crate thot-core 0.10.0-intermediate written to /workspace/builds/worker-7-tc1/source/Cargo.toml
[INFO] running `Command { std: CARGO_HOME="/workspace/cargo-home" RUSTUP_HOME="/workspace/rustup-home" "/workspace/cargo-home/bin/cargo" "+nightly-2024-10-28" "generate-lockfile" "--manifest-path" "Cargo.toml", kill_on_drop: false }`
[INFO] [stderr]     Updating crates.io index
[INFO] [stderr]      Locking 156 packages to latest compatible versions
[INFO] [stderr]       Adding clap v3.2.25 (available: v4.5.20)
[INFO] [stderr]       Adding directories v4.0.1 (available: v5.0.1)
[INFO] [stderr]       Adding fake v2.10.0 (available: v3.0.0)
[INFO] [stderr]       Adding mockall v0.11.4 (available: v0.13.0)
[INFO] [stderr]       Adding ntest v0.7.5 (available: v0.9.3)
[INFO] [stderr]       Adding pyo3 v0.17.3 (available: v0.22.5)
[INFO] [stderr]       Adding pythonize v0.17.0 (available: v0.22.0)
[INFO] [stderr]       Adding validator v0.14.0 (available: v0.18.1)
[INFO] [stderr]       Adding yew v0.19.3 (available: v0.21.0)
[INFO] running `Command { std: CARGO_HOME="/workspace/cargo-home" RUSTUP_HOME="/workspace/rustup-home" "/workspace/cargo-home/bin/cargo" "+nightly-2024-10-28" "fetch" "--manifest-path" "Cargo.toml", kill_on_drop: false }`
[INFO] [stderr]  Downloading crates ...
[INFO] [stderr]   Downloaded pythonize v0.17.0
[INFO] [stderr]   Downloaded cluFlock v1.2.7
[INFO] running `Command { std: "docker" "create" "-v" "/var/lib/crater-agent-workspace/builds/worker-7-tc1/target:/opt/rustwide/target:rw,Z" "-v" "/var/lib/crater-agent-workspace/builds/worker-7-tc1/source:/opt/rustwide/workdir:ro,Z" "-v" "/var/lib/crater-agent-workspace/cargo-home:/opt/rustwide/cargo-home:ro,Z" "-v" "/var/lib/crater-agent-workspace/rustup-home:/opt/rustwide/rustup-home:ro,Z" "-e" "SOURCE_DIR=/opt/rustwide/workdir" "-e" "CARGO_TARGET_DIR=/opt/rustwide/target" "-e" "CARGO_HOME=/opt/rustwide/cargo-home" "-e" "RUSTUP_HOME=/opt/rustwide/rustup-home" "-w" "/opt/rustwide/workdir" "-m" "1610612736" "--user" "0:0" "--network" "none" "ghcr.io/rust-lang/crates-build-env/linux@sha256:4a844ea9eb2546a2d2c7022eacef16ef2e8229c7fbb2c7d4d55a9ceca922f72d" "/opt/rustwide/cargo-home/bin/cargo" "+nightly-2024-10-28" "metadata" "--no-deps" "--format-version=1", kill_on_drop: false }`
[INFO] [stdout] 541d838358fe0d713fde0b8c8a37e831c3c35e23de2cfa279ef57564d5e377fd
[INFO] running `Command { std: "docker" "start" "-a" "541d838358fe0d713fde0b8c8a37e831c3c35e23de2cfa279ef57564d5e377fd", kill_on_drop: false }`
[INFO] running `Command { std: "docker" "inspect" "541d838358fe0d713fde0b8c8a37e831c3c35e23de2cfa279ef57564d5e377fd", kill_on_drop: false }`
[INFO] running `Command { std: "docker" "rm" "-f" "541d838358fe0d713fde0b8c8a37e831c3c35e23de2cfa279ef57564d5e377fd", kill_on_drop: false }`
[INFO] [stdout] 541d838358fe0d713fde0b8c8a37e831c3c35e23de2cfa279ef57564d5e377fd
[INFO] running `Command { std: "docker" "create" "-v" "/var/lib/crater-agent-workspace/builds/worker-7-tc1/target:/opt/rustwide/target:rw,Z" "-v" "/var/lib/crater-agent-workspace/builds/worker-7-tc1/source:/opt/rustwide/workdir:ro,Z" "-v" "/var/lib/crater-agent-workspace/cargo-home:/opt/rustwide/cargo-home:ro,Z" "-v" "/var/lib/crater-agent-workspace/rustup-home:/opt/rustwide/rustup-home:ro,Z" "-e" "SOURCE_DIR=/opt/rustwide/workdir" "-e" "CARGO_TARGET_DIR=/opt/rustwide/target" "-e" "CARGO_INCREMENTAL=0" "-e" "RUST_BACKTRACE=full" "-e" "RUSTFLAGS=--cap-lints=forbid" "-e" "RUSTDOCFLAGS=--cap-lints=forbid" "-e" "CARGO_HOME=/opt/rustwide/cargo-home" "-e" "RUSTUP_HOME=/opt/rustwide/rustup-home" "-w" "/opt/rustwide/workdir" "-m" "1610612736" "--user" "0:0" "--network" "none" "ghcr.io/rust-lang/crates-build-env/linux@sha256:4a844ea9eb2546a2d2c7022eacef16ef2e8229c7fbb2c7d4d55a9ceca922f72d" "/opt/rustwide/cargo-home/bin/cargo" "+nightly-2024-10-28" "build" "--frozen" "--message-format=json", kill_on_drop: false }`
[INFO] [stdout] f217ff5e8b1666396b0afee06cc9985b6c39fdf3a070fa561a5fa79938c5490d
[INFO] running `Command { std: "docker" "start" "-a" "f217ff5e8b1666396b0afee06cc9985b6c39fdf3a070fa561a5fa79938c5490d", kill_on_drop: false }`
[INFO] [stderr]    Compiling proc-macro2 v1.0.89
[INFO] [stderr]    Compiling unicode-ident v1.0.13
[INFO] [stderr]    Compiling unicode-bidi v0.3.17
[INFO] [stderr]    Compiling serde v1.0.214
[INFO] [stderr]    Compiling syn v1.0.109
[INFO] [stderr]    Compiling num-traits v0.2.19
[INFO] [stderr]    Compiling aho-corasick v1.1.3
[INFO] [stderr]    Compiling iana-time-zone v0.1.61
[INFO] [stderr]    Compiling unicode-normalization v0.1.24
[INFO] [stderr]    Compiling getrandom v0.2.15
[INFO] [stderr]    Compiling dirs-sys v0.3.7
[INFO] [stderr]    Compiling cluFlock v1.2.7
[INFO] [stderr]    Compiling directories v4.0.1
[INFO] [stderr]    Compiling quote v1.0.37
[INFO] [stderr]    Compiling idna v0.5.0
[INFO] [stderr]    Compiling idna v0.2.3
[INFO] [stderr]    Compiling syn v2.0.86
[INFO] [stderr]    Compiling url v2.5.2
[INFO] [stderr]    Compiling regex-automata v0.4.8
[INFO] [stderr]    Compiling serde_json v1.0.132
[INFO] [stderr]    Compiling chrono v0.4.38
[INFO] [stderr]    Compiling uuid v1.11.0
[INFO] [stderr]    Compiling regex v1.11.1
[INFO] [stderr]    Compiling validator_types v0.14.0
[INFO] [stderr]    Compiling serde_derive v1.0.214
[INFO] [stderr]    Compiling derivative v2.2.0
[INFO] [stderr]    Compiling validator v0.14.0
[INFO] [stderr]    Compiling thot-core v0.10.0-intermediate (/opt/rustwide/workdir)
[INFO] [stdout] warning: the feature `is_sorted` has been stable since 1.82.0 and no longer requires an attribute to enable
[INFO] [stdout]  --> src/lib.rs:4:12
[INFO] [stdout]   |
[INFO] [stdout] 4 | #![feature(is_sorted)]
[INFO] [stdout]   |            ^^^^^^^^^
[INFO] [stdout]   |
[INFO] [stdout]   = note: `#[warn(stable_features)]` on by default
[INFO] [stdout] 
[INFO] [stdout] 
[INFO] [stdout] warning: unused variable: `max_tasks`
[INFO] [stdout]   --> src/runner/runner.rs:59:40
[INFO] [stdout]    |
[INFO] [stdout] 59 |     pub fn run(&self, root: Container, max_tasks: Option<usize>) -> Result {
[INFO] [stdout]    |                                        ^^^^^^^^^ help: if this is intentional, prefix it with an underscore: `_max_tasks`
[INFO] [stdout]    |
[INFO] [stdout]    = note: `#[warn(unused_variables)]` on by default
[INFO] [stdout] 
[INFO] [stdout] 
[INFO] [stdout] warning: unused variable: `filter`
[INFO] [stdout]   --> src/runner/runner.rs:89:21
[INFO] [stdout]    |
[INFO] [stdout] 89 |         if let Some(filter) = script_filter {
[INFO] [stdout]    |                     ^^^^^^ help: if this is intentional, prefix it with an underscore: `_filter`
[INFO] [stdout] 
[INFO] [stdout] 
[INFO] [stdout] warning: unused variable: `ignore_errors`
[INFO] [stdout]    --> src/runner/runner.rs:114:9
[INFO] [stdout]     |
[INFO] [stdout] 114 |         ignore_errors: bool,
[INFO] [stdout]     |         ^^^^^^^^^^^^^ help: if this is intentional, prefix it with an underscore: `_ignore_errors`
[INFO] [stdout] 
[INFO] [stdout] 
[INFO] [stdout] warning: unused variable: `verbose`
[INFO] [stdout]    --> src/runner/runner.rs:115:9
[INFO] [stdout]     |
[INFO] [stdout] 115 |         verbose: bool,
[INFO] [stdout]     |         ^^^^^^^ help: if this is intentional, prefix it with an underscore: `_verbose`
[INFO] [stdout] 
[INFO] [stdout] 
[INFO] [stdout] warning: unused variable: `container`
[INFO] [stdout]    --> src/runner/runner.rs:125:43
[INFO] [stdout]     |
[INFO] [stdout] 125 |     fn run_script(&self, script: &Script, container: &ResourceId) -> Result {
[INFO] [stdout]     |                                           ^^^^^^^^^ help: if this is intentional, prefix it with an underscore: `_container`
[INFO] [stdout] 
[INFO] [stdout] 
[INFO] [stderr]     Finished `dev` profile [unoptimized + debuginfo] target(s) in 5.37s
[INFO] running `Command { std: "docker" "inspect" "f217ff5e8b1666396b0afee06cc9985b6c39fdf3a070fa561a5fa79938c5490d", kill_on_drop: false }`
[INFO] running `Command { std: "docker" "rm" "-f" "f217ff5e8b1666396b0afee06cc9985b6c39fdf3a070fa561a5fa79938c5490d", kill_on_drop: false }`
[INFO] [stdout] f217ff5e8b1666396b0afee06cc9985b6c39fdf3a070fa561a5fa79938c5490d
[INFO] running `Command { std: "docker" "create" "-v" "/var/lib/crater-agent-workspace/builds/worker-7-tc1/target:/opt/rustwide/target:rw,Z" "-v" "/var/lib/crater-agent-workspace/builds/worker-7-tc1/source:/opt/rustwide/workdir:ro,Z" "-v" "/var/lib/crater-agent-workspace/cargo-home:/opt/rustwide/cargo-home:ro,Z" "-v" "/var/lib/crater-agent-workspace/rustup-home:/opt/rustwide/rustup-home:ro,Z" "-e" "SOURCE_DIR=/opt/rustwide/workdir" "-e" "CARGO_TARGET_DIR=/opt/rustwide/target" "-e" "CARGO_INCREMENTAL=0" "-e" "RUST_BACKTRACE=full" "-e" "RUSTFLAGS=--cap-lints=forbid" "-e" "RUSTDOCFLAGS=--cap-lints=forbid" "-e" "CARGO_HOME=/opt/rustwide/cargo-home" "-e" "RUSTUP_HOME=/opt/rustwide/rustup-home" "-w" "/opt/rustwide/workdir" "-m" "1610612736" "--user" "0:0" "--network" "none" "ghcr.io/rust-lang/crates-build-env/linux@sha256:4a844ea9eb2546a2d2c7022eacef16ef2e8229c7fbb2c7d4d55a9ceca922f72d" "/opt/rustwide/cargo-home/bin/cargo" "+nightly-2024-10-28" "test" "--frozen" "--no-run" "--message-format=json", kill_on_drop: false }`
[INFO] [stdout] 039db7c35515b2dcc49df0ef44db4484e98b36d503de7698d6d148fc61e98d9d
[INFO] running `Command { std: "docker" "start" "-a" "039db7c35515b2dcc49df0ef44db4484e98b36d503de7698d6d148fc61e98d9d", kill_on_drop: false }`
[INFO] [stderr]    Compiling itertools v0.10.5
[INFO] [stderr]    Compiling ntest_proc_macro_helper v0.7.5
[INFO] [stderr]    Compiling normalize-line-endings v0.3.0
[INFO] [stderr]    Compiling zerocopy-derive v0.7.35
[INFO] [stderr]    Compiling rand_core v0.6.4
[INFO] [stderr]    Compiling proc-macro-crate v1.3.1
[INFO] [stderr]    Compiling float-cmp v0.9.0
[INFO] [stderr]    Compiling ntest_test_cases v0.7.5
[INFO] [stderr]    Compiling mockall_derive v0.11.4
[INFO] [stderr]    Compiling deunicode v1.6.0
[INFO] [stdout] warning: the feature `is_sorted` has been stable since 1.82.0 and no longer requires an attribute to enable
[INFO] [stdout]  --> src/lib.rs:4:12
[INFO] [stdout]   |
[INFO] [stdout] 4 | #![feature(is_sorted)]
[INFO] [stdout]   |            ^^^^^^^^^
[INFO] [stdout]   |
[INFO] [stdout]   = note: `#[warn(stable_features)]` on by default
[INFO] [stdout] 
[INFO] [stdout] 
[INFO] [stdout] warning: unused variable: `max_tasks`
[INFO] [stdout]   --> src/runner/runner.rs:59:40
[INFO] [stdout]    |
[INFO] [stdout] 59 |     pub fn run(&self, root: Container, max_tasks: Option<usize>) -> Result {
[INFO] [stdout]    |                                        ^^^^^^^^^ help: if this is intentional, prefix it with an underscore: `_max_tasks`
[INFO] [stdout]    |
[INFO] [stdout]    = note: `#[warn(unused_variables)]` on by default
[INFO] [stdout] 
[INFO] [stdout] 
[INFO] [stdout] warning: unused variable: `filter`
[INFO] [stdout]   --> src/runner/runner.rs:89:21
[INFO] [stdout]    |
[INFO] [stdout] 89 |         if let Some(filter) = script_filter {
[INFO] [stdout]    |                     ^^^^^^ help: if this is intentional, prefix it with an underscore: `_filter`
[INFO] [stdout] 
[INFO] [stdout] 
[INFO] [stdout] warning: unused variable: `ignore_errors`
[INFO] [stdout]    --> src/runner/runner.rs:114:9
[INFO] [stdout]     |
[INFO] [stdout] 114 |         ignore_errors: bool,
[INFO] [stdout]     |         ^^^^^^^^^^^^^ help: if this is intentional, prefix it with an underscore: `_ignore_errors`
[INFO] [stdout] 
[INFO] [stdout] 
[INFO] [stdout] warning: unused variable: `verbose`
[INFO] [stdout]    --> src/runner/runner.rs:115:9
[INFO] [stdout]     |
[INFO] [stdout] 115 |         verbose: bool,
[INFO] [stdout]     |         ^^^^^^^ help: if this is intentional, prefix it with an underscore: `_verbose`
[INFO] [stdout] 
[INFO] [stdout] 
[INFO] [stdout] warning: unused variable: `container`
[INFO] [stdout]    --> src/runner/runner.rs:125:43
[INFO] [stdout]     |
[INFO] [stdout] 125 |     fn run_script(&self, script: &Script, container: &ResourceId) -> Result {
[INFO] [stdout]     |                                           ^^^^^^^^^ help: if this is intentional, prefix it with an underscore: `_container`
[INFO] [stdout] 
[INFO] [stdout] 
[INFO] [stderr]    Compiling ntest_timeout v0.7.5
[INFO] [stderr]    Compiling ntest v0.7.5
[INFO] [stderr]    Compiling zerocopy v0.7.35
[INFO] [stderr]    Compiling ppv-lite86 v0.2.20
[INFO] [stderr]    Compiling predicates v2.1.5
[INFO] [stderr]    Compiling rand_chacha v0.3.1
[INFO] [stderr]    Compiling rand v0.8.5
[INFO] [stderr]    Compiling mockall v0.11.4
[INFO] [stderr]    Compiling fake v2.10.0
[INFO] [stderr]    Compiling thot-core v0.10.0-intermediate (/opt/rustwide/workdir)
[INFO] [stdout] error[E0433]: failed to resolve: use of undeclared crate or module `settings_manager`
[INFO] [stdout]  --> src/./result_test.rs:2:5
[INFO] [stdout]   |
[INFO] [stdout] 2 | use settings_manager::result::Error as SettingsError;
[INFO] [stdout]   |     ^^^^^^^^^^^^^^^^ use of undeclared crate or module `settings_manager`
[INFO] [stdout] 
[INFO] [stdout] 
[INFO] [stdout] error[E0433]: failed to resolve: use of undeclared crate or module `dev_utils`
[INFO] [stdout]  --> src/runner/resources/./script_groups_test.rs:5:5
[INFO] [stdout]   |
[INFO] [stdout] 5 | use dev_utils::temp_dir::TempDir;
[INFO] [stdout]   |     ^^^^^^^^^ use of undeclared crate or module `dev_utils`
[INFO] [stdout] 
[INFO] [stdout] 
[INFO] [stdout] error[E0432]: unresolved import `serde`
[INFO] [stdout]  --> src/db/resources/./standard_properties_test.rs:6:5
[INFO] [stdout]   |
[INFO] [stdout] 6 | use serde::Deserialize;
[INFO] [stdout]   |     ^^^^^ help: a similar path exists: `uuid::serde`
[INFO] [stdout] 
[INFO] [stdout] 
[INFO] [stdout] error[E0432]: unresolved import `serde`
[INFO] [stdout]  --> src/types/./resource_map_test.rs:2:5
[INFO] [stdout]   |
[INFO] [stdout] 2 | use serde::{Deserialize, Serialize};
[INFO] [stdout]   |     ^^^^^ help: a similar path exists: `uuid::serde`
[INFO] [stdout] 
[INFO] [stdout] 
[INFO] [stdout] error[E0432]: unresolved import `serde`
[INFO] [stdout]   --> src/db/./collection_test.rs:11:5
[INFO] [stdout]    |
[INFO] [stdout] 11 | use serde::Deserialize;
[INFO] [stdout]    |     ^^^^^ help: a similar path exists: `uuid::serde`
[INFO] [stdout] 
[INFO] [stdout] 
[INFO] [stdout] error: cannot find attribute `serde` in this scope
[INFO] [stdout]  --> src/types/./resource_map_test.rs:6:7
[INFO] [stdout]   |
[INFO] [stdout] 6 |     #[serde(with = "super::serialize_resource_map_keys_only")]
[INFO] [stdout]   |       ^^^^^
[INFO] [stdout] 
[INFO] [stdout] 
[INFO] [stdout] error: cannot find attribute `serde` in this scope
[INFO] [stdout]    --> src/db/resources/./standard_properties_test.rs:151:11
[INFO] [stdout]     |
[INFO] [stdout] 151 |         #[serde(deserialize_with = "deserialize_metadata")]
[INFO] [stdout]     |           ^^^^^
[INFO] [stdout] 
[INFO] [stdout] 
[INFO] [stdout] warning: unused import: `crate::types::ResourceId`
[INFO] [stdout]  --> src/project/./script_test.rs:2:5
[INFO] [stdout]   |
[INFO] [stdout] 2 | use crate::types::ResourceId;
[INFO] [stdout]   |     ^^^^^^^^^^^^^^^^^^^^^^^^
[INFO] [stdout]   |
[INFO] [stdout]   = note: `#[warn(unused_imports)]` on by default
[INFO] [stdout] 
[INFO] [stdout] 
[INFO] [stdout] warning: the feature `is_sorted` has been stable since 1.82.0 and no longer requires an attribute to enable
[INFO] [stdout]  --> src/lib.rs:4:12
[INFO] [stdout]   |
[INFO] [stdout] 4 | #![feature(is_sorted)]
[INFO] [stdout]   |            ^^^^^^^^^
[INFO] [stdout]   |
[INFO] [stdout]   = note: `#[warn(stable_features)]` on by default
[INFO] [stdout] 
[INFO] [stdout] 
[INFO] [stdout] error[E0599]: no variant or associated item named `SettingsError` found for enum `result::Error` in the current scope
[INFO] [stdout]   --> src/./result_test.rs:19:36
[INFO] [stdout]    |
[INFO] [stdout] 19 |     assert!(matches!(c_err, Error::SettingsError(_)));
[INFO] [stdout]    |                                    ^^^^^^^^^^^^^ variant or associated item not found in `Error`
[INFO] [stdout]    |
[INFO] [stdout]   ::: src/result.rs:82:1
[INFO] [stdout]    |
[INFO] [stdout] 82 | pub enum Error {
[INFO] [stdout]    | -------------- variant or associated item `SettingsError` not found for this enum
[INFO] [stdout] 
[INFO] [stdout] 
[INFO] [stdout] error[E0277]: the trait bound `ResourceMapMock: serde::ser::Serialize` is not satisfied
[INFO] [stdout]     --> src/types/./resource_map_test.rs:30:38
[INFO] [stdout]      |
[INFO] [stdout] 30   |     let json = serde_json::to_string(&m).expect("serialization should work");
[INFO] [stdout]      |                --------------------- ^^ the trait `serde::ser::Serialize` is not implemented for `ResourceMapMock`
[INFO] [stdout]      |                |
[INFO] [stdout]      |                required by a bound introduced by this call
[INFO] [stdout]      |
[INFO] [stdout]      = note: for local types consider adding `#[derive(serde::Serialize)]` to your `ResourceMapMock` type
[INFO] [stdout]      = note: for types from other crates check whether the crate offers a `serde` feature flag
[INFO] [stdout]      = help: the following other types implement trait `serde::ser::Serialize`:
[INFO] [stdout]                &'a T
[INFO] [stdout]                &'a mut T
[INFO] [stdout]                ()
[INFO] [stdout]                (T,)
[INFO] [stdout]                (T0, T1)
[INFO] [stdout]                (T0, T1, T2)
[INFO] [stdout]                (T0, T1, T2, T3)
[INFO] [stdout]                (T0, T1, T2, T3, T4)
[INFO] [stdout]              and 145 others
[INFO] [stdout] note: required by a bound in `serde_json::to_string`
[INFO] [stdout]     --> /opt/rustwide/cargo-home/registry/src/index.crates.io-6f17d22bba15001f/serde_json-1.0.132/src/ser.rs:2211:17
[INFO] [stdout]      |
[INFO] [stdout] 2209 | pub fn to_string<T>(value: &T) -> Result<String>
[INFO] [stdout]      |        --------- required by a bound in this function
[INFO] [stdout] 2210 | where
[INFO] [stdout] 2211 |     T: ?Sized + Serialize,
[INFO] [stdout]      |                 ^^^^^^^^^ required by this bound in `to_string`
[INFO] [stdout] 
[INFO] [stdout] 
[INFO] [stdout] error[E0277]: the trait bound `ResourceMapKeysMock: serde::de::Deserialize<'_>` is not satisfied
[INFO] [stdout]     --> src/types/./resource_map_test.rs:34:9
[INFO] [stdout]      |
[INFO] [stdout] 34   |         serde_json::from_str(&json).expect("deserialization should work");
[INFO] [stdout]      |         ^^^^^^^^^^^^^^^^^^^^^^^^^^^ the trait `serde::de::Deserialize<'_>` is not implemented for `ResourceMapKeysMock`
[INFO] [stdout]      |
[INFO] [stdout]      = note: for local types consider adding `#[derive(serde::Deserialize)]` to your `ResourceMapKeysMock` type
[INFO] [stdout]      = note: for types from other crates check whether the crate offers a `serde` feature flag
[INFO] [stdout]      = help: the following other types implement trait `serde::de::Deserialize<'de>`:
[INFO] [stdout]                &'a [u8]
[INFO] [stdout]                &'a std::path::Path
[INFO] [stdout]                &'a str
[INFO] [stdout]                ()
[INFO] [stdout]                (T,)
[INFO] [stdout]                (T0, T1)
[INFO] [stdout]                (T0, T1, T2)
[INFO] [stdout]                (T0, T1, T2, T3)
[INFO] [stdout]              and 152 others
[INFO] [stdout] note: required by a bound in `serde_json::from_str`
[INFO] [stdout]     --> /opt/rustwide/cargo-home/registry/src/index.crates.io-6f17d22bba15001f/serde_json-1.0.132/src/de.rs:2694:8
[INFO] [stdout]      |
[INFO] [stdout] 2692 | pub fn from_str<'a, T>(s: &'a str) -> Result<T>
[INFO] [stdout]      |        -------- required by a bound in this function
[INFO] [stdout] 2693 | where
[INFO] [stdout] 2694 |     T: de::Deserialize<'a>,
[INFO] [stdout]      |        ^^^^^^^^^^^^^^^^^^^ required by this bound in `from_str`
[INFO] [stdout] 
[INFO] [stdout] 
[INFO] [stdout] error[E0277]: the trait bound `ResourceMapMock: serde::ser::Serialize` is not satisfied
[INFO] [stdout]     --> src/types/./resource_map_test.rs:56:38
[INFO] [stdout]      |
[INFO] [stdout] 56   |     let json = serde_json::to_string(&m).expect("serialization should work");
[INFO] [stdout]      |                --------------------- ^^ the trait `serde::ser::Serialize` is not implemented for `ResourceMapMock`
[INFO] [stdout]      |                |
[INFO] [stdout]      |                required by a bound introduced by this call
[INFO] [stdout]      |
[INFO] [stdout]      = note: for local types consider adding `#[derive(serde::Serialize)]` to your `ResourceMapMock` type
[INFO] [stdout]      = note: for types from other crates check whether the crate offers a `serde` feature flag
[INFO] [stdout]      = help: the following other types implement trait `serde::ser::Serialize`:
[INFO] [stdout]                &'a T
[INFO] [stdout]                &'a mut T
[INFO] [stdout]                ()
[INFO] [stdout]                (T,)
[INFO] [stdout]                (T0, T1)
[INFO] [stdout]                (T0, T1, T2)
[INFO] [stdout]                (T0, T1, T2, T3)
[INFO] [stdout]                (T0, T1, T2, T3, T4)
[INFO] [stdout]              and 145 others
[INFO] [stdout] note: required by a bound in `serde_json::to_string`
[INFO] [stdout]     --> /opt/rustwide/cargo-home/registry/src/index.crates.io-6f17d22bba15001f/serde_json-1.0.132/src/ser.rs:2211:17
[INFO] [stdout]      |
[INFO] [stdout] 2209 | pub fn to_string<T>(value: &T) -> Result<String>
[INFO] [stdout]      |        --------- required by a bound in this function
[INFO] [stdout] 2210 | where
[INFO] [stdout] 2211 |     T: ?Sized + Serialize,
[INFO] [stdout]      |                 ^^^^^^^^^ required by this bound in `to_string`
[INFO] [stdout] 
[INFO] [stdout] 
[INFO] [stdout] error[E0277]: the trait bound `ResourceMapMock: serde::de::Deserialize<'_>` is not satisfied
[INFO] [stdout]     --> src/types/./resource_map_test.rs:59:30
[INFO] [stdout]      |
[INFO] [stdout] 59   |     let n: ResourceMapMock = serde_json::from_str(&json).expect("deserialization should work");
[INFO] [stdout]      |                              ^^^^^^^^^^^^^^^^^^^^^^^^^^^ the trait `serde::de::Deserialize<'_>` is not implemented for `ResourceMapMock`
[INFO] [stdout]      |
[INFO] [stdout]      = note: for local types consider adding `#[derive(serde::Deserialize)]` to your `ResourceMapMock` type
[INFO] [stdout]      = note: for types from other crates check whether the crate offers a `serde` feature flag
[INFO] [stdout]      = help: the following other types implement trait `serde::de::Deserialize<'de>`:
[INFO] [stdout]                &'a [u8]
[INFO] [stdout]                &'a std::path::Path
[INFO] [stdout]                &'a str
[INFO] [stdout]                ()
[INFO] [stdout]                (T,)
[INFO] [stdout]                (T0, T1)
[INFO] [stdout]                (T0, T1, T2)
[INFO] [stdout]                (T0, T1, T2, T3)
[INFO] [stdout]              and 152 others
[INFO] [stdout] note: required by a bound in `serde_json::from_str`
[INFO] [stdout]     --> /opt/rustwide/cargo-home/registry/src/index.crates.io-6f17d22bba15001f/serde_json-1.0.132/src/de.rs:2694:8
[INFO] [stdout]      |
[INFO] [stdout] 2692 | pub fn from_str<'a, T>(s: &'a str) -> Result<T>
[INFO] [stdout]      |        -------- required by a bound in this function
[INFO] [stdout] 2693 | where
[INFO] [stdout] 2694 |     T: de::Deserialize<'a>,
[INFO] [stdout]      |        ^^^^^^^^^^^^^^^^^^^ required by this bound in `from_str`
[INFO] [stdout] 
[INFO] [stdout] 
[INFO] [stdout] error[E0599]: no method named `expect` found for struct `project::asset::Asset` in the current scope
[INFO] [stdout]   --> src/db/resources/./asset_test.rs:14:35
[INFO] [stdout]    |
[INFO] [stdout] 14 |     let prj = PrjAsset::new(path).expect("creating project asset should work");
[INFO] [stdout]    |                                   ^^^^^^ method not found in `Asset`
[INFO] [stdout]    |
[INFO] [stdout]   ::: src/project/asset.rs:10:1
[INFO] [stdout]    |
[INFO] [stdout] 10 | pub struct Asset {
[INFO] [stdout]    | ---------------- method `expect` not found for this struct
[INFO] [stdout]    |
[INFO] [stdout] help: some of the expressions' fields have a method of the same name
[INFO] [stdout]    |
[INFO] [stdout] 14 |     let prj = PrjAsset::new(path).path.expect("creating project asset should work");
[INFO] [stdout]    |                                   +++++
[INFO] [stdout] 14 |     let prj = PrjAsset::new(path).properties.rid.lid.expect("creating project asset should work");
[INFO] [stdout]    |                                   +++++++++++++++++++
[INFO] [stdout] 
[INFO] [stdout] 
[INFO] [stdout] error[E0277]: the trait bound `MDVal: serde::de::Deserialize<'_>` is not satisfied
[INFO] [stdout]     --> src/db/resources/./standard_properties_test.rs:164:25
[INFO] [stdout]      |
[INFO] [stdout] 164  |     let md_val: MDVal = serde_json::from_str(json).expect("deserialization should work");
[INFO] [stdout]      |                         ^^^^^^^^^^^^^^^^^^^^^^^^^^ the trait `serde::de::Deserialize<'_>` is not implemented for `MDVal`
[INFO] [stdout]      |
[INFO] [stdout]      = note: for local types consider adding `#[derive(serde::Deserialize)]` to your `MDVal` type
[INFO] [stdout]      = note: for types from other crates check whether the crate offers a `serde` feature flag
[INFO] [stdout]      = help: the following other types implement trait `serde::de::Deserialize<'de>`:
[INFO] [stdout]                &'a [u8]
[INFO] [stdout]                &'a std::path::Path
[INFO] [stdout]                &'a str
[INFO] [stdout]                ()
[INFO] [stdout]                (T,)
[INFO] [stdout]                (T0, T1)
[INFO] [stdout]                (T0, T1, T2)
[INFO] [stdout]                (T0, T1, T2, T3)
[INFO] [stdout]              and 152 others
[INFO] [stdout] note: required by a bound in `serde_json::from_str`
[INFO] [stdout]     --> /opt/rustwide/cargo-home/registry/src/index.crates.io-6f17d22bba15001f/serde_json-1.0.132/src/de.rs:2694:8
[INFO] [stdout]      |
[INFO] [stdout] 2692 | pub fn from_str<'a, T>(s: &'a str) -> Result<T>
[INFO] [stdout]      |        -------- required by a bound in this function
[INFO] [stdout] 2693 | where
[INFO] [stdout] 2694 |     T: de::Deserialize<'a>,
[INFO] [stdout]      |        ^^^^^^^^^^^^^^^^^^^ required by this bound in `from_str`
[INFO] [stdout] 
[INFO] [stdout] 
[INFO] [stdout] warning: unused variable: `max_tasks`
[INFO] [stdout]   --> src/runner/runner.rs:59:40
[INFO] [stdout]    |
[INFO] [stdout] 59 |     pub fn run(&self, root: Container, max_tasks: Option<usize>) -> Result {
[INFO] [stdout]    |                                        ^^^^^^^^^ help: if this is intentional, prefix it with an underscore: `_max_tasks`
[INFO] [stdout]    |
[INFO] [stdout]    = note: `#[warn(unused_variables)]` on by default
[INFO] [stdout] 
[INFO] [stdout] 
[INFO] [stdout] warning: unused variable: `filter`
[INFO] [stdout]   --> src/runner/runner.rs:89:21
[INFO] [stdout]    |
[INFO] [stdout] 89 |         if let Some(filter) = script_filter {
[INFO] [stdout]    |                     ^^^^^^ help: if this is intentional, prefix it with an underscore: `_filter`
[INFO] [stdout] 
[INFO] [stdout] 
[INFO] [stdout] warning: unused variable: `ignore_errors`
[INFO] [stdout]    --> src/runner/runner.rs:114:9
[INFO] [stdout]     |
[INFO] [stdout] 114 |         ignore_errors: bool,
[INFO] [stdout]     |         ^^^^^^^^^^^^^ help: if this is intentional, prefix it with an underscore: `_ignore_errors`
[INFO] [stdout] 
[INFO] [stdout] 
[INFO] [stdout] warning: unused variable: `verbose`
[INFO] [stdout]    --> src/runner/runner.rs:115:9
[INFO] [stdout]     |
[INFO] [stdout] 115 |         verbose: bool,
[INFO] [stdout]     |         ^^^^^^^ help: if this is intentional, prefix it with an underscore: `_verbose`
[INFO] [stdout] 
[INFO] [stdout] 
[INFO] [stdout] warning: unused variable: `container`
[INFO] [stdout]    --> src/runner/runner.rs:125:43
[INFO] [stdout]     |
[INFO] [stdout] 125 |     fn run_script(&self, script: &Script, container: &ResourceId) -> Result {
[INFO] [stdout]     |                                           ^^^^^^^^^ help: if this is intentional, prefix it with an underscore: `_container`
[INFO] [stdout] 
[INFO] [stdout] 
[INFO] [stdout] Some errors have detailed explanations: E0277, E0432, E0433, E0599.
[INFO] [stdout] 
[INFO] [stdout] For more information about an error, try `rustc --explain E0277`.
[INFO] [stdout] 
[INFO] [stderr] error: could not compile `thot-core` (lib test) due to 14 previous errors; 7 warnings emitted
[INFO] running `Command { std: "docker" "inspect" "039db7c35515b2dcc49df0ef44db4484e98b36d503de7698d6d148fc61e98d9d", kill_on_drop: false }`
[INFO] running `Command { std: "docker" "rm" "-f" "039db7c35515b2dcc49df0ef44db4484e98b36d503de7698d6d148fc61e98d9d", kill_on_drop: false }`
[INFO] [stdout] 039db7c35515b2dcc49df0ef44db4484e98b36d503de7698d6d148fc61e98d9d
