[INFO] fetching crate thermostat-eem 0.3.0...
[INFO] testing thermostat-eem-0.3.0 against nightly-2024-10-28 for randomize-layout
[INFO] extracting crate thermostat-eem 0.3.0 into /workspace/builds/worker-5-tc1/source
[INFO] validating manifest of crates.io crate thermostat-eem 0.3.0 on toolchain nightly-2024-10-28
[INFO] running `Command { std: CARGO_HOME="/workspace/cargo-home" RUSTUP_HOME="/workspace/rustup-home" "/workspace/cargo-home/bin/cargo" "+nightly-2024-10-28" "metadata" "--manifest-path" "Cargo.toml" "--no-deps", kill_on_drop: false }`
[INFO] removed /workspace/builds/worker-5-tc1/source/.cargo/config.toml
[INFO] started tweaking crates.io crate thermostat-eem 0.3.0
[INFO] finished tweaking crates.io crate thermostat-eem 0.3.0
[INFO] tweaked toml for crates.io crate thermostat-eem 0.3.0 written to /workspace/builds/worker-5-tc1/source/Cargo.toml
[INFO] crate crates.io crate thermostat-eem 0.3.0 already has a lockfile, it will not be regenerated
[INFO] running `Command { std: CARGO_HOME="/workspace/cargo-home" RUSTUP_HOME="/workspace/rustup-home" "/workspace/cargo-home/bin/cargo" "+nightly-2024-10-28" "fetch" "--manifest-path" "Cargo.toml", kill_on_drop: false }`
[INFO] [stderr]     Updating crates.io index
[INFO] [stderr]  Downloading crates ...
[INFO] [stderr]   Downloaded managed v0.8.0
[INFO] [stderr]   Downloaded usbd-serial v0.2.2
[INFO] [stderr]   Downloaded embedded-dma v0.2.0
[INFO] [stderr]   Downloaded embedded-storage v0.3.1
[INFO] [stderr]   Downloaded synopsys-usb-otg v0.4.0
[INFO] [stderr]   Downloaded panic-probe v0.3.0
[INFO] [stderr]   Downloaded string_morph v0.1.0
[INFO] [stderr]   Downloaded arbitrary-int v1.2.7
[INFO] [stderr]   Downloaded miniconf_derive v0.13.0
[INFO] [stderr]   Downloaded lm75 v0.2.0
[INFO] [stderr]   Downloaded miniconf_mqtt v0.13.1
[INFO] [stderr]   Downloaded rtic-sync v1.3.0
[INFO] [stderr]   Downloaded mono-clock v0.1.1
[INFO] [stderr]   Downloaded rtt-logger v0.2.1
[INFO] [stderr]   Downloaded rtic v2.1.1
[INFO] [stderr]   Downloaded smlang-macros v0.7.0
[INFO] [stderr]   Downloaded idsp v0.15.1
[INFO] [stderr]   Downloaded bitbybit v1.3.2
[INFO] [stderr]   Downloaded smlang v0.7.0
[INFO] [stderr]   Downloaded sequential-storage v3.0.1
[INFO] [stderr]   Downloaded smlang v0.6.0
[INFO] [stderr]   Downloaded panic-persist v0.3.0
[INFO] [stderr]   Downloaded rtic-macros v2.1.0
[INFO] [stderr]   Downloaded rtic-monotonics v2.0.2
[INFO] [stderr]   Downloaded serde-json-core v0.6.0
[INFO] [stderr]   Downloaded smlang-macros v0.8.0
[INFO] [stderr]   Downloaded smlang v0.8.0
[INFO] [stderr]   Downloaded embedded-nal v0.8.0
[INFO] [stderr]   Downloaded smoltcp v0.11.0
[INFO] [stderr]   Downloaded shared-bus v0.3.1
[INFO] [stderr]   Downloaded smlang-macros v0.6.0
[INFO] [stderr]   Downloaded minimq v0.9.0
[INFO] [stderr]   Downloaded rtic-core v1.0.0
[INFO] [stderr]   Downloaded stm32h7xx-hal v0.16.0
[INFO] [stderr]   Downloaded rtic-time v2.0.0
[INFO] [stderr]   Downloaded serde-json-core v0.5.1
[INFO] [stderr]   Downloaded miniconf v0.13.0
[INFO] [stderr]   Downloaded serial-settings v0.1.0
[INFO] [stderr]   Downloaded menu v0.5.1
[INFO] [stderr]   Downloaded yafnv v3.0.0
[INFO] [stderr]   Downloaded smoltcp-nal v0.5.1
[INFO] [stderr]   Downloaded embedded-storage-async v0.4.1
[INFO] [stderr]   Downloaded stm32h7 v0.15.1
[INFO] running `Command { std: "docker" "create" "-v" "/var/lib/crater-agent-workspace/builds/worker-5-tc1/target:/opt/rustwide/target:rw,Z" "-v" "/var/lib/crater-agent-workspace/builds/worker-5-tc1/source:/opt/rustwide/workdir:ro,Z" "-v" "/var/lib/crater-agent-workspace/cargo-home:/opt/rustwide/cargo-home:ro,Z" "-v" "/var/lib/crater-agent-workspace/rustup-home:/opt/rustwide/rustup-home:ro,Z" "-e" "SOURCE_DIR=/opt/rustwide/workdir" "-e" "CARGO_TARGET_DIR=/opt/rustwide/target" "-e" "CARGO_HOME=/opt/rustwide/cargo-home" "-e" "RUSTUP_HOME=/opt/rustwide/rustup-home" "-w" "/opt/rustwide/workdir" "-m" "1610612736" "--user" "0:0" "--network" "none" "ghcr.io/rust-lang/crates-build-env/linux@sha256:4a844ea9eb2546a2d2c7022eacef16ef2e8229c7fbb2c7d4d55a9ceca922f72d" "/opt/rustwide/cargo-home/bin/cargo" "+nightly-2024-10-28" "metadata" "--no-deps" "--format-version=1", kill_on_drop: false }`
[INFO] [stdout] 287ccfcbb23f6a5bc41359400bc2dac33efe3cee29319e939c5e700d3ae578d3
[INFO] running `Command { std: "docker" "start" "-a" "287ccfcbb23f6a5bc41359400bc2dac33efe3cee29319e939c5e700d3ae578d3", kill_on_drop: false }`
[INFO] running `Command { std: "docker" "inspect" "287ccfcbb23f6a5bc41359400bc2dac33efe3cee29319e939c5e700d3ae578d3", kill_on_drop: false }`
[INFO] running `Command { std: "docker" "rm" "-f" "287ccfcbb23f6a5bc41359400bc2dac33efe3cee29319e939c5e700d3ae578d3", kill_on_drop: false }`
[INFO] [stdout] 287ccfcbb23f6a5bc41359400bc2dac33efe3cee29319e939c5e700d3ae578d3
[INFO] running `Command { std: "docker" "create" "-v" "/var/lib/crater-agent-workspace/builds/worker-5-tc1/target:/opt/rustwide/target:rw,Z" "-v" "/var/lib/crater-agent-workspace/builds/worker-5-tc1/source:/opt/rustwide/workdir:ro,Z" "-v" "/var/lib/crater-agent-workspace/cargo-home:/opt/rustwide/cargo-home:ro,Z" "-v" "/var/lib/crater-agent-workspace/rustup-home:/opt/rustwide/rustup-home:ro,Z" "-e" "SOURCE_DIR=/opt/rustwide/workdir" "-e" "CARGO_TARGET_DIR=/opt/rustwide/target" "-e" "CARGO_INCREMENTAL=0" "-e" "RUST_BACKTRACE=full" "-e" "RUSTFLAGS=--cap-lints=forbid" "-e" "RUSTDOCFLAGS=--cap-lints=forbid" "-e" "CARGO_HOME=/opt/rustwide/cargo-home" "-e" "RUSTUP_HOME=/opt/rustwide/rustup-home" "-w" "/opt/rustwide/workdir" "-m" "1610612736" "--user" "0:0" "--network" "none" "ghcr.io/rust-lang/crates-build-env/linux@sha256:4a844ea9eb2546a2d2c7022eacef16ef2e8229c7fbb2c7d4d55a9ceca922f72d" "/opt/rustwide/cargo-home/bin/cargo" "+nightly-2024-10-28" "build" "--frozen" "--message-format=json", kill_on_drop: false }`
[INFO] [stdout] 0b44d5592afcd892d145dbdb33b5e5478648ac8829072df948c57b0b1d839b6a
[INFO] running `Command { std: "docker" "start" "-a" "0b44d5592afcd892d145dbdb33b5e5478648ac8829072df948c57b0b1d839b6a", kill_on_drop: false }`
[INFO] [stderr]    Compiling proc-macro2 v1.0.86
[INFO] [stderr]    Compiling unicode-ident v1.0.12
[INFO] [stderr]    Compiling autocfg v1.3.0
[INFO] [stderr]    Compiling serde v1.0.209
[INFO] [stderr]    Compiling cortex-m v0.7.7
[INFO] [stderr]    Compiling nb v1.1.0
[INFO] [stderr]    Compiling byteorder v1.5.0
[INFO] [stderr]    Compiling semver-parser v0.7.0
[INFO] [stderr]    Compiling stable_deref_trait v1.2.0
[INFO] [stderr]    Compiling libm v0.2.8
[INFO] [stderr]    Compiling critical-section v1.1.3
[INFO] [stderr]    Compiling semver v0.9.0
[INFO] [stderr]    Compiling nb v0.1.3
[INFO] [stderr]    Compiling void v1.0.2
[INFO] [stderr]    Compiling libc v0.2.158
[INFO] [stderr]    Compiling embedded-hal v0.2.7
[INFO] [stderr]    Compiling vcell v0.1.3
[INFO] [stderr]    Compiling semver v1.0.23
[INFO] [stderr]    Compiling volatile-register v0.2.2
[INFO] [stderr]    Compiling bitfield v0.13.2
[INFO] [stderr]    Compiling num-traits v0.2.19
[INFO] [stderr]    Compiling heapless v0.8.0
[INFO] [stderr]    Compiling rustc_version v0.2.3
[INFO] [stderr]    Compiling lock_api v0.4.12
[INFO] [stderr]    Compiling hash32 v0.3.1
[INFO] [stderr]    Compiling scopeguard v1.2.0
[INFO] [stderr]    Compiling bare-metal v0.2.5
[INFO] [stderr]    Compiling pkg-config v0.3.30
[INFO] [stderr]    Compiling strsim v0.11.1
[INFO] [stderr]    Compiling quote v1.0.37
[INFO] [stderr]    Compiling syn v2.0.76
[INFO] [stderr]    Compiling syn v1.0.109
[INFO] [stdout] error[E0425]: cannot find function `__basepri_r` in module `crate::asm::inline`
[INFO] [stdout]  --> /opt/rustwide/cargo-home/registry/src/index.crates.io-6f17d22bba15001f/cortex-m-0.7.7/src/register/basepri.rs:6:15
[INFO] [stdout]   |
[INFO] [stdout] 6 |     call_asm!(__basepri_r() -> u8)
[INFO] [stdout]   |               ^^^^^^^^^^^ not found in `crate::asm::inline`
[INFO] [stdout] 
[INFO] [stdout] 
[INFO] [stdout] error[E0425]: cannot find function `__basepri_w` in module `crate::asm::inline`
[INFO] [stdout]   --> /opt/rustwide/cargo-home/registry/src/index.crates.io-6f17d22bba15001f/cortex-m-0.7.7/src/register/basepri.rs:22:19
[INFO] [stdout]    |
[INFO] [stdout] 22 |         call_asm!(__basepri_w(basepri: u8));
[INFO] [stdout]    |                   ^^^^^^^^^^^ not found in `crate::asm::inline`
[INFO] [stdout] 
[INFO] [stdout] 
[INFO] [stdout] error[E0425]: cannot find function `__basepri_max` in module `crate::asm::inline`
[INFO] [stdout]   --> /opt/rustwide/cargo-home/registry/src/index.crates.io-6f17d22bba15001f/cortex-m-0.7.7/src/register/basepri_max.rs:19:19
[INFO] [stdout]    |
[INFO] [stdout] 19 |         call_asm!(__basepri_max(basepri: u8));
[INFO] [stdout]    |                   ^^^^^^^^^^^^^ not found in `crate::asm::inline`
[INFO] [stdout] 
[INFO] [stdout] 
[INFO] [stdout] error[E0425]: cannot find function `__faultmask_r` in module `crate::asm::inline`
[INFO] [stdout]   --> /opt/rustwide/cargo-home/registry/src/index.crates.io-6f17d22bba15001f/cortex-m-0.7.7/src/register/faultmask.rs:29:28
[INFO] [stdout]    |
[INFO] [stdout] 29 |     let r: u32 = call_asm!(__faultmask_r() -> u32);
[INFO] [stdout]    |                            ^^^^^^^^^^^^^ not found in `crate::asm::inline`
[INFO] [stdout] 
[INFO] [stdout] 
[INFO] [stdout] error: invalid register `r0`: unknown register
[INFO] [stdout]    --> /opt/rustwide/cargo-home/registry/src/index.crates.io-6f17d22bba15001f/cortex-m-0.7.7/src/../asm/inline.rs:197:24
[INFO] [stdout]     |
[INFO] [stdout] 197 |     asm!("bkpt #0xab", inout("r0") nr, in("r1") arg, options(nomem, nostack, preserves_flags));
[INFO] [stdout]     |                        ^^^^^^^^^^^^^^
[INFO] [stdout] 
[INFO] [stdout] 
[INFO] [stderr]    Compiling rustc_version v0.4.1
[INFO] [stdout] error: invalid register `r1`: unknown register
[INFO] [stdout]    --> /opt/rustwide/cargo-home/registry/src/index.crates.io-6f17d22bba15001f/cortex-m-0.7.7/src/../asm/inline.rs:197:40
[INFO] [stdout]     |
[INFO] [stdout] 197 |     asm!("bkpt #0xab", inout("r0") nr, in("r1") arg, options(nomem, nostack, preserves_flags));
[INFO] [stdout]     |                                        ^^^^^^^^^^^^
[INFO] [stdout] 
[INFO] [stdout] 
[INFO] [stdout] For more information about this error, try `rustc --explain E0425`.
[INFO] [stdout] 
[INFO] [stderr] error: could not compile `cortex-m` (lib) due to 6 previous errors
[INFO] [stderr] warning: build failed, waiting for other jobs to finish...
[INFO] running `Command { std: "docker" "inspect" "0b44d5592afcd892d145dbdb33b5e5478648ac8829072df948c57b0b1d839b6a", kill_on_drop: false }`
[INFO] running `Command { std: "docker" "rm" "-f" "0b44d5592afcd892d145dbdb33b5e5478648ac8829072df948c57b0b1d839b6a", kill_on_drop: false }`
[INFO] [stdout] 0b44d5592afcd892d145dbdb33b5e5478648ac8829072df948c57b0b1d839b6a
