[INFO] fetching crate tfhe-ark-ec 0.4.2...
[INFO] testing tfhe-ark-ec-0.4.2 against nightly-2024-10-28+rustflags=-Zrandomize-layout for randomize-layout
[INFO] extracting crate tfhe-ark-ec 0.4.2 into /workspace/builds/worker-5-tc2/source
[INFO] validating manifest of crates.io crate tfhe-ark-ec 0.4.2 on toolchain nightly-2024-10-28
[INFO] running `Command { std: CARGO_HOME="/workspace/cargo-home" RUSTUP_HOME="/workspace/rustup-home" "/workspace/cargo-home/bin/cargo" "+nightly-2024-10-28" "metadata" "--manifest-path" "Cargo.toml" "--no-deps", kill_on_drop: false }`
[INFO] started tweaking crates.io crate tfhe-ark-ec 0.4.2
[INFO] finished tweaking crates.io crate tfhe-ark-ec 0.4.2
[INFO] tweaked toml for crates.io crate tfhe-ark-ec 0.4.2 written to /workspace/builds/worker-5-tc2/source/Cargo.toml
[INFO] running `Command { std: CARGO_HOME="/workspace/cargo-home" RUSTUP_HOME="/workspace/rustup-home" "/workspace/cargo-home/bin/cargo" "+nightly-2024-10-28" "generate-lockfile" "--manifest-path" "Cargo.toml", kill_on_drop: false }`
[INFO] [stderr]     Updating crates.io index
[INFO] [stderr]      Locking 95 packages to latest compatible versions
[INFO] [stderr]       Adding ark-serialize v0.4.2 (available: v0.5.0)
[INFO] [stderr]       Adding ark-std v0.4.0 (available: v0.5.0)
[INFO] [stderr]       Adding ark-test-curves v0.4.2 (available: v0.5.0)
[INFO] [stderr]       Adding hashbrown v0.14.5 (available: v0.15.0)
[INFO] [stderr]       Adding itertools v0.12.1 (available: v0.13.0)
[INFO] [stderr]       Adding libtest-mimic v0.7.3 (available: v0.8.1)
[INFO] running `Command { std: CARGO_HOME="/workspace/cargo-home" RUSTUP_HOME="/workspace/rustup-home" "/workspace/cargo-home/bin/cargo" "+nightly-2024-10-28" "fetch" "--manifest-path" "Cargo.toml", kill_on_drop: false }`
[INFO] running `Command { std: "docker" "create" "-v" "/var/lib/crater-agent-workspace/builds/worker-5-tc2/target:/opt/rustwide/target:rw,Z" "-v" "/var/lib/crater-agent-workspace/builds/worker-5-tc2/source:/opt/rustwide/workdir:ro,Z" "-v" "/var/lib/crater-agent-workspace/cargo-home:/opt/rustwide/cargo-home:ro,Z" "-v" "/var/lib/crater-agent-workspace/rustup-home:/opt/rustwide/rustup-home:ro,Z" "-e" "SOURCE_DIR=/opt/rustwide/workdir" "-e" "CARGO_TARGET_DIR=/opt/rustwide/target" "-e" "CARGO_HOME=/opt/rustwide/cargo-home" "-e" "RUSTUP_HOME=/opt/rustwide/rustup-home" "-w" "/opt/rustwide/workdir" "-m" "1610612736" "--user" "0:0" "--network" "none" "ghcr.io/rust-lang/crates-build-env/linux@sha256:4a844ea9eb2546a2d2c7022eacef16ef2e8229c7fbb2c7d4d55a9ceca922f72d" "/opt/rustwide/cargo-home/bin/cargo" "+nightly-2024-10-28" "metadata" "--no-deps" "--format-version=1", kill_on_drop: false }`
[INFO] [stdout] 81e6ebbbc9f69ef10970045d3688aa2507b84e1ad5869c18cbbcde58136b7bae
[INFO] running `Command { std: "docker" "start" "-a" "81e6ebbbc9f69ef10970045d3688aa2507b84e1ad5869c18cbbcde58136b7bae", kill_on_drop: false }`
[INFO] running `Command { std: "docker" "inspect" "81e6ebbbc9f69ef10970045d3688aa2507b84e1ad5869c18cbbcde58136b7bae", kill_on_drop: false }`
[INFO] running `Command { std: "docker" "rm" "-f" "81e6ebbbc9f69ef10970045d3688aa2507b84e1ad5869c18cbbcde58136b7bae", kill_on_drop: false }`
[INFO] [stdout] 81e6ebbbc9f69ef10970045d3688aa2507b84e1ad5869c18cbbcde58136b7bae
[INFO] running `Command { std: "docker" "create" "-v" "/var/lib/crater-agent-workspace/builds/worker-5-tc2/target:/opt/rustwide/target:rw,Z" "-v" "/var/lib/crater-agent-workspace/builds/worker-5-tc2/source:/opt/rustwide/workdir:ro,Z" "-v" "/var/lib/crater-agent-workspace/cargo-home:/opt/rustwide/cargo-home:ro,Z" "-v" "/var/lib/crater-agent-workspace/rustup-home:/opt/rustwide/rustup-home:ro,Z" "-e" "SOURCE_DIR=/opt/rustwide/workdir" "-e" "CARGO_TARGET_DIR=/opt/rustwide/target" "-e" "CARGO_INCREMENTAL=0" "-e" "RUST_BACKTRACE=full" "-e" "RUSTFLAGS=--cap-lints=forbid -Zrandomize-layout" "-e" "RUSTDOCFLAGS=--cap-lints=forbid" "-e" "CARGO_HOME=/opt/rustwide/cargo-home" "-e" "RUSTUP_HOME=/opt/rustwide/rustup-home" "-w" "/opt/rustwide/workdir" "-m" "1610612736" "--user" "0:0" "--network" "none" "ghcr.io/rust-lang/crates-build-env/linux@sha256:4a844ea9eb2546a2d2c7022eacef16ef2e8229c7fbb2c7d4d55a9ceca922f72d" "/opt/rustwide/cargo-home/bin/cargo" "+nightly-2024-10-28" "build" "--frozen" "--message-format=json", kill_on_drop: false }`
[INFO] [stdout] 97e4a2657e60c98a46a8156b03ccbb65c6a116c1f91ff16ab5cc766f8e696284
[INFO] running `Command { std: "docker" "start" "-a" "97e4a2657e60c98a46a8156b03ccbb65c6a116c1f91ff16ab5cc766f8e696284", kill_on_drop: false }`
[INFO] [stderr]    Compiling version_check v0.9.5
[INFO] [stderr]    Compiling byteorder v1.5.0
[INFO] [stderr]    Compiling syn v1.0.109
[INFO] [stderr]    Compiling typenum v1.17.0
[INFO] [stderr]    Compiling rand_core v0.6.4
[INFO] [stderr]    Compiling num-traits v0.2.19
[INFO] [stderr]    Compiling paste v1.0.15
[INFO] [stderr]    Compiling once_cell v1.20.2
[INFO] [stderr]    Compiling allocator-api2 v0.2.18
[INFO] [stderr]    Compiling arrayvec v0.7.6
[INFO] [stderr]    Compiling itertools v0.12.1
[INFO] [stderr]    Compiling syn v2.0.86
[INFO] [stderr]    Compiling generic-array v0.14.7
[INFO] [stderr]    Compiling ahash v0.8.11
[INFO] [stderr]    Compiling num-integer v0.1.46
[INFO] [stderr]    Compiling num-bigint v0.4.6
[INFO] [stderr]    Compiling crypto-common v0.1.6
[INFO] [stderr]    Compiling digest v0.10.7
[INFO] [stderr]    Compiling ark-serialize-derive v0.4.2
[INFO] [stderr]    Compiling derivative v2.2.0
[INFO] [stderr]    Compiling ark-ff-macros v0.4.2
[INFO] [stderr]    Compiling ark-ff-asm v0.4.2
[INFO] [stderr]    Compiling zerocopy-derive v0.7.35
[INFO] [stderr]    Compiling zeroize_derive v1.4.2
[INFO] [stderr]    Compiling zeroize v1.8.1
[INFO] [stderr]    Compiling zerocopy v0.7.35
[INFO] [stderr]    Compiling ppv-lite86 v0.2.20
[INFO] [stderr]    Compiling hashbrown v0.14.5
[INFO] [stderr]    Compiling rand_chacha v0.3.1
[INFO] [stderr]    Compiling rand v0.8.5
[INFO] [stderr]    Compiling ark-std v0.4.0
[INFO] [stderr]    Compiling ark-serialize v0.4.2
[INFO] [stderr]    Compiling tfhe-ark-ff v0.4.3
[INFO] [stderr]    Compiling tfhe-ark-poly v0.4.2
[INFO] [stderr]    Compiling tfhe-ark-ec v0.4.2 (/opt/rustwide/workdir)
[INFO] [stderr]     Finished `dev` profile [unoptimized + debuginfo] target(s) in 17.66s
[INFO] running `Command { std: "docker" "inspect" "97e4a2657e60c98a46a8156b03ccbb65c6a116c1f91ff16ab5cc766f8e696284", kill_on_drop: false }`
[INFO] running `Command { std: "docker" "rm" "-f" "97e4a2657e60c98a46a8156b03ccbb65c6a116c1f91ff16ab5cc766f8e696284", kill_on_drop: false }`
[INFO] [stdout] 97e4a2657e60c98a46a8156b03ccbb65c6a116c1f91ff16ab5cc766f8e696284
[INFO] running `Command { std: "docker" "create" "-v" "/var/lib/crater-agent-workspace/builds/worker-5-tc2/target:/opt/rustwide/target:rw,Z" "-v" "/var/lib/crater-agent-workspace/builds/worker-5-tc2/source:/opt/rustwide/workdir:ro,Z" "-v" "/var/lib/crater-agent-workspace/cargo-home:/opt/rustwide/cargo-home:ro,Z" "-v" "/var/lib/crater-agent-workspace/rustup-home:/opt/rustwide/rustup-home:ro,Z" "-e" "SOURCE_DIR=/opt/rustwide/workdir" "-e" "CARGO_TARGET_DIR=/opt/rustwide/target" "-e" "CARGO_INCREMENTAL=0" "-e" "RUST_BACKTRACE=full" "-e" "RUSTFLAGS=--cap-lints=forbid -Zrandomize-layout" "-e" "RUSTDOCFLAGS=--cap-lints=forbid" "-e" "CARGO_HOME=/opt/rustwide/cargo-home" "-e" "RUSTUP_HOME=/opt/rustwide/rustup-home" "-w" "/opt/rustwide/workdir" "-m" "1610612736" "--user" "0:0" "--network" "none" "ghcr.io/rust-lang/crates-build-env/linux@sha256:4a844ea9eb2546a2d2c7022eacef16ef2e8229c7fbb2c7d4d55a9ceca922f72d" "/opt/rustwide/cargo-home/bin/cargo" "+nightly-2024-10-28" "test" "--frozen" "--no-run" "--message-format=json", kill_on_drop: false }`
[INFO] [stdout] 04fbd47771b4249f5db0e0fbcb71d9204439f750ebadf017a04529cde706b6e8
[INFO] running `Command { std: "docker" "start" "-a" "04fbd47771b4249f5db0e0fbcb71d9204439f750ebadf017a04529cde706b6e8", kill_on_drop: false }`
[INFO] [stderr]    Compiling itertools v0.10.5
[INFO] [stderr]    Compiling heck v0.5.0
[INFO] [stderr]    Compiling clap_lex v0.7.2
[INFO] [stderr]    Compiling anstream v0.6.17
[INFO] [stderr]    Compiling serde v1.0.214
[INFO] [stderr]    Compiling strsim v0.11.1
[INFO] [stderr]    Compiling num_cpus v1.16.0
[INFO] [stderr]    Compiling termcolor v1.4.1
[INFO] [stderr]    Compiling cpufeatures v0.2.14
[INFO] [stderr]    Compiling escape8259 v0.5.3
[INFO] [stderr]    Compiling block-buffer v0.10.4
[INFO] [stderr]    Compiling serde_derive v1.0.214
[INFO] [stderr]    Compiling hashbrown v0.13.2
[INFO] [stderr]    Compiling hex v0.4.3
[INFO] [stderr]    Compiling threadpool v1.8.1
[INFO] [stderr]    Compiling digest v0.10.7
[INFO] [stderr]    Compiling clap_derive v4.5.18
[INFO] [stderr]    Compiling ark-serialize v0.4.2
[INFO] [stderr]    Compiling sha2 v0.10.8
[INFO] [stderr]    Compiling clap_builder v4.5.20
[INFO] [stderr]    Compiling tfhe-ark-ff v0.4.3
[INFO] [stderr]    Compiling ark-ff v0.4.2
[INFO] [stderr]    Compiling clap v4.5.20
[INFO] [stderr]    Compiling libtest-mimic v0.7.3
[INFO] [stderr]    Compiling serde_json v1.0.132
[INFO] [stderr]    Compiling tfhe-ark-poly v0.4.2
[INFO] [stderr]    Compiling ark-poly v0.4.2
[INFO] [stderr]    Compiling tfhe-ark-ec v0.4.2 (/opt/rustwide/workdir)
[INFO] [stderr]    Compiling ark-ec v0.4.2
[INFO] [stderr]    Compiling ark-test-curves v0.4.2
[INFO] [stdout] error[E0277]: the trait bound `ark_test_curves::Fp<ark_test_curves::MontBackend<ark_test_curves::bls12_381::FqConfig, 6>, 6>: tfhe_ark_ff::Field` is not satisfied
[INFO] [stdout]  --> src/hashing/tests.rs:9:23
[INFO] [stdout]   |
[INFO] [stdout] 9 |     assert_eq!(parity(&a1), false);
[INFO] [stdout]   |                ------ ^^^ the trait `tfhe_ark_ff::Field` is not implemented for `ark_test_curves::Fp<ark_test_curves::MontBackend<ark_test_curves::bls12_381::FqConfig, 6>, 6>`
[INFO] [stdout]   |                |
[INFO] [stdout]   |                required by a bound introduced by this call
[INFO] [stdout]   |
[INFO] [stdout]   = help: the following other types implement trait `tfhe_ark_ff::Field`:
[INFO] [stdout]             tfhe_ark_ff::CubicExtField<P>
[INFO] [stdout]             tfhe_ark_ff::Fp<P, N>
[INFO] [stdout]             tfhe_ark_ff::QuadExtField<P>
[INFO] [stdout] note: required by a bound in `hashing::curve_maps::parity`
[INFO] [stdout]  --> src/hashing/curve_maps/mod.rs:9:18
[INFO] [stdout]   |
[INFO] [stdout] 9 | pub fn parity<F: Field>(element: &F) -> bool {
[INFO] [stdout]   |                  ^^^^^ required by this bound in `parity`
[INFO] [stdout] 
[INFO] [stdout] 
[INFO] [stdout] error[E0277]: the trait bound `ark_test_curves::Fp<ark_test_curves::MontBackend<ark_test_curves::bls12_381::FqConfig, 6>, 6>: tfhe_ark_ff::Field` is not satisfied
[INFO] [stdout]   --> src/hashing/tests.rs:10:23
[INFO] [stdout]    |
[INFO] [stdout] 10 |     assert_eq!(parity(&a2), true);
[INFO] [stdout]    |                ------ ^^^ the trait `tfhe_ark_ff::Field` is not implemented for `ark_test_curves::Fp<ark_test_curves::MontBackend<ark_test_curves::bls12_381::FqConfig, 6>, 6>`
[INFO] [stdout]    |                |
[INFO] [stdout]    |                required by a bound introduced by this call
[INFO] [stdout]    |
[INFO] [stdout]    = help: the following other types implement trait `tfhe_ark_ff::Field`:
[INFO] [stdout]              tfhe_ark_ff::CubicExtField<P>
[INFO] [stdout]              tfhe_ark_ff::Fp<P, N>
[INFO] [stdout]              tfhe_ark_ff::QuadExtField<P>
[INFO] [stdout] note: required by a bound in `hashing::curve_maps::parity`
[INFO] [stdout]   --> src/hashing/curve_maps/mod.rs:9:18
[INFO] [stdout]    |
[INFO] [stdout] 9  | pub fn parity<F: Field>(element: &F) -> bool {
[INFO] [stdout]    |                  ^^^^^ required by this bound in `parity`
[INFO] [stdout] 
[INFO] [stdout] 
[INFO] [stdout] error[E0277]: the trait bound `ark_test_curves::Fp<ark_test_curves::MontBackend<ark_test_curves::bls12_381::FqConfig, 6>, 6>: tfhe_ark_ff::Field` is not satisfied
[INFO] [stdout]   --> src/hashing/tests.rs:11:23
[INFO] [stdout]    |
[INFO] [stdout] 11 |     assert_eq!(parity(&a3), false);
[INFO] [stdout]    |                ------ ^^^ the trait `tfhe_ark_ff::Field` is not implemented for `ark_test_curves::Fp<ark_test_curves::MontBackend<ark_test_curves::bls12_381::FqConfig, 6>, 6>`
[INFO] [stdout]    |                |
[INFO] [stdout]    |                required by a bound introduced by this call
[INFO] [stdout]    |
[INFO] [stdout]    = help: the following other types implement trait `tfhe_ark_ff::Field`:
[INFO] [stdout]              tfhe_ark_ff::CubicExtField<P>
[INFO] [stdout]              tfhe_ark_ff::Fp<P, N>
[INFO] [stdout]              tfhe_ark_ff::QuadExtField<P>
[INFO] [stdout] note: required by a bound in `hashing::curve_maps::parity`
[INFO] [stdout]   --> src/hashing/curve_maps/mod.rs:9:18
[INFO] [stdout]    |
[INFO] [stdout] 9  | pub fn parity<F: Field>(element: &F) -> bool {
[INFO] [stdout]    |                  ^^^^^ required by this bound in `parity`
[INFO] [stdout] 
[INFO] [stdout] 
[INFO] [stdout] error[E0277]: the trait bound `ark_test_curves::QuadExtField<ark_test_curves::Fp2ConfigWrapper<Fq2Config>>: tfhe_ark_ff::Field` is not satisfied
[INFO] [stdout]   --> src/hashing/tests.rs:20:23
[INFO] [stdout]    |
[INFO] [stdout] 20 |     assert_eq!(parity(&element_test1), true, "parity is the oddness of first non-zero coefficient of element represented over the prime f...
[INFO] [stdout]    |                ------ ^^^^^^^^^^^^^^ the trait `tfhe_ark_ff::Field` is not implemented for `ark_test_curves::QuadExtField<ark_test_curves::Fp2ConfigWrapper<Fq2Config>>`
[INFO] [stdout]    |                |
[INFO] [stdout]    |                required by a bound introduced by this call
[INFO] [stdout]    |
[INFO] [stdout]    = help: the following other types implement trait `tfhe_ark_ff::Field`:
[INFO] [stdout]              tfhe_ark_ff::CubicExtField<P>
[INFO] [stdout]              tfhe_ark_ff::Fp<P, N>
[INFO] [stdout]              tfhe_ark_ff::QuadExtField<P>
[INFO] [stdout] note: required by a bound in `hashing::curve_maps::parity`
[INFO] [stdout]   --> src/hashing/curve_maps/mod.rs:9:18
[INFO] [stdout]    |
[INFO] [stdout] 9  | pub fn parity<F: Field>(element: &F) -> bool {
[INFO] [stdout]    |                  ^^^^^ required by this bound in `parity`
[INFO] [stdout] 
[INFO] [stdout] 
[INFO] [stdout] error[E0277]: the trait bound `ark_test_curves::QuadExtField<ark_test_curves::Fp2ConfigWrapper<Fq2Config>>: tfhe_ark_ff::Field` is not satisfied
[INFO] [stdout]   --> src/hashing/tests.rs:21:23
[INFO] [stdout]    |
[INFO] [stdout] 21 |     assert_eq!(parity(&element_test2), true);
[INFO] [stdout]    |                ------ ^^^^^^^^^^^^^^ the trait `tfhe_ark_ff::Field` is not implemented for `ark_test_curves::QuadExtField<ark_test_curves::Fp2ConfigWrapper<Fq2Config>>`
[INFO] [stdout]    |                |
[INFO] [stdout]    |                required by a bound introduced by this call
[INFO] [stdout]    |
[INFO] [stdout]    = help: the following other types implement trait `tfhe_ark_ff::Field`:
[INFO] [stdout]              tfhe_ark_ff::CubicExtField<P>
[INFO] [stdout]              tfhe_ark_ff::Fp<P, N>
[INFO] [stdout]              tfhe_ark_ff::QuadExtField<P>
[INFO] [stdout] note: required by a bound in `hashing::curve_maps::parity`
[INFO] [stdout]   --> src/hashing/curve_maps/mod.rs:9:18
[INFO] [stdout]    |
[INFO] [stdout] 9  | pub fn parity<F: Field>(element: &F) -> bool {
[INFO] [stdout]    |                  ^^^^^ required by this bound in `parity`
[INFO] [stdout] 
[INFO] [stdout] 
[INFO] [stdout] error[E0277]: the trait bound `ark_test_curves::QuadExtField<ark_test_curves::Fp2ConfigWrapper<Fq2Config>>: tfhe_ark_ff::Field` is not satisfied
[INFO] [stdout]   --> src/hashing/tests.rs:22:23
[INFO] [stdout]    |
[INFO] [stdout] 22 |     assert_eq!(parity(&element_test3), false);
[INFO] [stdout]    |                ------ ^^^^^^^^^^^^^^ the trait `tfhe_ark_ff::Field` is not implemented for `ark_test_curves::QuadExtField<ark_test_curves::Fp2ConfigWrapper<Fq2Config>>`
[INFO] [stdout]    |                |
[INFO] [stdout]    |                required by a bound introduced by this call
[INFO] [stdout]    |
[INFO] [stdout]    = help: the following other types implement trait `tfhe_ark_ff::Field`:
[INFO] [stdout]              tfhe_ark_ff::CubicExtField<P>
[INFO] [stdout]              tfhe_ark_ff::Fp<P, N>
[INFO] [stdout]              tfhe_ark_ff::QuadExtField<P>
[INFO] [stdout] note: required by a bound in `hashing::curve_maps::parity`
[INFO] [stdout]   --> src/hashing/curve_maps/mod.rs:9:18
[INFO] [stdout]    |
[INFO] [stdout] 9  | pub fn parity<F: Field>(element: &F) -> bool {
[INFO] [stdout]    |                  ^^^^^ required by this bound in `parity`
[INFO] [stdout] 
[INFO] [stdout] 
[INFO] [stdout] error[E0277]: the trait bound `ark_test_curves::QuadExtField<ark_test_curves::Fp2ConfigWrapper<Fq2Config>>: tfhe_ark_ff::Field` is not satisfied
[INFO] [stdout]   --> src/hashing/tests.rs:23:23
[INFO] [stdout]    |
[INFO] [stdout] 23 |     assert_eq!(parity(&element_test4), true);
[INFO] [stdout]    |                ------ ^^^^^^^^^^^^^^ the trait `tfhe_ark_ff::Field` is not implemented for `ark_test_curves::QuadExtField<ark_test_curves::Fp2ConfigWrapper<Fq2Config>>`
[INFO] [stdout]    |                |
[INFO] [stdout]    |                required by a bound introduced by this call
[INFO] [stdout]    |
[INFO] [stdout]    = help: the following other types implement trait `tfhe_ark_ff::Field`:
[INFO] [stdout]              tfhe_ark_ff::CubicExtField<P>
[INFO] [stdout]              tfhe_ark_ff::Fp<P, N>
[INFO] [stdout]              tfhe_ark_ff::QuadExtField<P>
[INFO] [stdout] note: required by a bound in `hashing::curve_maps::parity`
[INFO] [stdout]   --> src/hashing/curve_maps/mod.rs:9:18
[INFO] [stdout]    |
[INFO] [stdout] 9  | pub fn parity<F: Field>(element: &F) -> bool {
[INFO] [stdout]    |                  ^^^^^ required by this bound in `parity`
[INFO] [stdout] 
[INFO] [stdout] 
[INFO] [stdout] error[E0277]: the trait bound `ark_test_curves::CubicExtField<ark_test_curves::Fp6ConfigWrapper<Fq6Config>>: tfhe_ark_ff::Field` is not satisfied
[INFO] [stdout]   --> src/hashing/tests.rs:40:23
[INFO] [stdout]    |
[INFO] [stdout] 40 |     assert_eq!(parity(&element_test1), true, "parity is the oddness of first non-zero coefficient of element represented over the prime f...
[INFO] [stdout]    |                ------ ^^^^^^^^^^^^^^ the trait `tfhe_ark_ff::Field` is not implemented for `ark_test_curves::CubicExtField<ark_test_curves::Fp6ConfigWrapper<Fq6Config>>`
[INFO] [stdout]    |                |
[INFO] [stdout]    |                required by a bound introduced by this call
[INFO] [stdout]    |
[INFO] [stdout]    = help: the following other types implement trait `tfhe_ark_ff::Field`:
[INFO] [stdout]              tfhe_ark_ff::CubicExtField<P>
[INFO] [stdout]              tfhe_ark_ff::Fp<P, N>
[INFO] [stdout]              tfhe_ark_ff::QuadExtField<P>
[INFO] [stdout] note: required by a bound in `hashing::curve_maps::parity`
[INFO] [stdout]   --> src/hashing/curve_maps/mod.rs:9:18
[INFO] [stdout]    |
[INFO] [stdout] 9  | pub fn parity<F: Field>(element: &F) -> bool {
[INFO] [stdout]    |                  ^^^^^ required by this bound in `parity`
[INFO] [stdout] 
[INFO] [stdout] 
[INFO] [stdout] error[E0277]: the trait bound `ark_test_curves::CubicExtField<ark_test_curves::Fp6ConfigWrapper<Fq6Config>>: tfhe_ark_ff::Field` is not satisfied
[INFO] [stdout]   --> src/hashing/tests.rs:41:23
[INFO] [stdout]    |
[INFO] [stdout] 41 |     assert_eq!(parity(&element_test2), true, "parity is the oddness of first non-zero coefficient of element represented over the prime f...
[INFO] [stdout]    |                ------ ^^^^^^^^^^^^^^ the trait `tfhe_ark_ff::Field` is not implemented for `ark_test_curves::CubicExtField<ark_test_curves::Fp6ConfigWrapper<Fq6Config>>`
[INFO] [stdout]    |                |
[INFO] [stdout]    |                required by a bound introduced by this call
[INFO] [stdout]    |
[INFO] [stdout]    = help: the following other types implement trait `tfhe_ark_ff::Field`:
[INFO] [stdout]              tfhe_ark_ff::CubicExtField<P>
[INFO] [stdout]              tfhe_ark_ff::Fp<P, N>
[INFO] [stdout]              tfhe_ark_ff::QuadExtField<P>
[INFO] [stdout] note: required by a bound in `hashing::curve_maps::parity`
[INFO] [stdout]   --> src/hashing/curve_maps/mod.rs:9:18
[INFO] [stdout]    |
[INFO] [stdout] 9  | pub fn parity<F: Field>(element: &F) -> bool {
[INFO] [stdout]    |                  ^^^^^ required by this bound in `parity`
[INFO] [stdout] 
[INFO] [stdout] 
[INFO] [stdout] error[E0277]: the trait bound `ark_test_curves::CubicExtField<ark_test_curves::Fp6ConfigWrapper<Fq6Config>>: tfhe_ark_ff::Field` is not satisfied
[INFO] [stdout]   --> src/hashing/tests.rs:42:23
[INFO] [stdout]    |
[INFO] [stdout] 42 |     assert_eq!(parity(&element_test3), true);
[INFO] [stdout]    |                ------ ^^^^^^^^^^^^^^ the trait `tfhe_ark_ff::Field` is not implemented for `ark_test_curves::CubicExtField<ark_test_curves::Fp6ConfigWrapper<Fq6Config>>`
[INFO] [stdout]    |                |
[INFO] [stdout]    |                required by a bound introduced by this call
[INFO] [stdout]    |
[INFO] [stdout]    = help: the following other types implement trait `tfhe_ark_ff::Field`:
[INFO] [stdout]              tfhe_ark_ff::CubicExtField<P>
[INFO] [stdout]              tfhe_ark_ff::Fp<P, N>
[INFO] [stdout]              tfhe_ark_ff::QuadExtField<P>
[INFO] [stdout] note: required by a bound in `hashing::curve_maps::parity`
[INFO] [stdout]   --> src/hashing/curve_maps/mod.rs:9:18
[INFO] [stdout]    |
[INFO] [stdout] 9  | pub fn parity<F: Field>(element: &F) -> bool {
[INFO] [stdout]    |                  ^^^^^ required by this bound in `parity`
[INFO] [stdout] 
[INFO] [stdout] 
[INFO] [stdout] error[E0277]: the trait bound `ark_test_curves::CubicExtField<ark_test_curves::Fp6ConfigWrapper<Fq6Config>>: tfhe_ark_ff::Field` is not satisfied
[INFO] [stdout]   --> src/hashing/tests.rs:43:23
[INFO] [stdout]    |
[INFO] [stdout] 43 |     assert_eq!(parity(&element_test4), true);
[INFO] [stdout]    |                ------ ^^^^^^^^^^^^^^ the trait `tfhe_ark_ff::Field` is not implemented for `ark_test_curves::CubicExtField<ark_test_curves::Fp6ConfigWrapper<Fq6Config>>`
[INFO] [stdout]    |                |
[INFO] [stdout]    |                required by a bound introduced by this call
[INFO] [stdout]    |
[INFO] [stdout]    = help: the following other types implement trait `tfhe_ark_ff::Field`:
[INFO] [stdout]              tfhe_ark_ff::CubicExtField<P>
[INFO] [stdout]              tfhe_ark_ff::Fp<P, N>
[INFO] [stdout]              tfhe_ark_ff::QuadExtField<P>
[INFO] [stdout] note: required by a bound in `hashing::curve_maps::parity`
[INFO] [stdout]   --> src/hashing/curve_maps/mod.rs:9:18
[INFO] [stdout]    |
[INFO] [stdout] 9  | pub fn parity<F: Field>(element: &F) -> bool {
[INFO] [stdout]    |                  ^^^^^ required by this bound in `parity`
[INFO] [stdout] 
[INFO] [stdout] 
[INFO] [stdout] error[E0277]: the trait bound `ark_test_curves::CubicExtField<ark_test_curves::Fp6ConfigWrapper<Fq6Config>>: tfhe_ark_ff::Field` is not satisfied
[INFO] [stdout]   --> src/hashing/tests.rs:44:23
[INFO] [stdout]    |
[INFO] [stdout] 44 |     assert_eq!(parity(&element_test5), false);
[INFO] [stdout]    |                ------ ^^^^^^^^^^^^^^ the trait `tfhe_ark_ff::Field` is not implemented for `ark_test_curves::CubicExtField<ark_test_curves::Fp6ConfigWrapper<Fq6Config>>`
[INFO] [stdout]    |                |
[INFO] [stdout]    |                required by a bound introduced by this call
[INFO] [stdout]    |
[INFO] [stdout]    = help: the following other types implement trait `tfhe_ark_ff::Field`:
[INFO] [stdout]              tfhe_ark_ff::CubicExtField<P>
[INFO] [stdout]              tfhe_ark_ff::Fp<P, N>
[INFO] [stdout]              tfhe_ark_ff::QuadExtField<P>
[INFO] [stdout] note: required by a bound in `hashing::curve_maps::parity`
[INFO] [stdout]   --> src/hashing/curve_maps/mod.rs:9:18
[INFO] [stdout]    |
[INFO] [stdout] 9  | pub fn parity<F: Field>(element: &F) -> bool {
[INFO] [stdout]    |                  ^^^^^ required by this bound in `parity`
[INFO] [stdout] 
[INFO] [stdout] 
[INFO] [stdout] For more information about this error, try `rustc --explain E0277`.
[INFO] [stdout] 
[INFO] [stderr] error: could not compile `tfhe-ark-ec` (lib test) due to 12 previous errors
[INFO] running `Command { std: "docker" "inspect" "04fbd47771b4249f5db0e0fbcb71d9204439f750ebadf017a04529cde706b6e8", kill_on_drop: false }`
[INFO] running `Command { std: "docker" "rm" "-f" "04fbd47771b4249f5db0e0fbcb71d9204439f750ebadf017a04529cde706b6e8", kill_on_drop: false }`
[INFO] [stdout] 04fbd47771b4249f5db0e0fbcb71d9204439f750ebadf017a04529cde706b6e8
