[INFO] fetching crate tezos-smart-rollup-installer 0.2.2...
[INFO] testing tezos-smart-rollup-installer-0.2.2 against nightly-2024-10-28+rustflags=-Zrandomize-layout for randomize-layout
[INFO] extracting crate tezos-smart-rollup-installer 0.2.2 into /workspace/builds/worker-4-tc2/source
[INFO] validating manifest of crates.io crate tezos-smart-rollup-installer 0.2.2 on toolchain nightly-2024-10-28
[INFO] running `Command { std: CARGO_HOME="/workspace/cargo-home" RUSTUP_HOME="/workspace/rustup-home" "/workspace/cargo-home/bin/cargo" "+nightly-2024-10-28" "metadata" "--manifest-path" "Cargo.toml" "--no-deps", kill_on_drop: false }`
[INFO] started tweaking crates.io crate tezos-smart-rollup-installer 0.2.2
[INFO] finished tweaking crates.io crate tezos-smart-rollup-installer 0.2.2
[INFO] tweaked toml for crates.io crate tezos-smart-rollup-installer 0.2.2 written to /workspace/builds/worker-4-tc2/source/Cargo.toml
[INFO] crate crates.io crate tezos-smart-rollup-installer 0.2.2 already has a lockfile, it will not be regenerated
[INFO] running `Command { std: CARGO_HOME="/workspace/cargo-home" RUSTUP_HOME="/workspace/rustup-home" "/workspace/cargo-home/bin/cargo" "+nightly-2024-10-28" "fetch" "--manifest-path" "Cargo.toml", kill_on_drop: false }`
[INFO] running `Command { std: "docker" "create" "-v" "/var/lib/crater-agent-workspace/builds/worker-4-tc2/target:/opt/rustwide/target:rw,Z" "-v" "/var/lib/crater-agent-workspace/builds/worker-4-tc2/source:/opt/rustwide/workdir:ro,Z" "-v" "/var/lib/crater-agent-workspace/cargo-home:/opt/rustwide/cargo-home:ro,Z" "-v" "/var/lib/crater-agent-workspace/rustup-home:/opt/rustwide/rustup-home:ro,Z" "-e" "SOURCE_DIR=/opt/rustwide/workdir" "-e" "CARGO_TARGET_DIR=/opt/rustwide/target" "-e" "CARGO_HOME=/opt/rustwide/cargo-home" "-e" "RUSTUP_HOME=/opt/rustwide/rustup-home" "-w" "/opt/rustwide/workdir" "-m" "1610612736" "--user" "0:0" "--network" "none" "ghcr.io/rust-lang/crates-build-env/linux@sha256:4a844ea9eb2546a2d2c7022eacef16ef2e8229c7fbb2c7d4d55a9ceca922f72d" "/opt/rustwide/cargo-home/bin/cargo" "+nightly-2024-10-28" "metadata" "--no-deps" "--format-version=1", kill_on_drop: false }`
[INFO] [stdout] 7214eb93a505c8f962aa297e3a16bccdd878886b7761c28b6dd0289e7f2c9c70
[INFO] running `Command { std: "docker" "start" "-a" "7214eb93a505c8f962aa297e3a16bccdd878886b7761c28b6dd0289e7f2c9c70", kill_on_drop: false }`
[INFO] running `Command { std: "docker" "inspect" "7214eb93a505c8f962aa297e3a16bccdd878886b7761c28b6dd0289e7f2c9c70", kill_on_drop: false }`
[INFO] running `Command { std: "docker" "rm" "-f" "7214eb93a505c8f962aa297e3a16bccdd878886b7761c28b6dd0289e7f2c9c70", kill_on_drop: false }`
[INFO] [stdout] 7214eb93a505c8f962aa297e3a16bccdd878886b7761c28b6dd0289e7f2c9c70
[INFO] running `Command { std: "docker" "create" "-v" "/var/lib/crater-agent-workspace/builds/worker-4-tc2/target:/opt/rustwide/target:rw,Z" "-v" "/var/lib/crater-agent-workspace/builds/worker-4-tc2/source:/opt/rustwide/workdir:ro,Z" "-v" "/var/lib/crater-agent-workspace/cargo-home:/opt/rustwide/cargo-home:ro,Z" "-v" "/var/lib/crater-agent-workspace/rustup-home:/opt/rustwide/rustup-home:ro,Z" "-e" "SOURCE_DIR=/opt/rustwide/workdir" "-e" "CARGO_TARGET_DIR=/opt/rustwide/target" "-e" "CARGO_INCREMENTAL=0" "-e" "RUST_BACKTRACE=full" "-e" "RUSTFLAGS=--cap-lints=forbid -Zrandomize-layout" "-e" "RUSTDOCFLAGS=--cap-lints=forbid" "-e" "CARGO_HOME=/opt/rustwide/cargo-home" "-e" "RUSTUP_HOME=/opt/rustwide/rustup-home" "-w" "/opt/rustwide/workdir" "-m" "1610612736" "--user" "0:0" "--network" "none" "ghcr.io/rust-lang/crates-build-env/linux@sha256:4a844ea9eb2546a2d2c7022eacef16ef2e8229c7fbb2c7d4d55a9ceca922f72d" "/opt/rustwide/cargo-home/bin/cargo" "+nightly-2024-10-28" "build" "--frozen" "--message-format=json", kill_on_drop: false }`
[INFO] [stdout] 6f45ffff6a6ac454be6eca48070cff09a0ccf592886a54e1a7d026a57288a43a
[INFO] running `Command { std: "docker" "start" "-a" "6f45ffff6a6ac454be6eca48070cff09a0ccf592886a54e1a7d026a57288a43a", kill_on_drop: false }`
[INFO] [stderr]    Compiling proc-macro2 v1.0.69
[INFO] [stderr]    Compiling unicode-ident v1.0.6
[INFO] [stderr]    Compiling subtle v2.4.1
[INFO] [stderr]    Compiling syn v1.0.109
[INFO] [stderr]    Compiling rand_core v0.6.4
[INFO] [stderr]    Compiling typenum v1.16.0
[INFO] [stderr]    Compiling crunchy v0.2.2
[INFO] [stderr]    Compiling semver v1.0.20
[INFO] [stderr]    Compiling memchr v2.3.4
[INFO] [stderr]    Compiling serde_derive v1.0.159
[INFO] [stderr]    Compiling platforms v3.0.2
[INFO] [stderr]    Compiling cpufeatures v0.2.11
[INFO] [stderr]    Compiling serde v1.0.159
[INFO] [stderr]    Compiling ff v0.10.1
[INFO] [stderr]    Compiling num-traits v0.2.15
[INFO] [stderr]    Compiling rustc_version v0.4.0
[INFO] [stderr]    Compiling zeroize v1.5.7
[INFO] [stderr]    Compiling aho-corasick v0.7.15
[INFO] [stderr]    Compiling group v0.10.0
[INFO] [stderr]    Compiling num-integer v0.1.45
[INFO] [stderr]    Compiling once_cell v1.17.1
[INFO] [stderr]    Compiling generic-array v0.14.6
[INFO] [stderr]    Compiling quote v1.0.33
[INFO] [stderr]    Compiling regex-syntax v0.6.28
[INFO] [stderr]    Compiling curve25519-dalek v4.1.1
[INFO] [stderr]    Compiling num-bigint v0.3.3
[INFO] [stderr]    Compiling syn v2.0.39
[INFO] [stderr]    Compiling thiserror v1.0.39
[INFO] [stderr]    Compiling radium v0.7.0
[INFO] [stderr]    Compiling opaque-debug v0.3.0
[INFO] [stderr]    Compiling signature v2.1.0
[INFO] [stderr]    Compiling digest v0.9.0
[INFO] [stderr]    Compiling crypto-common v0.1.6
[INFO] [stderr]    Compiling block-buffer v0.10.4
[INFO] [stderr]    Compiling libsecp256k1-core v0.3.0
[INFO] [stderr]    Compiling crypto-bigint v0.2.5
[INFO] [stderr]    Compiling digest v0.10.6
[INFO] [stderr]    Compiling crypto-mac v0.11.1
[INFO] [stderr]    Compiling hmac v0.11.0
[INFO] [stderr]    Compiling signature v1.3.2
[INFO] [stderr]    Compiling block-buffer v0.9.0
[INFO] [stderr]    Compiling der v0.4.5
[INFO] [stderr]    Compiling rand_core v0.5.1
[INFO] [stderr]    Compiling anyhow v1.0.69
[INFO] [stderr]    Compiling elliptic-curve v0.10.4
[INFO] [stderr]    Compiling unicode-segmentation v1.10.1
[INFO] [stderr]    Compiling libsecp256k1-gen-genmult v0.3.0
[INFO] [stderr]    Compiling libsecp256k1-gen-ecmult v0.3.0
[INFO] [stderr]    Compiling ppv-lite86 v0.2.17
[INFO] [stderr]    Compiling ecdsa v0.12.4
[INFO] [stderr]    Compiling heck v0.3.3
[INFO] [stderr]    Compiling libsecp256k1 v0.7.1
[INFO] [stderr]    Compiling sha2 v0.9.9
[INFO] [stderr]    Compiling regex v1.4.6
[INFO] [stderr]    Compiling rand_chacha v0.2.2
[INFO] [stderr]    Compiling sha2 v0.10.6
[INFO] [stderr]    Compiling ed25519 v2.2.1
[INFO] [stderr]    Compiling rand v0.8.5
[INFO] [stderr]    Compiling tap v1.0.1
[INFO] [stderr]    Compiling libc v0.2.149
[INFO] [stderr]    Compiling arrayref v0.3.6
[INFO] [stderr]    Compiling base64 v0.13.1
[INFO] [stderr]    Compiling wyz v0.5.1
[INFO] [stderr]    Compiling p256 v0.9.0
[INFO] [stderr]    Compiling rand v0.7.3
[INFO] [stderr]    Compiling proc-macro-error-attr v1.0.4
[INFO] [stderr]    Compiling io-lifetimes v1.0.6
[INFO] [stderr]    Compiling cryptoxide v0.4.4
[INFO] [stderr]    Compiling strum v0.20.0
[INFO] [stderr]    Compiling funty v2.0.0
[INFO] [stderr]    Compiling byteorder v1.4.3
[INFO] [stderr]    Compiling lazy_static v1.4.0
[INFO] [stderr]    Compiling minimal-lexical v0.2.1
[INFO] [stderr]    Compiling indexmap v1.9.3
[INFO] [stderr]    Compiling bitvec v1.0.1
[INFO] [stderr]    Compiling nom v7.1.3
[INFO] [stderr]    Compiling proc-macro-error v1.0.4
[INFO] [stderr]    Compiling rustix v0.36.9
[INFO] [stderr]    Compiling bit-vec v0.6.3
[INFO] [stderr]    Compiling curve25519-dalek-derive v0.1.1
[INFO] [stderr]    Compiling time-core v0.1.0
[INFO] [stderr]    Compiling tezos-smart-rollup-core v0.2.2
[INFO] [stderr]    Compiling time v0.3.20
[INFO] [stdout] error[E0282]: type annotations needed for `Box<_>`
[INFO] [stdout]   --> /opt/rustwide/cargo-home/registry/src/index.crates.io-6f17d22bba15001f/time-0.3.20/src/format_description/parse/mod.rs:83:9
[INFO] [stdout]    |
[INFO] [stdout] 83 |     let items = format_items
[INFO] [stdout]    |         ^^^^^
[INFO] [stdout] ...
[INFO] [stdout] 86 |     Ok(items.into())
[INFO] [stdout]    |              ---- type must be known at this point
[INFO] [stdout]    |
[INFO] [stdout]    = note: this is an inference error on crate `time` caused by an API change in Rust 1.80.0; update `time` to version `>=0.3.35` by calling `cargo update`
[INFO] [stdout] 
[INFO] [stdout] 
[INFO] [stdout] error[E0658]: use of unstable library feature 'stdarch_x86_avx512'
[INFO] [stdout]   --> /opt/rustwide/cargo-home/registry/src/index.crates.io-6f17d22bba15001f/curve25519-dalek-4.1.1/src/backend/vector/ifma/field.rs:26:5
[INFO] [stdout]    |
[INFO] [stdout] 26 |     _mm256_madd52lo_epu64(z.into(), x.into(), y.into()).into()
[INFO] [stdout]    |     ^^^^^^^^^^^^^^^^^^^^^
[INFO] [stdout]    |
[INFO] [stdout]    = note: see issue #111137 <https://github.com/rust-lang/rust/issues/111137> for more information
[INFO] [stdout]    = help: add `#![feature(stdarch_x86_avx512)]` to the crate attributes to enable
[INFO] [stdout]    = note: this compiler was built on 2024-10-27; consider upgrading it if it is out of date
[INFO] [stdout] 
[INFO] [stdout] 
[INFO] [stdout] error[E0658]: use of unstable library feature 'stdarch_x86_avx512'
[INFO] [stdout]   --> /opt/rustwide/cargo-home/registry/src/index.crates.io-6f17d22bba15001f/curve25519-dalek-4.1.1/src/backend/vector/ifma/field.rs:25:9
[INFO] [stdout]    |
[INFO] [stdout] 25 |     use core::arch::x86_64::_mm256_madd52lo_epu64;
[INFO] [stdout]    |         ^^^^^^^^^^^^^^^^^^^^^^^^^^^^^^^^^^^^^^^^^
[INFO] [stdout]    |
[INFO] [stdout]    = note: see issue #111137 <https://github.com/rust-lang/rust/issues/111137> for more information
[INFO] [stdout]    = help: add `#![feature(stdarch_x86_avx512)]` to the crate attributes to enable
[INFO] [stdout]    = note: this compiler was built on 2024-10-27; consider upgrading it if it is out of date
[INFO] [stdout] 
[INFO] [stdout] 
[INFO] [stdout] error[E0658]: use of unstable library feature 'stdarch_x86_avx512'
[INFO] [stdout]   --> /opt/rustwide/cargo-home/registry/src/index.crates.io-6f17d22bba15001f/curve25519-dalek-4.1.1/src/backend/vector/ifma/field.rs:34:5
[INFO] [stdout]    |
[INFO] [stdout] 34 |     _mm256_madd52hi_epu64(z.into(), x.into(), y.into()).into()
[INFO] [stdout]    |     ^^^^^^^^^^^^^^^^^^^^^
[INFO] [stdout]    |
[INFO] [stdout]    = note: see issue #111137 <https://github.com/rust-lang/rust/issues/111137> for more information
[INFO] [stdout]    = help: add `#![feature(stdarch_x86_avx512)]` to the crate attributes to enable
[INFO] [stdout]    = note: this compiler was built on 2024-10-27; consider upgrading it if it is out of date
[INFO] [stdout] 
[INFO] [stdout] 
[INFO] [stdout] error[E0658]: use of unstable library feature 'stdarch_x86_avx512'
[INFO] [stdout]   --> /opt/rustwide/cargo-home/registry/src/index.crates.io-6f17d22bba15001f/curve25519-dalek-4.1.1/src/backend/vector/ifma/field.rs:33:9
[INFO] [stdout]    |
[INFO] [stdout] 33 |     use core::arch::x86_64::_mm256_madd52hi_epu64;
[INFO] [stdout]    |         ^^^^^^^^^^^^^^^^^^^^^^^^^^^^^^^^^^^^^^^^^
[INFO] [stdout]    |
[INFO] [stdout]    = note: see issue #111137 <https://github.com/rust-lang/rust/issues/111137> for more information
[INFO] [stdout]    = help: add `#![feature(stdarch_x86_avx512)]` to the crate attributes to enable
[INFO] [stdout]    = note: this compiler was built on 2024-10-27; consider upgrading it if it is out of date
[INFO] [stdout] 
[INFO] [stdout] 
[INFO] [stdout] error[E0635]: unknown feature `stdsimd`
[INFO] [stdout]   --> /opt/rustwide/cargo-home/registry/src/index.crates.io-6f17d22bba15001f/curve25519-dalek-4.1.1/src/lib.rs:13:70
[INFO] [stdout]    |
[INFO] [stdout] 13 | #![cfg_attr(all(curve25519_dalek_backend = "simd", nightly), feature(stdsimd))]
[INFO] [stdout]    |                                                                      ^^^^^^^
[INFO] [stdout] 
[INFO] [stdout] 
[INFO] [stderr]    Compiling unsafe-libyaml v0.2.8
[INFO] [stderr]    Compiling heck v0.4.1
[INFO] [stdout] Some errors have detailed explanations: E0635, E0658.
[INFO] [stdout] 
[INFO] [stdout] For more information about an error, try `rustc --explain E0635`.
[INFO] [stdout] 
[INFO] [stderr] error: could not compile `curve25519-dalek` (lib) due to 5 previous errors
[INFO] [stderr] warning: build failed, waiting for other jobs to finish...
[INFO] [stdout] For more information about this error, try `rustc --explain E0282`.
[INFO] [stdout] 
[INFO] [stderr] error: could not compile `time` (lib) due to 1 previous error
[INFO] running `Command { std: "docker" "inspect" "6f45ffff6a6ac454be6eca48070cff09a0ccf592886a54e1a7d026a57288a43a", kill_on_drop: false }`
[INFO] running `Command { std: "docker" "rm" "-f" "6f45ffff6a6ac454be6eca48070cff09a0ccf592886a54e1a7d026a57288a43a", kill_on_drop: false }`
[INFO] [stdout] 6f45ffff6a6ac454be6eca48070cff09a0ccf592886a54e1a7d026a57288a43a
