[INFO] fetching crate tet-multistream-select 0.10.0...
[INFO] testing tet-multistream-select-0.10.0 against nightly-2024-10-28+rustflags=-Zrandomize-layout for randomize-layout
[INFO] extracting crate tet-multistream-select 0.10.0 into /workspace/builds/worker-0-tc2/source
[INFO] validating manifest of crates.io crate tet-multistream-select 0.10.0 on toolchain nightly-2024-10-28
[INFO] running `Command { std: CARGO_HOME="/workspace/cargo-home" RUSTUP_HOME="/workspace/rustup-home" "/workspace/cargo-home/bin/cargo" "+nightly-2024-10-28" "metadata" "--manifest-path" "Cargo.toml" "--no-deps", kill_on_drop: false }`
[INFO] started tweaking crates.io crate tet-multistream-select 0.10.0
[INFO] finished tweaking crates.io crate tet-multistream-select 0.10.0
[INFO] tweaked toml for crates.io crate tet-multistream-select 0.10.0 written to /workspace/builds/worker-0-tc2/source/Cargo.toml
[INFO] running `Command { std: CARGO_HOME="/workspace/cargo-home" RUSTUP_HOME="/workspace/rustup-home" "/workspace/cargo-home/bin/cargo" "+nightly-2024-10-28" "generate-lockfile" "--manifest-path" "Cargo.toml", kill_on_drop: false }`
[INFO] [stderr]     Updating crates.io index
[INFO] [stderr]      Locking 107 packages to latest compatible versions
[INFO] [stderr]       Adding env_logger v0.8.4 (available: v0.11.5)
[INFO] [stderr]       Adding quickcheck v0.9.2 (available: v1.0.3)
[INFO] [stderr]       Adding rand v0.7.3 (available: v0.8.5)
[INFO] [stderr]       Adding rw-stream-sink v0.2.1 (available: v0.4.0)
[INFO] [stderr]       Adding unsigned-varint v0.6.0 (available: v0.8.0)
[INFO] running `Command { std: CARGO_HOME="/workspace/cargo-home" RUSTUP_HOME="/workspace/rustup-home" "/workspace/cargo-home/bin/cargo" "+nightly-2024-10-28" "fetch" "--manifest-path" "Cargo.toml", kill_on_drop: false }`
[INFO] running `Command { std: "docker" "create" "-v" "/var/lib/crater-agent-workspace/builds/worker-0-tc2/target:/opt/rustwide/target:rw,Z" "-v" "/var/lib/crater-agent-workspace/builds/worker-0-tc2/source:/opt/rustwide/workdir:ro,Z" "-v" "/var/lib/crater-agent-workspace/cargo-home:/opt/rustwide/cargo-home:ro,Z" "-v" "/var/lib/crater-agent-workspace/rustup-home:/opt/rustwide/rustup-home:ro,Z" "-e" "SOURCE_DIR=/opt/rustwide/workdir" "-e" "CARGO_TARGET_DIR=/opt/rustwide/target" "-e" "CARGO_HOME=/opt/rustwide/cargo-home" "-e" "RUSTUP_HOME=/opt/rustwide/rustup-home" "-w" "/opt/rustwide/workdir" "-m" "1610612736" "--user" "0:0" "--network" "none" "ghcr.io/rust-lang/crates-build-env/linux@sha256:4a844ea9eb2546a2d2c7022eacef16ef2e8229c7fbb2c7d4d55a9ceca922f72d" "/opt/rustwide/cargo-home/bin/cargo" "+nightly-2024-10-28" "metadata" "--no-deps" "--format-version=1", kill_on_drop: false }`
[INFO] [stdout] 8cd76fce0675a83bfb32c3dbc4e9d9b49b6fd9decdf476f47326f07d89ba189c
[INFO] running `Command { std: "docker" "start" "-a" "8cd76fce0675a83bfb32c3dbc4e9d9b49b6fd9decdf476f47326f07d89ba189c", kill_on_drop: false }`
[INFO] running `Command { std: "docker" "inspect" "8cd76fce0675a83bfb32c3dbc4e9d9b49b6fd9decdf476f47326f07d89ba189c", kill_on_drop: false }`
[INFO] running `Command { std: "docker" "rm" "-f" "8cd76fce0675a83bfb32c3dbc4e9d9b49b6fd9decdf476f47326f07d89ba189c", kill_on_drop: false }`
[INFO] [stdout] 8cd76fce0675a83bfb32c3dbc4e9d9b49b6fd9decdf476f47326f07d89ba189c
[INFO] running `Command { std: "docker" "create" "-v" "/var/lib/crater-agent-workspace/builds/worker-0-tc2/target:/opt/rustwide/target:rw,Z" "-v" "/var/lib/crater-agent-workspace/builds/worker-0-tc2/source:/opt/rustwide/workdir:ro,Z" "-v" "/var/lib/crater-agent-workspace/cargo-home:/opt/rustwide/cargo-home:ro,Z" "-v" "/var/lib/crater-agent-workspace/rustup-home:/opt/rustwide/rustup-home:ro,Z" "-e" "SOURCE_DIR=/opt/rustwide/workdir" "-e" "CARGO_TARGET_DIR=/opt/rustwide/target" "-e" "CARGO_INCREMENTAL=0" "-e" "RUST_BACKTRACE=full" "-e" "RUSTFLAGS=--cap-lints=forbid -Zrandomize-layout" "-e" "RUSTDOCFLAGS=--cap-lints=forbid" "-e" "CARGO_HOME=/opt/rustwide/cargo-home" "-e" "RUSTUP_HOME=/opt/rustwide/rustup-home" "-w" "/opt/rustwide/workdir" "-m" "1610612736" "--user" "0:0" "--network" "none" "ghcr.io/rust-lang/crates-build-env/linux@sha256:4a844ea9eb2546a2d2c7022eacef16ef2e8229c7fbb2c7d4d55a9ceca922f72d" "/opt/rustwide/cargo-home/bin/cargo" "+nightly-2024-10-28" "build" "--frozen" "--message-format=json", kill_on_drop: false }`
[INFO] [stdout] 43754b556e4e36c031c44db53a94f264412bb9aa328410103f9cdf4896a7ba87
[INFO] running `Command { std: "docker" "start" "-a" "43754b556e4e36c031c44db53a94f264412bb9aa328410103f9cdf4896a7ba87", kill_on_drop: false }`
[INFO] [stderr]    Compiling proc-macro2 v1.0.89
[INFO] [stderr]    Compiling unicode-ident v1.0.13
[INFO] [stderr]    Compiling autocfg v1.4.0
[INFO] [stderr]    Compiling futures-core v0.3.31
[INFO] [stderr]    Compiling futures-sink v0.3.31
[INFO] [stderr]    Compiling pin-project-lite v0.2.15
[INFO] [stderr]    Compiling futures-io v0.3.31
[INFO] [stderr]    Compiling futures-task v0.3.31
[INFO] [stderr]    Compiling memchr v2.7.4
[INFO] [stderr]    Compiling pin-utils v0.1.0
[INFO] [stderr]    Compiling futures-channel v0.3.31
[INFO] [stderr]    Compiling value-bag v1.10.0
[INFO] [stderr]    Compiling bytes v1.8.0
[INFO] [stderr]    Compiling smallvec v1.13.2
[INFO] [stderr]    Compiling unsigned-varint v0.6.0
[INFO] [stderr]    Compiling slab v0.4.9
[INFO] [stderr]    Compiling log v0.4.22
[INFO] [stderr]    Compiling quote v1.0.37
[INFO] [stderr]    Compiling syn v2.0.86
[INFO] [stderr]    Compiling futures-macro v0.3.31
[INFO] [stderr]    Compiling pin-project-internal v1.1.7
[INFO] [stderr]    Compiling futures-util v0.3.31
[INFO] [stderr]    Compiling pin-project v1.1.7
[INFO] [stderr]    Compiling futures-executor v0.3.31
[INFO] [stderr]    Compiling futures v0.3.31
[INFO] [stderr]    Compiling tet-multistream-select v0.10.0 (/opt/rustwide/workdir)
[INFO] [stdout] warning: function `dialer_select_proto_parallel` is never used
[INFO] [stdout]    --> src/dialer_select.rs:113:15
[INFO] [stdout]     |
[INFO] [stdout] 113 | pub(crate) fn dialer_select_proto_parallel<R, I>(
[INFO] [stdout]     |               ^^^^^^^^^^^^^^^^^^^^^^^^^^^^
[INFO] [stdout]     |
[INFO] [stdout]     = note: `#[warn(dead_code)]` on by default
[INFO] [stdout] 
[INFO] [stdout] 
[INFO] [stdout] warning: variant `SendHeader` is never constructed
[INFO] [stdout]    --> src/dialer_select.rs:298:5
[INFO] [stdout]     |
[INFO] [stdout] 293 | enum ParState<R, N>
[INFO] [stdout]     |      -------- variant in this enum
[INFO] [stdout] ...
[INFO] [stdout] 298 |     SendHeader { io: MessageIO<R> },
[INFO] [stdout]     |     ^^^^^^^^^^
[INFO] [stdout] 
[INFO] [stdout] 
[INFO] [stderr]     Finished `dev` profile [unoptimized + debuginfo] target(s) in 4.97s
[INFO] running `Command { std: "docker" "inspect" "43754b556e4e36c031c44db53a94f264412bb9aa328410103f9cdf4896a7ba87", kill_on_drop: false }`
[INFO] running `Command { std: "docker" "rm" "-f" "43754b556e4e36c031c44db53a94f264412bb9aa328410103f9cdf4896a7ba87", kill_on_drop: false }`
[INFO] [stdout] 43754b556e4e36c031c44db53a94f264412bb9aa328410103f9cdf4896a7ba87
[INFO] running `Command { std: "docker" "create" "-v" "/var/lib/crater-agent-workspace/builds/worker-0-tc2/target:/opt/rustwide/target:rw,Z" "-v" "/var/lib/crater-agent-workspace/builds/worker-0-tc2/source:/opt/rustwide/workdir:ro,Z" "-v" "/var/lib/crater-agent-workspace/cargo-home:/opt/rustwide/cargo-home:ro,Z" "-v" "/var/lib/crater-agent-workspace/rustup-home:/opt/rustwide/rustup-home:ro,Z" "-e" "SOURCE_DIR=/opt/rustwide/workdir" "-e" "CARGO_TARGET_DIR=/opt/rustwide/target" "-e" "CARGO_INCREMENTAL=0" "-e" "RUST_BACKTRACE=full" "-e" "RUSTFLAGS=--cap-lints=forbid -Zrandomize-layout" "-e" "RUSTDOCFLAGS=--cap-lints=forbid" "-e" "CARGO_HOME=/opt/rustwide/cargo-home" "-e" "RUSTUP_HOME=/opt/rustwide/rustup-home" "-w" "/opt/rustwide/workdir" "-m" "1610612736" "--user" "0:0" "--network" "none" "ghcr.io/rust-lang/crates-build-env/linux@sha256:4a844ea9eb2546a2d2c7022eacef16ef2e8229c7fbb2c7d4d55a9ceca922f72d" "/opt/rustwide/cargo-home/bin/cargo" "+nightly-2024-10-28" "test" "--frozen" "--no-run" "--message-format=json", kill_on_drop: false }`
[INFO] [stdout] b85ddc3a86c92d12547f5293a5710897a76976883bf17d8e220276187c7f08dc
[INFO] running `Command { std: "docker" "start" "-a" "b85ddc3a86c92d12547f5293a5710897a76976883bf17d8e220276187c7f08dc", kill_on_drop: false }`
[INFO] [stderr]    Compiling crossbeam-utils v0.8.20
[INFO] [stderr]    Compiling parking v2.2.1
[INFO] [stderr]    Compiling libc v0.2.161
[INFO] [stderr]    Compiling cfg-if v1.0.0
[INFO] [stderr]    Compiling fastrand v2.1.1
[INFO] [stderr]    Compiling getrandom v0.1.16
[INFO] [stderr]    Compiling rustix v0.38.38
[INFO] [stderr]    Compiling zerocopy-derive v0.7.35
[INFO] [stderr]    Compiling aho-corasick v1.1.3
[INFO] [stderr]    Compiling bitflags v2.6.0
[INFO] [stderr]    Compiling regex-syntax v0.8.5
[INFO] [stderr]    Compiling futures-lite v2.4.0
[INFO] [stderr]    Compiling syn v1.0.109
[INFO] [stderr]    Compiling byteorder v1.5.0
[INFO] [stderr]    Compiling tracing-core v0.1.32
[INFO] [stderr]    Compiling linux-raw-sys v0.4.14
[INFO] [stderr]    Compiling concurrent-queue v2.5.0
[INFO] [stderr]    Compiling zerocopy v0.7.35
[INFO] [stderr]    Compiling tracing v0.1.40
[INFO] [stderr]    Compiling event-listener v5.3.1
[INFO] [stderr]    Compiling pin-project-internal v0.4.30
[INFO] [stderr]    Compiling atomic-waker v1.1.2
[INFO] [stderr]    Compiling async-task v4.7.1
[INFO] [stderr]    Compiling event-listener-strategy v0.5.2
[INFO] [stderr]    Compiling piper v0.2.4
[INFO] [stderr]    Compiling async-channel v2.3.1
[INFO] [stderr]    Compiling async-lock v3.4.0
[INFO] [stderr]    Compiling ppv-lite86 v0.2.20
[INFO] [stderr]    Compiling blocking v1.6.1
[INFO] [stderr]    Compiling async-executor v1.13.1
[INFO] [stderr]    Compiling rand_core v0.5.1
[INFO] [stderr]    Compiling event-listener v2.5.3
[INFO] [stderr]    Compiling once_cell v1.20.2
[INFO] [stderr]    Compiling regex-automata v0.4.8
[INFO] [stderr]    Compiling rand_chacha v0.2.2
[INFO] [stderr]    Compiling async-channel v1.9.0
[INFO] [stderr]    Compiling atty v0.2.14
[INFO] [stderr]    Compiling kv-log-macro v1.0.7
[INFO] [stderr]    Compiling humantime v2.1.0
[INFO] [stderr]    Compiling rand v0.7.3
[INFO] [stderr]    Compiling static_assertions v1.1.0
[INFO] [stderr]    Compiling termcolor v1.4.1
[INFO] [stdout] warning: function `dialer_select_proto_parallel` is never used
[INFO] [stdout]    --> src/dialer_select.rs:113:15
[INFO] [stdout]     |
[INFO] [stdout] 113 | pub(crate) fn dialer_select_proto_parallel<R, I>(
[INFO] [stdout]     |               ^^^^^^^^^^^^^^^^^^^^^^^^^^^^
[INFO] [stdout]     |
[INFO] [stdout]     = note: `#[warn(dead_code)]` on by default
[INFO] [stdout] 
[INFO] [stdout] 
[INFO] [stdout] warning: variant `SendHeader` is never constructed
[INFO] [stdout]    --> src/dialer_select.rs:298:5
[INFO] [stdout]     |
[INFO] [stdout] 293 | enum ParState<R, N>
[INFO] [stdout]     |      -------- variant in this enum
[INFO] [stdout] ...
[INFO] [stdout] 298 |     SendHeader { io: MessageIO<R> },
[INFO] [stdout]     |     ^^^^^^^^^^
[INFO] [stdout] 
[INFO] [stdout] 
[INFO] [stderr]    Compiling regex v1.11.1
[INFO] [stderr]    Compiling env_logger v0.7.1
[INFO] [stderr]    Compiling env_logger v0.8.4
[INFO] [stderr]    Compiling quickcheck v0.9.2
[INFO] [stderr]    Compiling polling v3.7.3
[INFO] [stderr]    Compiling pin-project v0.4.30
[INFO] [stderr]    Compiling async-io v2.3.4
[INFO] [stderr]    Compiling rw-stream-sink v0.2.1
[INFO] [stderr]    Compiling async-global-executor v2.4.1
[INFO] [stderr]    Compiling async-std v1.13.0
[INFO] [stderr]    Compiling tet-multistream-select v0.10.0 (/opt/rustwide/workdir)
[INFO] [stdout] error[E0433]: failed to resolve: use of undeclared crate or module `tet_libp2p_core`
[INFO] [stdout]   --> tests/transport.rs:21:5
[INFO] [stdout]    |
[INFO] [stdout] 21 | use tet_libp2p_core::{
[INFO] [stdout]    |     ^^^^^^^^^^^^^^^ use of undeclared crate or module `tet_libp2p_core`
[INFO] [stdout] 
[INFO] [stdout] 
[INFO] [stdout] error[E0432]: unresolved import `tet_libp2p_core`
[INFO] [stdout]   --> tests/transport.rs:21:5
[INFO] [stdout]    |
[INFO] [stdout] 21 | use tet_libp2p_core::{
[INFO] [stdout]    |     ^^^^^^^^^^^^^^^ use of undeclared crate or module `tet_libp2p_core`
[INFO] [stdout] 
[INFO] [stdout] 
[INFO] [stdout] error[E0432]: unresolved import `tet_libp2p_mplex`
[INFO] [stdout]   --> tests/transport.rs:34:5
[INFO] [stdout]    |
[INFO] [stdout] 34 | use tet_libp2p_mplex::MplexConfig;
[INFO] [stdout]    |     ^^^^^^^^^^^^^^^^ use of undeclared crate or module `tet_libp2p_mplex`
[INFO] [stdout] 
[INFO] [stdout] 
[INFO] [stdout] error[E0432]: unresolved import `plaintext`
[INFO] [stdout]   --> tests/transport.rs:35:5
[INFO] [stdout]    |
[INFO] [stdout] 35 | use plaintext::PlainText2Config;
[INFO] [stdout]    |     ^^^^^^^^^ use of undeclared crate or module `plaintext`
[INFO] [stdout] 
[INFO] [stdout] 
[INFO] [stdout] Some errors have detailed explanations: E0432, E0433.
[INFO] [stdout] 
[INFO] [stdout] For more information about an error, try `rustc --explain E0432`.
[INFO] [stdout] 
[INFO] [stderr] error: could not compile `tet-multistream-select` (test "transport") due to 4 previous errors
[INFO] [stderr] warning: build failed, waiting for other jobs to finish...
[INFO] running `Command { std: "docker" "inspect" "b85ddc3a86c92d12547f5293a5710897a76976883bf17d8e220276187c7f08dc", kill_on_drop: false }`
[INFO] running `Command { std: "docker" "rm" "-f" "b85ddc3a86c92d12547f5293a5710897a76976883bf17d8e220276187c7f08dc", kill_on_drop: false }`
[INFO] [stdout] b85ddc3a86c92d12547f5293a5710897a76976883bf17d8e220276187c7f08dc
