[INFO] fetching crate test-by-a11y 0.2.0...
[INFO] testing test-by-a11y-0.2.0 against nightly-2024-10-28+rustflags=-Zrandomize-layout for randomize-layout
[INFO] extracting crate test-by-a11y 0.2.0 into /workspace/builds/worker-5-tc2/source
[INFO] validating manifest of crates.io crate test-by-a11y 0.2.0 on toolchain nightly-2024-10-28
[INFO] running `Command { std: CARGO_HOME="/workspace/cargo-home" RUSTUP_HOME="/workspace/rustup-home" "/workspace/cargo-home/bin/cargo" "+nightly-2024-10-28" "metadata" "--manifest-path" "Cargo.toml" "--no-deps", kill_on_drop: false }`
[INFO] started tweaking crates.io crate test-by-a11y 0.2.0
[INFO] removed 0 missing tests
[INFO] finished tweaking crates.io crate test-by-a11y 0.2.0
[INFO] tweaked toml for crates.io crate test-by-a11y 0.2.0 written to /workspace/builds/worker-5-tc2/source/Cargo.toml
[INFO] running `Command { std: CARGO_HOME="/workspace/cargo-home" RUSTUP_HOME="/workspace/rustup-home" "/workspace/cargo-home/bin/cargo" "+nightly-2024-10-28" "generate-lockfile" "--manifest-path" "Cargo.toml", kill_on_drop: false }`
[INFO] [stderr]     Updating crates.io index
[INFO] [stderr]      Locking 132 packages to latest compatible versions
[INFO] running `Command { std: CARGO_HOME="/workspace/cargo-home" RUSTUP_HOME="/workspace/rustup-home" "/workspace/cargo-home/bin/cargo" "+nightly-2024-10-28" "fetch" "--manifest-path" "Cargo.toml", kill_on_drop: false }`
[INFO] running `Command { std: "docker" "create" "-v" "/var/lib/crater-agent-workspace/builds/worker-5-tc2/target:/opt/rustwide/target:rw,Z" "-v" "/var/lib/crater-agent-workspace/builds/worker-5-tc2/source:/opt/rustwide/workdir:ro,Z" "-v" "/var/lib/crater-agent-workspace/cargo-home:/opt/rustwide/cargo-home:ro,Z" "-v" "/var/lib/crater-agent-workspace/rustup-home:/opt/rustwide/rustup-home:ro,Z" "-e" "SOURCE_DIR=/opt/rustwide/workdir" "-e" "CARGO_TARGET_DIR=/opt/rustwide/target" "-e" "CARGO_HOME=/opt/rustwide/cargo-home" "-e" "RUSTUP_HOME=/opt/rustwide/rustup-home" "-w" "/opt/rustwide/workdir" "-m" "1610612736" "--user" "0:0" "--network" "none" "ghcr.io/rust-lang/crates-build-env/linux@sha256:4a844ea9eb2546a2d2c7022eacef16ef2e8229c7fbb2c7d4d55a9ceca922f72d" "/opt/rustwide/cargo-home/bin/cargo" "+nightly-2024-10-28" "metadata" "--no-deps" "--format-version=1", kill_on_drop: false }`
[INFO] [stdout] 2fc67809a15924117c9f5aae78009eace1c1b12c8dcd4b3f362587a39b14bec3
[INFO] running `Command { std: "docker" "start" "-a" "2fc67809a15924117c9f5aae78009eace1c1b12c8dcd4b3f362587a39b14bec3", kill_on_drop: false }`
[INFO] running `Command { std: "docker" "inspect" "2fc67809a15924117c9f5aae78009eace1c1b12c8dcd4b3f362587a39b14bec3", kill_on_drop: false }`
[INFO] running `Command { std: "docker" "rm" "-f" "2fc67809a15924117c9f5aae78009eace1c1b12c8dcd4b3f362587a39b14bec3", kill_on_drop: false }`
[INFO] [stdout] 2fc67809a15924117c9f5aae78009eace1c1b12c8dcd4b3f362587a39b14bec3
[INFO] running `Command { std: "docker" "create" "-v" "/var/lib/crater-agent-workspace/builds/worker-5-tc2/target:/opt/rustwide/target:rw,Z" "-v" "/var/lib/crater-agent-workspace/builds/worker-5-tc2/source:/opt/rustwide/workdir:ro,Z" "-v" "/var/lib/crater-agent-workspace/cargo-home:/opt/rustwide/cargo-home:ro,Z" "-v" "/var/lib/crater-agent-workspace/rustup-home:/opt/rustwide/rustup-home:ro,Z" "-e" "SOURCE_DIR=/opt/rustwide/workdir" "-e" "CARGO_TARGET_DIR=/opt/rustwide/target" "-e" "CARGO_INCREMENTAL=0" "-e" "RUST_BACKTRACE=full" "-e" "RUSTFLAGS=--cap-lints=forbid -Zrandomize-layout" "-e" "RUSTDOCFLAGS=--cap-lints=forbid" "-e" "CARGO_HOME=/opt/rustwide/cargo-home" "-e" "RUSTUP_HOME=/opt/rustwide/rustup-home" "-w" "/opt/rustwide/workdir" "-m" "1610612736" "--user" "0:0" "--network" "none" "ghcr.io/rust-lang/crates-build-env/linux@sha256:4a844ea9eb2546a2d2c7022eacef16ef2e8229c7fbb2c7d4d55a9ceca922f72d" "/opt/rustwide/cargo-home/bin/cargo" "+nightly-2024-10-28" "build" "--frozen" "--message-format=json", kill_on_drop: false }`
[INFO] [stdout] 011e10f1c7d6e0fab88abbe8facfda48ef751e048e1a31cd2b9f49ad207296a7
[INFO] running `Command { std: "docker" "start" "-a" "011e10f1c7d6e0fab88abbe8facfda48ef751e048e1a31cd2b9f49ad207296a7", kill_on_drop: false }`
[INFO] [stderr]    Compiling syn v2.0.86
[INFO] [stderr]    Compiling pin-project-lite v0.2.15
[INFO] [stderr]    Compiling crossbeam-utils v0.8.20
[INFO] [stderr]    Compiling futures-core v0.3.31
[INFO] [stderr]    Compiling autocfg v1.4.0
[INFO] [stderr]    Compiling hashbrown v0.15.0
[INFO] [stderr]    Compiling equivalent v1.0.1
[INFO] [stderr]    Compiling parking v2.2.1
[INFO] [stderr]    Compiling winnow v0.6.20
[INFO] [stderr]    Compiling serde v1.0.214
[INFO] [stderr]    Compiling toml_datetime v0.6.8
[INFO] [stderr]    Compiling futures-io v0.3.31
[INFO] [stderr]    Compiling libc v0.2.161
[INFO] [stderr]    Compiling memchr v2.7.4
[INFO] [stderr]    Compiling version_check v0.9.5
[INFO] [stderr]    Compiling slab v0.4.9
[INFO] [stderr]    Compiling concurrent-queue v2.5.0
[INFO] [stderr]    Compiling typenum v1.17.0
[INFO] [stderr]    Compiling generic-array v0.14.7
[INFO] [stderr]    Compiling event-listener v5.3.1
[INFO] [stderr]    Compiling fastrand v2.1.1
[INFO] [stderr]    Compiling indexmap v2.6.0
[INFO] [stderr]    Compiling event-listener-strategy v0.5.2
[INFO] [stderr]    Compiling static_assertions v1.1.0
[INFO] [stderr]    Compiling endi v1.1.0
[INFO] [stderr]    Compiling futures-lite v2.4.0
[INFO] [stderr]    Compiling bitflags v2.6.0
[INFO] [stderr]    Compiling rustix v0.38.38
[INFO] [stderr]    Compiling futures-sink v0.3.31
[INFO] [stderr]    Compiling byteorder v1.5.0
[INFO] [stderr]    Compiling tracing-core v0.1.32
[INFO] [stderr]    Compiling futures-channel v0.3.31
[INFO] [stderr]    Compiling memoffset v0.9.1
[INFO] [stderr]    Compiling async-task v4.7.1
[INFO] [stderr]    Compiling cfg_aliases v0.2.1
[INFO] [stderr]    Compiling futures-task v0.3.31
[INFO] [stderr]    Compiling pin-utils v0.1.0
[INFO] [stderr]    Compiling linux-raw-sys v0.4.14
[INFO] [stderr]    Compiling atomic-waker v1.1.2
[INFO] [stderr]    Compiling nix v0.29.0
[INFO] [stderr]    Compiling getrandom v0.2.15
[INFO] [stderr]    Compiling piper v0.2.4
[INFO] [stderr]    Compiling crypto-common v0.1.6
[INFO] [stderr]    Compiling block-buffer v0.10.4
[INFO] [stderr]    Compiling toml_edit v0.22.22
[INFO] [stderr]    Compiling rand_core v0.6.4
[INFO] [stderr]    Compiling async-channel v2.3.1
[INFO] [stderr]    Compiling async-lock v3.4.0
[INFO] [stderr]    Compiling blocking v1.6.1
[INFO] [stderr]    Compiling digest v0.10.7
[INFO] [stderr]    Compiling cpufeatures v0.2.14
[INFO] [stderr]    Compiling xdg-home v1.3.0
[INFO] [stderr]    Compiling async-executor v1.13.1
[INFO] [stderr]    Compiling sha1 v0.10.6
[INFO] [stderr]    Compiling async-fs v2.1.2
[INFO] [stderr]    Compiling async-broadcast v0.7.1
[INFO] [stderr]    Compiling ordered-stream v0.2.0
[INFO] [stderr]    Compiling hex v0.4.3
[INFO] [stderr]    Compiling thiserror v1.0.66
[INFO] [stderr]    Compiling log v0.4.22
[INFO] [stderr]    Compiling zvariant_utils v2.1.0
[INFO] [stderr]    Compiling proc-macro-crate v3.2.0
[INFO] [stderr]    Compiling serde_derive v1.0.214
[INFO] [stderr]    Compiling enumflags2_derive v0.7.10
[INFO] [stderr]    Compiling zerocopy-derive v0.7.35
[INFO] [stderr]    Compiling tracing-attributes v0.1.27
[INFO] [stderr]    Compiling futures-macro v0.3.31
[INFO] [stderr]    Compiling serde_repr v0.1.19
[INFO] [stderr]    Compiling async-trait v0.1.83
[INFO] [stderr]    Compiling zerocopy v0.7.35
[INFO] [stderr]    Compiling futures-util v0.3.31
[INFO] [stderr]    Compiling thiserror-impl v1.0.66
[INFO] [stderr]    Compiling zvariant_derive v4.2.0
[INFO] [stderr]    Compiling ppv-lite86 v0.2.20
[INFO] [stderr]    Compiling zbus_macros v4.4.0
[INFO] [stderr]    Compiling tracing v0.1.40
[INFO] [stderr]    Compiling rand_chacha v0.3.1
[INFO] [stderr]    Compiling rand v0.8.5
[INFO] [stderr]    Compiling polling v3.7.3
[INFO] [stderr]    Compiling async-io v2.3.4
[INFO] [stderr]    Compiling futures-executor v0.3.31
[INFO] [stderr]    Compiling futures v0.3.31
[INFO] [stderr]    Compiling enumflags2 v0.7.10
[INFO] [stderr]    Compiling quick-xml v0.30.0
[INFO] [stderr]    Compiling zvariant v4.2.0
[INFO] [stderr]    Compiling zbus_names v3.0.0
[INFO] [stderr]    Compiling zbus_xml v4.0.0
[INFO] [stderr]    Compiling zbus v4.4.0
[INFO] [stderr]    Compiling zbus-lockstep v0.4.4
[INFO] [stderr]    Compiling zbus-lockstep-macros v0.4.4
[INFO] [stderr]    Compiling atspi-common v0.8.0
[INFO] [stderr]    Compiling atspi-proxies v0.8.0
[INFO] [stderr]    Compiling atspi-connection v0.8.0
[INFO] [stderr]    Compiling atspi v0.24.0
[INFO] [stderr]    Compiling test-by-a11y v0.2.0 (/opt/rustwide/workdir)
[INFO] [stderr]     Finished `dev` profile [unoptimized + debuginfo] target(s) in 25.76s
[INFO] running `Command { std: "docker" "inspect" "011e10f1c7d6e0fab88abbe8facfda48ef751e048e1a31cd2b9f49ad207296a7", kill_on_drop: false }`
[INFO] running `Command { std: "docker" "rm" "-f" "011e10f1c7d6e0fab88abbe8facfda48ef751e048e1a31cd2b9f49ad207296a7", kill_on_drop: false }`
[INFO] [stdout] 011e10f1c7d6e0fab88abbe8facfda48ef751e048e1a31cd2b9f49ad207296a7
[INFO] running `Command { std: "docker" "create" "-v" "/var/lib/crater-agent-workspace/builds/worker-5-tc2/target:/opt/rustwide/target:rw,Z" "-v" "/var/lib/crater-agent-workspace/builds/worker-5-tc2/source:/opt/rustwide/workdir:ro,Z" "-v" "/var/lib/crater-agent-workspace/cargo-home:/opt/rustwide/cargo-home:ro,Z" "-v" "/var/lib/crater-agent-workspace/rustup-home:/opt/rustwide/rustup-home:ro,Z" "-e" "SOURCE_DIR=/opt/rustwide/workdir" "-e" "CARGO_TARGET_DIR=/opt/rustwide/target" "-e" "CARGO_INCREMENTAL=0" "-e" "RUST_BACKTRACE=full" "-e" "RUSTFLAGS=--cap-lints=forbid -Zrandomize-layout" "-e" "RUSTDOCFLAGS=--cap-lints=forbid" "-e" "CARGO_HOME=/opt/rustwide/cargo-home" "-e" "RUSTUP_HOME=/opt/rustwide/rustup-home" "-w" "/opt/rustwide/workdir" "-m" "1610612736" "--user" "0:0" "--network" "none" "ghcr.io/rust-lang/crates-build-env/linux@sha256:4a844ea9eb2546a2d2c7022eacef16ef2e8229c7fbb2c7d4d55a9ceca922f72d" "/opt/rustwide/cargo-home/bin/cargo" "+nightly-2024-10-28" "test" "--frozen" "--no-run" "--message-format=json", kill_on_drop: false }`
[INFO] [stdout] f78afbe12cfb099935cc0bca9e216edd5b875b3fcb0afbc67e196e7df2c97fa1
[INFO] running `Command { std: "docker" "start" "-a" "f78afbe12cfb099935cc0bca9e216edd5b875b3fcb0afbc67e196e7df2c97fa1", kill_on_drop: false }`
[INFO] [stderr]    Compiling aho-corasick v1.1.3
[INFO] [stderr]    Compiling regex-syntax v0.8.5
[INFO] [stderr]    Compiling log v0.4.22
[INFO] [stderr]    Compiling is-terminal v0.4.13
[INFO] [stderr]    Compiling humantime v2.1.0
[INFO] [stderr]    Compiling termcolor v1.4.1
[INFO] [stderr]    Compiling test-by-a11y v0.2.0 (/opt/rustwide/workdir)
[INFO] [stderr]    Compiling regex-automata v0.4.8
[INFO] [stderr]    Compiling regex v1.11.1
[INFO] [stderr]    Compiling env_logger v0.10.2
[INFO] [stderr]    Compiling pretty_env_logger v0.5.0
[INFO] [stdout] error[E0308]: mismatched types
[INFO] [stdout]   --> tests/test_gnome_calc.rs:49:23
[INFO] [stdout]    |
[INFO] [stdout] 49 |         test.interact(btn_9, Interaction::Click).unwrap();
[INFO] [stdout]    |              -------- ^^^^^ expected `&AccessibleProxy<'_>`, found `AccessibleProxy<'_>`
[INFO] [stdout]    |              |
[INFO] [stdout]    |              arguments to this method are incorrect
[INFO] [stdout]    |
[INFO] [stdout] note: method defined here
[INFO] [stdout]   --> /opt/rustwide/workdir/src/api.rs:17:8
[INFO] [stdout]    |
[INFO] [stdout] 17 |     fn interact(&mut self, node: &Self::Node, interaction: Interaction) -> Result<(), Self::Error>;
[INFO] [stdout]    |        ^^^^^^^^
[INFO] [stdout] help: consider borrowing here
[INFO] [stdout]    |
[INFO] [stdout] 49 |         test.interact(&btn_9, Interaction::Click).unwrap();
[INFO] [stdout]    |                       +
[INFO] [stdout] 
[INFO] [stdout] 
[INFO] [stdout] error[E0308]: mismatched types
[INFO] [stdout]   --> tests/test_gnome_calc.rs:53:23
[INFO] [stdout]    |
[INFO] [stdout] 53 |         test.interact(btn_plus, Interaction::Click).unwrap();
[INFO] [stdout]    |              -------- ^^^^^^^^ expected `&AccessibleProxy<'_>`, found `AccessibleProxy<'_>`
[INFO] [stdout]    |              |
[INFO] [stdout]    |              arguments to this method are incorrect
[INFO] [stdout]    |
[INFO] [stdout] note: method defined here
[INFO] [stdout]   --> /opt/rustwide/workdir/src/api.rs:17:8
[INFO] [stdout]    |
[INFO] [stdout] 17 |     fn interact(&mut self, node: &Self::Node, interaction: Interaction) -> Result<(), Self::Error>;
[INFO] [stdout]    |        ^^^^^^^^
[INFO] [stdout] help: consider borrowing here
[INFO] [stdout]    |
[INFO] [stdout] 53 |         test.interact(&btn_plus, Interaction::Click).unwrap();
[INFO] [stdout]    |                       +
[INFO] [stdout] 
[INFO] [stdout] 
[INFO] [stdout] error[E0308]: mismatched types
[INFO] [stdout]   --> tests/test_gnome_calc.rs:57:23
[INFO] [stdout]    |
[INFO] [stdout] 57 |         test.interact(btn_1, Interaction::Click).unwrap();
[INFO] [stdout]    |              -------- ^^^^^ expected `&AccessibleProxy<'_>`, found `AccessibleProxy<'_>`
[INFO] [stdout]    |              |
[INFO] [stdout]    |              arguments to this method are incorrect
[INFO] [stdout]    |
[INFO] [stdout] note: method defined here
[INFO] [stdout]   --> /opt/rustwide/workdir/src/api.rs:17:8
[INFO] [stdout]    |
[INFO] [stdout] 17 |     fn interact(&mut self, node: &Self::Node, interaction: Interaction) -> Result<(), Self::Error>;
[INFO] [stdout]    |        ^^^^^^^^
[INFO] [stdout] help: consider borrowing here
[INFO] [stdout]    |
[INFO] [stdout] 57 |         test.interact(&btn_1, Interaction::Click).unwrap();
[INFO] [stdout]    |                       +
[INFO] [stdout] 
[INFO] [stdout] 
[INFO] [stdout] error[E0308]: mismatched types
[INFO] [stdout]   --> tests/test_gnome_calc.rs:61:23
[INFO] [stdout]    |
[INFO] [stdout] 61 |         test.interact(btn_equals, Interaction::Click).unwrap();
[INFO] [stdout]    |              -------- ^^^^^^^^^^ expected `&AccessibleProxy<'_>`, found `AccessibleProxy<'_>`
[INFO] [stdout]    |              |
[INFO] [stdout]    |              arguments to this method are incorrect
[INFO] [stdout]    |
[INFO] [stdout] note: method defined here
[INFO] [stdout]   --> /opt/rustwide/workdir/src/api.rs:17:8
[INFO] [stdout]    |
[INFO] [stdout] 17 |     fn interact(&mut self, node: &Self::Node, interaction: Interaction) -> Result<(), Self::Error>;
[INFO] [stdout]    |        ^^^^^^^^
[INFO] [stdout] help: consider borrowing here
[INFO] [stdout]    |
[INFO] [stdout] 61 |         test.interact(&btn_equals, Interaction::Click).unwrap();
[INFO] [stdout]    |                       +
[INFO] [stdout] 
[INFO] [stdout] 
[INFO] [stdout] For more information about this error, try `rustc --explain E0308`.
[INFO] [stdout] 
[INFO] [stderr] error: could not compile `test-by-a11y` (test "test_gnome_calc") due to 4 previous errors
[INFO] [stderr] warning: build failed, waiting for other jobs to finish...
[INFO] running `Command { std: "docker" "inspect" "f78afbe12cfb099935cc0bca9e216edd5b875b3fcb0afbc67e196e7df2c97fa1", kill_on_drop: false }`
[INFO] running `Command { std: "docker" "rm" "-f" "f78afbe12cfb099935cc0bca9e216edd5b875b3fcb0afbc67e196e7df2c97fa1", kill_on_drop: false }`
[INFO] [stdout] f78afbe12cfb099935cc0bca9e216edd5b875b3fcb0afbc67e196e7df2c97fa1
