[INFO] fetching crate tensorgraph-math 0.1.11...
[INFO] testing tensorgraph-math-0.1.11 against nightly-2024-10-28+rustflags=-Zrandomize-layout for randomize-layout
[INFO] extracting crate tensorgraph-math 0.1.11 into /workspace/builds/worker-7-tc2/source
[INFO] validating manifest of crates.io crate tensorgraph-math 0.1.11 on toolchain nightly-2024-10-28
[INFO] running `Command { std: CARGO_HOME="/workspace/cargo-home" RUSTUP_HOME="/workspace/rustup-home" "/workspace/cargo-home/bin/cargo" "+nightly-2024-10-28" "metadata" "--manifest-path" "Cargo.toml" "--no-deps", kill_on_drop: false }`
[INFO] started tweaking crates.io crate tensorgraph-math 0.1.11
[INFO] finished tweaking crates.io crate tensorgraph-math 0.1.11
[INFO] tweaked toml for crates.io crate tensorgraph-math 0.1.11 written to /workspace/builds/worker-7-tc2/source/Cargo.toml
[INFO] crate crates.io crate tensorgraph-math 0.1.11 already has a lockfile, it will not be regenerated
[INFO] running `Command { std: CARGO_HOME="/workspace/cargo-home" RUSTUP_HOME="/workspace/rustup-home" "/workspace/cargo-home/bin/cargo" "+nightly-2024-10-28" "fetch" "--manifest-path" "Cargo.toml", kill_on_drop: false }`
[INFO] running `Command { std: "docker" "create" "-v" "/var/lib/crater-agent-workspace/builds/worker-7-tc2/target:/opt/rustwide/target:rw,Z" "-v" "/var/lib/crater-agent-workspace/builds/worker-7-tc2/source:/opt/rustwide/workdir:ro,Z" "-v" "/var/lib/crater-agent-workspace/cargo-home:/opt/rustwide/cargo-home:ro,Z" "-v" "/var/lib/crater-agent-workspace/rustup-home:/opt/rustwide/rustup-home:ro,Z" "-e" "SOURCE_DIR=/opt/rustwide/workdir" "-e" "CARGO_TARGET_DIR=/opt/rustwide/target" "-e" "CARGO_HOME=/opt/rustwide/cargo-home" "-e" "RUSTUP_HOME=/opt/rustwide/rustup-home" "-w" "/opt/rustwide/workdir" "-m" "1610612736" "--user" "0:0" "--network" "none" "ghcr.io/rust-lang/crates-build-env/linux@sha256:4a844ea9eb2546a2d2c7022eacef16ef2e8229c7fbb2c7d4d55a9ceca922f72d" "/opt/rustwide/cargo-home/bin/cargo" "+nightly-2024-10-28" "metadata" "--no-deps" "--format-version=1", kill_on_drop: false }`
[INFO] [stdout] adb3c0919edd4dada1231d0bdd9b4c3f34e270ad89b5a9485bf17cb46523cace
[INFO] running `Command { std: "docker" "start" "-a" "adb3c0919edd4dada1231d0bdd9b4c3f34e270ad89b5a9485bf17cb46523cace", kill_on_drop: false }`
[INFO] running `Command { std: "docker" "inspect" "adb3c0919edd4dada1231d0bdd9b4c3f34e270ad89b5a9485bf17cb46523cace", kill_on_drop: false }`
[INFO] running `Command { std: "docker" "rm" "-f" "adb3c0919edd4dada1231d0bdd9b4c3f34e270ad89b5a9485bf17cb46523cace", kill_on_drop: false }`
[INFO] [stdout] adb3c0919edd4dada1231d0bdd9b4c3f34e270ad89b5a9485bf17cb46523cace
[INFO] running `Command { std: "docker" "create" "-v" "/var/lib/crater-agent-workspace/builds/worker-7-tc2/target:/opt/rustwide/target:rw,Z" "-v" "/var/lib/crater-agent-workspace/builds/worker-7-tc2/source:/opt/rustwide/workdir:ro,Z" "-v" "/var/lib/crater-agent-workspace/cargo-home:/opt/rustwide/cargo-home:ro,Z" "-v" "/var/lib/crater-agent-workspace/rustup-home:/opt/rustwide/rustup-home:ro,Z" "-e" "SOURCE_DIR=/opt/rustwide/workdir" "-e" "CARGO_TARGET_DIR=/opt/rustwide/target" "-e" "CARGO_INCREMENTAL=0" "-e" "RUST_BACKTRACE=full" "-e" "RUSTFLAGS=--cap-lints=forbid -Zrandomize-layout" "-e" "RUSTDOCFLAGS=--cap-lints=forbid" "-e" "CARGO_HOME=/opt/rustwide/cargo-home" "-e" "RUSTUP_HOME=/opt/rustwide/rustup-home" "-w" "/opt/rustwide/workdir" "-m" "1610612736" "--user" "0:0" "--network" "none" "ghcr.io/rust-lang/crates-build-env/linux@sha256:4a844ea9eb2546a2d2c7022eacef16ef2e8229c7fbb2c7d4d55a9ceca922f72d" "/opt/rustwide/cargo-home/bin/cargo" "+nightly-2024-10-28" "build" "--frozen" "--message-format=json", kill_on_drop: false }`
[INFO] [stdout] 91bc18aa1ca9d247268ce19b0cd89f941e4ebe6c95c68a5dc2199c2d6c4e78ab
[INFO] running `Command { std: "docker" "start" "-a" "91bc18aa1ca9d247268ce19b0cd89f941e4ebe6c95c68a5dc2199c2d6c4e78ab", kill_on_drop: false }`
[INFO] [stderr]    Compiling num-traits v0.2.14
[INFO] [stderr]    Compiling blas-src v0.8.0
[INFO] [stderr]    Compiling tensorgraph-sys v0.1.11
[INFO] [stderr]    Compiling tensorgraph-math v0.1.11 (/opt/rustwide/workdir)
[INFO] [stdout] warning: where clause not allowed here
[INFO] [stdout]   --> src/tensor.rs:40:5
[INFO] [stdout]    |
[INFO] [stdout] 40 | /     where
[INFO] [stdout] 41 | |         Self: 'a,
[INFO] [stdout]    | |_________________^
[INFO] [stdout]    |
[INFO] [stdout]    = note: see issue #89122 <https://github.com/rust-lang/rust/issues/89122> for more information
[INFO] [stdout]    = note: `#[warn(deprecated_where_clause_location)]` on by default
[INFO] [stdout] help: move it to the end of the type declaration
[INFO] [stdout]    |
[INFO] [stdout] 40 ~     
[INFO] [stdout] 41 ~     = Tensor<&'a ViewOf<S>, Dim> where Self: 'a;
[INFO] [stdout]    |
[INFO] [stdout] 
[INFO] [stdout] 
[INFO] [stdout] warning: where clause not allowed here
[INFO] [stdout]   --> src/tensor.rs:55:5
[INFO] [stdout]    |
[INFO] [stdout] 55 | /     where
[INFO] [stdout] 56 | |         Self: 'a,
[INFO] [stdout]    | |_________________^
[INFO] [stdout]    |
[INFO] [stdout]    = note: see issue #89122 <https://github.com/rust-lang/rust/issues/89122> for more information
[INFO] [stdout] help: move it to the end of the type declaration
[INFO] [stdout]    |
[INFO] [stdout] 55 ~     
[INFO] [stdout] 56 ~     = Tensor<&'a mut ViewOf<S>, Dim> where Self: 'a;
[INFO] [stdout]    |
[INFO] [stdout] 
[INFO] [stdout] 
[INFO] [stdout] warning: the feature `generic_associated_types` has been stable since 1.65.0 and no longer requires an attribute to enable
[INFO] [stdout]    --> src/lib.rs:184:5
[INFO] [stdout]     |
[INFO] [stdout] 184 |     generic_associated_types,
[INFO] [stdout]     |     ^^^^^^^^^^^^^^^^^^^^^^^^
[INFO] [stdout]     |
[INFO] [stdout]     = note: `#[warn(stable_features)]` on by default
[INFO] [stdout] 
[INFO] [stdout] 
[INFO] [stdout] warning: the feature `once_cell` has been stable since 1.70.0 and no longer requires an attribute to enable
[INFO] [stdout]    --> src/lib.rs:193:5
[INFO] [stdout]     |
[INFO] [stdout] 193 |     once_cell,
[INFO] [stdout]     |     ^^^^^^^^^
[INFO] [stdout] 
[INFO] [stdout] 
[INFO] [stdout] warning: the feature `nonnull_slice_from_raw_parts` has been stable since 1.70.0 and no longer requires an attribute to enable
[INFO] [stdout]    --> src/lib.rs:187:5
[INFO] [stdout]     |
[INFO] [stdout] 187 |     nonnull_slice_from_raw_parts,
[INFO] [stdout]     |     ^^^^^^^^^^^^^^^^^^^^^^^^^^^^
[INFO] [stdout] 
[INFO] [stdout] 
[INFO] [stdout] warning: the feature `slice_ptr_len` has been stable since 1.79.0 and no longer requires an attribute to enable
[INFO] [stdout]    --> src/lib.rs:188:5
[INFO] [stdout]     |
[INFO] [stdout] 188 |     slice_ptr_len,
[INFO] [stdout]     |     ^^^^^^^^^^^^^
[INFO] [stdout] 
[INFO] [stdout] 
[INFO] [stderr]     Finished `dev` profile [unoptimized + debuginfo] target(s) in 0.85s
[INFO] running `Command { std: "docker" "inspect" "91bc18aa1ca9d247268ce19b0cd89f941e4ebe6c95c68a5dc2199c2d6c4e78ab", kill_on_drop: false }`
[INFO] running `Command { std: "docker" "rm" "-f" "91bc18aa1ca9d247268ce19b0cd89f941e4ebe6c95c68a5dc2199c2d6c4e78ab", kill_on_drop: false }`
[INFO] [stdout] 91bc18aa1ca9d247268ce19b0cd89f941e4ebe6c95c68a5dc2199c2d6c4e78ab
[INFO] running `Command { std: "docker" "create" "-v" "/var/lib/crater-agent-workspace/builds/worker-7-tc2/target:/opt/rustwide/target:rw,Z" "-v" "/var/lib/crater-agent-workspace/builds/worker-7-tc2/source:/opt/rustwide/workdir:ro,Z" "-v" "/var/lib/crater-agent-workspace/cargo-home:/opt/rustwide/cargo-home:ro,Z" "-v" "/var/lib/crater-agent-workspace/rustup-home:/opt/rustwide/rustup-home:ro,Z" "-e" "SOURCE_DIR=/opt/rustwide/workdir" "-e" "CARGO_TARGET_DIR=/opt/rustwide/target" "-e" "CARGO_INCREMENTAL=0" "-e" "RUST_BACKTRACE=full" "-e" "RUSTFLAGS=--cap-lints=forbid -Zrandomize-layout" "-e" "RUSTDOCFLAGS=--cap-lints=forbid" "-e" "CARGO_HOME=/opt/rustwide/cargo-home" "-e" "RUSTUP_HOME=/opt/rustwide/rustup-home" "-w" "/opt/rustwide/workdir" "-m" "1610612736" "--user" "0:0" "--network" "none" "ghcr.io/rust-lang/crates-build-env/linux@sha256:4a844ea9eb2546a2d2c7022eacef16ef2e8229c7fbb2c7d4d55a9ceca922f72d" "/opt/rustwide/cargo-home/bin/cargo" "+nightly-2024-10-28" "test" "--frozen" "--no-run" "--message-format=json", kill_on_drop: false }`
[INFO] [stdout] 030370f5484aecf14c2223dbea662e6ffd920b027df983bb159a8cc61e0c9d0c
[INFO] running `Command { std: "docker" "start" "-a" "030370f5484aecf14c2223dbea662e6ffd920b027df983bb159a8cc61e0c9d0c", kill_on_drop: false }`
[INFO] [stderr]    Compiling serde v1.0.133
[INFO] [stderr]    Compiling semver v1.0.4
[INFO] [stderr]    Compiling crossbeam-utils v0.8.5
[INFO] [stderr]    Compiling memoffset v0.6.5
[INFO] [stderr]    Compiling libc v0.2.112
[INFO] [stderr]    Compiling memchr v2.4.1
[INFO] [stderr]    Compiling proc-macro2 v1.0.36
[INFO] [stderr]    Compiling crossbeam-epoch v0.9.5
[INFO] [stderr]    Compiling unicode-xid v0.2.2
[INFO] [stderr]    Compiling rayon-core v1.9.1
[INFO] [stderr]    Compiling scopeguard v1.1.0
[INFO] [stderr]    Compiling serde_json v1.0.74
[INFO] [stderr]    Compiling either v1.6.1
[INFO] [stderr]    Compiling syn v1.0.84
[INFO] [stderr]    Compiling ryu v1.0.9
[INFO] [stderr]    Compiling rayon v1.5.1
[INFO] [stderr]    Compiling plotters-backend v0.3.2
[INFO] [stderr]    Compiling itoa v1.0.1
[INFO] [stderr]    Compiling regex-automata v0.1.10
[INFO] [stderr]    Compiling unicode-width v0.1.9
[INFO] [stderr]    Compiling serde_derive v1.0.133
[INFO] [stderr]    Compiling itertools v0.10.3
[INFO] [stderr]    Compiling textwrap v0.11.0
[INFO] [stderr]    Compiling itoa v0.4.8
[INFO] [stderr]    Compiling half v1.8.2
[INFO] [stderr]    Compiling regex-syntax v0.6.25
[INFO] [stderr]    Compiling walkdir v2.3.2
[INFO] [stderr]    Compiling plotters-svg v0.3.1
[INFO] [stderr]    Compiling oorandom v11.1.3
[INFO] [stderr]    Compiling clap v2.34.0
[INFO] [stderr]    Compiling approx v0.5.0
[INFO] [stdout] warning: where clause not allowed here
[INFO] [stdout]   --> src/tensor.rs:40:5
[INFO] [stdout]    |
[INFO] [stdout] 40 | /     where
[INFO] [stdout] 41 | |         Self: 'a,
[INFO] [stdout]    | |_________________^
[INFO] [stdout]    |
[INFO] [stdout]    = note: see issue #89122 <https://github.com/rust-lang/rust/issues/89122> for more information
[INFO] [stdout]    = note: `#[warn(deprecated_where_clause_location)]` on by default
[INFO] [stdout] help: move it to the end of the type declaration
[INFO] [stdout]    |
[INFO] [stdout] 40 ~     
[INFO] [stdout] 41 ~     = Tensor<&'a ViewOf<S>, Dim> where Self: 'a;
[INFO] [stdout]    |
[INFO] [stdout] 
[INFO] [stdout] 
[INFO] [stdout] warning: where clause not allowed here
[INFO] [stdout]   --> src/tensor.rs:55:5
[INFO] [stdout]    |
[INFO] [stdout] 55 | /     where
[INFO] [stdout] 56 | |         Self: 'a,
[INFO] [stdout]    | |_________________^
[INFO] [stdout]    |
[INFO] [stdout]    = note: see issue #89122 <https://github.com/rust-lang/rust/issues/89122> for more information
[INFO] [stdout] help: move it to the end of the type declaration
[INFO] [stdout]    |
[INFO] [stdout] 55 ~     
[INFO] [stdout] 56 ~     = Tensor<&'a mut ViewOf<S>, Dim> where Self: 'a;
[INFO] [stdout]    |
[INFO] [stdout] 
[INFO] [stdout] 
[INFO] [stdout] warning: the feature `generic_associated_types` has been stable since 1.65.0 and no longer requires an attribute to enable
[INFO] [stdout]    --> src/lib.rs:184:5
[INFO] [stdout]     |
[INFO] [stdout] 184 |     generic_associated_types,
[INFO] [stdout]     |     ^^^^^^^^^^^^^^^^^^^^^^^^
[INFO] [stdout]     |
[INFO] [stdout]     = note: `#[warn(stable_features)]` on by default
[INFO] [stdout] 
[INFO] [stdout] 
[INFO] [stdout] warning: the feature `once_cell` has been stable since 1.70.0 and no longer requires an attribute to enable
[INFO] [stdout]    --> src/lib.rs:193:5
[INFO] [stdout]     |
[INFO] [stdout] 193 |     once_cell,
[INFO] [stdout]     |     ^^^^^^^^^
[INFO] [stdout] 
[INFO] [stdout] 
[INFO] [stdout] warning: the feature `nonnull_slice_from_raw_parts` has been stable since 1.70.0 and no longer requires an attribute to enable
[INFO] [stdout]    --> src/lib.rs:187:5
[INFO] [stdout]     |
[INFO] [stdout] 187 |     nonnull_slice_from_raw_parts,
[INFO] [stdout]     |     ^^^^^^^^^^^^^^^^^^^^^^^^^^^^
[INFO] [stdout] 
[INFO] [stdout] 
[INFO] [stdout] warning: the feature `slice_ptr_len` has been stable since 1.79.0 and no longer requires an attribute to enable
[INFO] [stdout]    --> src/lib.rs:188:5
[INFO] [stdout]     |
[INFO] [stdout] 188 |     slice_ptr_len,
[INFO] [stdout]     |     ^^^^^^^^^^^^^
[INFO] [stdout] 
[INFO] [stdout] 
[INFO] [stderr]    Compiling rustc_version v0.4.0
[INFO] [stderr]    Compiling plotters v0.3.1
[INFO] [stderr]    Compiling crossbeam-channel v0.5.1
[INFO] [stderr]    Compiling csv-core v0.1.10
[INFO] [stderr]    Compiling cast v0.2.7
[INFO] [stderr]    Compiling quote v1.0.14
[INFO] [stderr]    Compiling crossbeam-deque v0.8.1
[INFO] [stderr]    Compiling num_cpus v1.13.1
[INFO] [stderr]    Compiling atty v0.2.14
[INFO] [stderr]    Compiling regex v1.5.4
[INFO] [stderr]    Compiling criterion-plot v0.4.4
[INFO] [stderr]    Compiling bstr v0.2.17
[INFO] [stderr]    Compiling serde_cbor v0.11.2
[INFO] [stderr]    Compiling csv v1.1.6
[INFO] [stderr]    Compiling tinytemplate v1.2.1
[INFO] [stderr]    Compiling criterion v0.3.5
[INFO] [stderr]    Compiling tensorgraph-math v0.1.11 (/opt/rustwide/workdir)
[INFO] [stdout] error[E0277]: the trait bound `{float}: BLAS<()>` is not satisfied
[INFO] [stdout]   --> examples/blas.rs:23:15
[INFO] [stdout]    |
[INFO] [stdout] 23 |     let c = a.matmul(b.view());
[INFO] [stdout]    |               ^^^^^^ the trait `BLAS1<()>` is not implemented for `{float}`, which is required by `{float}: BLAS<()>`
[INFO] [stdout]    |
[INFO] [stdout]    = note: required for `{float}` to implement `BLAS<()>`
[INFO] [stdout] note: required by a bound in `tensor::matrix::<impl Tensor<S, [usize; 2]>>::matmul`
[INFO] [stdout]   --> /opt/rustwide/workdir/src/tensor/matrix.rs:79:28
[INFO] [stdout]    |
[INFO] [stdout] 76 |     pub fn matmul(&self, rhs: Matrix<&ViewOf<S>>) -> Matrix<DefaultVec<S::T, S::Device>>
[INFO] [stdout]    |            ------ required by a bound in this associated function
[INFO] [stdout] ...
[INFO] [stdout] 79 |         S::T: Zero + One + BLAS<<S::Device as DefaultBLASContext>::Context>,
[INFO] [stdout]    |                            ^^^^^^^^^^^^^^^^^^^^^^^^^^^^^^^^^^^^^^^^^^^^^^^^ required by this bound in `tensor::matrix::<impl Tensor<S, [usize; 2]>>::matmul`
[INFO] [stdout] 
[INFO] [stdout] 
[INFO] [stdout] error[E0277]: the trait bound `{float}: BLAS<()>` is not satisfied
[INFO] [stdout]   --> examples/blas.rs:23:15
[INFO] [stdout]    |
[INFO] [stdout] 23 |     let c = a.matmul(b.view());
[INFO] [stdout]    |               ^^^^^^ the trait `BLAS2<()>` is not implemented for `{float}`, which is required by `{float}: BLAS<()>`
[INFO] [stdout]    |
[INFO] [stdout]    = note: required for `{float}` to implement `BLAS<()>`
[INFO] [stdout] note: required by a bound in `tensor::matrix::<impl Tensor<S, [usize; 2]>>::matmul`
[INFO] [stdout]   --> /opt/rustwide/workdir/src/tensor/matrix.rs:79:28
[INFO] [stdout]    |
[INFO] [stdout] 76 |     pub fn matmul(&self, rhs: Matrix<&ViewOf<S>>) -> Matrix<DefaultVec<S::T, S::Device>>
[INFO] [stdout]    |            ------ required by a bound in this associated function
[INFO] [stdout] ...
[INFO] [stdout] 79 |         S::T: Zero + One + BLAS<<S::Device as DefaultBLASContext>::Context>,
[INFO] [stdout]    |                            ^^^^^^^^^^^^^^^^^^^^^^^^^^^^^^^^^^^^^^^^^^^^^^^^ required by this bound in `tensor::matrix::<impl Tensor<S, [usize; 2]>>::matmul`
[INFO] [stdout] 
[INFO] [stdout] 
[INFO] [stdout] error[E0277]: the trait bound `{float}: BLAS<()>` is not satisfied
[INFO] [stdout]   --> examples/blas.rs:23:15
[INFO] [stdout]    |
[INFO] [stdout] 23 |     let c = a.matmul(b.view());
[INFO] [stdout]    |               ^^^^^^ the trait `BLAS3<()>` is not implemented for `{float}`, which is required by `{float}: BLAS<()>`
[INFO] [stdout]    |
[INFO] [stdout]    = note: required for `{float}` to implement `BLAS<()>`
[INFO] [stdout] note: required by a bound in `tensor::matrix::<impl Tensor<S, [usize; 2]>>::matmul`
[INFO] [stdout]   --> /opt/rustwide/workdir/src/tensor/matrix.rs:79:28
[INFO] [stdout]    |
[INFO] [stdout] 76 |     pub fn matmul(&self, rhs: Matrix<&ViewOf<S>>) -> Matrix<DefaultVec<S::T, S::Device>>
[INFO] [stdout]    |            ------ required by a bound in this associated function
[INFO] [stdout] ...
[INFO] [stdout] 79 |         S::T: Zero + One + BLAS<<S::Device as DefaultBLASContext>::Context>,
[INFO] [stdout]    |                            ^^^^^^^^^^^^^^^^^^^^^^^^^^^^^^^^^^^^^^^^^^^^^^^^ required by this bound in `tensor::matrix::<impl Tensor<S, [usize; 2]>>::matmul`
[INFO] [stdout] 
[INFO] [stdout] 
[INFO] [stdout] warning: where clause not allowed here
[INFO] [stdout]   --> src/tensor.rs:40:5
[INFO] [stdout]    |
[INFO] [stdout] 40 | /     where
[INFO] [stdout] 41 | |         Self: 'a,
[INFO] [stdout]    | |_________________^
[INFO] [stdout]    |
[INFO] [stdout]    = note: see issue #89122 <https://github.com/rust-lang/rust/issues/89122> for more information
[INFO] [stdout]    = note: `#[warn(deprecated_where_clause_location)]` on by default
[INFO] [stdout] help: move it to the end of the type declaration
[INFO] [stdout]    |
[INFO] [stdout] 40 ~     
[INFO] [stdout] 41 ~     = Tensor<&'a ViewOf<S>, Dim> where Self: 'a;
[INFO] [stdout]    |
[INFO] [stdout] 
[INFO] [stdout] 
[INFO] [stdout] warning: where clause not allowed here
[INFO] [stdout]   --> src/tensor.rs:55:5
[INFO] [stdout]    |
[INFO] [stdout] 55 | /     where
[INFO] [stdout] 56 | |         Self: 'a,
[INFO] [stdout]    | |_________________^
[INFO] [stdout]    |
[INFO] [stdout]    = note: see issue #89122 <https://github.com/rust-lang/rust/issues/89122> for more information
[INFO] [stdout] help: move it to the end of the type declaration
[INFO] [stdout]    |
[INFO] [stdout] 55 ~     
[INFO] [stdout] 56 ~     = Tensor<&'a mut ViewOf<S>, Dim> where Self: 'a;
[INFO] [stdout]    |
[INFO] [stdout] 
[INFO] [stdout] 
[INFO] [stdout] For more information about this error, try `rustc --explain E0277`.
[INFO] [stdout] 
[INFO] [stdout] warning: the feature `generic_associated_types` has been stable since 1.65.0 and no longer requires an attribute to enable
[INFO] [stdout]    --> src/lib.rs:184:5
[INFO] [stdout]     |
[INFO] [stdout] 184 |     generic_associated_types,
[INFO] [stdout]     |     ^^^^^^^^^^^^^^^^^^^^^^^^
[INFO] [stdout]     |
[INFO] [stdout]     = note: `#[warn(stable_features)]` on by default
[INFO] [stdout] 
[INFO] [stdout] 
[INFO] [stdout] warning: the feature `once_cell` has been stable since 1.70.0 and no longer requires an attribute to enable
[INFO] [stdout]    --> src/lib.rs:193:5
[INFO] [stdout]     |
[INFO] [stdout] 193 |     once_cell,
[INFO] [stdout]     |     ^^^^^^^^^
[INFO] [stdout] 
[INFO] [stdout] 
[INFO] [stdout] warning: the feature `nonnull_slice_from_raw_parts` has been stable since 1.70.0 and no longer requires an attribute to enable
[INFO] [stdout]    --> src/lib.rs:187:5
[INFO] [stdout]     |
[INFO] [stdout] 187 |     nonnull_slice_from_raw_parts,
[INFO] [stdout]     |     ^^^^^^^^^^^^^^^^^^^^^^^^^^^^
[INFO] [stdout] 
[INFO] [stdout] 
[INFO] [stdout] warning: the feature `slice_ptr_len` has been stable since 1.79.0 and no longer requires an attribute to enable
[INFO] [stdout]    --> src/lib.rs:188:5
[INFO] [stdout]     |
[INFO] [stdout] 188 |     slice_ptr_len,
[INFO] [stdout]     |     ^^^^^^^^^^^^^
[INFO] [stdout] 
[INFO] [stdout] 
[INFO] [stderr] error: could not compile `tensorgraph-math` (example "blas") due to 3 previous errors
[INFO] [stderr] warning: build failed, waiting for other jobs to finish...
[INFO] [stdout] error[E0432]: unresolved import `tensorgraph_sys::device::cuda`
[INFO] [stdout]   --> examples/cublas_advanced.rs:2:13
[INFO] [stdout]    |
[INFO] [stdout] 2  |     device::cuda::{Context, SharedStream, Stream},
[INFO] [stdout]    |             ^^^^ could not find `cuda` in `device`
[INFO] [stdout]    |
[INFO] [stdout] note: found an item that was configured out
[INFO] [stdout]   --> /opt/rustwide/cargo-home/registry/src/index.crates.io-6f17d22bba15001f/tensorgraph-sys-0.1.11/src/device.rs:10:9
[INFO] [stdout]    |
[INFO] [stdout] 10 | pub mod cuda;
[INFO] [stdout]    |         ^^^^
[INFO] [stdout] note: the item is gated behind the `cuda` feature
[INFO] [stdout]   --> /opt/rustwide/cargo-home/registry/src/index.crates.io-6f17d22bba15001f/tensorgraph-sys-0.1.11/src/device.rs:9:7
[INFO] [stdout]    |
[INFO] [stdout] 9  | #[cfg(feature = "cuda")]
[INFO] [stdout]    |       ^^^^^^^^^^^^^^^^
[INFO] [stdout] 
[INFO] [stdout] 
[INFO] [stdout] error[E0432]: unresolved imports `tensorgraph_math::blas::cublas`, `tensorgraph_math::sys::device::cuda`
[INFO] [stdout]   --> examples/cublas.rs:2:11
[INFO] [stdout]    |
[INFO] [stdout] 2  |     blas::cublas::CublasContext,
[INFO] [stdout]    |           ^^^^^^ could not find `cublas` in `blas`
[INFO] [stdout] 3  |     sys::{
[INFO] [stdout] 4  |         device::cuda::{Context, Cuda, Stream},
[INFO] [stdout]    |                 ^^^^ could not find `cuda` in `device`
[INFO] [stdout]    |
[INFO] [stdout] note: found an item that was configured out
[INFO] [stdout]   --> /opt/rustwide/workdir/src/blas.rs:6:9
[INFO] [stdout]    |
[INFO] [stdout] 6  | pub mod cublas;
[INFO] [stdout]    |         ^^^^^^
[INFO] [stdout] note: the item is gated behind the `cublas` feature
[INFO] [stdout]   --> /opt/rustwide/workdir/src/blas.rs:5:7
[INFO] [stdout]    |
[INFO] [stdout] 5  | #[cfg(feature = "cublas")]
[INFO] [stdout]    |       ^^^^^^^^^^^^^^^^^^
[INFO] [stdout] note: found an item that was configured out
[INFO] [stdout]   --> /opt/rustwide/cargo-home/registry/src/index.crates.io-6f17d22bba15001f/tensorgraph-sys-0.1.11/src/device.rs:10:9
[INFO] [stdout]    |
[INFO] [stdout] 10 | pub mod cuda;
[INFO] [stdout]    |         ^^^^
[INFO] [stdout] note: the item is gated behind the `cuda` feature
[INFO] [stdout]   --> /opt/rustwide/cargo-home/registry/src/index.crates.io-6f17d22bba15001f/tensorgraph-sys-0.1.11/src/device.rs:9:7
[INFO] [stdout]    |
[INFO] [stdout] 9  | #[cfg(feature = "cuda")]
[INFO] [stdout]    |       ^^^^^^^^^^^^^^^^
[INFO] [stdout] 
[INFO] [stdout] 
[INFO] [stdout] error[E0432]: unresolved import `tensorgraph_math::blas::cublas`
[INFO] [stdout]  --> examples/cublas_advanced.rs:7:11
[INFO] [stdout]   |
[INFO] [stdout] 7 |     blas::cublas::{CublasContext, SharedCublasContext},
[INFO] [stdout]   |           ^^^^^^ could not find `cublas` in `blas`
[INFO] [stdout]   |
[INFO] [stdout] note: found an item that was configured out
[INFO] [stdout]  --> /opt/rustwide/workdir/src/blas.rs:6:9
[INFO] [stdout]   |
[INFO] [stdout] 6 | pub mod cublas;
[INFO] [stdout]   |         ^^^^^^
[INFO] [stdout] note: the item is gated behind the `cublas` feature
[INFO] [stdout]  --> /opt/rustwide/workdir/src/blas.rs:5:7
[INFO] [stdout]   |
[INFO] [stdout] 5 | #[cfg(feature = "cublas")]
[INFO] [stdout]   |       ^^^^^^^^^^^^^^^^^^
[INFO] [stdout] 
[INFO] [stdout] 
[INFO] [stdout] For more information about this error, try `rustc --explain E0432`.
[INFO] [stdout] 
[INFO] [stderr] error: could not compile `tensorgraph-math` (example "cublas_advanced") due to 2 previous errors
[INFO] [stdout] error[E0277]: the trait bound `{float}: BLAS<()>` is not satisfied
[INFO] [stdout]    --> src/tensor.rs:193:19
[INFO] [stdout]     |
[INFO] [stdout] 193 |         let c = a.matmul(b.view());
[INFO] [stdout]     |                   ^^^^^^ the trait `BLAS1<()>` is not implemented for `{float}`, which is required by `{float}: BLAS<()>`
[INFO] [stdout]     |
[INFO] [stdout] help: this trait has no implementations, consider adding one
[INFO] [stdout]    --> src/blas.rs:29:1
[INFO] [stdout]     |
[INFO] [stdout] 29  | pub trait BLAS1<C: BLASContext>: Sized + Copy {
[INFO] [stdout]     | ^^^^^^^^^^^^^^^^^^^^^^^^^^^^^^^^^^^^^^^^^^^^^
[INFO] [stdout] note: required for `{float}` to implement `BLAS<()>`
[INFO] [stdout]    --> src/blas.rs:129:25
[INFO] [stdout]     |
[INFO] [stdout] 129 | impl<F, C: BLASContext> BLAS<C> for F where F: BLAS1<C> + BLAS2<C> + BLAS3<C> {}
[INFO] [stdout]     |                         ^^^^^^^     ^          -------- unsatisfied trait bound introduced here
[INFO] [stdout] note: required by a bound in `matrix::<impl Tensor<S, [usize; 2]>>::matmul`
[INFO] [stdout]    --> src/tensor/matrix.rs:79:28
[INFO] [stdout]     |
[INFO] [stdout] 76  |     pub fn matmul(&self, rhs: Matrix<&ViewOf<S>>) -> Matrix<DefaultVec<S::T, S::Device>>
[INFO] [stdout]     |            ------ required by a bound in this associated function
[INFO] [stdout] ...
[INFO] [stdout] 79  |         S::T: Zero + One + BLAS<<S::Device as DefaultBLASContext>::Context>,
[INFO] [stdout]     |                            ^^^^^^^^^^^^^^^^^^^^^^^^^^^^^^^^^^^^^^^^^^^^^^^^ required by this bound in `matrix::<impl Tensor<S, [usize; 2]>>::matmul`
[INFO] [stdout] 
[INFO] [stdout] 
[INFO] [stdout] error[E0277]: the trait bound `{float}: BLAS<()>` is not satisfied
[INFO] [stdout]    --> src/tensor.rs:193:19
[INFO] [stdout]     |
[INFO] [stdout] 193 |         let c = a.matmul(b.view());
[INFO] [stdout]     |                   ^^^^^^ the trait `BLAS2<()>` is not implemented for `{float}`, which is required by `{float}: BLAS<()>`
[INFO] [stdout]     |
[INFO] [stdout] help: this trait has no implementations, consider adding one
[INFO] [stdout]    --> src/blas.rs:77:1
[INFO] [stdout]     |
[INFO] [stdout] 77  | pub trait BLAS2<C: BLASContext>: Sized + Copy {
[INFO] [stdout]     | ^^^^^^^^^^^^^^^^^^^^^^^^^^^^^^^^^^^^^^^^^^^^^
[INFO] [stdout] note: required for `{float}` to implement `BLAS<()>`
[INFO] [stdout]    --> src/blas.rs:129:25
[INFO] [stdout]     |
[INFO] [stdout] 129 | impl<F, C: BLASContext> BLAS<C> for F where F: BLAS1<C> + BLAS2<C> + BLAS3<C> {}
[INFO] [stdout]     |                         ^^^^^^^     ^                     -------- unsatisfied trait bound introduced here
[INFO] [stdout] note: required by a bound in `matrix::<impl Tensor<S, [usize; 2]>>::matmul`
[INFO] [stdout]    --> src/tensor/matrix.rs:79:28
[INFO] [stdout]     |
[INFO] [stdout] 76  |     pub fn matmul(&self, rhs: Matrix<&ViewOf<S>>) -> Matrix<DefaultVec<S::T, S::Device>>
[INFO] [stdout]     |            ------ required by a bound in this associated function
[INFO] [stdout] ...
[INFO] [stdout] 79  |         S::T: Zero + One + BLAS<<S::Device as DefaultBLASContext>::Context>,
[INFO] [stdout]     |                            ^^^^^^^^^^^^^^^^^^^^^^^^^^^^^^^^^^^^^^^^^^^^^^^^ required by this bound in `matrix::<impl Tensor<S, [usize; 2]>>::matmul`
[INFO] [stdout] 
[INFO] [stdout] 
[INFO] [stdout] error[E0277]: the trait bound `{float}: BLAS<()>` is not satisfied
[INFO] [stdout]    --> src/tensor.rs:193:19
[INFO] [stdout]     |
[INFO] [stdout] 193 |         let c = a.matmul(b.view());
[INFO] [stdout]     |                   ^^^^^^ the trait `BLAS3<()>` is not implemented for `{float}`, which is required by `{float}: BLAS<()>`
[INFO] [stdout]     |
[INFO] [stdout] help: this trait has no implementations, consider adding one
[INFO] [stdout]    --> src/blas.rs:102:1
[INFO] [stdout]     |
[INFO] [stdout] 102 | pub trait BLAS3<C: BLASContext>: Sized + Copy {
[INFO] [stdout]     | ^^^^^^^^^^^^^^^^^^^^^^^^^^^^^^^^^^^^^^^^^^^^^
[INFO] [stdout] note: required for `{float}` to implement `BLAS<()>`
[INFO] [stdout]    --> src/blas.rs:129:25
[INFO] [stdout]     |
[INFO] [stdout] 129 | impl<F, C: BLASContext> BLAS<C> for F where F: BLAS1<C> + BLAS2<C> + BLAS3<C> {}
[INFO] [stdout]     |                         ^^^^^^^     ^                                -------- unsatisfied trait bound introduced here
[INFO] [stdout] note: required by a bound in `matrix::<impl Tensor<S, [usize; 2]>>::matmul`
[INFO] [stdout]    --> src/tensor/matrix.rs:79:28
[INFO] [stdout]     |
[INFO] [stdout] 76  |     pub fn matmul(&self, rhs: Matrix<&ViewOf<S>>) -> Matrix<DefaultVec<S::T, S::Device>>
[INFO] [stdout]     |            ------ required by a bound in this associated function
[INFO] [stdout] ...
[INFO] [stdout] 79  |         S::T: Zero + One + BLAS<<S::Device as DefaultBLASContext>::Context>,
[INFO] [stdout]     |                            ^^^^^^^^^^^^^^^^^^^^^^^^^^^^^^^^^^^^^^^^^^^^^^^^ required by this bound in `matrix::<impl Tensor<S, [usize; 2]>>::matmul`
[INFO] [stdout] 
[INFO] [stdout] 
[INFO] [stdout] error[E0277]: the trait bound `{float}: BLAS<()>` is not satisfied
[INFO] [stdout]    --> src/tensor.rs:213:24
[INFO] [stdout]     |
[INFO] [stdout] 213 |         let c1 = a.t().matmul(b.t());
[INFO] [stdout]     |                        ^^^^^^ the trait `BLAS1<()>` is not implemented for `{float}`, which is required by `{float}: BLAS<()>`
[INFO] [stdout]     |
[INFO] [stdout] help: this trait has no implementations, consider adding one
[INFO] [stdout]    --> src/blas.rs:29:1
[INFO] [stdout]     |
[INFO] [stdout] 29  | pub trait BLAS1<C: BLASContext>: Sized + Copy {
[INFO] [stdout]     | ^^^^^^^^^^^^^^^^^^^^^^^^^^^^^^^^^^^^^^^^^^^^^
[INFO] [stdout] note: required for `{float}` to implement `BLAS<()>`
[INFO] [stdout]    --> src/blas.rs:129:25
[INFO] [stdout]     |
[INFO] [stdout] 129 | impl<F, C: BLASContext> BLAS<C> for F where F: BLAS1<C> + BLAS2<C> + BLAS3<C> {}
[INFO] [stdout]     |                         ^^^^^^^     ^          -------- unsatisfied trait bound introduced here
[INFO] [stdout] note: required by a bound in `matrix::<impl Tensor<S, [usize; 2]>>::matmul`
[INFO] [stdout]    --> src/tensor/matrix.rs:79:28
[INFO] [stdout]     |
[INFO] [stdout] 76  |     pub fn matmul(&self, rhs: Matrix<&ViewOf<S>>) -> Matrix<DefaultVec<S::T, S::Device>>
[INFO] [stdout]     |            ------ required by a bound in this associated function
[INFO] [stdout] ...
[INFO] [stdout] 79  |         S::T: Zero + One + BLAS<<S::Device as DefaultBLASContext>::Context>,
[INFO] [stdout]     |                            ^^^^^^^^^^^^^^^^^^^^^^^^^^^^^^^^^^^^^^^^^^^^^^^^ required by this bound in `matrix::<impl Tensor<S, [usize; 2]>>::matmul`
[INFO] [stdout] 
[INFO] [stdout] 
[INFO] [stdout] error[E0277]: the trait bound `{float}: BLAS<()>` is not satisfied
[INFO] [stdout]    --> src/tensor.rs:213:24
[INFO] [stdout]     |
[INFO] [stdout] 213 |         let c1 = a.t().matmul(b.t());
[INFO] [stdout]     |                        ^^^^^^ the trait `BLAS2<()>` is not implemented for `{float}`, which is required by `{float}: BLAS<()>`
[INFO] [stdout]     |
[INFO] [stdout] help: this trait has no implementations, consider adding one
[INFO] [stdout]    --> src/blas.rs:77:1
[INFO] [stdout]     |
[INFO] [stdout] 77  | pub trait BLAS2<C: BLASContext>: Sized + Copy {
[INFO] [stdout]     | ^^^^^^^^^^^^^^^^^^^^^^^^^^^^^^^^^^^^^^^^^^^^^
[INFO] [stdout] note: required for `{float}` to implement `BLAS<()>`
[INFO] [stdout]    --> src/blas.rs:129:25
[INFO] [stdout]     |
[INFO] [stdout] 129 | impl<F, C: BLASContext> BLAS<C> for F where F: BLAS1<C> + BLAS2<C> + BLAS3<C> {}
[INFO] [stdout]     |                         ^^^^^^^     ^                     -------- unsatisfied trait bound introduced here
[INFO] [stdout] note: required by a bound in `matrix::<impl Tensor<S, [usize; 2]>>::matmul`
[INFO] [stdout]    --> src/tensor/matrix.rs:79:28
[INFO] [stdout]     |
[INFO] [stdout] 76  |     pub fn matmul(&self, rhs: Matrix<&ViewOf<S>>) -> Matrix<DefaultVec<S::T, S::Device>>
[INFO] [stdout]     |            ------ required by a bound in this associated function
[INFO] [stdout] ...
[INFO] [stdout] 79  |         S::T: Zero + One + BLAS<<S::Device as DefaultBLASContext>::Context>,
[INFO] [stdout]     |                            ^^^^^^^^^^^^^^^^^^^^^^^^^^^^^^^^^^^^^^^^^^^^^^^^ required by this bound in `matrix::<impl Tensor<S, [usize; 2]>>::matmul`
[INFO] [stdout] 
[INFO] [stdout] 
[INFO] [stdout] error[E0277]: the trait bound `{float}: BLAS<()>` is not satisfied
[INFO] [stdout]    --> src/tensor.rs:213:24
[INFO] [stdout]     |
[INFO] [stdout] 213 |         let c1 = a.t().matmul(b.t());
[INFO] [stdout]     |                        ^^^^^^ the trait `BLAS3<()>` is not implemented for `{float}`, which is required by `{float}: BLAS<()>`
[INFO] [stdout]     |
[INFO] [stdout] help: this trait has no implementations, consider adding one
[INFO] [stdout]    --> src/blas.rs:102:1
[INFO] [stdout]     |
[INFO] [stdout] 102 | pub trait BLAS3<C: BLASContext>: Sized + Copy {
[INFO] [stdout]     | ^^^^^^^^^^^^^^^^^^^^^^^^^^^^^^^^^^^^^^^^^^^^^
[INFO] [stdout] note: required for `{float}` to implement `BLAS<()>`
[INFO] [stdout]    --> src/blas.rs:129:25
[INFO] [stdout]     |
[INFO] [stdout] 129 | impl<F, C: BLASContext> BLAS<C> for F where F: BLAS1<C> + BLAS2<C> + BLAS3<C> {}
[INFO] [stdout]     |                         ^^^^^^^     ^                                -------- unsatisfied trait bound introduced here
[INFO] [stdout] note: required by a bound in `matrix::<impl Tensor<S, [usize; 2]>>::matmul`
[INFO] [stdout]    --> src/tensor/matrix.rs:79:28
[INFO] [stdout]     |
[INFO] [stdout] 76  |     pub fn matmul(&self, rhs: Matrix<&ViewOf<S>>) -> Matrix<DefaultVec<S::T, S::Device>>
[INFO] [stdout]     |            ------ required by a bound in this associated function
[INFO] [stdout] ...
[INFO] [stdout] 79  |         S::T: Zero + One + BLAS<<S::Device as DefaultBLASContext>::Context>,
[INFO] [stdout]     |                            ^^^^^^^^^^^^^^^^^^^^^^^^^^^^^^^^^^^^^^^^^^^^^^^^ required by this bound in `matrix::<impl Tensor<S, [usize; 2]>>::matmul`
[INFO] [stdout] 
[INFO] [stdout] 
[INFO] [stdout] error[E0277]: the trait bound `{float}: BLAS<()>` is not satisfied
[INFO] [stdout]    --> src/tensor.rs:219:20
[INFO] [stdout]     |
[INFO] [stdout] 219 |         let c2 = a.matmul(b.t());
[INFO] [stdout]     |                    ^^^^^^ the trait `BLAS1<()>` is not implemented for `{float}`, which is required by `{float}: BLAS<()>`
[INFO] [stdout]     |
[INFO] [stdout] help: this trait has no implementations, consider adding one
[INFO] [stdout]    --> src/blas.rs:29:1
[INFO] [stdout]     |
[INFO] [stdout] 29  | pub trait BLAS1<C: BLASContext>: Sized + Copy {
[INFO] [stdout]     | ^^^^^^^^^^^^^^^^^^^^^^^^^^^^^^^^^^^^^^^^^^^^^
[INFO] [stdout] note: required for `{float}` to implement `BLAS<()>`
[INFO] [stdout]    --> src/blas.rs:129:25
[INFO] [stdout]     |
[INFO] [stdout] 129 | impl<F, C: BLASContext> BLAS<C> for F where F: BLAS1<C> + BLAS2<C> + BLAS3<C> {}
[INFO] [stdout]     |                         ^^^^^^^     ^          -------- unsatisfied trait bound introduced here
[INFO] [stdout] note: required by a bound in `matrix::<impl Tensor<S, [usize; 2]>>::matmul`
[INFO] [stdout]    --> src/tensor/matrix.rs:79:28
[INFO] [stdout]     |
[INFO] [stdout] 76  |     pub fn matmul(&self, rhs: Matrix<&ViewOf<S>>) -> Matrix<DefaultVec<S::T, S::Device>>
[INFO] [stdout]     |            ------ required by a bound in this associated function
[INFO] [stdout] ...
[INFO] [stdout] 79  |         S::T: Zero + One + BLAS<<S::Device as DefaultBLASContext>::Context>,
[INFO] [stdout]     |                            ^^^^^^^^^^^^^^^^^^^^^^^^^^^^^^^^^^^^^^^^^^^^^^^^ required by this bound in `matrix::<impl Tensor<S, [usize; 2]>>::matmul`
[INFO] [stdout] 
[INFO] [stdout] 
[INFO] [stdout] error[E0277]: the trait bound `{float}: BLAS<()>` is not satisfied
[INFO] [stdout]    --> src/tensor.rs:219:20
[INFO] [stdout]     |
[INFO] [stdout] 219 |         let c2 = a.matmul(b.t());
[INFO] [stdout]     |                    ^^^^^^ the trait `BLAS2<()>` is not implemented for `{float}`, which is required by `{float}: BLAS<()>`
[INFO] [stdout]     |
[INFO] [stdout] help: this trait has no implementations, consider adding one
[INFO] [stdout]    --> src/blas.rs:77:1
[INFO] [stdout]     |
[INFO] [stdout] 77  | pub trait BLAS2<C: BLASContext>: Sized + Copy {
[INFO] [stdout]     | ^^^^^^^^^^^^^^^^^^^^^^^^^^^^^^^^^^^^^^^^^^^^^
[INFO] [stdout] note: required for `{float}` to implement `BLAS<()>`
[INFO] [stdout]    --> src/blas.rs:129:25
[INFO] [stdout]     |
[INFO] [stdout] 129 | impl<F, C: BLASContext> BLAS<C> for F where F: BLAS1<C> + BLAS2<C> + BLAS3<C> {}
[INFO] [stdout]     |                         ^^^^^^^     ^                     -------- unsatisfied trait bound introduced here
[INFO] [stdout] note: required by a bound in `matrix::<impl Tensor<S, [usize; 2]>>::matmul`
[INFO] [stdout]    --> src/tensor/matrix.rs:79:28
[INFO] [stdout]     |
[INFO] [stdout] 76  |     pub fn matmul(&self, rhs: Matrix<&ViewOf<S>>) -> Matrix<DefaultVec<S::T, S::Device>>
[INFO] [stdout]     |            ------ required by a bound in this associated function
[INFO] [stdout] ...
[INFO] [stdout] 79  |         S::T: Zero + One + BLAS<<S::Device as DefaultBLASContext>::Context>,
[INFO] [stdout]     |                            ^^^^^^^^^^^^^^^^^^^^^^^^^^^^^^^^^^^^^^^^^^^^^^^^ required by this bound in `matrix::<impl Tensor<S, [usize; 2]>>::matmul`
[INFO] [stdout] 
[INFO] [stdout] 
[INFO] [stdout] error[E0277]: the trait bound `{float}: BLAS<()>` is not satisfied
[INFO] [stdout]    --> src/tensor.rs:219:20
[INFO] [stdout]     |
[INFO] [stdout] 219 |         let c2 = a.matmul(b.t());
[INFO] [stdout]     |                    ^^^^^^ the trait `BLAS3<()>` is not implemented for `{float}`, which is required by `{float}: BLAS<()>`
[INFO] [stdout]     |
[INFO] [stdout] help: this trait has no implementations, consider adding one
[INFO] [stdout]    --> src/blas.rs:102:1
[INFO] [stdout]     |
[INFO] [stdout] 102 | pub trait BLAS3<C: BLASContext>: Sized + Copy {
[INFO] [stdout]     | ^^^^^^^^^^^^^^^^^^^^^^^^^^^^^^^^^^^^^^^^^^^^^
[INFO] [stdout] note: required for `{float}` to implement `BLAS<()>`
[INFO] [stdout]    --> src/blas.rs:129:25
[INFO] [stdout]     |
[INFO] [stdout] 129 | impl<F, C: BLASContext> BLAS<C> for F where F: BLAS1<C> + BLAS2<C> + BLAS3<C> {}
[INFO] [stdout]     |                         ^^^^^^^     ^                                -------- unsatisfied trait bound introduced here
[INFO] [stdout] note: required by a bound in `matrix::<impl Tensor<S, [usize; 2]>>::matmul`
[INFO] [stdout]    --> src/tensor/matrix.rs:79:28
[INFO] [stdout]     |
[INFO] [stdout] 76  |     pub fn matmul(&self, rhs: Matrix<&ViewOf<S>>) -> Matrix<DefaultVec<S::T, S::Device>>
[INFO] [stdout]     |            ------ required by a bound in this associated function
[INFO] [stdout] ...
[INFO] [stdout] 79  |         S::T: Zero + One + BLAS<<S::Device as DefaultBLASContext>::Context>,
[INFO] [stdout]     |                            ^^^^^^^^^^^^^^^^^^^^^^^^^^^^^^^^^^^^^^^^^^^^^^^^ required by this bound in `matrix::<impl Tensor<S, [usize; 2]>>::matmul`
[INFO] [stdout] 
[INFO] [stdout] 
[INFO] [stdout] error[E0277]: the trait bound `{float}: BLAS<()>` is not satisfied
[INFO] [stdout]    --> src/tensor.rs:225:24
[INFO] [stdout]     |
[INFO] [stdout] 225 |         let c3 = a.t().matmul(b.view());
[INFO] [stdout]     |                        ^^^^^^ the trait `BLAS1<()>` is not implemented for `{float}`, which is required by `{float}: BLAS<()>`
[INFO] [stdout]     |
[INFO] [stdout] help: this trait has no implementations, consider adding one
[INFO] [stdout]    --> src/blas.rs:29:1
[INFO] [stdout]     |
[INFO] [stdout] 29  | pub trait BLAS1<C: BLASContext>: Sized + Copy {
[INFO] [stdout]     | ^^^^^^^^^^^^^^^^^^^^^^^^^^^^^^^^^^^^^^^^^^^^^
[INFO] [stdout] note: required for `{float}` to implement `BLAS<()>`
[INFO] [stdout]    --> src/blas.rs:129:25
[INFO] [stdout]     |
[INFO] [stdout] 129 | impl<F, C: BLASContext> BLAS<C> for F where F: BLAS1<C> + BLAS2<C> + BLAS3<C> {}
[INFO] [stdout]     |                         ^^^^^^^     ^          -------- unsatisfied trait bound introduced here
[INFO] [stdout] note: required by a bound in `matrix::<impl Tensor<S, [usize; 2]>>::matmul`
[INFO] [stdout]    --> src/tensor/matrix.rs:79:28
[INFO] [stdout]     |
[INFO] [stdout] 76  |     pub fn matmul(&self, rhs: Matrix<&ViewOf<S>>) -> Matrix<DefaultVec<S::T, S::Device>>
[INFO] [stdout]     |            ------ required by a bound in this associated function
[INFO] [stdout] ...
[INFO] [stdout] 79  |         S::T: Zero + One + BLAS<<S::Device as DefaultBLASContext>::Context>,
[INFO] [stdout]     |                            ^^^^^^^^^^^^^^^^^^^^^^^^^^^^^^^^^^^^^^^^^^^^^^^^ required by this bound in `matrix::<impl Tensor<S, [usize; 2]>>::matmul`
[INFO] [stdout] 
[INFO] [stdout] 
[INFO] [stdout] error[E0277]: the trait bound `{float}: BLAS<()>` is not satisfied
[INFO] [stdout]    --> src/tensor.rs:225:24
[INFO] [stdout]     |
[INFO] [stdout] 225 |         let c3 = a.t().matmul(b.view());
[INFO] [stdout]     |                        ^^^^^^ the trait `BLAS2<()>` is not implemented for `{float}`, which is required by `{float}: BLAS<()>`
[INFO] [stdout]     |
[INFO] [stdout] help: this trait has no implementations, consider adding one
[INFO] [stdout]    --> src/blas.rs:77:1
[INFO] [stdout]     |
[INFO] [stdout] 77  | pub trait BLAS2<C: BLASContext>: Sized + Copy {
[INFO] [stdout]     | ^^^^^^^^^^^^^^^^^^^^^^^^^^^^^^^^^^^^^^^^^^^^^
[INFO] [stdout] note: required for `{float}` to implement `BLAS<()>`
[INFO] [stdout]    --> src/blas.rs:129:25
[INFO] [stdout]     |
[INFO] [stdout] 129 | impl<F, C: BLASContext> BLAS<C> for F where F: BLAS1<C> + BLAS2<C> + BLAS3<C> {}
[INFO] [stdout]     |                         ^^^^^^^     ^                     -------- unsatisfied trait bound introduced here
[INFO] [stdout] note: required by a bound in `matrix::<impl Tensor<S, [usize; 2]>>::matmul`
[INFO] [stdout]    --> src/tensor/matrix.rs:79:28
[INFO] [stdout]     |
[INFO] [stdout] 76  |     pub fn matmul(&self, rhs: Matrix<&ViewOf<S>>) -> Matrix<DefaultVec<S::T, S::Device>>
[INFO] [stdout]     |            ------ required by a bound in this associated function
[INFO] [stdout] ...
[INFO] [stdout] 79  |         S::T: Zero + One + BLAS<<S::Device as DefaultBLASContext>::Context>,
[INFO] [stdout]     |                            ^^^^^^^^^^^^^^^^^^^^^^^^^^^^^^^^^^^^^^^^^^^^^^^^ required by this bound in `matrix::<impl Tensor<S, [usize; 2]>>::matmul`
[INFO] [stdout] 
[INFO] [stdout] 
[INFO] [stdout] error[E0277]: the trait bound `{float}: BLAS<()>` is not satisfied
[INFO] [stdout]    --> src/tensor.rs:225:24
[INFO] [stdout]     |
[INFO] [stdout] 225 |         let c3 = a.t().matmul(b.view());
[INFO] [stdout]     |                        ^^^^^^ the trait `BLAS3<()>` is not implemented for `{float}`, which is required by `{float}: BLAS<()>`
[INFO] [stdout]     |
[INFO] [stdout] help: this trait has no implementations, consider adding one
[INFO] [stdout]    --> src/blas.rs:102:1
[INFO] [stdout]     |
[INFO] [stdout] 102 | pub trait BLAS3<C: BLASContext>: Sized + Copy {
[INFO] [stdout]     | ^^^^^^^^^^^^^^^^^^^^^^^^^^^^^^^^^^^^^^^^^^^^^
[INFO] [stdout] note: required for `{float}` to implement `BLAS<()>`
[INFO] [stdout]    --> src/blas.rs:129:25
[INFO] [stdout]     |
[INFO] [stdout] 129 | impl<F, C: BLASContext> BLAS<C> for F where F: BLAS1<C> + BLAS2<C> + BLAS3<C> {}
[INFO] [stdout]     |                         ^^^^^^^     ^                                -------- unsatisfied trait bound introduced here
[INFO] [stdout] note: required by a bound in `matrix::<impl Tensor<S, [usize; 2]>>::matmul`
[INFO] [stdout]    --> src/tensor/matrix.rs:79:28
[INFO] [stdout]     |
[INFO] [stdout] 76  |     pub fn matmul(&self, rhs: Matrix<&ViewOf<S>>) -> Matrix<DefaultVec<S::T, S::Device>>
[INFO] [stdout]     |            ------ required by a bound in this associated function
[INFO] [stdout] ...
[INFO] [stdout] 79  |         S::T: Zero + One + BLAS<<S::Device as DefaultBLASContext>::Context>,
[INFO] [stdout]     |                            ^^^^^^^^^^^^^^^^^^^^^^^^^^^^^^^^^^^^^^^^^^^^^^^^ required by this bound in `matrix::<impl Tensor<S, [usize; 2]>>::matmul`
[INFO] [stdout] 
[INFO] [stdout] 
[INFO] [stdout] For more information about this error, try `rustc --explain E0432`.
[INFO] [stdout] 
[INFO] [stderr] error: could not compile `tensorgraph-math` (example "cublas") due to 1 previous error
[INFO] [stdout] error[E0277]: the trait bound `{float}: BLAS3<_>` is not satisfied
[INFO] [stdout]    --> src/tensor.rs:340:13
[INFO] [stdout]     |
[INFO] [stdout] 340 |             gemm(1., a.view(), b.view(), 0., c.view_mut());
[INFO] [stdout]     |             ^^^^ the trait `BLAS3<_>` is not implemented for `{float}`
[INFO] [stdout]     |
[INFO] [stdout] help: this trait has no implementations, consider adding one
[INFO] [stdout]    --> src/blas.rs:102:1
[INFO] [stdout]     |
[INFO] [stdout] 102 | pub trait BLAS3<C: BLASContext>: Sized + Copy {
[INFO] [stdout]     | ^^^^^^^^^^^^^^^^^^^^^^^^^^^^^^^^^^^^^^^^^^^^^
[INFO] [stdout] note: required by a bound in `matrix::gemm`
[INFO] [stdout]    --> src/tensor/matrix.rs:282:16
[INFO] [stdout]     |
[INFO] [stdout] 282 | pub fn gemm<F: BLAS3<D::Context> + Zero, D: DefaultBLASContext>(
[INFO] [stdout]     |                ^^^^^^^^^^^^^^^^^ required by this bound in `gemm`
[INFO] [stdout] 
[INFO] [stdout] 
[INFO] [stdout] For more information about this error, try `rustc --explain E0277`.
[INFO] [stdout] 
[INFO] [stderr] error: could not compile `tensorgraph-math` (lib test) due to 13 previous errors; 6 warnings emitted
[INFO] running `Command { std: "docker" "inspect" "030370f5484aecf14c2223dbea662e6ffd920b027df983bb159a8cc61e0c9d0c", kill_on_drop: false }`
[INFO] running `Command { std: "docker" "rm" "-f" "030370f5484aecf14c2223dbea662e6ffd920b027df983bb159a8cc61e0c9d0c", kill_on_drop: false }`
[INFO] [stdout] 030370f5484aecf14c2223dbea662e6ffd920b027df983bb159a8cc61e0c9d0c
