[INFO] fetching crate tendermint-light-client-verifier 0.40.0...
[INFO] testing tendermint-light-client-verifier-0.40.0 against nightly-2024-10-28+rustflags=-Zrandomize-layout for randomize-layout
[INFO] extracting crate tendermint-light-client-verifier 0.40.0 into /workspace/builds/worker-6-tc2/source
[INFO] validating manifest of crates.io crate tendermint-light-client-verifier 0.40.0 on toolchain nightly-2024-10-28
[INFO] running `Command { std: CARGO_HOME="/workspace/cargo-home" RUSTUP_HOME="/workspace/rustup-home" "/workspace/cargo-home/bin/cargo" "+nightly-2024-10-28" "metadata" "--manifest-path" "Cargo.toml" "--no-deps", kill_on_drop: false }`
[INFO] started tweaking crates.io crate tendermint-light-client-verifier 0.40.0
[INFO] finished tweaking crates.io crate tendermint-light-client-verifier 0.40.0
[INFO] tweaked toml for crates.io crate tendermint-light-client-verifier 0.40.0 written to /workspace/builds/worker-6-tc2/source/Cargo.toml
[INFO] running `Command { std: CARGO_HOME="/workspace/cargo-home" RUSTUP_HOME="/workspace/rustup-home" "/workspace/cargo-home/bin/cargo" "+nightly-2024-10-28" "generate-lockfile" "--manifest-path" "Cargo.toml", kill_on_drop: false }`
[INFO] [stderr]     Updating crates.io index
[INFO] [stderr]      Locking 72 packages to latest compatible versions
[INFO] [stderr]       Adding derive_more v0.99.18 (available: v1.0.0)
[INFO] running `Command { std: CARGO_HOME="/workspace/cargo-home" RUSTUP_HOME="/workspace/rustup-home" "/workspace/cargo-home/bin/cargo" "+nightly-2024-10-28" "fetch" "--manifest-path" "Cargo.toml", kill_on_drop: false }`
[INFO] running `Command { std: "docker" "create" "-v" "/var/lib/crater-agent-workspace/builds/worker-6-tc2/target:/opt/rustwide/target:rw,Z" "-v" "/var/lib/crater-agent-workspace/builds/worker-6-tc2/source:/opt/rustwide/workdir:ro,Z" "-v" "/var/lib/crater-agent-workspace/cargo-home:/opt/rustwide/cargo-home:ro,Z" "-v" "/var/lib/crater-agent-workspace/rustup-home:/opt/rustwide/rustup-home:ro,Z" "-e" "SOURCE_DIR=/opt/rustwide/workdir" "-e" "CARGO_TARGET_DIR=/opt/rustwide/target" "-e" "CARGO_HOME=/opt/rustwide/cargo-home" "-e" "RUSTUP_HOME=/opt/rustwide/rustup-home" "-w" "/opt/rustwide/workdir" "-m" "1610612736" "--user" "0:0" "--network" "none" "ghcr.io/rust-lang/crates-build-env/linux@sha256:4a844ea9eb2546a2d2c7022eacef16ef2e8229c7fbb2c7d4d55a9ceca922f72d" "/opt/rustwide/cargo-home/bin/cargo" "+nightly-2024-10-28" "metadata" "--no-deps" "--format-version=1", kill_on_drop: false }`
[INFO] [stdout] b6ac064d2442816cfdea36df95d77be9d71e70c4548c4910007ee06e68912fd9
[INFO] running `Command { std: "docker" "start" "-a" "b6ac064d2442816cfdea36df95d77be9d71e70c4548c4910007ee06e68912fd9", kill_on_drop: false }`
[INFO] running `Command { std: "docker" "inspect" "b6ac064d2442816cfdea36df95d77be9d71e70c4548c4910007ee06e68912fd9", kill_on_drop: false }`
[INFO] running `Command { std: "docker" "rm" "-f" "b6ac064d2442816cfdea36df95d77be9d71e70c4548c4910007ee06e68912fd9", kill_on_drop: false }`
[INFO] [stdout] b6ac064d2442816cfdea36df95d77be9d71e70c4548c4910007ee06e68912fd9
[INFO] running `Command { std: "docker" "create" "-v" "/var/lib/crater-agent-workspace/builds/worker-6-tc2/target:/opt/rustwide/target:rw,Z" "-v" "/var/lib/crater-agent-workspace/builds/worker-6-tc2/source:/opt/rustwide/workdir:ro,Z" "-v" "/var/lib/crater-agent-workspace/cargo-home:/opt/rustwide/cargo-home:ro,Z" "-v" "/var/lib/crater-agent-workspace/rustup-home:/opt/rustwide/rustup-home:ro,Z" "-e" "SOURCE_DIR=/opt/rustwide/workdir" "-e" "CARGO_TARGET_DIR=/opt/rustwide/target" "-e" "CARGO_INCREMENTAL=0" "-e" "RUST_BACKTRACE=full" "-e" "RUSTFLAGS=--cap-lints=forbid -Zrandomize-layout" "-e" "RUSTDOCFLAGS=--cap-lints=forbid" "-e" "CARGO_HOME=/opt/rustwide/cargo-home" "-e" "RUSTUP_HOME=/opt/rustwide/rustup-home" "-w" "/opt/rustwide/workdir" "-m" "1610612736" "--user" "0:0" "--network" "none" "ghcr.io/rust-lang/crates-build-env/linux@sha256:4a844ea9eb2546a2d2c7022eacef16ef2e8229c7fbb2c7d4d55a9ceca922f72d" "/opt/rustwide/cargo-home/bin/cargo" "+nightly-2024-10-28" "build" "--frozen" "--message-format=json", kill_on_drop: false }`
[INFO] [stdout] 65676aa8ea63d22bac637888e459253d16c00641ab017b9ec602d32d5e3d4b2c
[INFO] running `Command { std: "docker" "start" "-a" "65676aa8ea63d22bac637888e459253d16c00641ab017b9ec602d32d5e3d4b2c", kill_on_drop: false }`
[INFO] [stderr]    Compiling serde v1.0.214
[INFO] [stderr]    Compiling either v1.13.0
[INFO] [stderr]    Compiling futures-sink v0.3.31
[INFO] [stderr]    Compiling futures-core v0.3.31
[INFO] [stderr]    Compiling anyhow v1.0.92
[INFO] [stderr]    Compiling time-macros v0.2.18
[INFO] [stderr]    Compiling deranged v0.3.11
[INFO] [stderr]    Compiling num-traits v0.2.19
[INFO] [stderr]    Compiling serde_json v1.0.132
[INFO] [stderr]    Compiling byteorder v1.5.0
[INFO] [stderr]    Compiling futures-task v0.3.31
[INFO] [stderr]    Compiling generic-array v0.14.7
[INFO] [stderr]    Compiling paste v1.0.15
[INFO] [stderr]    Compiling syn v2.0.86
[INFO] [stderr]    Compiling subtle-ng v2.5.0
[INFO] [stderr]    Compiling rand_core v0.6.4
[INFO] [stderr]    Compiling hex v0.4.3
[INFO] [stderr]    Compiling futures-util v0.3.31
[INFO] [stderr]    Compiling futures-channel v0.3.31
[INFO] [stderr]    Compiling memchr v2.7.4
[INFO] [stderr]    Compiling signature v2.2.0
[INFO] [stderr]    Compiling futures-io v0.3.31
[INFO] [stderr]    Compiling subtle v2.6.1
[INFO] [stderr]    Compiling once_cell v1.20.2
[INFO] [stderr]    Compiling itertools v0.13.0
[INFO] [stderr]    Compiling ed25519 v2.2.3
[INFO] [stderr]    Compiling flex-error v0.4.4
[INFO] [stderr]    Compiling digest v0.9.0
[INFO] [stderr]    Compiling crypto-common v0.1.6
[INFO] [stderr]    Compiling block-buffer v0.9.0
[INFO] [stderr]    Compiling block-buffer v0.10.4
[INFO] [stderr]    Compiling sha2 v0.9.9
[INFO] [stderr]    Compiling digest v0.10.7
[INFO] [stderr]    Compiling sha2 v0.10.8
[INFO] [stderr]    Compiling time v0.3.36
[INFO] [stderr]    Compiling futures v0.3.31
[INFO] [stderr]    Compiling serde_derive v1.0.214
[INFO] [stderr]    Compiling zeroize_derive v1.4.2
[INFO] [stderr]    Compiling prost-derive v0.13.3
[INFO] [stderr]    Compiling serde_repr v0.1.19
[INFO] [stderr]    Compiling derive_more v0.99.18
[INFO] [stderr]    Compiling zeroize v1.8.1
[INFO] [stderr]    Compiling curve25519-dalek-ng v4.1.1
[INFO] [stderr]    Compiling subtle-encoding v0.5.1
[INFO] [stderr]    Compiling ed25519-consensus v2.1.0
[INFO] [stderr]    Compiling bytes v1.8.0
[INFO] [stderr]    Compiling serde_bytes v0.11.15
[INFO] [stderr]    Compiling prost v0.13.3
[INFO] [stderr]    Compiling tendermint-proto v0.40.0
[INFO] [stderr]    Compiling tendermint v0.40.0
[INFO] [stderr]    Compiling tendermint-light-client-verifier v0.40.0 (/opt/rustwide/workdir)
[INFO] [stderr]     Finished `dev` profile [unoptimized + debuginfo] target(s) in 23.68s
[INFO] running `Command { std: "docker" "inspect" "65676aa8ea63d22bac637888e459253d16c00641ab017b9ec602d32d5e3d4b2c", kill_on_drop: false }`
[INFO] running `Command { std: "docker" "rm" "-f" "65676aa8ea63d22bac637888e459253d16c00641ab017b9ec602d32d5e3d4b2c", kill_on_drop: false }`
[INFO] [stdout] 65676aa8ea63d22bac637888e459253d16c00641ab017b9ec602d32d5e3d4b2c
[INFO] running `Command { std: "docker" "create" "-v" "/var/lib/crater-agent-workspace/builds/worker-6-tc2/target:/opt/rustwide/target:rw,Z" "-v" "/var/lib/crater-agent-workspace/builds/worker-6-tc2/source:/opt/rustwide/workdir:ro,Z" "-v" "/var/lib/crater-agent-workspace/cargo-home:/opt/rustwide/cargo-home:ro,Z" "-v" "/var/lib/crater-agent-workspace/rustup-home:/opt/rustwide/rustup-home:ro,Z" "-e" "SOURCE_DIR=/opt/rustwide/workdir" "-e" "CARGO_TARGET_DIR=/opt/rustwide/target" "-e" "CARGO_INCREMENTAL=0" "-e" "RUST_BACKTRACE=full" "-e" "RUSTFLAGS=--cap-lints=forbid -Zrandomize-layout" "-e" "RUSTDOCFLAGS=--cap-lints=forbid" "-e" "CARGO_HOME=/opt/rustwide/cargo-home" "-e" "RUSTUP_HOME=/opt/rustwide/rustup-home" "-w" "/opt/rustwide/workdir" "-m" "1610612736" "--user" "0:0" "--network" "none" "ghcr.io/rust-lang/crates-build-env/linux@sha256:4a844ea9eb2546a2d2c7022eacef16ef2e8229c7fbb2c7d4d55a9ceca922f72d" "/opt/rustwide/cargo-home/bin/cargo" "+nightly-2024-10-28" "test" "--frozen" "--no-run" "--message-format=json", kill_on_drop: false }`
[INFO] [stdout] 7de8840a6b48d9908647672336ec8f6db5eee5f94895086c46c38edcf3728165
[INFO] running `Command { std: "docker" "start" "-a" "7de8840a6b48d9908647672336ec8f6db5eee5f94895086c46c38edcf3728165", kill_on_drop: false }`
[INFO] [stderr]    Compiling tendermint-light-client-verifier v0.40.0 (/opt/rustwide/workdir)
[INFO] [stdout] error[E0433]: failed to resolve: use of undeclared crate or module `tendermint_testgen`
[INFO] [stdout]    --> src/operations/voting_power.rs:433:9
[INFO] [stdout]     |
[INFO] [stdout] 433 |     use tendermint_testgen::{
[INFO] [stdout]     |         ^^^^^^^^^^^^^^^^^^ use of undeclared crate or module `tendermint_testgen`
[INFO] [stdout] 
[INFO] [stdout] 
[INFO] [stdout] error[E0433]: failed to resolve: use of undeclared crate or module `tendermint_testgen`
[INFO] [stdout]    --> src/predicates.rs:257:9
[INFO] [stdout]     |
[INFO] [stdout] 257 |     use tendermint_testgen::{
[INFO] [stdout]     |         ^^^^^^^^^^^^^^^^^^ use of undeclared crate or module `tendermint_testgen`
[INFO] [stdout] 
[INFO] [stdout] 
[INFO] [stdout] error[E0432]: unresolved import `tendermint_testgen`
[INFO] [stdout]    --> src/operations/voting_power.rs:433:9
[INFO] [stdout]     |
[INFO] [stdout] 433 |     use tendermint_testgen::{
[INFO] [stdout]     |         ^^^^^^^^^^^^^^^^^^ use of undeclared crate or module `tendermint_testgen`
[INFO] [stdout] 
[INFO] [stdout] 
[INFO] [stdout] error[E0433]: failed to resolve: use of undeclared crate or module `tendermint_testgen`
[INFO] [stdout]    --> src/verifier.rs:338:9
[INFO] [stdout]     |
[INFO] [stdout] 338 |     use tendermint_testgen::{light_block::LightBlock as TestgenLightBlock, Generator};
[INFO] [stdout]     |         ^^^^^^^^^^^^^^^^^^ use of undeclared crate or module `tendermint_testgen`
[INFO] [stdout] 
[INFO] [stdout] 
[INFO] [stdout] error[E0432]: unresolved import `tendermint_testgen`
[INFO] [stdout]    --> src/predicates.rs:257:9
[INFO] [stdout]     |
[INFO] [stdout] 257 |     use tendermint_testgen::{
[INFO] [stdout]     |         ^^^^^^^^^^^^^^^^^^ use of undeclared crate or module `tendermint_testgen`
[INFO] [stdout] 
[INFO] [stdout] 
[INFO] [stdout] error[E0432]: unresolved import `tendermint_testgen`
[INFO] [stdout]    --> src/verifier.rs:338:9
[INFO] [stdout]     |
[INFO] [stdout] 338 |     use tendermint_testgen::{light_block::LightBlock as TestgenLightBlock, Generator};
[INFO] [stdout]     |         ^^^^^^^^^^^^^^^^^^ use of undeclared crate or module `tendermint_testgen`
[INFO] [stdout] 
[INFO] [stdout] 
[INFO] [stdout] error[E0308]: mismatched types
[INFO] [stdout]    --> src/operations/voting_power.rs:495:52
[INFO] [stdout]     |
[INFO] [stdout] 495 |         let validator_set = ValidatorSet::new(vec!["a", "b"]);
[INFO] [stdout]     |                                                    ^^^ expected `Info`, found `&str`
[INFO] [stdout] 
[INFO] [stdout] 
[INFO] [stdout] error[E0061]: this function takes 2 arguments but 1 argument was supplied
[INFO] [stdout]    --> src/operations/voting_power.rs:495:29
[INFO] [stdout]     |
[INFO] [stdout] 495 |         let validator_set = ValidatorSet::new(vec!["a", "b"]);
[INFO] [stdout]     |                             ^^^^^^^^^^^^^^^^^---------------- argument #2 of type `core::option::Option<tendermint::validator::Info>` is missing
[INFO] [stdout]     |
[INFO] [stdout] note: associated function defined here
[INFO] [stdout]    --> /opt/rustwide/cargo-home/registry/src/index.crates.io-6f17d22bba15001f/tendermint-0.40.0/src/validator.rs:33:12
[INFO] [stdout]     |
[INFO] [stdout] 33  |     pub fn new(validators: Vec<Info>, proposer: Option<Info>) -> Set {
[INFO] [stdout]     |            ^^^
[INFO] [stdout] help: provide the argument
[INFO] [stdout]     |
[INFO] [stdout] 495 |         let validator_set = ValidatorSet::new(vec!["a", "b"], /* core::option::Option<tendermint::validator::Info> */);
[INFO] [stdout]     |                                              ~~~~~~~~~~~~~~~~~~~~~~~~~~~~~~~~~~~~~~~~~~~~~~~~~~~~~~~~~~~~~~~~~~~~~~~~~
[INFO] [stdout] 
[INFO] [stdout] 
[INFO] [stdout] error[E0616]: field `validators` of struct `Set` is private
[INFO] [stdout]    --> src/operations/voting_power.rs:496:42
[INFO] [stdout]     |
[INFO] [stdout] 496 |         let vals = validator_set.clone().validators.unwrap();
[INFO] [stdout]     |                                          ^^^^^^^^^^ private field
[INFO] [stdout]     |
[INFO] [stdout] help: a method `validators` also exists, call it with parentheses
[INFO] [stdout]     |
[INFO] [stdout] 496 |         let vals = validator_set.clone().validators().unwrap();
[INFO] [stdout]     |                                                    ++
[INFO] [stdout] 
[INFO] [stdout] 
[INFO] [stdout] error[E0599]: no function or associated item named `new_with_votes` found for struct `tendermint::block::Commit` in the current scope
[INFO] [stdout]    --> src/operations/voting_power.rs:502:30
[INFO] [stdout]     |
[INFO] [stdout] 502 |         let commit = Commit::new_with_votes(header.clone(), 1, votes);
[INFO] [stdout]     |                              ^^^^^^^^^^^^^^ function or associated item not found in `Commit`
[INFO] [stdout] 
[INFO] [stdout] 
[INFO] [stdout] error[E0599]: no method named `generate` found for struct `Set` in the current scope
[INFO] [stdout]    --> src/operations/voting_power.rs:504:36
[INFO] [stdout]     |
[INFO] [stdout] 504 |         let valset = validator_set.generate().unwrap();
[INFO] [stdout]     |                                    ^^^^^^^^ method not found in `Set`
[INFO] [stdout] 
[INFO] [stdout] 
[INFO] [stdout] error[E0308]: mismatched types
[INFO] [stdout]    --> src/operations/voting_power.rs:571:57
[INFO] [stdout]     |
[INFO] [stdout] 571 |         light_block.validators = ValidatorSet::new(vec!["bad-val1", "bad-val2"])
[INFO] [stdout]     |                                                         ^^^^^^^^^^ expected `Info`, found `&str`
[INFO] [stdout] 
[INFO] [stdout] 
[INFO] [stdout] error[E0061]: this function takes 2 arguments but 1 argument was supplied
[INFO] [stdout]    --> src/operations/voting_power.rs:571:34
[INFO] [stdout]     |
[INFO] [stdout] 571 |         light_block.validators = ValidatorSet::new(vec!["bad-val1", "bad-val2"])
[INFO] [stdout]     |                                  ^^^^^^^^^^^^^^^^^------------------------------ argument #2 of type `core::option::Option<tendermint::validator::Info>` is missing
[INFO] [stdout]     |
[INFO] [stdout] note: associated function defined here
[INFO] [stdout]    --> /opt/rustwide/cargo-home/registry/src/index.crates.io-6f17d22bba15001f/tendermint-0.40.0/src/validator.rs:33:12
[INFO] [stdout]     |
[INFO] [stdout] 33  |     pub fn new(validators: Vec<Info>, proposer: Option<Info>) -> Set {
[INFO] [stdout]     |            ^^^
[INFO] [stdout] help: provide the argument
[INFO] [stdout]     |
[INFO] [stdout] 571 |         light_block.validators = ValidatorSet::new(vec!["bad-val1", "bad-val2"], /* core::option::Option<tendermint::validator::Info> */)
[INFO] [stdout]     |                                                   ~~~~~~~~~~~~~~~~~~~~~~~~~~~~~~~~~~~~~~~~~~~~~~~~~~~~~~~~~~~~~~~~~~~~~~~~~~~~~~~~~~~~~~~
[INFO] [stdout] 
[INFO] [stdout] 
[INFO] [stdout] error[E0599]: no method named `generate` found for struct `Set` in the current scope
[INFO] [stdout]    --> src/operations/voting_power.rs:572:14
[INFO] [stdout]     |
[INFO] [stdout] 571 |           light_block.validators = ValidatorSet::new(vec!["bad-val1", "bad-val2"])
[INFO] [stdout]     |  __________________________________-
[INFO] [stdout] 572 | |             .generate()
[INFO] [stdout]     | |             -^^^^^^^^ method not found in `Set`
[INFO] [stdout]     | |_____________|
[INFO] [stdout]     |
[INFO] [stdout] 
[INFO] [stdout] 
[INFO] [stdout] error[E0599]: no function or associated item named `now_utc` found for struct `OffsetDateTime` in the current scope
[INFO] [stdout]     --> src/predicates.rs:362:35
[INFO] [stdout]      |
[INFO] [stdout] 362  |         let now = OffsetDateTime::now_utc().try_into().unwrap();
[INFO] [stdout]      |                                   ^^^^^^^ function or associated item not found in `OffsetDateTime`
[INFO] [stdout]      |
[INFO] [stdout] note: if you're trying to build a new `OffsetDateTime` consider using one of the following associated functions:
[INFO] [stdout]       OffsetDateTime::new_in_offset
[INFO] [stdout]       OffsetDateTime::new_utc
[INFO] [stdout]       OffsetDateTime::from_unix_timestamp
[INFO] [stdout]       OffsetDateTime::from_unix_timestamp_nanos
[INFO] [stdout]       OffsetDateTime::parse
[INFO] [stdout]     --> /opt/rustwide/cargo-home/registry/src/index.crates.io-6f17d22bba15001f/time-0.3.36/src/offset_date_time.rs:143:5
[INFO] [stdout]      |
[INFO] [stdout] 143  |       pub const fn new_in_offset(date: Date, time: Time, offset: UtcOffset) -> Self {
[INFO] [stdout]      |       ^^^^^^^^^^^^^^^^^^^^^^^^^^^^^^^^^^^^^^^^^^^^^^^^^^^^^^^^^^^^^^^^^^^^^^^^^^^^^
[INFO] [stdout] ...
[INFO] [stdout] 162  |       pub const fn new_utc(date: Date, time: Time) -> Self {
[INFO] [stdout]      |       ^^^^^^^^^^^^^^^^^^^^^^^^^^^^^^^^^^^^^^^^^^^^^^^^^^^^
[INFO] [stdout] ...
[INFO] [stdout] 318  |       pub const fn from_unix_timestamp(timestamp: i64) -> Result<Self, error::ComponentRange> {
[INFO] [stdout]      |       ^^^^^^^^^^^^^^^^^^^^^^^^^^^^^^^^^^^^^^^^^^^^^^^^^^^^^^^^^^^^^^^^^^^^^^^^^^^^^^^^^^^^^^^
[INFO] [stdout] ...
[INFO] [stdout] 364  |       pub const fn from_unix_timestamp_nanos(timestamp: i128) -> Result<Self, error::ComponentRange> {
[INFO] [stdout]      |       ^^^^^^^^^^^^^^^^^^^^^^^^^^^^^^^^^^^^^^^^^^^^^^^^^^^^^^^^^^^^^^^^^^^^^^^^^^^^^^^^^^^^^^^^^^^^^^
[INFO] [stdout] ...
[INFO] [stdout] 1294 | /     pub fn parse(
[INFO] [stdout] 1295 | |         input: &str,
[INFO] [stdout] 1296 | |         description: &(impl Parsable + ?Sized),
[INFO] [stdout] 1297 | |     ) -> Result<Self, error::Parse> {
[INFO] [stdout]      | |___________________________________^
[INFO] [stdout] help: there is an associated function `new_utc` with a similar name
[INFO] [stdout]     --> /opt/rustwide/cargo-home/registry/src/index.crates.io-6f17d22bba15001f/time-0.3.36/src/offset_date_time.rs:162:5
[INFO] [stdout]      |
[INFO] [stdout] 162  |     pub const fn new_utc(date: Date, time: Time) -> Self {
[INFO] [stdout]      |     ^^^^^^^^^^^^^^^^^^^^^^^^^^^^^^^^^^^^^^^^^^^^^^^^^^^^
[INFO] [stdout] 
[INFO] [stdout] 
[INFO] [stdout] error[E0599]: no function or associated item named `now_utc` found for struct `OffsetDateTime` in the current scope
[INFO] [stdout]     --> src/predicates.rs:390:35
[INFO] [stdout]      |
[INFO] [stdout] 390  |         let now = OffsetDateTime::now_utc().try_into().unwrap();
[INFO] [stdout]      |                                   ^^^^^^^ function or associated item not found in `OffsetDateTime`
[INFO] [stdout]      |
[INFO] [stdout] note: if you're trying to build a new `OffsetDateTime` consider using one of the following associated functions:
[INFO] [stdout]       OffsetDateTime::new_in_offset
[INFO] [stdout]       OffsetDateTime::new_utc
[INFO] [stdout]       OffsetDateTime::from_unix_timestamp
[INFO] [stdout]       OffsetDateTime::from_unix_timestamp_nanos
[INFO] [stdout]       OffsetDateTime::parse
[INFO] [stdout]     --> /opt/rustwide/cargo-home/registry/src/index.crates.io-6f17d22bba15001f/time-0.3.36/src/offset_date_time.rs:143:5
[INFO] [stdout]      |
[INFO] [stdout] 143  |       pub const fn new_in_offset(date: Date, time: Time, offset: UtcOffset) -> Self {
[INFO] [stdout]      |       ^^^^^^^^^^^^^^^^^^^^^^^^^^^^^^^^^^^^^^^^^^^^^^^^^^^^^^^^^^^^^^^^^^^^^^^^^^^^^
[INFO] [stdout] ...
[INFO] [stdout] 162  |       pub const fn new_utc(date: Date, time: Time) -> Self {
[INFO] [stdout]      |       ^^^^^^^^^^^^^^^^^^^^^^^^^^^^^^^^^^^^^^^^^^^^^^^^^^^^
[INFO] [stdout] ...
[INFO] [stdout] 318  |       pub const fn from_unix_timestamp(timestamp: i64) -> Result<Self, error::ComponentRange> {
[INFO] [stdout]      |       ^^^^^^^^^^^^^^^^^^^^^^^^^^^^^^^^^^^^^^^^^^^^^^^^^^^^^^^^^^^^^^^^^^^^^^^^^^^^^^^^^^^^^^^
[INFO] [stdout] ...
[INFO] [stdout] 364  |       pub const fn from_unix_timestamp_nanos(timestamp: i128) -> Result<Self, error::ComponentRange> {
[INFO] [stdout]      |       ^^^^^^^^^^^^^^^^^^^^^^^^^^^^^^^^^^^^^^^^^^^^^^^^^^^^^^^^^^^^^^^^^^^^^^^^^^^^^^^^^^^^^^^^^^^^^^
[INFO] [stdout] ...
[INFO] [stdout] 1294 | /     pub fn parse(
[INFO] [stdout] 1295 | |         input: &str,
[INFO] [stdout] 1296 | |         description: &(impl Parsable + ?Sized),
[INFO] [stdout] 1297 | |     ) -> Result<Self, error::Parse> {
[INFO] [stdout]      | |___________________________________^
[INFO] [stdout] help: there is an associated function `new_utc` with a similar name
[INFO] [stdout]     --> /opt/rustwide/cargo-home/registry/src/index.crates.io-6f17d22bba15001f/time-0.3.36/src/offset_date_time.rs:162:5
[INFO] [stdout]      |
[INFO] [stdout] 162  |     pub const fn new_utc(date: Date, time: Time) -> Self {
[INFO] [stdout]      |     ^^^^^^^^^^^^^^^^^^^^^^^^^^^^^^^^^^^^^^^^^^^^^^^^^^^^
[INFO] [stdout] 
[INFO] [stdout] 
[INFO] [stdout] error[E0599]: no function or associated item named `now` found for struct `tendermint::Time` in the current scope
[INFO] [stdout]    --> src/verifier.rs:354:25
[INFO] [stdout]     |
[INFO] [stdout] 354 |         let now = Time::now();
[INFO] [stdout]     |                         ^^^ function or associated item not found in `Time`
[INFO] [stdout]     |
[INFO] [stdout] note: if you're trying to build a new `tendermint::Time` consider using one of the following associated functions:
[INFO] [stdout]       tendermint::Time::unix_epoch
[INFO] [stdout]       tendermint::Time::from_unix_timestamp
[INFO] [stdout]       tendermint::Time::parse_from_rfc3339
[INFO] [stdout]    --> /opt/rustwide/cargo-home/registry/src/index.crates.io-6f17d22bba15001f/tendermint-0.40.0/src/time.rs:83:5
[INFO] [stdout]     |
[INFO] [stdout] 83  |     pub fn unix_epoch() -> Self {
[INFO] [stdout]     |     ^^^^^^^^^^^^^^^^^^^^^^^^^^^
[INFO] [stdout] ...
[INFO] [stdout] 87  |     pub fn from_unix_timestamp(secs: i64, nanos: u32) -> Result<Self, Error> {
[INFO] [stdout]     |     ^^^^^^^^^^^^^^^^^^^^^^^^^^^^^^^^^^^^^^^^^^^^^^^^^^^^^^^^^^^^^^^^^^^^^^^^
[INFO] [stdout] ...
[INFO] [stdout] 108 |     pub fn parse_from_rfc3339(s: &str) -> Result<Self, Error> {
[INFO] [stdout]     |     ^^^^^^^^^^^^^^^^^^^^^^^^^^^^^^^^^^^^^^^^^^^^^^^^^^^^^^^^^
[INFO] [stdout] 
[INFO] [stdout] 
[INFO] [stdout] error[E0599]: no function or associated item named `now` found for struct `tendermint::Time` in the current scope
[INFO] [stdout]    --> src/verifier.rs:389:19
[INFO] [stdout]     |
[INFO] [stdout] 389 |             Time::now(),
[INFO] [stdout]     |                   ^^^ function or associated item not found in `Time`
[INFO] [stdout]     |
[INFO] [stdout] note: if you're trying to build a new `tendermint::Time` consider using one of the following associated functions:
[INFO] [stdout]       tendermint::Time::unix_epoch
[INFO] [stdout]       tendermint::Time::from_unix_timestamp
[INFO] [stdout]       tendermint::Time::parse_from_rfc3339
[INFO] [stdout]    --> /opt/rustwide/cargo-home/registry/src/index.crates.io-6f17d22bba15001f/tendermint-0.40.0/src/time.rs:83:5
[INFO] [stdout]     |
[INFO] [stdout] 83  |     pub fn unix_epoch() -> Self {
[INFO] [stdout]     |     ^^^^^^^^^^^^^^^^^^^^^^^^^^^
[INFO] [stdout] ...
[INFO] [stdout] 87  |     pub fn from_unix_timestamp(secs: i64, nanos: u32) -> Result<Self, Error> {
[INFO] [stdout]     |     ^^^^^^^^^^^^^^^^^^^^^^^^^^^^^^^^^^^^^^^^^^^^^^^^^^^^^^^^^^^^^^^^^^^^^^^^
[INFO] [stdout] ...
[INFO] [stdout] 108 |     pub fn parse_from_rfc3339(s: &str) -> Result<Self, Error> {
[INFO] [stdout]     |     ^^^^^^^^^^^^^^^^^^^^^^^^^^^^^^^^^^^^^^^^^^^^^^^^^^^^^^^^^
[INFO] [stdout] 
[INFO] [stdout] 
[INFO] [stdout] Some errors have detailed explanations: E0061, E0308, E0432, E0433, E0599, E0616.
[INFO] [stdout] 
[INFO] [stdout] For more information about an error, try `rustc --explain E0061`.
[INFO] [stdout] 
[INFO] [stderr] error: could not compile `tendermint-light-client-verifier` (lib test) due to 18 previous errors
[INFO] running `Command { std: "docker" "inspect" "7de8840a6b48d9908647672336ec8f6db5eee5f94895086c46c38edcf3728165", kill_on_drop: false }`
[INFO] running `Command { std: "docker" "rm" "-f" "7de8840a6b48d9908647672336ec8f6db5eee5f94895086c46c38edcf3728165", kill_on_drop: false }`
[INFO] [stdout] 7de8840a6b48d9908647672336ec8f6db5eee5f94895086c46c38edcf3728165
