[INFO] fetching crate temperature 0.10.2...
[INFO] testing temperature-0.10.2 against nightly-2024-10-28 for randomize-layout
[INFO] extracting crate temperature 0.10.2 into /workspace/builds/worker-6-tc1/source
[INFO] validating manifest of crates.io crate temperature 0.10.2 on toolchain nightly-2024-10-28
[INFO] running `Command { std: CARGO_HOME="/workspace/cargo-home" RUSTUP_HOME="/workspace/rustup-home" "/workspace/cargo-home/bin/cargo" "+nightly-2024-10-28" "metadata" "--manifest-path" "Cargo.toml" "--no-deps", kill_on_drop: false }`
[INFO] started tweaking crates.io crate temperature 0.10.2
[INFO] finished tweaking crates.io crate temperature 0.10.2
[INFO] tweaked toml for crates.io crate temperature 0.10.2 written to /workspace/builds/worker-6-tc1/source/Cargo.toml
[INFO] running `Command { std: CARGO_HOME="/workspace/cargo-home" RUSTUP_HOME="/workspace/rustup-home" "/workspace/cargo-home/bin/cargo" "+nightly-2024-10-28" "generate-lockfile" "--manifest-path" "Cargo.toml", kill_on_drop: false }`
[INFO] [stderr]     Updating crates.io index
[INFO] [stderr]      Locking 18 packages to latest compatible versions
[INFO] [stderr]       Adding matrix v0.21.12 (available: v0.22.0)
[INFO] [stderr]       Adding random v0.12.2 (available: v0.14.0)
[INFO] [stderr]       Adding superlu-sys v0.3.2 (available: v0.3.5)
[INFO] running `Command { std: CARGO_HOME="/workspace/cargo-home" RUSTUP_HOME="/workspace/rustup-home" "/workspace/cargo-home/bin/cargo" "+nightly-2024-10-28" "fetch" "--manifest-path" "Cargo.toml", kill_on_drop: false }`
[INFO] [stderr] warning: An explicit [[bench]] section is specified in Cargo.toml which currently
[INFO] [stderr] disables Cargo from automatically inferring other benchmark targets.
[INFO] [stderr] This inference behavior will change in the Rust 2018 edition and the following
[INFO] [stderr] files will be included as a benchmark target:
[INFO] [stderr] 
[INFO] [stderr] * benches/hotspot.rs
[INFO] [stderr] 
[INFO] [stderr] This is likely to break cargo build or cargo test as these files may not be
[INFO] [stderr] ready to be compiled as a benchmark target today. You can future-proof yourself
[INFO] [stderr] and disable this warning by adding `autobenches = false` to your [package]
[INFO] [stderr] section. You may also move the files to a location where Cargo would not
[INFO] [stderr] automatically infer them to be a target, such as in subfolders.
[INFO] [stderr] 
[INFO] [stderr] For more information on this warning you can consult
[INFO] [stderr] https://github.com/rust-lang/cargo/issues/5330
[INFO] [stderr] warning: no edition set: defaulting to the 2015 edition while the latest is 2021
[INFO] [stderr]  Downloading crates ...
[INFO] [stderr]   Downloaded superlu v0.3.2
[INFO] [stderr]   Downloaded matrix v0.21.12
[INFO] [stderr]   Downloaded lapack-sys v0.11.7
[INFO] [stderr]   Downloaded assert v0.7.5
[INFO] [stderr]   Downloaded hotspot v0.6.0
[INFO] [stderr]   Downloaded openblas-src v0.5.6
[INFO] [stderr]   Downloaded threed-ice v0.12.0
[INFO] [stderr]   Downloaded superlu-sys v0.3.2
[INFO] [stderr]   Downloaded blas v0.19.1
[INFO] [stderr]   Downloaded lapack v0.14.1
[INFO] [stderr]   Downloaded threed-ice-sys v0.3.0
[INFO] running `Command { std: "docker" "create" "-v" "/var/lib/crater-agent-workspace/builds/worker-6-tc1/target:/opt/rustwide/target:rw,Z" "-v" "/var/lib/crater-agent-workspace/builds/worker-6-tc1/source:/opt/rustwide/workdir:ro,Z" "-v" "/var/lib/crater-agent-workspace/cargo-home:/opt/rustwide/cargo-home:ro,Z" "-v" "/var/lib/crater-agent-workspace/rustup-home:/opt/rustwide/rustup-home:ro,Z" "-e" "SOURCE_DIR=/opt/rustwide/workdir" "-e" "CARGO_TARGET_DIR=/opt/rustwide/target" "-e" "CARGO_HOME=/opt/rustwide/cargo-home" "-e" "RUSTUP_HOME=/opt/rustwide/rustup-home" "-w" "/opt/rustwide/workdir" "-m" "1610612736" "--user" "0:0" "--network" "none" "ghcr.io/rust-lang/crates-build-env/linux@sha256:4a844ea9eb2546a2d2c7022eacef16ef2e8229c7fbb2c7d4d55a9ceca922f72d" "/opt/rustwide/cargo-home/bin/cargo" "+nightly-2024-10-28" "metadata" "--no-deps" "--format-version=1", kill_on_drop: false }`
[INFO] [stdout] 07f7c674d80b498c7ebab8a4295ac7249a9e54f316f7bbb807bc0ec0108a060f
[INFO] running `Command { std: "docker" "start" "-a" "07f7c674d80b498c7ebab8a4295ac7249a9e54f316f7bbb807bc0ec0108a060f", kill_on_drop: false }`
[INFO] running `Command { std: "docker" "inspect" "07f7c674d80b498c7ebab8a4295ac7249a9e54f316f7bbb807bc0ec0108a060f", kill_on_drop: false }`
[INFO] running `Command { std: "docker" "rm" "-f" "07f7c674d80b498c7ebab8a4295ac7249a9e54f316f7bbb807bc0ec0108a060f", kill_on_drop: false }`
[INFO] [stdout] 07f7c674d80b498c7ebab8a4295ac7249a9e54f316f7bbb807bc0ec0108a060f
[INFO] running `Command { std: "docker" "create" "-v" "/var/lib/crater-agent-workspace/builds/worker-6-tc1/target:/opt/rustwide/target:rw,Z" "-v" "/var/lib/crater-agent-workspace/builds/worker-6-tc1/source:/opt/rustwide/workdir:ro,Z" "-v" "/var/lib/crater-agent-workspace/cargo-home:/opt/rustwide/cargo-home:ro,Z" "-v" "/var/lib/crater-agent-workspace/rustup-home:/opt/rustwide/rustup-home:ro,Z" "-e" "SOURCE_DIR=/opt/rustwide/workdir" "-e" "CARGO_TARGET_DIR=/opt/rustwide/target" "-e" "CARGO_INCREMENTAL=0" "-e" "RUST_BACKTRACE=full" "-e" "RUSTFLAGS=--cap-lints=forbid" "-e" "RUSTDOCFLAGS=--cap-lints=forbid" "-e" "CARGO_HOME=/opt/rustwide/cargo-home" "-e" "RUSTUP_HOME=/opt/rustwide/rustup-home" "-w" "/opt/rustwide/workdir" "-m" "1610612736" "--user" "0:0" "--network" "none" "ghcr.io/rust-lang/crates-build-env/linux@sha256:4a844ea9eb2546a2d2c7022eacef16ef2e8229c7fbb2c7d4d55a9ceca922f72d" "/opt/rustwide/cargo-home/bin/cargo" "+nightly-2024-10-28" "build" "--frozen" "--message-format=json", kill_on_drop: false }`
[INFO] [stdout] db17455a3b4dcd01f1d93addd4428584909702d2bdea9e1a2e1d71ee476929d0
[INFO] running `Command { std: "docker" "start" "-a" "db17455a3b4dcd01f1d93addd4428584909702d2bdea9e1a2e1d71ee476929d0", kill_on_drop: false }`
[INFO] [stderr] warning: An explicit [[bench]] section is specified in Cargo.toml which currently
[INFO] [stderr] disables Cargo from automatically inferring other benchmark targets.
[INFO] [stderr] This inference behavior will change in the Rust 2018 edition and the following
[INFO] [stderr] files will be included as a benchmark target:
[INFO] [stderr] 
[INFO] [stderr] * benches/hotspot.rs
[INFO] [stderr] 
[INFO] [stderr] This is likely to break cargo build or cargo test as these files may not be
[INFO] [stderr] ready to be compiled as a benchmark target today. You can future-proof yourself
[INFO] [stderr] and disable this warning by adding `autobenches = false` to your [package]
[INFO] [stderr] section. You may also move the files to a location where Cargo would not
[INFO] [stderr] automatically infer them to be a target, such as in subfolders.
[INFO] [stderr] 
[INFO] [stderr] For more information on this warning you can consult
[INFO] [stderr] https://github.com/rust-lang/cargo/issues/5330
[INFO] [stderr] warning: no edition set: defaulting to the 2015 edition while the latest is 2021
[INFO] [stderr]    Compiling openblas-src v0.5.6
[INFO] [stderr]    Compiling superlu-sys v0.3.2
[INFO] [stderr]    Compiling threed-ice-sys v0.3.0
[INFO] [stderr]    Compiling hotspot v0.6.0
[INFO] [stderr]    Compiling num-traits v0.2.19
[INFO] [stderr]    Compiling blas-sys v0.7.1
[INFO] [stderr] error: failed to run custom build command for `openblas-src v0.5.6`
[INFO] [stderr] note: To improve backtraces for build dependencies, set the CARGO_PROFILE_DEV_BUILD_OVERRIDE_DEBUG=true environment variable to enable debug information generation.
[INFO] [stderr] 
[INFO] [stderr] Caused by:
[INFO] [stderr]   process didn't exit successfully: `/opt/rustwide/target/debug/build/openblas-src-5da5fc5dea1092eb/build-script-build` (exit status: 101)
[INFO] [stderr]   --- stdout
[INFO] [stderr]   Running: `cd "source" && "make" "libs" "netlib" "shared" "BINARY=64" "YES_CBLAS=1" "YES_LAPACKE=1" "-j16"`
[INFO] [stderr] 
[INFO] [stderr]   --- stderr
[INFO] [stderr]   /usr/bin/ld: cannot open output file getarch: Read-only file system
[INFO] [stderr]   collect2: error: ld returned 1 exit status
[INFO] [stderr]   make: *** [Makefile.prebuild:54: getarch] Error 1
[INFO] [stderr]   Makefile.system:958: Makefile.: No such file or directory
[INFO] [stderr]   make: *** No rule to make target 'Makefile.'.  Stop.
[INFO] [stderr]   thread 'main' panicked at /opt/rustwide/cargo-home/registry/src/index.crates.io-6f17d22bba15001f/openblas-src-0.5.6/build.rs:50:13:
[INFO] [stderr]   Failed: `cd "source" && "make" "libs" "netlib" "shared" "BINARY=64" "YES_CBLAS=1" "YES_LAPACKE=1" "-j16"` (exit status: 2)
[INFO] [stderr]   stack backtrace:
[INFO] [stderr]      0:     0x590f30f7a34a - std::backtrace_rs::backtrace::libunwind::trace::h207520d6e9873551
[INFO] [stderr]                                  at /rustc/df4ca44d3fbc9301ee17f30f4d474e6ae4b05252/library/std/src/../../backtrace/src/backtrace/libunwind.rs:116:5
[INFO] [stderr]      1:     0x590f30f7a34a - std::backtrace_rs::backtrace::trace_unsynchronized::h2ed7433f370e3eca
[INFO] [stderr]                                  at /rustc/df4ca44d3fbc9301ee17f30f4d474e6ae4b05252/library/std/src/../../backtrace/src/backtrace/mod.rs:66:5
[INFO] [stderr]      2:     0x590f30f7a34a - std::sys::backtrace::_print_fmt::h916fac51166b18d7
[INFO] [stderr]                                  at /rustc/df4ca44d3fbc9301ee17f30f4d474e6ae4b05252/library/std/src/sys/backtrace.rs:66:9
[INFO] [stderr]      3:     0x590f30f7a34a - <std::sys::backtrace::BacktraceLock::print::DisplayBacktrace as core::fmt::Display>::fmt::ha0a4c9b8ce3802e6
[INFO] [stderr]                                  at /rustc/df4ca44d3fbc9301ee17f30f4d474e6ae4b05252/library/std/src/sys/backtrace.rs:39:26
[INFO] [stderr]      4:     0x590f30f9b4b3 - core::fmt::rt::Argument::fmt::h4cfc8587d52b3eb5
[INFO] [stderr]                                  at /rustc/df4ca44d3fbc9301ee17f30f4d474e6ae4b05252/library/core/src/fmt/rt.rs:177:76
[INFO] [stderr]      5:     0x590f30f9b4b3 - core::fmt::write::h522cc39e5b36ae9f
[INFO] [stderr]                                  at /rustc/df4ca44d3fbc9301ee17f30f4d474e6ae4b05252/library/core/src/fmt/mod.rs:1190:21
[INFO] [stderr]      6:     0x590f30f778a3 - std::io::Write::write_fmt::hf1c1dcc8cc1287f0
[INFO] [stderr]                                  at /rustc/df4ca44d3fbc9301ee17f30f4d474e6ae4b05252/library/std/src/io/mod.rs:1839:15
[INFO] [stderr]      7:     0x590f30f7a192 - std::sys::backtrace::BacktraceLock::print::h4b9e00b29e9c0942
[INFO] [stderr]                                  at /rustc/df4ca44d3fbc9301ee17f30f4d474e6ae4b05252/library/std/src/sys/backtrace.rs:42:9
[INFO] [stderr]      8:     0x590f30f7b1dc - std::panicking::default_hook::{{closure}}::hb59b88280d0324d9
[INFO] [stderr]                                  at /rustc/df4ca44d3fbc9301ee17f30f4d474e6ae4b05252/library/std/src/panicking.rs:268:22
[INFO] [stderr]      9:     0x590f30f7b022 - std::panicking::default_hook::he1dd496665be4a29
[INFO] [stderr]                                  at /rustc/df4ca44d3fbc9301ee17f30f4d474e6ae4b05252/library/std/src/panicking.rs:295:9
[INFO] [stderr]     10:     0x590f30f7b7d7 - std::panicking::rust_panic_with_hook::h2ff17fe8f26dfcf8
[INFO] [stderr]                                  at /rustc/df4ca44d3fbc9301ee17f30f4d474e6ae4b05252/library/std/src/panicking.rs:801:13
[INFO] [stderr]     11:     0x590f30f7b66a - std::panicking::begin_panic_handler::{{closure}}::h4fad77951c07e101
[INFO] [stderr]                                  at /rustc/df4ca44d3fbc9301ee17f30f4d474e6ae4b05252/library/std/src/panicking.rs:674:13
[INFO] [stderr]     12:     0x590f30f7a829 - std::sys::backtrace::__rust_end_short_backtrace::hb1a25b3da5d0ea08
[INFO] [stderr]                                  at /rustc/df4ca44d3fbc9301ee17f30f4d474e6ae4b05252/library/std/src/sys/backtrace.rs:170:18
[INFO] [stderr]     13:     0x590f30f7b2fc - rust_begin_unwind
[INFO] [stderr]                                  at /rustc/df4ca44d3fbc9301ee17f30f4d474e6ae4b05252/library/std/src/panicking.rs:665:5
[INFO] [stderr]     14:     0x590f30f9a3b0 - core::panicking::panic_fmt::ha9db07b529f9b256
[INFO] [stderr]                                  at /rustc/df4ca44d3fbc9301ee17f30f4d474e6ae4b05252/library/core/src/panicking.rs:75:14
[INFO] [stderr]     15:     0x590f30f51dc9 - build_script_build::run::hf143cad7d64e822c
[INFO] [stderr]     16:     0x590f30f51831 - build_script_build::main::h956a0bea8736be0d
[INFO] [stderr]     17:     0x590f30f4dc63 - core::ops::function::FnOnce::call_once::h1c4ee592bddcd003
[INFO] [stderr]     18:     0x590f30f52916 - std::sys::backtrace::__rust_begin_short_backtrace::h804a8704d1f5cc78
[INFO] [stderr]     19:     0x590f30f4db89 - std::rt::lang_start::{{closure}}::he3a2817b215559e0
[INFO] [stderr]     20:     0x590f30f74ae7 - core::ops::function::impls::<impl core::ops::function::FnOnce<A> for &F>::call_once::hd87d66b906e0ccaf
[INFO] [stderr]                                  at /rustc/df4ca44d3fbc9301ee17f30f4d474e6ae4b05252/library/core/src/ops/function.rs:284:13
[INFO] [stderr]     21:     0x590f30f74ae7 - std::panicking::try::do_call::hae3703de71fc9e3a
[INFO] [stderr]                                  at /rustc/df4ca44d3fbc9301ee17f30f4d474e6ae4b05252/library/std/src/panicking.rs:557:40
[INFO] [stderr]     22:     0x590f30f74ae7 - std::panicking::try::h1178330e9a2b2645
[INFO] [stderr]                                  at /rustc/df4ca44d3fbc9301ee17f30f4d474e6ae4b05252/library/std/src/panicking.rs:520:19
[INFO] [stderr]     23:     0x590f30f74ae7 - std::panic::catch_unwind::h0acf49d2305d32ad
[INFO] [stderr]                                  at /rustc/df4ca44d3fbc9301ee17f30f4d474e6ae4b05252/library/std/src/panic.rs:358:14
[INFO] [stderr]     24:     0x590f30f74ae7 - std::rt::lang_start_internal::{{closure}}::h2d95182d798177be
[INFO] [stderr]                                  at /rustc/df4ca44d3fbc9301ee17f30f4d474e6ae4b05252/library/std/src/rt.rs:174:48
[INFO] [stderr]     25:     0x590f30f74ae7 - std::panicking::try::do_call::hb506f5bfe11fd30c
[INFO] [stderr]                                  at /rustc/df4ca44d3fbc9301ee17f30f4d474e6ae4b05252/library/std/src/panicking.rs:557:40
[INFO] [stderr]     26:     0x590f30f74ae7 - std::panicking::try::h54d825c46bd0fa95
[INFO] [stderr]                                  at /rustc/df4ca44d3fbc9301ee17f30f4d474e6ae4b05252/library/std/src/panicking.rs:520:19
[INFO] [stderr]     27:     0x590f30f74ae7 - std::panic::catch_unwind::hffbb0ad20c4e9fac
[INFO] [stderr]                                  at /rustc/df4ca44d3fbc9301ee17f30f4d474e6ae4b05252/library/std/src/panic.rs:358:14
[INFO] [stderr]     28:     0x590f30f74ae7 - std::rt::lang_start_internal::h52c291ef1962c925
[INFO] [stderr]                                  at /rustc/df4ca44d3fbc9301ee17f30f4d474e6ae4b05252/library/std/src/rt.rs:174:20
[INFO] [stderr]     29:     0x590f30f4db67 - std::rt::lang_start::he6fbe874ead4993e
[INFO] [stderr]     30:     0x590f30f51ec5 - main
[INFO] [stderr]     31:     0x70fdf6c99d90 - <unknown>
[INFO] [stderr]     32:     0x70fdf6c99e40 - __libc_start_main
[INFO] [stderr]     33:     0x590f30f4d325 - _start
[INFO] [stderr]     34:                0x0 - <unknown>
[INFO] [stderr] warning: build failed, waiting for other jobs to finish...
[INFO] [stderr] error: failed to run custom build command for `hotspot v0.6.0`
[INFO] [stderr] note: To improve backtraces for build dependencies, set the CARGO_PROFILE_DEV_BUILD_OVERRIDE_DEBUG=true environment variable to enable debug information generation.
[INFO] [stderr] 
[INFO] [stderr] Caused by:
[INFO] [stderr]   process didn't exit successfully: `/opt/rustwide/target/debug/build/hotspot-d469ee28dca4eb06/build-script-build` (exit status: 101)
[INFO] [stderr]   --- stdout
[INFO] [stderr]   make -C /opt/rustwide/cargo-home/registry/src/index.crates.io-6f17d22bba15001f/hotspot-0.6.0/build/source -j16 EXTRAFLAGS='-fPIC -O3'
[INFO] [stderr]   make[1]: Entering directory '/opt/rustwide/cargo-home/registry/src/index.crates.io-6f17d22bba15001f/hotspot-0.6.0/build/source'
[INFO] [stderr]   gcc -O3 -fPIC -O3   -DVERBOSE=1 -DMATHACCEL=0 -DDEBUG3D=0 -DSUPERLU=0 -g -c hotspot.c
[INFO] [stderr]   gcc -O3 -fPIC -O3   -DVERBOSE=1 -DMATHACCEL=0 -DDEBUG3D=0 -DSUPERLU=0 -g -c temperature.c
[INFO] [stderr]   gcc -O3 -fPIC -O3   -DVERBOSE=1 -DMATHACCEL=0 -DDEBUG3D=0 -DSUPERLU=0 -g -c RCutil.c
[INFO] [stderr]   gcc -O3 -fPIC -O3   -DVERBOSE=1 -DMATHACCEL=0 -DDEBUG3D=0 -DSUPERLU=0 -g -c package.c
[INFO] [stderr]   gcc -O3 -fPIC -O3   -DVERBOSE=1 -DMATHACCEL=0 -DDEBUG3D=0 -DSUPERLU=0 -g -c temperature_block.c
[INFO] [stderr]   gcc -O3 -fPIC -O3   -DVERBOSE=1 -DMATHACCEL=0 -DDEBUG3D=0 -DSUPERLU=0 -g -c temperature_grid.c
[INFO] [stderr]   gcc -O3 -fPIC -O3   -DVERBOSE=1 -DMATHACCEL=0 -DDEBUG3D=0 -DSUPERLU=0 -g -c flp.c
[INFO] [stderr]   gcc -O3 -fPIC -O3   -DVERBOSE=1 -DMATHACCEL=0 -DDEBUG3D=0 -DSUPERLU=0 -g -c flp_desc.c
[INFO] [stderr]   gcc -O3 -fPIC -O3   -DVERBOSE=1 -DMATHACCEL=0 -DDEBUG3D=0 -DSUPERLU=0 -g -c npe.c
[INFO] [stderr]   gcc -O3 -fPIC -O3   -DVERBOSE=1 -DMATHACCEL=0 -DDEBUG3D=0 -DSUPERLU=0 -g -c shape.c
[INFO] [stderr]   gcc -O3 -fPIC -O3   -DVERBOSE=1 -DMATHACCEL=0 -DDEBUG3D=0 -DSUPERLU=0 -g -c util.c
[INFO] [stderr]   gcc -O3 -fPIC -O3   -DVERBOSE=1 -DMATHACCEL=0 -DDEBUG3D=0 -DSUPERLU=0 -g -c wire.c
[INFO] [stderr]   gcc -O3 -fPIC -O3   -DVERBOSE=1 -DMATHACCEL=0 -DDEBUG3D=0 -DSUPERLU=0 -g -c hotfloorplan.c
[INFO] [stderr]   make[1]: Leaving directory '/opt/rustwide/cargo-home/registry/src/index.crates.io-6f17d22bba15001f/hotspot-0.6.0/build/source'
[INFO] [stderr] 
[INFO] [stderr]   --- stderr
[INFO] [stderr]   flp_desc.c: In function 'desc_count_units':
[INFO] [stderr]   flp_desc.c:51:17: warning: ignoring return value of 'fgets' declared with attribute 'warn_unused_result' [-Wunused-result]
[INFO] [stderr]      51 |                 fgets(str1, LINE_SIZE, fp);
[INFO] [stderr]         |                 ^~~~~~~~~~~~~~~~~~~~~~~~~~
[INFO] [stderr]   flp_desc.c: In function 'desc_populate_blks':
[INFO] [stderr]   flp_desc.c:103:17: warning: ignoring return value of 'fgets' declared with attribute 'warn_unused_result' [-Wunused-result]
[INFO] [stderr]     103 |                 fgets(str1, LINE_SIZE, fp);
[INFO] [stderr]         |                 ^~~~~~~~~~~~~~~~~~~~~~~~~~
[INFO] [stderr]   flp_desc.c: In function 'desc_populate_connects':
[INFO] [stderr]   flp_desc.c:155:17: warning: ignoring return value of 'fgets' declared with attribute 'warn_unused_result' [-Wunused-result]
[INFO] [stderr]     155 |                 fgets(str1, LINE_SIZE, fp);
[INFO] [stderr]         |                 ^~~~~~~~~~~~~~~~~~~~~~~~~~
[INFO] [stderr]   temperature_block.c: In function 'read_temp_block':
[INFO] [stderr]   temperature_block.c:631:25: warning: ignoring return value of 'fgets' declared with attribute 'warn_unused_result' [-Wunused-result]
[INFO] [stderr]     631 |                         fgets(str1, LINE_SIZE, fp);
[INFO] [stderr]         |                         ^~~~~~~~~~~~~~~~~~~~~~~~~~
[INFO] [stderr]   temperature_block.c:659:17: warning: ignoring return value of 'fgets' declared with attribute 'warn_unused_result' [-Wunused-result]
[INFO] [stderr]     659 |                 fgets(str1, LINE_SIZE, fp);
[INFO] [stderr]         |                 ^~~~~~~~~~~~~~~~~~~~~~~~~~
[INFO] [stderr]   temperature_block.c:677:9: warning: ignoring return value of 'fgets' declared with attribute 'warn_unused_result' [-Wunused-result]
[INFO] [stderr]     677 |         fgets(str1, LINE_SIZE, fp);
[INFO] [stderr]         |         ^~~~~~~~~~~~~~~~~~~~~~~~~~
[INFO] [stderr]   temperature_block.c: In function 'read_power_block':
[INFO] [stderr]   temperature_block.c:744:17: warning: ignoring return value of 'fgets' declared with attribute 'warn_unused_result' [-Wunused-result]
[INFO] [stderr]     744 |                 fgets(str1, LINE_SIZE, fp);
[INFO] [stderr]         |                 ^~~~~~~~~~~~~~~~~~~~~~~~~~
[INFO] [stderr]   util.c: In function 'read_str_pairs':
[INFO] [stderr]   util.c:332:17: warning: ignoring return value of 'fgets' declared with attribute 'warn_unused_result' [-Wunused-result]
[INFO] [stderr]     332 |                 fgets(str, LINE_SIZE, fp);
[INFO] [stderr]         |                 ^~~~~~~~~~~~~~~~~~~~~~~~~
[INFO] [stderr]   util.c: In function 'count_significant_lines':
[INFO] [stderr]   util.c:523:17: warning: ignoring return value of 'fgets' declared with attribute 'warn_unused_result' [-Wunused-result]
[INFO] [stderr]     523 |                 fgets(str, LINE_SIZE, fp);
[INFO] [stderr]         |                 ^~~~~~~~~~~~~~~~~~~~~~~~~
[INFO] [stderr]   flp.c: In function 'flp_count_units':
[INFO] [stderr]   flp.c:1021:17: warning: ignoring return value of 'fgets' declared with attribute 'warn_unused_result' [-Wunused-result]
[INFO] [stderr]    1021 |                 fgets(str1, LINE_SIZE, fp);
[INFO] [stderr]         |                 ^~~~~~~~~~~~~~~~~~~~~~~~~~
[INFO] [stderr]   flp.c: In function 'flp_populate_blks':
[INFO] [stderr]   flp.c:1072:17: warning: ignoring return value of 'fgets' declared with attribute 'warn_unused_result' [-Wunused-result]
[INFO] [stderr]    1072 |                 fgets(str, LINE_SIZE, fp);
[INFO] [stderr]         |                 ^~~~~~~~~~~~~~~~~~~~~~~~~
[INFO] [stderr]   flp.c: In function 'flp_populate_connects':
[INFO] [stderr]   flp.c:1140:17: warning: ignoring return value of 'fgets' declared with attribute 'warn_unused_result' [-Wunused-result]
[INFO] [stderr]    1140 |                 fgets(str1, LINE_SIZE, fp);
[INFO] [stderr]         |                 ^~~~~~~~~~~~~~~~~~~~~~~~~~
[INFO] [stderr]   hotspot.c: In function 'read_names':
[INFO] [stderr]   hotspot.c:167:7: warning: ignoring return value of 'fgets' declared with attribute 'warn_unused_result' [-Wunused-result]
[INFO] [stderr]     167 |       fgets(line, LINE_SIZE, fp);
[INFO] [stderr]         |       ^~~~~~~~~~~~~~~~~~~~~~~~~~
[INFO] [stderr]   hotspot.c: In function 'read_vals':
[INFO] [stderr]   hotspot.c:201:7: warning: ignoring return value of 'fgets' declared with attribute 'warn_unused_result' [-Wunused-result]
[INFO] [stderr]     201 |       fgets(line, LINE_SIZE, fp);
[INFO] [stderr]         |       ^~~~~~~~~~~~~~~~~~~~~~~~~~
[INFO] [stderr]   temperature_grid.c: In function 'parse_layer_file':
[INFO] [stderr]   temperature_grid.c:510:7: warning: ignoring return value of 'fgets' declared with attribute 'warn_unused_result' [-Wunused-result]
[INFO] [stderr]     510 |       fgets(line, LINE_SIZE, fp);
[INFO] [stderr]         |       ^~~~~~~~~~~~~~~~~~~~~~~~~~
[INFO] [stderr]   temperature_grid.c: In function 'read_temp_grid':
[INFO] [stderr]   temperature_grid.c:1366:11: warning: ignoring return value of 'fgets' declared with attribute 'warn_unused_result' [-Wunused-result]
[INFO] [stderr]    1366 |           fgets(str1, LINE_SIZE, fp);
[INFO] [stderr]         |           ^~~~~~~~~~~~~~~~~~~~~~~~~~
[INFO] [stderr]   temperature_grid.c:1398:7: warning: ignoring return value of 'fgets' declared with attribute 'warn_unused_result' [-Wunused-result]
[INFO] [stderr]    1398 |       fgets(str1, LINE_SIZE, fp);
[INFO] [stderr]         |       ^~~~~~~~~~~~~~~~~~~~~~~~~~
[INFO] [stderr]   temperature_grid.c:1416:3: warning: ignoring return value of 'fgets' declared with attribute 'warn_unused_result' [-Wunused-result]
[INFO] [stderr]    1416 |   fgets(str1, LINE_SIZE, fp);
[INFO] [stderr]         |   ^~~~~~~~~~~~~~~~~~~~~~~~~~
[INFO] [stderr]   temperature_grid.c: In function 'read_power_grid':
[INFO] [stderr]   temperature_grid.c:1502:17: warning: ignoring return value of 'fgets' declared with attribute 'warn_unused_result' [-Wunused-result]
[INFO] [stderr]    1502 |                 fgets(str1, LINE_SIZE, fp);
[INFO] [stderr]         |                 ^~~~~~~~~~~~~~~~~~~~~~~~~~
[INFO] [stderr]   temperature_grid.c:1526:7: warning: ignoring return value of 'fgets' declared with attribute 'warn_unused_result' [-Wunused-result]
[INFO] [stderr]    1526 |       fgets(str1, LINE_SIZE, fp);
[INFO] [stderr]         |       ^~~~~~~~~~~~~~~~~~~~~~~~~~
[INFO] [stderr]   temperature_grid.c:1535:11: warning: ignoring return value of 'fgets' declared with attribute 'warn_unused_result' [-Wunused-result]
[INFO] [stderr]    1535 |           fgets(str1, LINE_SIZE, fp);
[INFO] [stderr]         |           ^~~~~~~~~~~~~~~~~~~~~~~~~~
[INFO] [stderr]   Assembler messages:
[INFO] [stderr]   Fatal error: can't create wire.o: Read-only file system
[INFO] [stderr]   make[1]: *** [Makefile:203: wire.o] Error 1
[INFO] [stderr]   make[1]: *** Waiting for unfinished jobs....
[INFO] [stderr]   Assembler messages:
[INFO] [stderr]   Fatal error: can't create hotfloorplan.o: Read-only file system
[INFO] [stderr]   make[1]: *** [Makefile:203: hotfloorplan.o] Error 1
[INFO] [stderr]   Assembler messages:
[INFO] [stderr]   Fatal error: can't create flp_desc.o: Read-only file system
[INFO] [stderr]   make[1]: *** [Makefile:203: flp_desc.o] Error 1
[INFO] [stderr]   Assembler messages:
[INFO] [stderr]   Fatal error: can't create npe.o: Read-only file system
[INFO] [stderr]   make[1]: *** [Makefile:203: npe.o] Error 1
[INFO] [stderr]   Assembler messages:
[INFO] [stderr]   Fatal error: can't create package.o: Read-only file system
[INFO] [stderr]   make[1]: *** [Makefile:203: package.o] Error 1
[INFO] [stderr]   flp.c: In function 'flp_create_grid':
[INFO] [stderr]   flp.c:554:78: warning: '%d' directive writing between 1 and 10 bytes into a region of size between 0 and 511 [-Wformat-overflow=]
[INFO] [stderr]     554 |                                         sprintf(grid->units[count].name, "%s_%d", flp->units[i].name, grid_num);
[INFO] [stderr]         |                                                                              ^~
[INFO] [stderr]   flp.c:554:74: note: directive argument in the range [0, 2147483647]
[INFO] [stderr]     554 |                                         sprintf(grid->units[count].name, "%s_%d", flp->units[i].name, grid_num);
[INFO] [stderr]         |                                                                          ^~~~~~~
[INFO] [stderr]   In file included from /usr/include/stdio.h:894,
[INFO] [stderr]                    from flp.c:1:
[INFO] [stderr]   /usr/include/x86_64-linux-gnu/bits/stdio2.h:38:10: note: '__builtin___sprintf_chk' output between 3 and 523 bytes into a destination of size 512
[INFO] [stderr]      38 |   return __builtin___sprintf_chk (__s, __USE_FORTIFY_LEVEL - 1,
[INFO] [stderr]         |          ^~~~~~~~~~~~~~~~~~~~~~~~~~~~~~~~~~~~~~~~~~~~~~~~~~~~~~
[INFO] [stderr]      39 |                                   __glibc_objsize (__s), __fmt,
[INFO] [stderr]         |                                   ~~~~~~~~~~~~~~~~~~~~~~~~~~~~~
[INFO] [stderr]      40 |                                   __va_arg_pack ());
[INFO] [stderr]         |                                   ~~~~~~~~~~~~~~~~~
[INFO] [stderr]   Assembler messages:
[INFO] [stderr]   Fatal error: can't create shape.o: Read-only file system
[INFO] [stderr]   make[1]: *** [Makefile:203: shape.o] Error 1
[INFO] [stderr]   Assembler messages:
[INFO] [stderr]   Fatal error: can't create RCutil.o: Read-only file system
[INFO] [stderr]   make[1]: *** [Makefile:203: RCutil.o] Error 1
[INFO] [stderr]   Assembler messages:
[INFO] [stderr]   Fatal error: can't create hotspot.o: Read-only file system
[INFO] [stderr]   make[1]: *** [Makefile:203: hotspot.o] Error 1
[INFO] [stderr]   temperature_grid.c: In function 'populate_layers_grid':
[INFO] [stderr]   temperature_grid.c:609:44: warning: '%s' directive writing up to 511 bytes into a region of size 493 [-Wformat-overflow=]
[INFO] [stderr]     609 |           sprintf(str, "error opening file %s\n", model->config.grid_layer_file);
[INFO] [stderr]         |                                            ^~
[INFO] [stderr]   In file included from /usr/include/stdio.h:894,
[INFO] [stderr]                    from temperature_grid.c:1:
[INFO] [stderr]   /usr/include/x86_64-linux-gnu/bits/stdio2.h:38:10: note: '__builtin___sprintf_chk' output between 21 and 532 bytes into a destination of size 512
[INFO] [stderr]      38 |   return __builtin___sprintf_chk (__s, __USE_FORTIFY_LEVEL - 1,
[INFO] [stderr]         |          ^~~~~~~~~~~~~~~~~~~~~~~~~~~~~~~~~~~~~~~~~~~~~~~~~~~~~~
[INFO] [stderr]      39 |                                   __glibc_objsize (__s), __fmt,
[INFO] [stderr]         |                                   ~~~~~~~~~~~~~~~~~~~~~~~~~~~~~
[INFO] [stderr]      40 |                                   __va_arg_pack ());
[INFO] [stderr]         |                                   ~~~~~~~~~~~~~~~~~
[INFO] [stderr]   Assembler messages:
[INFO] [stderr]   Fatal error: can't create util.o: Read-only file system
[INFO] [stderr]   make[1]: *** [Makefile:203: util.o] Error 1
[INFO] [stderr]   Assembler messages:
[INFO] [stderr]   Fatal error: can't create temperature_block.o: Read-only file system
[INFO] [stderr]   flp.c: In function 'flp_wrap_rim':
[INFO] [stderr]   flp.c:728:59: warning: '%s' directive writing up to 511 bytes into a region of size 503 [-Wformat-overflow=]
[INFO] [stderr]     728 |                         sprintf(flp->units[n+j].name, "%s_%s",
[INFO] [stderr]         |                                                           ^~
[INFO] [stderr]   In file included from /usr/include/stdio.h:894,
[INFO] [stderr]                    from flp.c:1:
[INFO] [stderr]   /usr/include/x86_64-linux-gnu/bits/stdio2.h:38:10: note: '__builtin___sprintf_chk' output between 10 and 521 bytes into a destination of size 512
[INFO] [stderr]      38 |   return __builtin___sprintf_chk (__s, __USE_FORTIFY_LEVEL - 1,
[INFO] [stderr]         |          ^~~~~~~~~~~~~~~~~~~~~~~~~~~~~~~~~~~~~~~~~~~~~~~~~~~~~~
[INFO] [stderr]      39 |                                   __glibc_objsize (__s), __fmt,
[INFO] [stderr]         |                                   ~~~~~~~~~~~~~~~~~~~~~~~~~~~~~
[INFO] [stderr]      40 |                                   __va_arg_pack ());
[INFO] [stderr]         |                                   ~~~~~~~~~~~~~~~~~
[INFO] [stderr]   flp.c:742:59: warning: '%s' directive writing up to 511 bytes into a region of size 502 [-Wformat-overflow=]
[INFO] [stderr]     742 |                         sprintf(flp->units[n+j].name, "%s_%s",
[INFO] [stderr]         |                                                           ^~
[INFO] [stderr]   In file included from /usr/include/stdio.h:894,
[INFO] [stderr]                    from flp.c:1:
[INFO] [stderr]   /usr/include/x86_64-linux-gnu/bits/stdio2.h:38:10: note: '__builtin___sprintf_chk' output between 11 and 522 bytes into a destination of size 512
[INFO] [stderr]      38 |   return __builtin___sprintf_chk (__s, __USE_FORTIFY_LEVEL - 1,
[INFO] [stderr]         |          ^~~~~~~~~~~~~~~~~~~~~~~~~~~~~~~~~~~~~~~~~~~~~~~~~~~~~~
[INFO] [stderr]      39 |                                   __glibc_objsize (__s), __fmt,
[INFO] [stderr]         |                                   ~~~~~~~~~~~~~~~~~~~~~~~~~~~~~
[INFO] [stderr]      40 |                                   __va_arg_pack ());
[INFO] [stderr]         |                                   ~~~~~~~~~~~~~~~~~
[INFO] [stderr]   flp.c:758:59: warning: '%s' directive writing up to 511 bytes into a region of size 504 [-Wformat-overflow=]
[INFO] [stderr]     758 |                         sprintf(flp->units[n+j].name, "%s_%s",
[INFO] [stderr]         |                                                           ^~
[INFO] [stderr]   In file included from /usr/include/stdio.h:894,
[INFO] [stderr]                    from flp.c:1:
[INFO] [stderr]   /usr/include/x86_64-linux-gnu/bits/stdio2.h:38:10: note: '__builtin___sprintf_chk' output between 9 and 520 bytes into a destination of size 512
[INFO] [stderr]      38 |   return __builtin___sprintf_chk (__s, __USE_FORTIFY_LEVEL - 1,
[INFO] [stderr]         |          ^~~~~~~~~~~~~~~~~~~~~~~~~~~~~~~~~~~~~~~~~~~~~~~~~~~~~~
[INFO] [stderr]      39 |                                   __glibc_objsize (__s), __fmt,
[INFO] [stderr]         |                                   ~~~~~~~~~~~~~~~~~~~~~~~~~~~~~
[INFO] [stderr]      40 |                                   __va_arg_pack ());
[INFO] [stderr]         |                                   ~~~~~~~~~~~~~~~~~
[INFO] [stderr]   flp.c:772:59: warning: '%s' directive writing up to 511 bytes into a region of size 501 [-Wformat-overflow=]
[INFO] [stderr]     772 |                         sprintf(flp->units[n+j].name, "%s_%s",
[INFO] [stderr]         |                                                           ^~
[INFO] [stderr]   In file included from /usr/include/stdio.h:894,
[INFO] [stderr]                    from flp.c:1:
[INFO] [stderr]   /usr/include/x86_64-linux-gnu/bits/stdio2.h:38:10: note: '__builtin___sprintf_chk' output between 12 and 523 bytes into a destination of size 512
[INFO] [stderr]      38 |   return __builtin___sprintf_chk (__s, __USE_FORTIFY_LEVEL - 1,
[INFO] [stderr]         |          ^~~~~~~~~~~~~~~~~~~~~~~~~~~~~~~~~~~~~~~~~~~~~~~~~~~~~~
[INFO] [stderr]      39 |                                   __glibc_objsize (__s), __fmt,
[INFO] [stderr]         |                                   ~~~~~~~~~~~~~~~~~~~~~~~~~~~~~
[INFO] [stderr]      40 |                                   __va_arg_pack ());
[INFO] [stderr]         |                                   ~~~~~~~~~~~~~~~~~
[INFO] [stderr]   make[1]: *** [Makefile:203: temperature_block.o] Error 1
[INFO] [stderr]   Assembler messages:
[INFO] [stderr]   Fatal error: can't create temperature.o: Read-only file system
[INFO] [stderr]   make[1]: *** [Makefile:203: temperature.o] Error 1
[INFO] [stderr]   Assembler messages:
[INFO] [stderr]   Fatal error: can't create flp.o: Read-only file system
[INFO] [stderr]   make[1]: *** [Makefile:203: flp.o] Error 1
[INFO] [stderr]   Assembler messages:
[INFO] [stderr]   Fatal error: can't create temperature_grid.o: Read-only file system
[INFO] [stderr]   make[1]: *** [Makefile:203: temperature_grid.o] Error 1
[INFO] [stderr]   make: *** [Makefile:13: /opt/rustwide/target/debug/build/hotspot-77b61c31760f1c38/out/libhotspot.a] Error 2
[INFO] [stderr]   thread 'main' panicked at /opt/rustwide/cargo-home/registry/src/index.crates.io-6f17d22bba15001f/hotspot-0.6.0/build.rs:24:5:
[INFO] [stderr]   assertion failed: cmd!("make").current_dir(&build).stdout(process::Stdio::inherit()).stderr(process::Stdio::inherit()).status().unwrap().success()
[INFO] [stderr]   stack backtrace:
[INFO] [stderr]      0:     0x60707d2d9fba - std::backtrace_rs::backtrace::libunwind::trace::h207520d6e9873551
[INFO] [stderr]                                  at /rustc/df4ca44d3fbc9301ee17f30f4d474e6ae4b05252/library/std/src/../../backtrace/src/backtrace/libunwind.rs:116:5
[INFO] [stderr]      1:     0x60707d2d9fba - std::backtrace_rs::backtrace::trace_unsynchronized::h2ed7433f370e3eca
[INFO] [stderr]                                  at /rustc/df4ca44d3fbc9301ee17f30f4d474e6ae4b05252/library/std/src/../../backtrace/src/backtrace/mod.rs:66:5
[INFO] [stderr]      2:     0x60707d2d9fba - std::sys::backtrace::_print_fmt::h916fac51166b18d7
[INFO] [stderr]                                  at /rustc/df4ca44d3fbc9301ee17f30f4d474e6ae4b05252/library/std/src/sys/backtrace.rs:66:9
[INFO] [stderr]      3:     0x60707d2d9fba - <std::sys::backtrace::BacktraceLock::print::DisplayBacktrace as core::fmt::Display>::fmt::ha0a4c9b8ce3802e6
[INFO] [stderr]                                  at /rustc/df4ca44d3fbc9301ee17f30f4d474e6ae4b05252/library/std/src/sys/backtrace.rs:39:26
[INFO] [stderr]      4:     0x60707d2f98c3 - core::fmt::rt::Argument::fmt::h4cfc8587d52b3eb5
[INFO] [stderr]                                  at /rustc/df4ca44d3fbc9301ee17f30f4d474e6ae4b05252/library/core/src/fmt/rt.rs:177:76
[INFO] [stderr]      5:     0x60707d2f98c3 - core::fmt::write::h522cc39e5b36ae9f
[INFO] [stderr]                                  at /rustc/df4ca44d3fbc9301ee17f30f4d474e6ae4b05252/library/core/src/fmt/mod.rs:1190:21
[INFO] [stderr]      6:     0x60707d2d7633 - std::io::Write::write_fmt::hf1c1dcc8cc1287f0
[INFO] [stderr]                                  at /rustc/df4ca44d3fbc9301ee17f30f4d474e6ae4b05252/library/std/src/io/mod.rs:1839:15
[INFO] [stderr]      7:     0x60707d2d9e02 - std::sys::backtrace::BacktraceLock::print::h4b9e00b29e9c0942
[INFO] [stderr]                                  at /rustc/df4ca44d3fbc9301ee17f30f4d474e6ae4b05252/library/std/src/sys/backtrace.rs:42:9
[INFO] [stderr]      8:     0x60707d2dadcc - std::panicking::default_hook::{{closure}}::hb59b88280d0324d9
[INFO] [stderr]                                  at /rustc/df4ca44d3fbc9301ee17f30f4d474e6ae4b05252/library/std/src/panicking.rs:268:22
[INFO] [stderr]      9:     0x60707d2dac12 - std::panicking::default_hook::he1dd496665be4a29
[INFO] [stderr]                                  at /rustc/df4ca44d3fbc9301ee17f30f4d474e6ae4b05252/library/std/src/panicking.rs:295:9
[INFO] [stderr]     10:     0x60707d2db3c7 - std::panicking::rust_panic_with_hook::h2ff17fe8f26dfcf8
[INFO] [stderr]                                  at /rustc/df4ca44d3fbc9301ee17f30f4d474e6ae4b05252/library/std/src/panicking.rs:801:13
[INFO] [stderr]     11:     0x60707d2db226 - std::panicking::begin_panic_handler::{{closure}}::h4fad77951c07e101
[INFO] [stderr]                                  at /rustc/df4ca44d3fbc9301ee17f30f4d474e6ae4b05252/library/std/src/panicking.rs:667:13
[INFO] [stderr]     12:     0x60707d2da499 - std::sys::backtrace::__rust_end_short_backtrace::hb1a25b3da5d0ea08
[INFO] [stderr]                                  at /rustc/df4ca44d3fbc9301ee17f30f4d474e6ae4b05252/library/std/src/sys/backtrace.rs:170:18
[INFO] [stderr]     13:     0x60707d2daeec - rust_begin_unwind
[INFO] [stderr]                                  at /rustc/df4ca44d3fbc9301ee17f30f4d474e6ae4b05252/library/std/src/panicking.rs:665:5
[INFO] [stderr]     14:     0x60707d2f8b10 - core::panicking::panic_fmt::ha9db07b529f9b256
[INFO] [stderr]                                  at /rustc/df4ca44d3fbc9301ee17f30f4d474e6ae4b05252/library/core/src/panicking.rs:75:14
[INFO] [stderr]     15:     0x60707d2f8b9c - core::panicking::panic::h993086813d94accc
[INFO] [stderr]                                  at /rustc/df4ca44d3fbc9301ee17f30f4d474e6ae4b05252/library/core/src/panicking.rs:152:5
[INFO] [stderr]     16:     0x60707d2b57af - build_script_build::main::he2b13de2f9f84f09
[INFO] [stderr]     17:     0x60707d2b2983 - core::ops::function::FnOnce::call_once::hc7287e2511d06304
[INFO] [stderr]     18:     0x60707d2b2596 - std::sys::backtrace::__rust_begin_short_backtrace::hc0cb2be4abdd604e
[INFO] [stderr]     19:     0x60707d2b2419 - std::rt::lang_start::{{closure}}::hfd476babcd4f5a69
[INFO] [stderr]     20:     0x60707d2d4877 - core::ops::function::impls::<impl core::ops::function::FnOnce<A> for &F>::call_once::hd87d66b906e0ccaf
[INFO] [stderr]                                  at /rustc/df4ca44d3fbc9301ee17f30f4d474e6ae4b05252/library/core/src/ops/function.rs:284:13
[INFO] [stderr]     21:     0x60707d2d4877 - std::panicking::try::do_call::hae3703de71fc9e3a
[INFO] [stderr]                                  at /rustc/df4ca44d3fbc9301ee17f30f4d474e6ae4b05252/library/std/src/panicking.rs:557:40
[INFO] [stderr]     22:     0x60707d2d4877 - std::panicking::try::h1178330e9a2b2645
[INFO] [stderr]                                  at /rustc/df4ca44d3fbc9301ee17f30f4d474e6ae4b05252/library/std/src/panicking.rs:520:19
[INFO] [stderr]     23:     0x60707d2d4877 - std::panic::catch_unwind::h0acf49d2305d32ad
[INFO] [stderr]                                  at /rustc/df4ca44d3fbc9301ee17f30f4d474e6ae4b05252/library/std/src/panic.rs:358:14
[INFO] [stderr]     24:     0x60707d2d4877 - std::rt::lang_start_internal::{{closure}}::h2d95182d798177be
[INFO] [stderr]                                  at /rustc/df4ca44d3fbc9301ee17f30f4d474e6ae4b05252/library/std/src/rt.rs:174:48
[INFO] [stderr]     25:     0x60707d2d4877 - std::panicking::try::do_call::hb506f5bfe11fd30c
[INFO] [stderr]                                  at /rustc/df4ca44d3fbc9301ee17f30f4d474e6ae4b05252/library/std/src/panicking.rs:557:40
[INFO] [stderr]     26:     0x60707d2d4877 - std::panicking::try::h54d825c46bd0fa95
[INFO] [stderr]                                  at /rustc/df4ca44d3fbc9301ee17f30f4d474e6ae4b05252/library/std/src/panicking.rs:520:19
[INFO] [stderr]     27:     0x60707d2d4877 - std::panic::catch_unwind::hffbb0ad20c4e9fac
[INFO] [stderr]                                  at /rustc/df4ca44d3fbc9301ee17f30f4d474e6ae4b05252/library/std/src/panic.rs:358:14
[INFO] [stderr]     28:     0x60707d2d4877 - std::rt::lang_start_internal::h52c291ef1962c925
[INFO] [stderr]                                  at /rustc/df4ca44d3fbc9301ee17f30f4d474e6ae4b05252/library/std/src/rt.rs:174:20
[INFO] [stderr]     29:     0x60707d2b23f7 - std::rt::lang_start::hd755e5c83c5a0a3f
[INFO] [stderr]     30:     0x60707d2b5915 - main
[INFO] [stderr]     31:     0x7ef875153d90 - <unknown>
[INFO] [stderr]     32:     0x7ef875153e40 - __libc_start_main
[INFO] [stderr]     33:     0x60707d2b1695 - _start
[INFO] [stderr]     34:                0x0 - <unknown>
[INFO] running `Command { std: "docker" "inspect" "db17455a3b4dcd01f1d93addd4428584909702d2bdea9e1a2e1d71ee476929d0", kill_on_drop: false }`
[INFO] running `Command { std: "docker" "rm" "-f" "db17455a3b4dcd01f1d93addd4428584909702d2bdea9e1a2e1d71ee476929d0", kill_on_drop: false }`
[INFO] [stdout] db17455a3b4dcd01f1d93addd4428584909702d2bdea9e1a2e1d71ee476929d0
