[INFO] fetching crate temex 0.10.0...
[INFO] testing temex-0.10.0 against nightly-2024-10-28+rustflags=-Zrandomize-layout for randomize-layout
[INFO] extracting crate temex 0.10.0 into /workspace/builds/worker-2-tc2/source
[INFO] validating manifest of crates.io crate temex 0.10.0 on toolchain nightly-2024-10-28
[INFO] running `Command { std: CARGO_HOME="/workspace/cargo-home" RUSTUP_HOME="/workspace/rustup-home" "/workspace/cargo-home/bin/cargo" "+nightly-2024-10-28" "metadata" "--manifest-path" "Cargo.toml" "--no-deps", kill_on_drop: false }`
[INFO] started tweaking crates.io crate temex 0.10.0
[INFO] finished tweaking crates.io crate temex 0.10.0
[INFO] tweaked toml for crates.io crate temex 0.10.0 written to /workspace/builds/worker-2-tc2/source/Cargo.toml
[INFO] running `Command { std: CARGO_HOME="/workspace/cargo-home" RUSTUP_HOME="/workspace/rustup-home" "/workspace/cargo-home/bin/cargo" "+nightly-2024-10-28" "generate-lockfile" "--manifest-path" "Cargo.toml", kill_on_drop: false }`
[INFO] [stderr]     Updating crates.io index
[INFO] [stderr]      Locking 195 packages to latest compatible versions
[INFO] [stderr]       Adding itertools v0.11.0 (available: v0.13.0)
[INFO] [stderr]       Adding polars v0.30.0 (available: v0.44.2)
[INFO] running `Command { std: CARGO_HOME="/workspace/cargo-home" RUSTUP_HOME="/workspace/rustup-home" "/workspace/cargo-home/bin/cargo" "+nightly-2024-10-28" "fetch" "--manifest-path" "Cargo.toml", kill_on_drop: false }`
[INFO] running `Command { std: "docker" "create" "-v" "/var/lib/crater-agent-workspace/builds/worker-2-tc2/target:/opt/rustwide/target:rw,Z" "-v" "/var/lib/crater-agent-workspace/builds/worker-2-tc2/source:/opt/rustwide/workdir:ro,Z" "-v" "/var/lib/crater-agent-workspace/cargo-home:/opt/rustwide/cargo-home:ro,Z" "-v" "/var/lib/crater-agent-workspace/rustup-home:/opt/rustwide/rustup-home:ro,Z" "-e" "SOURCE_DIR=/opt/rustwide/workdir" "-e" "CARGO_TARGET_DIR=/opt/rustwide/target" "-e" "CARGO_HOME=/opt/rustwide/cargo-home" "-e" "RUSTUP_HOME=/opt/rustwide/rustup-home" "-w" "/opt/rustwide/workdir" "-m" "1610612736" "--user" "0:0" "--network" "none" "ghcr.io/rust-lang/crates-build-env/linux@sha256:4a844ea9eb2546a2d2c7022eacef16ef2e8229c7fbb2c7d4d55a9ceca922f72d" "/opt/rustwide/cargo-home/bin/cargo" "+nightly-2024-10-28" "metadata" "--no-deps" "--format-version=1", kill_on_drop: false }`
[INFO] [stdout] 68aebb0e9c9f4bcc87a7ce25e926454381cb39327ad4fd2cbf151aee439fe3e3
[INFO] running `Command { std: "docker" "start" "-a" "68aebb0e9c9f4bcc87a7ce25e926454381cb39327ad4fd2cbf151aee439fe3e3", kill_on_drop: false }`
[INFO] running `Command { std: "docker" "inspect" "68aebb0e9c9f4bcc87a7ce25e926454381cb39327ad4fd2cbf151aee439fe3e3", kill_on_drop: false }`
[INFO] running `Command { std: "docker" "rm" "-f" "68aebb0e9c9f4bcc87a7ce25e926454381cb39327ad4fd2cbf151aee439fe3e3", kill_on_drop: false }`
[INFO] [stdout] 68aebb0e9c9f4bcc87a7ce25e926454381cb39327ad4fd2cbf151aee439fe3e3
[INFO] running `Command { std: "docker" "create" "-v" "/var/lib/crater-agent-workspace/builds/worker-2-tc2/target:/opt/rustwide/target:rw,Z" "-v" "/var/lib/crater-agent-workspace/builds/worker-2-tc2/source:/opt/rustwide/workdir:ro,Z" "-v" "/var/lib/crater-agent-workspace/cargo-home:/opt/rustwide/cargo-home:ro,Z" "-v" "/var/lib/crater-agent-workspace/rustup-home:/opt/rustwide/rustup-home:ro,Z" "-e" "SOURCE_DIR=/opt/rustwide/workdir" "-e" "CARGO_TARGET_DIR=/opt/rustwide/target" "-e" "CARGO_INCREMENTAL=0" "-e" "RUST_BACKTRACE=full" "-e" "RUSTFLAGS=--cap-lints=forbid -Zrandomize-layout" "-e" "RUSTDOCFLAGS=--cap-lints=forbid" "-e" "CARGO_HOME=/opt/rustwide/cargo-home" "-e" "RUSTUP_HOME=/opt/rustwide/rustup-home" "-w" "/opt/rustwide/workdir" "-m" "1610612736" "--user" "0:0" "--network" "none" "ghcr.io/rust-lang/crates-build-env/linux@sha256:4a844ea9eb2546a2d2c7022eacef16ef2e8229c7fbb2c7d4d55a9ceca922f72d" "/opt/rustwide/cargo-home/bin/cargo" "+nightly-2024-10-28" "build" "--frozen" "--message-format=json", kill_on_drop: false }`
[INFO] [stdout] d32fa4090c5358f3cb11f1505fcd30e78a289425d88ee24b92620555ad9fbb7c
[INFO] running `Command { std: "docker" "start" "-a" "d32fa4090c5358f3cb11f1505fcd30e78a289425d88ee24b92620555ad9fbb7c", kill_on_drop: false }`
[INFO] [stderr]    Compiling libc v0.2.161
[INFO] [stderr]    Compiling proc-macro2 v1.0.89
[INFO] [stderr]    Compiling unicode-ident v1.0.13
[INFO] [stderr]    Compiling autocfg v1.4.0
[INFO] [stderr]    Compiling cfg-if v1.0.0
[INFO] [stderr]    Compiling shlex v1.3.0
[INFO] [stderr]    Compiling version_check v0.9.5
[INFO] [stderr]    Compiling static_assertions v1.1.0
[INFO] [stderr]    Compiling byteorder v1.5.0
[INFO] [stderr]    Compiling libm v0.2.11
[INFO] [stderr]    Compiling memchr v2.7.4
[INFO] [stderr]    Compiling crossbeam-utils v0.8.20
[INFO] [stderr]    Compiling syn v1.0.109
[INFO] [stderr]    Compiling pkg-config v0.3.31
[INFO] [stderr]    Compiling semver v1.0.23
[INFO] [stderr]    Compiling once_cell v1.20.2
[INFO] [stderr]    Compiling lexical-util v0.8.5
[INFO] [stderr]    Compiling futures-sink v0.3.31
[INFO] [stderr]    Compiling serde v1.0.214
[INFO] [stderr]    Compiling target-features v0.1.6
[INFO] [stderr]    Compiling futures-core v0.3.31
[INFO] [stderr]    Compiling pin-project-lite v0.2.15
[INFO] [stderr]    Compiling either v1.13.0
[INFO] [stderr]    Compiling futures-channel v0.3.31
[INFO] [stderr]    Compiling rayon-core v1.12.1
[INFO] [stderr]    Compiling futures-task v0.3.31
[INFO] [stderr]    Compiling ahash v0.8.11
[INFO] [stderr]    Compiling pin-utils v0.1.0
[INFO] [stderr]    Compiling futures-io v0.3.31
[INFO] [stderr]    Compiling zstd-safe v6.0.6
[INFO] [stderr]    Compiling iana-time-zone v0.1.61
[INFO] [stderr]    Compiling array-init-cursor v0.2.0
[INFO] [stderr]    Compiling regex-syntax v0.8.5
[INFO] [stderr]    Compiling num-traits v0.2.19
[INFO] [stderr]    Compiling slab v0.4.9
[INFO] [stderr]    Compiling lexical-write-integer v0.8.5
[INFO] [stderr]    Compiling lexical-parse-integer v0.8.6
[INFO] [stderr]    Compiling aho-corasick v1.1.3
[INFO] [stderr]    Compiling planus v0.3.1
[INFO] [stderr]    Compiling crossbeam-epoch v0.9.18
[INFO] [stderr]    Compiling lexical-write-float v0.8.5
[INFO] [stderr]    Compiling lexical-parse-float v0.8.5
[INFO] [stderr]    Compiling rustc_version v0.4.1
[INFO] [stderr]    Compiling quote v1.0.37
[INFO] [stderr]    Compiling crossbeam-deque v0.8.5
[INFO] [stderr]    Compiling lock_api v0.4.12
[INFO] [stderr]    Compiling thiserror v1.0.66
[INFO] [stderr]    Compiling log v0.4.22
[INFO] [stderr]    Compiling signal-hook v0.3.17
[INFO] [stderr]    Compiling parking_lot_core v0.9.10
[INFO] [stderr]    Compiling syn v2.0.86
[INFO] [stderr]    Compiling jobserver v0.1.32
[INFO] [stderr]    Compiling getrandom v0.2.15
[INFO] [stderr]    Compiling arrow2 v0.17.4
[INFO] [stderr]    Compiling signal-hook-registry v1.4.2
[INFO] [stderr]    Compiling smartstring v1.0.1
[INFO] [stderr]    Compiling lexical-core v0.8.5
[INFO] [stderr]    Compiling ethnum v1.5.0
[INFO] [stderr]    Compiling cc v1.1.31
[INFO] [stderr]    Compiling strength_reduce v0.2.4
[INFO] [stderr]    Compiling scopeguard v1.2.0
[INFO] [stderr]    Compiling regex-syntax v0.6.29
[INFO] [stderr]    Compiling hash_hasher v2.0.3
[INFO] [stderr]    Compiling rustversion v1.0.18
[INFO] [stderr]    Compiling dyn-clone v1.0.17
[INFO] [stderr]    Compiling simdutf8 v0.1.5
[INFO] [stderr]    Compiling foreign_vec v0.1.0
[INFO] [stderr]    Compiling smallvec v1.13.2
[INFO] [stderr]    Compiling rayon v1.10.0
[INFO] [stderr]    Compiling rand_core v0.6.4
[INFO] [stderr]    Compiling chrono v0.4.38
[INFO] [stderr]    Compiling mio v0.8.11
[INFO] [stderr]    Compiling sysinfo v0.29.11
[INFO] [stderr]    Compiling parking_lot v0.12.3
[INFO] [stderr]    Compiling indexmap v1.9.3
[INFO] [stderr]    Compiling heck v0.4.1
[INFO] [stderr]    Compiling signal-hook-mio v0.2.4
[INFO] [stderr]    Compiling bitflags v1.3.2
[INFO] [stderr]    Compiling hashbrown v0.12.3
[INFO] [stderr]    Compiling crossterm v0.26.1
[INFO] [stderr]    Compiling strum v0.24.1
[INFO] [stderr]    Compiling unicode-width v0.1.14
[INFO] [stderr]    Compiling xxhash-rust v0.8.12
[INFO] [stderr]    Compiling argminmax v0.6.2
[INFO] [stderr]    Compiling regex-automata v0.4.8
[INFO] [stderr]    Compiling atoi v2.0.0
[INFO] [stderr]    Compiling socket2 v0.5.7
[INFO] [stderr]    Compiling mio v1.0.2
[INFO] [stderr]    Compiling lexical v6.1.1
[INFO] [stderr]    Compiling memmap2 v0.5.10
[INFO] [stderr]    Compiling now v0.1.3
[INFO] [stderr]    Compiling tokio v1.41.0
[INFO] [stderr]    Compiling zstd-sys v2.0.13+zstd.1.5.6
[INFO] [stderr]    Compiling lz4-sys v1.11.1+lz4-1.10.0
[INFO] [stderr]    Compiling bytes v1.8.0
[INFO] [stderr]    Compiling fast-float v0.2.0
[INFO] [stderr]    Compiling home v0.5.9
[INFO] [stderr]    Compiling serde_json v1.0.132
[INFO] [stderr]    Compiling glob v0.3.1
[INFO] [stderr]    Compiling itoa v1.0.11
[INFO] [stderr]    Compiling ryu v1.0.18
[INFO] [stderr]    Compiling sqlparser v0.34.0
[INFO] [stderr]    Compiling polars v0.30.0
[INFO] [stderr]    Compiling itertools v0.11.0
[INFO] [stderr]    Compiling zerocopy-derive v0.7.35
[INFO] [stderr]    Compiling serde_derive v1.0.214
[INFO] [stderr]    Compiling futures-macro v0.3.31
[INFO] [stderr]    Compiling bytemuck_derive v1.8.0
[INFO] [stderr]    Compiling thiserror-impl v1.0.66
[INFO] [stderr]    Compiling async-trait v0.1.83
[INFO] [stderr]    Compiling enum_dispatch v0.3.13
[INFO] [stderr]    Compiling regex v1.11.1
[INFO] [stderr]    Compiling multiversion-macros v0.7.4
[INFO] [stderr]    Compiling strum_macros v0.24.3
[INFO] [stderr]    Compiling futures-util v0.3.31
[INFO] [stderr]    Compiling zerocopy v0.7.35
[INFO] [stderr]    Compiling bytemuck v1.19.0
[INFO] [stderr]    Compiling ppv-lite86 v0.2.20
[INFO] [stderr]    Compiling multiversion v0.7.4
[INFO] [stderr]    Compiling hashbrown v0.13.2
[INFO] [stderr]    Compiling comfy-table v6.2.0
[INFO] [stderr]    Compiling rand_chacha v0.3.1
[INFO] [stderr]    Compiling rand v0.8.5
[INFO] [stderr]    Compiling polars-utils v0.30.0
[INFO] [stderr]    Compiling rand_distr v0.4.3
[INFO] [stderr]    Compiling zstd v0.12.4
[INFO] [stderr]    Compiling futures-executor v0.3.31
[INFO] [stderr]    Compiling futures v0.3.31
[INFO] [stderr]    Compiling arrow-format v0.8.1
[INFO] [stderr]    Compiling lz4 v1.28.0
[INFO] [stderr]    Compiling polars-error v0.30.0
[INFO] [stderr]    Compiling polars-arrow v0.30.0
[INFO] [stderr]    Compiling polars-row v0.30.0
[INFO] [stdout] error[E0034]: multiple applicable items in scope
[INFO] [stdout]   --> /opt/rustwide/cargo-home/registry/src/index.crates.io-6f17d22bba15001f/polars-arrow-0.30.0/src/array/get.rs:33:17
[INFO] [stdout]    |
[INFO] [stdout] 33 |         if self.is_null_unchecked(item) {
[INFO] [stdout]    |                 ^^^^^^^^^^^^^^^^^ multiple `is_null_unchecked` found
[INFO] [stdout]    |
[INFO] [stdout] note: candidate #1 is defined in an impl of the trait `IsValid` for the type `A`
[INFO] [stdout]   --> /opt/rustwide/cargo-home/registry/src/index.crates.io-6f17d22bba15001f/polars-arrow-0.30.0/src/is_valid.rs:34:5
[INFO] [stdout]    |
[INFO] [stdout] 34 |     unsafe fn is_null_unchecked(&self, i: usize) -> bool {
[INFO] [stdout]    |     ^^^^^^^^^^^^^^^^^^^^^^^^^^^^^^^^^^^^^^^^^^^^^^^^^^^^
[INFO] [stdout]    = note: candidate #2 is defined in an impl of the trait `arrow2::array::Array` for the type `arrow2::array::PrimitiveArray<T>`
[INFO] [stdout] help: disambiguate the method for candidate #1
[INFO] [stdout]    |
[INFO] [stdout] 33 |         if IsValid::is_null_unchecked(&self, item) {
[INFO] [stdout]    |            ~~~~~~~~~~~~~~~~~~~~~~~~~~~~~~~~~~~~~~~
[INFO] [stdout] help: disambiguate the method for candidate #2
[INFO] [stdout]    |
[INFO] [stdout] 33 |         if arrow2::array::Array::is_null_unchecked(&self, item) {
[INFO] [stdout]    |            ~~~~~~~~~~~~~~~~~~~~~~~~~~~~~~~~~~~~~~~~~~~~~~~~~~~~
[INFO] [stdout] 
[INFO] [stdout] 
[INFO] [stdout] error[E0034]: multiple applicable items in scope
[INFO] [stdout]   --> /opt/rustwide/cargo-home/registry/src/index.crates.io-6f17d22bba15001f/polars-arrow-0.30.0/src/array/get.rs:56:17
[INFO] [stdout]    |
[INFO] [stdout] 56 |         if self.is_null_unchecked(item) {
[INFO] [stdout]    |                 ^^^^^^^^^^^^^^^^^ multiple `is_null_unchecked` found
[INFO] [stdout]    |
[INFO] [stdout] note: candidate #1 is defined in an impl of the trait `IsValid` for the type `A`
[INFO] [stdout]   --> /opt/rustwide/cargo-home/registry/src/index.crates.io-6f17d22bba15001f/polars-arrow-0.30.0/src/is_valid.rs:34:5
[INFO] [stdout]    |
[INFO] [stdout] 34 |     unsafe fn is_null_unchecked(&self, i: usize) -> bool {
[INFO] [stdout]    |     ^^^^^^^^^^^^^^^^^^^^^^^^^^^^^^^^^^^^^^^^^^^^^^^^^^^^
[INFO] [stdout]    = note: candidate #2 is defined in an impl of the trait `arrow2::array::Array` for the type `arrow2::array::BooleanArray`
[INFO] [stdout] help: disambiguate the method for candidate #1
[INFO] [stdout]    |
[INFO] [stdout] 56 |         if IsValid::is_null_unchecked(&self, item) {
[INFO] [stdout]    |            ~~~~~~~~~~~~~~~~~~~~~~~~~~~~~~~~~~~~~~~
[INFO] [stdout] help: disambiguate the method for candidate #2
[INFO] [stdout]    |
[INFO] [stdout] 56 |         if arrow2::array::Array::is_null_unchecked(&self, item) {
[INFO] [stdout]    |            ~~~~~~~~~~~~~~~~~~~~~~~~~~~~~~~~~~~~~~~~~~~~~~~~~~~~
[INFO] [stdout] 
[INFO] [stdout] 
[INFO] [stdout] error[E0034]: multiple applicable items in scope
[INFO] [stdout]   --> /opt/rustwide/cargo-home/registry/src/index.crates.io-6f17d22bba15001f/polars-arrow-0.30.0/src/array/get.rs:79:17
[INFO] [stdout]    |
[INFO] [stdout] 79 |         if self.is_null_unchecked(item) {
[INFO] [stdout]    |                 ^^^^^^^^^^^^^^^^^ multiple `is_null_unchecked` found
[INFO] [stdout]    |
[INFO] [stdout] note: candidate #1 is defined in an impl of the trait `IsValid` for the type `A`
[INFO] [stdout]   --> /opt/rustwide/cargo-home/registry/src/index.crates.io-6f17d22bba15001f/polars-arrow-0.30.0/src/is_valid.rs:34:5
[INFO] [stdout]    |
[INFO] [stdout] 34 |     unsafe fn is_null_unchecked(&self, i: usize) -> bool {
[INFO] [stdout]    |     ^^^^^^^^^^^^^^^^^^^^^^^^^^^^^^^^^^^^^^^^^^^^^^^^^^^^
[INFO] [stdout]    = note: candidate #2 is defined in an impl of the trait `arrow2::array::Array` for the type `arrow2::array::Utf8Array<O>`
[INFO] [stdout] help: disambiguate the method for candidate #1
[INFO] [stdout]    |
[INFO] [stdout] 79 |         if IsValid::is_null_unchecked(&self, item) {
[INFO] [stdout]    |            ~~~~~~~~~~~~~~~~~~~~~~~~~~~~~~~~~~~~~~~
[INFO] [stdout] help: disambiguate the method for candidate #2
[INFO] [stdout]    |
[INFO] [stdout] 79 |         if arrow2::array::Array::is_null_unchecked(&self, item) {
[INFO] [stdout]    |            ~~~~~~~~~~~~~~~~~~~~~~~~~~~~~~~~~~~~~~~~~~~~~~~~~~~~
[INFO] [stdout] 
[INFO] [stdout] 
[INFO] [stdout] error[E0034]: multiple applicable items in scope
[INFO] [stdout]    --> /opt/rustwide/cargo-home/registry/src/index.crates.io-6f17d22bba15001f/polars-arrow-0.30.0/src/array/get.rs:102:17
[INFO] [stdout]     |
[INFO] [stdout] 102 |         if self.is_null_unchecked(item) {
[INFO] [stdout]     |                 ^^^^^^^^^^^^^^^^^ multiple `is_null_unchecked` found
[INFO] [stdout]     |
[INFO] [stdout] note: candidate #1 is defined in an impl of the trait `IsValid` for the type `A`
[INFO] [stdout]    --> /opt/rustwide/cargo-home/registry/src/index.crates.io-6f17d22bba15001f/polars-arrow-0.30.0/src/is_valid.rs:34:5
[INFO] [stdout]     |
[INFO] [stdout] 34  |     unsafe fn is_null_unchecked(&self, i: usize) -> bool {
[INFO] [stdout]     |     ^^^^^^^^^^^^^^^^^^^^^^^^^^^^^^^^^^^^^^^^^^^^^^^^^^^^
[INFO] [stdout]     = note: candidate #2 is defined in an impl of the trait `arrow2::array::Array` for the type `arrow2::array::BinaryArray<O>`
[INFO] [stdout] help: disambiguate the method for candidate #1
[INFO] [stdout]     |
[INFO] [stdout] 102 |         if IsValid::is_null_unchecked(&self, item) {
[INFO] [stdout]     |            ~~~~~~~~~~~~~~~~~~~~~~~~~~~~~~~~~~~~~~~
[INFO] [stdout] help: disambiguate the method for candidate #2
[INFO] [stdout]     |
[INFO] [stdout] 102 |         if arrow2::array::Array::is_null_unchecked(&self, item) {
[INFO] [stdout]     |            ~~~~~~~~~~~~~~~~~~~~~~~~~~~~~~~~~~~~~~~~~~~~~~~~~~~~
[INFO] [stdout] 
[INFO] [stdout] 
[INFO] [stdout] error[E0034]: multiple applicable items in scope
[INFO] [stdout]    --> /opt/rustwide/cargo-home/registry/src/index.crates.io-6f17d22bba15001f/polars-arrow-0.30.0/src/array/get.rs:126:17
[INFO] [stdout]     |
[INFO] [stdout] 126 |         if self.is_null_unchecked(item) {
[INFO] [stdout]     |                 ^^^^^^^^^^^^^^^^^ multiple `is_null_unchecked` found
[INFO] [stdout]     |
[INFO] [stdout] note: candidate #1 is defined in an impl of the trait `IsValid` for the type `A`
[INFO] [stdout]    --> /opt/rustwide/cargo-home/registry/src/index.crates.io-6f17d22bba15001f/polars-arrow-0.30.0/src/is_valid.rs:34:5
[INFO] [stdout]     |
[INFO] [stdout] 34  |     unsafe fn is_null_unchecked(&self, i: usize) -> bool {
[INFO] [stdout]     |     ^^^^^^^^^^^^^^^^^^^^^^^^^^^^^^^^^^^^^^^^^^^^^^^^^^^^
[INFO] [stdout]     = note: candidate #2 is defined in an impl of the trait `arrow2::array::Array` for the type `arrow2::array::ListArray<O>`
[INFO] [stdout] help: disambiguate the method for candidate #1
[INFO] [stdout]     |
[INFO] [stdout] 126 |         if IsValid::is_null_unchecked(&self, item) {
[INFO] [stdout]     |            ~~~~~~~~~~~~~~~~~~~~~~~~~~~~~~~~~~~~~~~
[INFO] [stdout] help: disambiguate the method for candidate #2
[INFO] [stdout]     |
[INFO] [stdout] 126 |         if arrow2::array::Array::is_null_unchecked(&self, item) {
[INFO] [stdout]     |            ~~~~~~~~~~~~~~~~~~~~~~~~~~~~~~~~~~~~~~~~~~~~~~~~~~~~
[INFO] [stdout] 
[INFO] [stdout] 
[INFO] [stdout] error[E0034]: multiple applicable items in scope
[INFO] [stdout]    --> /opt/rustwide/cargo-home/registry/src/index.crates.io-6f17d22bba15001f/polars-arrow-0.30.0/src/array/get.rs:150:17
[INFO] [stdout]     |
[INFO] [stdout] 150 |         if self.is_null_unchecked(item) {
[INFO] [stdout]     |                 ^^^^^^^^^^^^^^^^^ multiple `is_null_unchecked` found
[INFO] [stdout]     |
[INFO] [stdout] note: candidate #1 is defined in an impl of the trait `IsValid` for the type `A`
[INFO] [stdout]    --> /opt/rustwide/cargo-home/registry/src/index.crates.io-6f17d22bba15001f/polars-arrow-0.30.0/src/is_valid.rs:34:5
[INFO] [stdout]     |
[INFO] [stdout] 34  |     unsafe fn is_null_unchecked(&self, i: usize) -> bool {
[INFO] [stdout]     |     ^^^^^^^^^^^^^^^^^^^^^^^^^^^^^^^^^^^^^^^^^^^^^^^^^^^^
[INFO] [stdout]     = note: candidate #2 is defined in an impl of the trait `arrow2::array::Array` for the type `FixedSizeListArray`
[INFO] [stdout] help: disambiguate the method for candidate #1
[INFO] [stdout]     |
[INFO] [stdout] 150 |         if IsValid::is_null_unchecked(&self, item) {
[INFO] [stdout]     |            ~~~~~~~~~~~~~~~~~~~~~~~~~~~~~~~~~~~~~~~
[INFO] [stdout] help: disambiguate the method for candidate #2
[INFO] [stdout]     |
[INFO] [stdout] 150 |         if arrow2::array::Array::is_null_unchecked(&self, item) {
[INFO] [stdout]     |            ~~~~~~~~~~~~~~~~~~~~~~~~~~~~~~~~~~~~~~~~~~~~~~~~~~~~
[INFO] [stdout] 
[INFO] [stdout] 
[INFO] [stdout] For more information about this error, try `rustc --explain E0034`.
[INFO] [stdout] 
[INFO] [stderr] error: could not compile `polars-arrow` (lib) due to 6 previous errors
[INFO] [stderr] warning: build failed, waiting for other jobs to finish...
[INFO] running `Command { std: "docker" "inspect" "d32fa4090c5358f3cb11f1505fcd30e78a289425d88ee24b92620555ad9fbb7c", kill_on_drop: false }`
[INFO] running `Command { std: "docker" "rm" "-f" "d32fa4090c5358f3cb11f1505fcd30e78a289425d88ee24b92620555ad9fbb7c", kill_on_drop: false }`
[INFO] [stdout] d32fa4090c5358f3cb11f1505fcd30e78a289425d88ee24b92620555ad9fbb7c
