[INFO] fetching crate telocs 0.2.1...
[INFO] testing telocs-0.2.1 against nightly-2024-10-28 for randomize-layout
[INFO] extracting crate telocs 0.2.1 into /workspace/builds/worker-6-tc1/source
[INFO] validating manifest of crates.io crate telocs 0.2.1 on toolchain nightly-2024-10-28
[INFO] running `Command { std: CARGO_HOME="/workspace/cargo-home" RUSTUP_HOME="/workspace/rustup-home" "/workspace/cargo-home/bin/cargo" "+nightly-2024-10-28" "metadata" "--manifest-path" "Cargo.toml" "--no-deps", kill_on_drop: false }`
[INFO] started tweaking crates.io crate telocs 0.2.1
[INFO] finished tweaking crates.io crate telocs 0.2.1
[INFO] tweaked toml for crates.io crate telocs 0.2.1 written to /workspace/builds/worker-6-tc1/source/Cargo.toml
[INFO] running `Command { std: CARGO_HOME="/workspace/cargo-home" RUSTUP_HOME="/workspace/rustup-home" "/workspace/cargo-home/bin/cargo" "+nightly-2024-10-28" "generate-lockfile" "--manifest-path" "Cargo.toml", kill_on_drop: false }`
[INFO] [stderr]     Updating crates.io index
[INFO] [stderr]      Locking 193 packages to latest compatible versions
[INFO] [stderr]       Adding actix-http v2.2.2 (available: v3.9.0)
[INFO] [stderr]       Adding actix-router v0.2.7 (available: v0.5.3)
[INFO] [stderr]       Adding actix-web v3.3.3 (available: v4.9.0)
[INFO] [stderr]       Adding uuid v0.8.2 (available: v1.11.0)
[INFO] running `Command { std: CARGO_HOME="/workspace/cargo-home" RUSTUP_HOME="/workspace/rustup-home" "/workspace/cargo-home/bin/cargo" "+nightly-2024-10-28" "fetch" "--manifest-path" "Cargo.toml", kill_on_drop: false }`
[INFO] [stderr]  Downloading crates ...
[INFO] [stderr]   Downloaded actix-utils v2.0.0
[INFO] [stderr]   Downloaded awc v2.0.3
[INFO] [stderr]   Downloaded actix-macros v0.1.3
[INFO] [stderr]   Downloaded actix-connect v2.0.0
[INFO] [stderr]   Downloaded actix-codec v0.3.0
[INFO] [stderr]   Downloaded actix-tls v2.0.0
[INFO] [stderr]   Downloaded actix-web-codegen v0.4.0
[INFO] [stderr]   Downloaded actix-web v3.3.3
[INFO] [stderr]   Downloaded actix-router v0.2.7
[INFO] [stderr]   Downloaded actix-server v1.0.4
[INFO] [stderr]   Downloaded trust-dns-resolver v0.19.7
[INFO] [stderr]   Downloaded actix-http v2.2.2
[INFO] [stderr]   Downloaded trust-dns-proto v0.19.7
[INFO] [stderr]   Downloaded teloc_macross v0.2.0
[INFO] running `Command { std: "docker" "create" "-v" "/var/lib/crater-agent-workspace/builds/worker-6-tc1/target:/opt/rustwide/target:rw,Z" "-v" "/var/lib/crater-agent-workspace/builds/worker-6-tc1/source:/opt/rustwide/workdir:ro,Z" "-v" "/var/lib/crater-agent-workspace/cargo-home:/opt/rustwide/cargo-home:ro,Z" "-v" "/var/lib/crater-agent-workspace/rustup-home:/opt/rustwide/rustup-home:ro,Z" "-e" "SOURCE_DIR=/opt/rustwide/workdir" "-e" "CARGO_TARGET_DIR=/opt/rustwide/target" "-e" "CARGO_HOME=/opt/rustwide/cargo-home" "-e" "RUSTUP_HOME=/opt/rustwide/rustup-home" "-w" "/opt/rustwide/workdir" "-m" "1610612736" "--user" "0:0" "--network" "none" "ghcr.io/rust-lang/crates-build-env/linux@sha256:4a844ea9eb2546a2d2c7022eacef16ef2e8229c7fbb2c7d4d55a9ceca922f72d" "/opt/rustwide/cargo-home/bin/cargo" "+nightly-2024-10-28" "metadata" "--no-deps" "--format-version=1", kill_on_drop: false }`
[INFO] [stdout] 904225e07a1a705ad61dde399e96f9544bab9b4bcac5e2b85ea7793e33d8bb3d
[INFO] running `Command { std: "docker" "start" "-a" "904225e07a1a705ad61dde399e96f9544bab9b4bcac5e2b85ea7793e33d8bb3d", kill_on_drop: false }`
[INFO] running `Command { std: "docker" "inspect" "904225e07a1a705ad61dde399e96f9544bab9b4bcac5e2b85ea7793e33d8bb3d", kill_on_drop: false }`
[INFO] running `Command { std: "docker" "rm" "-f" "904225e07a1a705ad61dde399e96f9544bab9b4bcac5e2b85ea7793e33d8bb3d", kill_on_drop: false }`
[INFO] [stdout] 904225e07a1a705ad61dde399e96f9544bab9b4bcac5e2b85ea7793e33d8bb3d
[INFO] running `Command { std: "docker" "create" "-v" "/var/lib/crater-agent-workspace/builds/worker-6-tc1/target:/opt/rustwide/target:rw,Z" "-v" "/var/lib/crater-agent-workspace/builds/worker-6-tc1/source:/opt/rustwide/workdir:ro,Z" "-v" "/var/lib/crater-agent-workspace/cargo-home:/opt/rustwide/cargo-home:ro,Z" "-v" "/var/lib/crater-agent-workspace/rustup-home:/opt/rustwide/rustup-home:ro,Z" "-e" "SOURCE_DIR=/opt/rustwide/workdir" "-e" "CARGO_TARGET_DIR=/opt/rustwide/target" "-e" "CARGO_INCREMENTAL=0" "-e" "RUST_BACKTRACE=full" "-e" "RUSTFLAGS=--cap-lints=forbid" "-e" "RUSTDOCFLAGS=--cap-lints=forbid" "-e" "CARGO_HOME=/opt/rustwide/cargo-home" "-e" "RUSTUP_HOME=/opt/rustwide/rustup-home" "-w" "/opt/rustwide/workdir" "-m" "1610612736" "--user" "0:0" "--network" "none" "ghcr.io/rust-lang/crates-build-env/linux@sha256:4a844ea9eb2546a2d2c7022eacef16ef2e8229c7fbb2c7d4d55a9ceca922f72d" "/opt/rustwide/cargo-home/bin/cargo" "+nightly-2024-10-28" "build" "--frozen" "--message-format=json", kill_on_drop: false }`
[INFO] [stdout] 5c1a0e4b53a507b9af852b1e2eacbfe221dfda11d7f01289ddeedbfa85294d4b
[INFO] running `Command { std: "docker" "start" "-a" "5c1a0e4b53a507b9af852b1e2eacbfe221dfda11d7f01289ddeedbfa85294d4b", kill_on_drop: false }`
[INFO] [stderr]    Compiling frunk_core v0.4.3
[INFO] [stderr]    Compiling either v1.13.0
[INFO] [stderr]    Compiling syn v2.0.86
[INFO] [stderr]    Compiling itertools v0.9.0
[INFO] [stderr]    Compiling teloc_macross v0.2.0
[INFO] [stderr]    Compiling frunk_proc_macro_helpers v0.1.3
[INFO] [stderr]    Compiling frunk_derives v0.4.3
[INFO] [stderr]    Compiling frunk_proc_macros v0.1.3
[INFO] [stderr]    Compiling frunk v0.4.3
[INFO] [stderr]    Compiling telocs v0.2.1 (/opt/rustwide/workdir)
[INFO] [stderr]     Finished `dev` profile [unoptimized + debuginfo] target(s) in 1.95s
[INFO] running `Command { std: "docker" "inspect" "5c1a0e4b53a507b9af852b1e2eacbfe221dfda11d7f01289ddeedbfa85294d4b", kill_on_drop: false }`
[INFO] running `Command { std: "docker" "rm" "-f" "5c1a0e4b53a507b9af852b1e2eacbfe221dfda11d7f01289ddeedbfa85294d4b", kill_on_drop: false }`
[INFO] [stdout] 5c1a0e4b53a507b9af852b1e2eacbfe221dfda11d7f01289ddeedbfa85294d4b
[INFO] running `Command { std: "docker" "create" "-v" "/var/lib/crater-agent-workspace/builds/worker-6-tc1/target:/opt/rustwide/target:rw,Z" "-v" "/var/lib/crater-agent-workspace/builds/worker-6-tc1/source:/opt/rustwide/workdir:ro,Z" "-v" "/var/lib/crater-agent-workspace/cargo-home:/opt/rustwide/cargo-home:ro,Z" "-v" "/var/lib/crater-agent-workspace/rustup-home:/opt/rustwide/rustup-home:ro,Z" "-e" "SOURCE_DIR=/opt/rustwide/workdir" "-e" "CARGO_TARGET_DIR=/opt/rustwide/target" "-e" "CARGO_INCREMENTAL=0" "-e" "RUST_BACKTRACE=full" "-e" "RUSTFLAGS=--cap-lints=forbid" "-e" "RUSTDOCFLAGS=--cap-lints=forbid" "-e" "CARGO_HOME=/opt/rustwide/cargo-home" "-e" "RUSTUP_HOME=/opt/rustwide/rustup-home" "-w" "/opt/rustwide/workdir" "-m" "1610612736" "--user" "0:0" "--network" "none" "ghcr.io/rust-lang/crates-build-env/linux@sha256:4a844ea9eb2546a2d2c7022eacef16ef2e8229c7fbb2c7d4d55a9ceca922f72d" "/opt/rustwide/cargo-home/bin/cargo" "+nightly-2024-10-28" "test" "--frozen" "--no-run" "--message-format=json", kill_on_drop: false }`
[INFO] [stdout] 662f10b6e47f27aedcb60825768c29d536c4e1a34aabc172d2a952d904e3d652
[INFO] running `Command { std: "docker" "start" "-a" "662f10b6e47f27aedcb60825768c29d536c4e1a34aabc172d2a952d904e3d652", kill_on_drop: false }`
[INFO] [stderr]    Compiling libc v0.2.161
[INFO] [stderr]    Compiling getrandom v0.2.15
[INFO] [stderr]    Compiling uuid v0.8.2
[INFO] [stderr]    Compiling telocs v0.2.1 (/opt/rustwide/workdir)
[INFO] [stdout] error[E0432]: unresolved import `teloc`
[INFO] [stdout]  --> tests/inject_with_generics.rs:1:5
[INFO] [stdout]   |
[INFO] [stdout] 1 | use teloc::inject;
[INFO] [stdout]   |     ^^^^^ use of undeclared crate or module `teloc`
[INFO] [stdout]   |
[INFO] [stdout] help: there is a crate or module with a similar name
[INFO] [stdout]   |
[INFO] [stdout] 1 | use telocs::inject;
[INFO] [stdout]   |     ~~~~~~
[INFO] [stdout] 
[INFO] [stdout] 
[INFO] [stdout] error[E0432]: unresolved import `teloc`
[INFO] [stdout]  --> tests/inject_init.rs:1:5
[INFO] [stdout]   |
[INFO] [stdout] 1 | use teloc::{inject, Resolver, ServiceProvider};
[INFO] [stdout]   |     ^^^^^ use of undeclared crate or module `teloc`
[INFO] [stdout]   |
[INFO] [stdout] help: there is a crate or module with a similar name
[INFO] [stdout]   |
[INFO] [stdout] 1 | use telocs::{inject, Resolver, ServiceProvider};
[INFO] [stdout]   |     ~~~~~~
[INFO] [stdout] 
[INFO] [stdout] 
[INFO] [stdout] error[E0432]: unresolved import `teloc`
[INFO] [stdout]  --> tests/free_func_inject.rs:1:5
[INFO] [stdout]   |
[INFO] [stdout] 1 | use teloc::{inject, Dependency, Resolver, ServiceProvider};
[INFO] [stdout]   |     ^^^^^ use of undeclared crate or module `teloc`
[INFO] [stdout]   |
[INFO] [stdout] help: there is a crate or module with a similar name
[INFO] [stdout]   |
[INFO] [stdout] 1 | use telocs::{inject, Dependency, Resolver, ServiceProvider};
[INFO] [stdout]   |     ~~~~~~
[INFO] [stdout] 
[INFO] [stdout] 
[INFO] [stdout] error[E0433]: failed to resolve: use of undeclared crate or module `teloc`
[INFO] [stdout]  --> tests/fully_qualified_type.rs:1:5
[INFO] [stdout]   |
[INFO] [stdout] 1 | use teloc::reexport::frunk::{HCons, HNil};
[INFO] [stdout]   |     ^^^^^ use of undeclared crate or module `teloc`
[INFO] [stdout]   |
[INFO] [stdout] help: there is a crate or module with a similar name
[INFO] [stdout]   |
[INFO] [stdout] 1 | use telocs::reexport::frunk::{HCons, HNil};
[INFO] [stdout]   |     ~~~~~~
[INFO] [stdout] 
[INFO] [stdout] 
[INFO] [stdout] error[E0432]: unresolved import `teloc`
[INFO] [stdout]  --> tests/derive_unit_struct.rs:1:5
[INFO] [stdout]   |
[INFO] [stdout] 1 | use teloc::Dependency;
[INFO] [stdout]   |     ^^^^^ use of undeclared crate or module `teloc`
[INFO] [stdout]   |
[INFO] [stdout] help: there is a crate or module with a similar name
[INFO] [stdout]   |
[INFO] [stdout] 1 | use telocs::Dependency;
[INFO] [stdout]   |     ~~~~~~
[INFO] [stdout] 
[INFO] [stdout] 
[INFO] [stdout] error[E0432]: unresolved import `teloc`
[INFO] [stdout]  --> tests/add_instance.rs:2:5
[INFO] [stdout]   |
[INFO] [stdout] 2 | use teloc::{Resolver, ServiceProvider};
[INFO] [stdout]   |     ^^^^^ use of undeclared crate or module `teloc`
[INFO] [stdout]   |
[INFO] [stdout] help: there is a crate or module with a similar name
[INFO] [stdout]   |
[INFO] [stdout] 2 | use telocs::{Resolver, ServiceProvider};
[INFO] [stdout]   |     ~~~~~~
[INFO] [stdout] 
[INFO] [stdout] 
[INFO] [stdout] error[E0432]: unresolved import `teloc`
[INFO] [stdout]  --> tests/lifetimes.rs:1:5
[INFO] [stdout]   |
[INFO] [stdout] 1 | use teloc::{inject, Dependency, Resolver, ServiceProvider};
[INFO] [stdout]   |     ^^^^^ use of undeclared crate or module `teloc`
[INFO] [stdout]   |
[INFO] [stdout] help: there is a crate or module with a similar name
[INFO] [stdout]   |
[INFO] [stdout] 1 | use telocs::{inject, Dependency, Resolver, ServiceProvider};
[INFO] [stdout]   |     ~~~~~~
[INFO] [stdout] 
[INFO] [stdout] 
[INFO] [stdout] error[E0432]: unresolved import `teloc`
[INFO] [stdout]  --> tests/fully_qualified_type.rs:2:5
[INFO] [stdout]   |
[INFO] [stdout] 2 | use teloc::*;
[INFO] [stdout]   |     ^^^^^ use of undeclared crate or module `teloc`
[INFO] [stdout]   |
[INFO] [stdout] help: there is a crate or module with a similar name
[INFO] [stdout]   |
[INFO] [stdout] 2 | use telocs::*;
[INFO] [stdout]   |     ~~~~~~
[INFO] [stdout] 
[INFO] [stdout] 
[INFO] [stdout] error[E0432]: unresolved import `teloc`
[INFO] [stdout]  --> tests/add_transient.rs:1:5
[INFO] [stdout]   |
[INFO] [stdout] 1 | use teloc::{Dependency, Resolver, ServiceProvider};
[INFO] [stdout]   |     ^^^^^ use of undeclared crate or module `teloc`
[INFO] [stdout]   |
[INFO] [stdout] help: there is a crate or module with a similar name
[INFO] [stdout]   |
[INFO] [stdout] 1 | use telocs::{Dependency, Resolver, ServiceProvider};
[INFO] [stdout]   |     ~~~~~~
[INFO] [stdout] 
[INFO] [stdout] 
[INFO] [stdout] error[E0432]: unresolved import `teloc`
[INFO] [stdout]  --> tests/generics.rs:1:5
[INFO] [stdout]   |
[INFO] [stdout] 1 | use teloc::{inject, Dependency, Resolver, ServiceProvider};
[INFO] [stdout]   |     ^^^^^ use of undeclared crate or module `teloc`
[INFO] [stdout]   |
[INFO] [stdout] help: there is a crate or module with a similar name
[INFO] [stdout]   |
[INFO] [stdout] 1 | use telocs::{inject, Dependency, Resolver, ServiceProvider};
[INFO] [stdout]   |     ~~~~~~
[INFO] [stdout] 
[INFO] [stdout] 
[INFO] [stdout] error[E0432]: unresolved import `teloc`
[INFO] [stdout]  --> tests/dyn_interface.rs:1:5
[INFO] [stdout]   |
[INFO] [stdout] 1 | use teloc::{inject, Dependency, Resolver, ServiceProvider};
[INFO] [stdout]   |     ^^^^^ use of undeclared crate or module `teloc`
[INFO] [stdout]   |
[INFO] [stdout] help: there is a crate or module with a similar name
[INFO] [stdout]   |
[INFO] [stdout] 1 | use telocs::{inject, Dependency, Resolver, ServiceProvider};
[INFO] [stdout]   |     ~~~~~~
[INFO] [stdout] 
[INFO] [stdout] 
[INFO] [stdout] error[E0432]: unresolved import `teloc`
[INFO] [stdout]  --> tests/add_by_clone.rs:2:5
[INFO] [stdout]   |
[INFO] [stdout] 2 | use teloc::{Dependency, Resolver, ServiceProvider};
[INFO] [stdout]   |     ^^^^^ use of undeclared crate or module `teloc`
[INFO] [stdout]   |
[INFO] [stdout] help: there is a crate or module with a similar name
[INFO] [stdout]   |
[INFO] [stdout] 2 | use telocs::{Dependency, Resolver, ServiceProvider};
[INFO] [stdout]   |     ~~~~~~
[INFO] [stdout] 
[INFO] [stdout] 
[INFO] [stdout] For more information about this error, try `rustc --explain E0432`.
[INFO] [stdout] 
[INFO] [stdout] For more information about this error, try `rustc --explain E0432`.
[INFO] [stdout] 
[INFO] [stdout] For more information about this error, try `rustc --explain E0432`.
[INFO] [stdout] 
[INFO] [stdout] For more information about this error, try `rustc --explain E0432`.
[INFO] [stdout] 
[INFO] [stdout] For more information about this error, try `rustc --explain E0432`.
[INFO] [stdout] 
[INFO] [stderr] error: could not compile `telocs` (test "derive_unit_struct") due to 1 previous error
[INFO] [stderr] warning: build failed, waiting for other jobs to finish...
[INFO] [stdout] For more information about this error, try `rustc --explain E0432`.
[INFO] [stdout] 
[INFO] [stderr] error: could not compile `telocs` (test "add_instance") due to 1 previous error
[INFO] [stderr] error: could not compile `telocs` (test "inject_init") due to 1 previous error
[INFO] [stdout] For more information about this error, try `rustc --explain E0432`.
[INFO] [stdout] 
[INFO] [stderr] error: could not compile `telocs` (test "free_func_inject") due to 1 previous error
[INFO] [stderr] error: could not compile `telocs` (test "generics") due to 1 previous error
[INFO] [stdout] For more information about this error, try `rustc --explain E0432`.
[INFO] [stdout] 
[INFO] [stderr] error: could not compile `telocs` (test "add_by_clone") due to 1 previous error
[INFO] [stdout] error: cannot find attribute `init` in this scope
[INFO] [stdout]   --> tests/add_transient.rs:15:7
[INFO] [stdout]    |
[INFO] [stdout] 15 |     #[init(0, 1)]
[INFO] [stdout]    |       ^^^^
[INFO] [stdout] 
[INFO] [stdout] 
[INFO] [stdout] error: cannot find attribute `inject` in this scope
[INFO] [stdout]   --> tests/fully_qualified_type.rs:17:3
[INFO] [stdout]    |
[INFO] [stdout] 17 | #[inject]
[INFO] [stdout]    |   ^^^^^^
[INFO] [stdout]    |
[INFO] [stdout] help: consider importing one of these attribute macros
[INFO] [stdout]    |
[INFO] [stdout] 1  + use teloc_macross::inject;
[INFO] [stdout]    |
[INFO] [stdout] 1  + use telocs::inject;
[INFO] [stdout]    |
[INFO] [stdout] 
[INFO] [stdout] 
[INFO] [stderr] error: could not compile `telocs` (test "inject_with_generics") due to 1 previous error
[INFO] [stdout] error: cannot find attribute `init` in this scope
[INFO] [stdout]   --> tests/add_transient.rs:21:7
[INFO] [stdout]    |
[INFO] [stdout] 21 |     #[init(1, 5)]
[INFO] [stdout]    |       ^^^^
[INFO] [stdout] 
[INFO] [stdout] 
[INFO] [stdout] error: cannot find derive macro `Dependency` in this scope
[INFO] [stdout]   --> tests/fully_qualified_type.rs:29:10
[INFO] [stdout]    |
[INFO] [stdout] 29 | #[derive(Dependency)]
[INFO] [stdout]    |          ^^^^^^^^^^
[INFO] [stdout]    |
[INFO] [stdout] help: consider importing one of these derive macros
[INFO] [stdout]    |
[INFO] [stdout] 1  + use teloc_macross::Dependency;
[INFO] [stdout]    |
[INFO] [stdout] 1  + use telocs::Dependency;
[INFO] [stdout]    |
[INFO] [stdout] 
[INFO] [stdout] 
[INFO] [stderr] error: could not compile `telocs` (test "dyn_interface") due to 1 previous error
[INFO] [stdout] For more information about this error, try `rustc --explain E0432`.
[INFO] [stdout] 
[INFO] [stdout] Some errors have detailed explanations: E0432, E0433.
[INFO] [stdout] 
[INFO] [stdout] For more information about an error, try `rustc --explain E0432`.
[INFO] [stdout] 
[INFO] [stdout] error[E0599]: no function or associated item named `init` found for struct `Uuid` in the current scope
[INFO] [stdout]   --> tests/lifetimes.rs:34:22
[INFO] [stdout]    |
[INFO] [stdout] 4  | struct Uuid(uuid::Uuid);
[INFO] [stdout]    | ----------- function or associated item `init` not found for this struct
[INFO] [stdout] ...
[INFO] [stdout] 34 |             u: Uuid::init(frunk::hlist![]),
[INFO] [stdout]    |                      ^^^^ function or associated item not found in `Uuid`
[INFO] [stdout]    |
[INFO] [stdout]    = help: items from traits can only be used if the trait is implemented and in scope
[INFO] [stdout]    = note: the following traits define an item `init`, perhaps you need to implement one of them:
[INFO] [stdout]            candidate #1: `telocs::Container`
[INFO] [stdout]            candidate #2: `telocs::Dependency`
[INFO] [stdout] 
[INFO] [stdout] 
[INFO] [stderr] error: could not compile `telocs` (test "add_transient") due to 3 previous errors
[INFO] [stderr] error: could not compile `telocs` (test "fully_qualified_type") due to 4 previous errors
[INFO] [stdout] Some errors have detailed explanations: E0432, E0599.
[INFO] [stdout] 
[INFO] [stdout] For more information about an error, try `rustc --explain E0432`.
[INFO] [stdout] 
[INFO] [stderr] error: could not compile `telocs` (test "lifetimes") due to 2 previous errors
[INFO] running `Command { std: "docker" "inspect" "662f10b6e47f27aedcb60825768c29d536c4e1a34aabc172d2a952d904e3d652", kill_on_drop: false }`
[INFO] running `Command { std: "docker" "rm" "-f" "662f10b6e47f27aedcb60825768c29d536c4e1a34aabc172d2a952d904e3d652", kill_on_drop: false }`
[INFO] [stdout] 662f10b6e47f27aedcb60825768c29d536c4e1a34aabc172d2a952d904e3d652
