[INFO] fetching crate teil 0.4.0-alpha.2...
[INFO] testing teil-0.4.0-alpha.2 against nightly-2024-10-28 for randomize-layout
[INFO] extracting crate teil 0.4.0-alpha.2 into /workspace/builds/worker-5-tc1/source
[INFO] validating manifest of crates.io crate teil 0.4.0-alpha.2 on toolchain nightly-2024-10-28
[INFO] running `Command { std: CARGO_HOME="/workspace/cargo-home" RUSTUP_HOME="/workspace/rustup-home" "/workspace/cargo-home/bin/cargo" "+nightly-2024-10-28" "metadata" "--manifest-path" "Cargo.toml" "--no-deps", kill_on_drop: false }`
[INFO] started tweaking crates.io crate teil 0.4.0-alpha.2
[INFO] removed 0 missing examples
[INFO] finished tweaking crates.io crate teil 0.4.0-alpha.2
[INFO] tweaked toml for crates.io crate teil 0.4.0-alpha.2 written to /workspace/builds/worker-5-tc1/source/Cargo.toml
[INFO] crate crates.io crate teil 0.4.0-alpha.2 already has a lockfile, it will not be regenerated
[INFO] running `Command { std: CARGO_HOME="/workspace/cargo-home" RUSTUP_HOME="/workspace/rustup-home" "/workspace/cargo-home/bin/cargo" "+nightly-2024-10-28" "fetch" "--manifest-path" "Cargo.toml", kill_on_drop: false }`
[INFO] [stderr]     Updating crates.io index
[INFO] [stderr]  Downloading crates ...
[INFO] [stderr]   Downloaded wasm-bindgen-macro-support v0.2.91
[INFO] [stderr]   Downloaded js-sys v0.3.68
[INFO] [stderr]   Downloaded wasm-bindgen-shared v0.2.91
[INFO] [stderr]   Downloaded wasm-bindgen-macro v0.2.91
[INFO] [stderr]   Downloaded deadpool-runtime v0.1.3
[INFO] [stderr]   Downloaded wasm-bindgen-backend v0.2.91
[INFO] [stderr]   Downloaded pkg-config v0.3.29
[INFO] [stderr]   Downloaded deadpool-postgres v0.14.0
[INFO] [stderr]   Downloaded deadpool v0.12.1
[INFO] [stderr]   Downloaded ahash v0.8.8
[INFO] [stderr]   Downloaded postgres-types v0.2.7
[INFO] [stderr]   Downloaded socket2 v0.5.5
[INFO] [stderr]   Downloaded teil_derive v0.4.0-alpha.1
[INFO] [stderr]   Downloaded postgres-protocol v0.6.7
[INFO] [stderr]   Downloaded tokio-postgres v0.7.11
[INFO] [stderr]   Downloaded rusqlite v0.32.1
[INFO] [stderr]   Downloaded wasm-bindgen v0.2.91
[INFO] [stderr]   Downloaded serde_json v1.0.128
[INFO] [stderr]   Downloaded web-sys v0.3.68
[INFO] [stderr]   Downloaded tokio v1.40.0
[INFO] [stderr]   Downloaded libsqlite3-sys v0.30.1
[INFO] running `Command { std: "docker" "create" "-v" "/var/lib/crater-agent-workspace/builds/worker-5-tc1/target:/opt/rustwide/target:rw,Z" "-v" "/var/lib/crater-agent-workspace/builds/worker-5-tc1/source:/opt/rustwide/workdir:ro,Z" "-v" "/var/lib/crater-agent-workspace/cargo-home:/opt/rustwide/cargo-home:ro,Z" "-v" "/var/lib/crater-agent-workspace/rustup-home:/opt/rustwide/rustup-home:ro,Z" "-e" "SOURCE_DIR=/opt/rustwide/workdir" "-e" "CARGO_TARGET_DIR=/opt/rustwide/target" "-e" "CARGO_HOME=/opt/rustwide/cargo-home" "-e" "RUSTUP_HOME=/opt/rustwide/rustup-home" "-w" "/opt/rustwide/workdir" "-m" "1610612736" "--user" "0:0" "--network" "none" "ghcr.io/rust-lang/crates-build-env/linux@sha256:4a844ea9eb2546a2d2c7022eacef16ef2e8229c7fbb2c7d4d55a9ceca922f72d" "/opt/rustwide/cargo-home/bin/cargo" "+nightly-2024-10-28" "metadata" "--no-deps" "--format-version=1", kill_on_drop: false }`
[INFO] [stdout] 3f92e24a8671695f0d225f0dfe956754e609fb1ccc27dc8ea498fce1805833b4
[INFO] running `Command { std: "docker" "start" "-a" "3f92e24a8671695f0d225f0dfe956754e609fb1ccc27dc8ea498fce1805833b4", kill_on_drop: false }`
[INFO] running `Command { std: "docker" "inspect" "3f92e24a8671695f0d225f0dfe956754e609fb1ccc27dc8ea498fce1805833b4", kill_on_drop: false }`
[INFO] running `Command { std: "docker" "rm" "-f" "3f92e24a8671695f0d225f0dfe956754e609fb1ccc27dc8ea498fce1805833b4", kill_on_drop: false }`
[INFO] [stdout] 3f92e24a8671695f0d225f0dfe956754e609fb1ccc27dc8ea498fce1805833b4
[INFO] running `Command { std: "docker" "create" "-v" "/var/lib/crater-agent-workspace/builds/worker-5-tc1/target:/opt/rustwide/target:rw,Z" "-v" "/var/lib/crater-agent-workspace/builds/worker-5-tc1/source:/opt/rustwide/workdir:ro,Z" "-v" "/var/lib/crater-agent-workspace/cargo-home:/opt/rustwide/cargo-home:ro,Z" "-v" "/var/lib/crater-agent-workspace/rustup-home:/opt/rustwide/rustup-home:ro,Z" "-e" "SOURCE_DIR=/opt/rustwide/workdir" "-e" "CARGO_TARGET_DIR=/opt/rustwide/target" "-e" "CARGO_INCREMENTAL=0" "-e" "RUST_BACKTRACE=full" "-e" "RUSTFLAGS=--cap-lints=forbid" "-e" "RUSTDOCFLAGS=--cap-lints=forbid" "-e" "CARGO_HOME=/opt/rustwide/cargo-home" "-e" "RUSTUP_HOME=/opt/rustwide/rustup-home" "-w" "/opt/rustwide/workdir" "-m" "1610612736" "--user" "0:0" "--network" "none" "ghcr.io/rust-lang/crates-build-env/linux@sha256:4a844ea9eb2546a2d2c7022eacef16ef2e8229c7fbb2c7d4d55a9ceca922f72d" "/opt/rustwide/cargo-home/bin/cargo" "+nightly-2024-10-28" "build" "--frozen" "--message-format=json", kill_on_drop: false }`
[INFO] [stdout] c8e66f720b39aa2a518af8dd4d2a5ff9f568c60b55fee9bea40606822fc71d88
[INFO] running `Command { std: "docker" "start" "-a" "c8e66f720b39aa2a518af8dd4d2a5ff9f568c60b55fee9bea40606822fc71d88", kill_on_drop: false }`
[INFO] [stderr]    Compiling proc-macro2 v1.0.78
[INFO] [stderr]    Compiling libc v0.2.153
[INFO] [stderr]    Compiling parking_lot_core v0.9.9
[INFO] [stderr]    Compiling bytes v1.5.0
[INFO] [stderr]    Compiling smallvec v1.13.1
[INFO] [stderr]    Compiling subtle v2.5.0
[INFO] [stderr]    Compiling ppv-lite86 v0.2.17
[INFO] [stderr]    Compiling serde v1.0.209
[INFO] [stderr]    Compiling generic-array v0.14.7
[INFO] [stderr]    Compiling lock_api v0.4.11
[INFO] [stderr]    Compiling tinyvec v1.6.0
[INFO] [stderr]    Compiling unicode-bidi v0.3.15
[INFO] [stderr]    Compiling cpufeatures v0.2.12
[INFO] [stderr]    Compiling memchr v2.7.1
[INFO] [stderr]    Compiling serde_json v1.0.128
[INFO] [stderr]    Compiling futures-sink v0.3.30
[INFO] [stderr]    Compiling finl_unicode v1.2.0
[INFO] [stderr]    Compiling futures-core v0.3.30
[INFO] [stderr]    Compiling once_cell v1.19.0
[INFO] [stderr]    Compiling fallible-iterator v0.2.0
[INFO] [stderr]    Compiling array-init v2.1.0
[INFO] [stderr]    Compiling futures-task v0.3.30
[INFO] [stderr]    Compiling syn v1.0.109
[INFO] [stderr]    Compiling phf v0.11.2
[INFO] [stderr]    Compiling tracing-core v0.1.32
[INFO] [stderr]    Compiling futures-channel v0.3.30
[INFO] [stderr]    Compiling whoami v1.4.1
[INFO] [stderr]    Compiling block-buffer v0.10.4
[INFO] [stderr]    Compiling crypto-common v0.1.6
[INFO] [stderr]    Compiling quote v1.0.35
[INFO] [stderr]    Compiling digest v0.10.7
[INFO] [stderr]    Compiling unicode-normalization v0.1.22
[INFO] [stderr]    Compiling getrandom v0.2.12
[INFO] [stderr]    Compiling mio v1.0.2
[INFO] [stderr]    Compiling socket2 v0.5.5
[INFO] [stderr]    Compiling signal-hook-registry v1.4.1
[INFO] [stderr]    Compiling num_cpus v1.16.0
[INFO] [stderr]    Compiling md-5 v0.10.6
[INFO] [stderr]    Compiling syn v2.0.48
[INFO] [stderr]    Compiling sha2 v0.10.8
[INFO] [stderr]    Compiling hmac v0.12.1
[INFO] [stderr]    Compiling parking_lot v0.12.1
[INFO] [stderr]    Compiling rand_core v0.6.4
[INFO] [stderr]    Compiling stringprep v0.1.4
[INFO] [stderr]    Compiling rand_chacha v0.3.1
[INFO] [stderr]    Compiling rand v0.8.5
[INFO] [stderr]    Compiling postgres-protocol v0.6.7
[INFO] [stderr]    Compiling teil_derive v0.4.0-alpha.1
[INFO] [stderr]    Compiling tokio-macros v2.4.0
[INFO] [stderr]    Compiling serde_derive v1.0.209
[INFO] [stderr]    Compiling tracing-attributes v0.1.27
[INFO] [stderr]    Compiling futures-macro v0.3.30
[INFO] [stderr]    Compiling async-trait v0.1.81
[INFO] [stderr]    Compiling tokio v1.40.0
[INFO] [stderr]    Compiling futures-util v0.3.30
[INFO] [stderr]    Compiling tracing v0.1.40
[INFO] [stderr]    Compiling deadpool-runtime v0.1.3
[INFO] [stderr]    Compiling tokio-util v0.7.10
[INFO] [stderr]    Compiling deadpool v0.12.1
[INFO] [stderr]    Compiling postgres-types v0.2.7
[INFO] [stderr]    Compiling tokio-postgres v0.7.11
[INFO] [stderr]    Compiling deadpool-postgres v0.14.0
[INFO] [stderr]    Compiling teil v0.4.0-alpha.2 (/opt/rustwide/workdir)
[INFO] [stderr]     Finished `dev` profile [unoptimized + debuginfo] target(s) in 16.68s
[INFO] running `Command { std: "docker" "inspect" "c8e66f720b39aa2a518af8dd4d2a5ff9f568c60b55fee9bea40606822fc71d88", kill_on_drop: false }`
[INFO] running `Command { std: "docker" "rm" "-f" "c8e66f720b39aa2a518af8dd4d2a5ff9f568c60b55fee9bea40606822fc71d88", kill_on_drop: false }`
[INFO] [stdout] c8e66f720b39aa2a518af8dd4d2a5ff9f568c60b55fee9bea40606822fc71d88
[INFO] running `Command { std: "docker" "create" "-v" "/var/lib/crater-agent-workspace/builds/worker-5-tc1/target:/opt/rustwide/target:rw,Z" "-v" "/var/lib/crater-agent-workspace/builds/worker-5-tc1/source:/opt/rustwide/workdir:ro,Z" "-v" "/var/lib/crater-agent-workspace/cargo-home:/opt/rustwide/cargo-home:ro,Z" "-v" "/var/lib/crater-agent-workspace/rustup-home:/opt/rustwide/rustup-home:ro,Z" "-e" "SOURCE_DIR=/opt/rustwide/workdir" "-e" "CARGO_TARGET_DIR=/opt/rustwide/target" "-e" "CARGO_INCREMENTAL=0" "-e" "RUST_BACKTRACE=full" "-e" "RUSTFLAGS=--cap-lints=forbid" "-e" "RUSTDOCFLAGS=--cap-lints=forbid" "-e" "CARGO_HOME=/opt/rustwide/cargo-home" "-e" "RUSTUP_HOME=/opt/rustwide/rustup-home" "-w" "/opt/rustwide/workdir" "-m" "1610612736" "--user" "0:0" "--network" "none" "ghcr.io/rust-lang/crates-build-env/linux@sha256:4a844ea9eb2546a2d2c7022eacef16ef2e8229c7fbb2c7d4d55a9ceca922f72d" "/opt/rustwide/cargo-home/bin/cargo" "+nightly-2024-10-28" "test" "--frozen" "--no-run" "--message-format=json", kill_on_drop: false }`
[INFO] [stdout] 7e85780abf33a845e55d07b7679fba5caeef3dd59cba9c9a5b9da75b4543c07f
[INFO] running `Command { std: "docker" "start" "-a" "7e85780abf33a845e55d07b7679fba5caeef3dd59cba9c9a5b9da75b4543c07f", kill_on_drop: false }`
[INFO] [stderr]    Compiling num-traits v0.2.18
[INFO] [stderr]    Compiling iana-time-zone v0.1.60
[INFO] [stderr]    Compiling chrono v0.4.38
[INFO] [stderr]    Compiling teil v0.4.0-alpha.2 (/opt/rustwide/workdir)
[INFO] [stdout] error[E0432]: unresolved imports `teil::SyncTeil`, `teil::SyncFilter`
[INFO] [stdout]   --> examples/sync_derive_inner_join.rs:1:12
[INFO] [stdout]    |
[INFO] [stdout] 1  | use teil::{SyncTeil, SyncFilter, Sort, fields::Serial};
[INFO] [stdout]    |            ^^^^^^^^  ^^^^^^^^^^ no `SyncFilter` in the root
[INFO] [stdout]    |            |
[INFO] [stdout]    |            no `SyncTeil` in the root
[INFO] [stdout]    |
[INFO] [stdout] note: found an item that was configured out
[INFO] [stdout]   --> /opt/rustwide/workdir/src/lib.rs:53:22
[INFO] [stdout]    |
[INFO] [stdout] 53 | pub use self::teil::{SyncTeil};
[INFO] [stdout]    |                      ^^^^^^^^
[INFO] [stdout] note: the item is gated behind the `sync` feature
[INFO] [stdout]   --> /opt/rustwide/workdir/src/lib.rs:51:7
[INFO] [stdout]    |
[INFO] [stdout] 51 | #[cfg(feature = "sync")]
[INFO] [stdout]    |       ^^^^^^^^^^^^^^^^
[INFO] [stdout] note: found an item that was configured out
[INFO] [stdout]   --> /opt/rustwide/workdir/src/lib.rs:56:24
[INFO] [stdout]    |
[INFO] [stdout] 56 | pub use self::filter::{SyncFilter, SyncComplexFilter};
[INFO] [stdout]    |                        ^^^^^^^^^^
[INFO] [stdout] note: the item is gated behind the `sync` feature
[INFO] [stdout]   --> /opt/rustwide/workdir/src/lib.rs:55:7
[INFO] [stdout]    |
[INFO] [stdout] 55 | #[cfg(feature = "sync")]
[INFO] [stdout]    |       ^^^^^^^^^^^^^^^^
[INFO] [stdout] 
[INFO] [stdout] 
[INFO] [stdout] error[E0433]: failed to resolve: could not find `sync_create` in `teil`
[INFO] [stdout]    --> examples/sync_derive_inner_join.rs:70:17
[INFO] [stdout]     |
[INFO] [stdout] 70  |     match teil::sync_create!(Account, PersonalInfo) {
[INFO] [stdout]     |                 ^^^^^^^^^^^ could not find `sync_create` in `teil`
[INFO] [stdout]     |
[INFO] [stdout] note: found an item that was configured out
[INFO] [stdout]    --> /opt/rustwide/workdir/src/lib.rs:254:14
[INFO] [stdout]     |
[INFO] [stdout] 254 | macro_rules! sync_create {
[INFO] [stdout]     |              ^^^^^^^^^^^
[INFO] [stdout] note: the item is gated behind the `sync` feature
[INFO] [stdout]    --> /opt/rustwide/workdir/src/lib.rs:236:7
[INFO] [stdout]     |
[INFO] [stdout] 236 | #[cfg(feature = "sync")]
[INFO] [stdout]     |       ^^^^^^^^^^^^^^^^
[INFO] [stdout] 
[INFO] [stdout] 
[INFO] [stdout] error[E0433]: failed to resolve: could not find `sync_destroy` in `teil`
[INFO] [stdout]    --> examples/sync_derive_inner_join.rs:147:17
[INFO] [stdout]     |
[INFO] [stdout] 147 |     match teil::sync_destroy!(PersonalInfo, Account) {
[INFO] [stdout]     |                 ^^^^^^^^^^^^ could not find `sync_destroy` in `teil`
[INFO] [stdout]     |
[INFO] [stdout] note: found an item that was configured out
[INFO] [stdout]    --> /opt/rustwide/workdir/src/lib.rs:308:14
[INFO] [stdout]     |
[INFO] [stdout] 308 | macro_rules! sync_destroy {
[INFO] [stdout]     |              ^^^^^^^^^^^^
[INFO] [stdout] note: the item is gated behind the `sync` feature
[INFO] [stdout]    --> /opt/rustwide/workdir/src/lib.rs:286:7
[INFO] [stdout]     |
[INFO] [stdout] 286 | #[cfg(feature = "sync")]
[INFO] [stdout]     |       ^^^^^^^^^^^^^^^^
[INFO] [stdout] 
[INFO] [stdout] 
[INFO] [stdout] error: cannot find attribute `teil` in this scope
[INFO] [stdout]  --> examples/sync_derive_inner_join.rs:7:7
[INFO] [stdout]   |
[INFO] [stdout] 7 |     #[teil(target="owner", partial_match)]
[INFO] [stdout]   |       ^^^^
[INFO] [stdout]   |
[INFO] [stdout]   = note: `teil` is in scope, but it is a crate, not an attribute
[INFO] [stdout] 
[INFO] [stdout] 
[INFO] [stdout] error: cannot find attribute `teil` in this scope
[INFO] [stdout]  --> examples/sync_derive_inner_join.rs:9:7
[INFO] [stdout]   |
[INFO] [stdout] 9 |     #[teil(target="balance", less_than)]
[INFO] [stdout]   |       ^^^^
[INFO] [stdout]   |
[INFO] [stdout]   = note: `teil` is in scope, but it is a crate, not an attribute
[INFO] [stdout] 
[INFO] [stdout] 
[INFO] [stdout] error: cannot find attribute `teil` in this scope
[INFO] [stdout]   --> examples/sync_derive_inner_join.rs:26:3
[INFO] [stdout]    |
[INFO] [stdout] 26 | #[teil(filter_type = "AccountFilter", sort_type = "AccountSort")]
[INFO] [stdout]    |   ^^^^
[INFO] [stdout]    |
[INFO] [stdout]    = note: `teil` is in scope, but it is a crate, not an attribute
[INFO] [stdout] 
[INFO] [stdout] 
[INFO] [stdout] error: cannot find attribute `teil` in this scope
[INFO] [stdout]   --> examples/sync_derive_inner_join.rs:28:7
[INFO] [stdout]    |
[INFO] [stdout] 28 |     #[teil(auto, primary_key)]
[INFO] [stdout]    |       ^^^^
[INFO] [stdout]    |
[INFO] [stdout]    = note: `teil` is in scope, but it is a crate, not an attribute
[INFO] [stdout] 
[INFO] [stdout] 
[INFO] [stdout] error: cannot find attribute `teil` in this scope
[INFO] [stdout]   --> examples/sync_derive_inner_join.rs:46:7
[INFO] [stdout]    |
[INFO] [stdout] 46 |     #[teil(primary_key, foreign_key_table = "account", foreign_key_field = "account_id")]
[INFO] [stdout]    |       ^^^^
[INFO] [stdout]    |
[INFO] [stdout]    = note: `teil` is in scope, but it is a crate, not an attribute
[INFO] [stdout] 
[INFO] [stdout] 
[INFO] [stdout] error[E0425]: cannot find function `sync_config` in crate `teil`
[INFO] [stdout]    --> examples/sync_derive_inner_join.rs:66:11
[INFO] [stdout]     |
[INFO] [stdout] 66  |     teil::sync_config()
[INFO] [stdout]     |           ^^^^^^^^^^^ not found in `teil`
[INFO] [stdout]     |
[INFO] [stdout] note: found an item that was configured out
[INFO] [stdout]    --> /opt/rustwide/workdir/src/lib.rs:117:8
[INFO] [stdout]     |
[INFO] [stdout] 117 | pub fn sync_config() -> self::database::SyncConfigBuilder {
[INFO] [stdout]     |        ^^^^^^^^^^^
[INFO] [stdout] note: the item is gated behind the `sync` feature
[INFO] [stdout]    --> /opt/rustwide/workdir/src/lib.rs:115:7
[INFO] [stdout]     |
[INFO] [stdout] 115 | #[cfg(feature = "sync")]
[INFO] [stdout]     |       ^^^^^^^^^^^^^^^^
[INFO] [stdout] 
[INFO] [stdout] 
[INFO] [stdout] error[E0599]: no method named `save` found for struct `Account` in the current scope
[INFO] [stdout]   --> examples/sync_derive_inner_join.rs:77:19
[INFO] [stdout]    |
[INFO] [stdout] 27 | struct Account {
[INFO] [stdout]    | -------------- method `save` not found for this struct
[INFO] [stdout] ...
[INFO] [stdout] 77 |     match account.save() {
[INFO] [stdout]    |                   ^^^^ method not found in `Account`
[INFO] [stdout]    |
[INFO] [stdout]    = help: items from traits can only be used if the trait is implemented and in scope
[INFO] [stdout]    = note: the following trait defines an item `save`, perhaps you need to implement it:
[INFO] [stdout]            candidate #1: `Teil`
[INFO] [stdout] 
[INFO] [stdout] 
[INFO] [stdout] error[E0599]: no method named `save` found for struct `PersonalInfo` in the current scope
[INFO] [stdout]   --> examples/sync_derive_inner_join.rs:80:120
[INFO] [stdout]    |
[INFO] [stdout] 45 | struct PersonalInfo {
[INFO] [stdout]    | ------------------- method `save` not found for this struct
[INFO] [stdout] ...
[INFO] [stdout] 80 |             match PersonalInfo::new(id.as_option().unwrap(), "Some random address 1", "1234-5670", "carlos@email.com").save() {
[INFO] [stdout]    |                                                                                                                        ^^^^ method not found in `PersonalInfo`
[INFO] [stdout]    |
[INFO] [stdout]    = help: items from traits can only be used if the trait is implemented and in scope
[INFO] [stdout]    = note: the following trait defines an item `save`, perhaps you need to implement it:
[INFO] [stdout]            candidate #1: `Teil`
[INFO] [stdout] 
[INFO] [stdout] 
[INFO] [stdout] error[E0599]: no method named `save` found for struct `Account` in the current scope
[INFO] [stdout]   --> examples/sync_derive_inner_join.rs:92:19
[INFO] [stdout]    |
[INFO] [stdout] 27 | struct Account {
[INFO] [stdout]    | -------------- method `save` not found for this struct
[INFO] [stdout] ...
[INFO] [stdout] 92 |     match account.save() {
[INFO] [stdout]    |                   ^^^^ method not found in `Account`
[INFO] [stdout]    |
[INFO] [stdout]    = help: items from traits can only be used if the trait is implemented and in scope
[INFO] [stdout]    = note: the following trait defines an item `save`, perhaps you need to implement it:
[INFO] [stdout]            candidate #1: `Teil`
[INFO] [stdout] 
[INFO] [stdout] 
[INFO] [stdout] error[E0599]: no method named `save` found for struct `PersonalInfo` in the current scope
[INFO] [stdout]   --> examples/sync_derive_inner_join.rs:95:118
[INFO] [stdout]    |
[INFO] [stdout] 45 | struct PersonalInfo {
[INFO] [stdout]    | ------------------- method `save` not found for this struct
[INFO] [stdout] ...
[INFO] [stdout] 95 |             match PersonalInfo::new(id.as_option().unwrap(), "Some random address 2", "1234-5671", "omar@email.com").save() {
[INFO] [stdout]    |                                                                                                                      ^^^^ method not found in `PersonalInfo`
[INFO] [stdout]    |
[INFO] [stdout]    = help: items from traits can only be used if the trait is implemented and in scope
[INFO] [stdout]    = note: the following trait defines an item `save`, perhaps you need to implement it:
[INFO] [stdout]            candidate #1: `Teil`
[INFO] [stdout] 
[INFO] [stdout] 
[INFO] [stdout] error[E0599]: no method named `save` found for struct `Account` in the current scope
[INFO] [stdout]    --> examples/sync_derive_inner_join.rs:107:19
[INFO] [stdout]     |
[INFO] [stdout] 27  | struct Account {
[INFO] [stdout]     | -------------- method `save` not found for this struct
[INFO] [stdout] ...
[INFO] [stdout] 107 |     match account.save() {
[INFO] [stdout]     |                   ^^^^ method not found in `Account`
[INFO] [stdout]     |
[INFO] [stdout]     = help: items from traits can only be used if the trait is implemented and in scope
[INFO] [stdout]     = note: the following trait defines an item `save`, perhaps you need to implement it:
[INFO] [stdout]             candidate #1: `Teil`
[INFO] [stdout] 
[INFO] [stdout] 
[INFO] [stdout] error[E0599]: no method named `save` found for struct `PersonalInfo` in the current scope
[INFO] [stdout]    --> examples/sync_derive_inner_join.rs:110:118
[INFO] [stdout]     |
[INFO] [stdout] 45  | struct PersonalInfo {
[INFO] [stdout]     | ------------------- method `save` not found for this struct
[INFO] [stdout] ...
[INFO] [stdout] 110 |             match PersonalInfo::new(id.as_option().unwrap(), "Some random address 3", "1234-5672", "jeff@email.com").save() {
[INFO] [stdout]     |                                                                                                                      ^^^^ method not found in `PersonalInfo`
[INFO] [stdout]     |
[INFO] [stdout]     = help: items from traits can only be used if the trait is implemented and in scope
[INFO] [stdout]     = note: the following trait defines an item `save`, perhaps you need to implement it:
[INFO] [stdout]             candidate #1: `Teil`
[INFO] [stdout] 
[INFO] [stdout] 
[INFO] [stdout] error[E0599]: no method named `save` found for struct `Account` in the current scope
[INFO] [stdout]    --> examples/sync_derive_inner_join.rs:122:19
[INFO] [stdout]     |
[INFO] [stdout] 27  | struct Account {
[INFO] [stdout]     | -------------- method `save` not found for this struct
[INFO] [stdout] ...
[INFO] [stdout] 122 |     match account.save() {
[INFO] [stdout]     |                   ^^^^ method not found in `Account`
[INFO] [stdout]     |
[INFO] [stdout]     = help: items from traits can only be used if the trait is implemented and in scope
[INFO] [stdout]     = note: the following trait defines an item `save`, perhaps you need to implement it:
[INFO] [stdout]             candidate #1: `Teil`
[INFO] [stdout] 
[INFO] [stdout] 
[INFO] [stdout] error[E0599]: no method named `save` found for struct `PersonalInfo` in the current scope
[INFO] [stdout]    --> examples/sync_derive_inner_join.rs:125:121
[INFO] [stdout]     |
[INFO] [stdout] 45  | struct PersonalInfo {
[INFO] [stdout]     | ------------------- method `save` not found for this struct
[INFO] [stdout] ...
[INFO] [stdout] 125 |             match PersonalInfo::new(id.as_option().unwrap(), "Some random address 4", "1234-5673", "bastian@email.com").save() {
[INFO] [stdout]     |                                                                                                                         ^^^^ method not found in `PersonalInfo`
[INFO] [stdout]     |
[INFO] [stdout]     = help: items from traits can only be used if the trait is implemented and in scope
[INFO] [stdout]     = note: the following trait defines an item `save`, perhaps you need to implement it:
[INFO] [stdout]             candidate #1: `Teil`
[INFO] [stdout] 
[INFO] [stdout] 
[INFO] [stdout] error[E0599]: no function or associated item named `query` found for struct `Account` in the current scope
[INFO] [stdout]    --> examples/sync_derive_inner_join.rs:136:20
[INFO] [stdout]     |
[INFO] [stdout] 27  | struct Account {
[INFO] [stdout]     | -------------- function or associated item `query` not found for this struct
[INFO] [stdout] ...
[INFO] [stdout] 136 |     match Account::query()
[INFO] [stdout]     |                    ^^^^^ function or associated item not found in `Account`
[INFO] [stdout]     |
[INFO] [stdout] note: if you're trying to build a new `Account`, consider using `Account::new` which returns `Account`
[INFO] [stdout]    --> examples/sync_derive_inner_join.rs:35:5
[INFO] [stdout]     |
[INFO] [stdout] 35  |     pub fn new<A: Into<String>>(owner: A, balance: f64) -> Self {
[INFO] [stdout]     |     ^^^^^^^^^^^^^^^^^^^^^^^^^^^^^^^^^^^^^^^^^^^^^^^^^^^^^^^^^^^
[INFO] [stdout]     = help: items from traits can only be used if the trait is implemented and in scope
[INFO] [stdout]     = note: the following traits define an item `query`, perhaps you need to implement one of them:
[INFO] [stdout]             candidate #1: `Teil`
[INFO] [stdout]             candidate #2: `deadpool_postgres::generic_client::GenericClient`
[INFO] [stdout]             candidate #3: `tokio_postgres::generic_client::GenericClient`
[INFO] [stdout] 
[INFO] [stdout] 
[INFO] [stdout] Some errors have detailed explanations: E0425, E0432, E0433, E0599.
[INFO] [stdout] 
[INFO] [stdout] For more information about an error, try `rustc --explain E0425`.
[INFO] [stdout] 
[INFO] [stderr] error: could not compile `teil` (example "sync_derive_inner_join") due to 18 previous errors
[INFO] [stderr] warning: build failed, waiting for other jobs to finish...
[INFO] running `Command { std: "docker" "inspect" "7e85780abf33a845e55d07b7679fba5caeef3dd59cba9c9a5b9da75b4543c07f", kill_on_drop: false }`
[INFO] running `Command { std: "docker" "rm" "-f" "7e85780abf33a845e55d07b7679fba5caeef3dd59cba9c9a5b9da75b4543c07f", kill_on_drop: false }`
[INFO] [stdout] 7e85780abf33a845e55d07b7679fba5caeef3dd59cba9c9a5b9da75b4543c07f
