[INFO] fetching crate tee-hee 0.3.3...
[INFO] testing tee-hee-0.3.3 against nightly-2024-10-28+rustflags=-Zrandomize-layout for randomize-layout
[INFO] extracting crate tee-hee 0.3.3 into /workspace/builds/worker-3-tc2/source
[INFO] validating manifest of crates.io crate tee-hee 0.3.3 on toolchain nightly-2024-10-28
[INFO] running `Command { std: CARGO_HOME="/workspace/cargo-home" RUSTUP_HOME="/workspace/rustup-home" "/workspace/cargo-home/bin/cargo" "+nightly-2024-10-28" "metadata" "--manifest-path" "Cargo.toml" "--no-deps", kill_on_drop: false }`
[INFO] started tweaking crates.io crate tee-hee 0.3.3
[INFO] finished tweaking crates.io crate tee-hee 0.3.3
[INFO] tweaked toml for crates.io crate tee-hee 0.3.3 written to /workspace/builds/worker-3-tc2/source/Cargo.toml
[INFO] crate crates.io crate tee-hee 0.3.3 already has a lockfile, it will not be regenerated
[INFO] running `Command { std: CARGO_HOME="/workspace/cargo-home" RUSTUP_HOME="/workspace/rustup-home" "/workspace/cargo-home/bin/cargo" "+nightly-2024-10-28" "fetch" "--manifest-path" "Cargo.toml", kill_on_drop: false }`
[INFO] running `Command { std: "docker" "create" "-v" "/var/lib/crater-agent-workspace/builds/worker-3-tc2/target:/opt/rustwide/target:rw,Z" "-v" "/var/lib/crater-agent-workspace/builds/worker-3-tc2/source:/opt/rustwide/workdir:ro,Z" "-v" "/var/lib/crater-agent-workspace/cargo-home:/opt/rustwide/cargo-home:ro,Z" "-v" "/var/lib/crater-agent-workspace/rustup-home:/opt/rustwide/rustup-home:ro,Z" "-e" "SOURCE_DIR=/opt/rustwide/workdir" "-e" "CARGO_TARGET_DIR=/opt/rustwide/target" "-e" "CARGO_HOME=/opt/rustwide/cargo-home" "-e" "RUSTUP_HOME=/opt/rustwide/rustup-home" "-w" "/opt/rustwide/workdir" "-m" "1610612736" "--user" "0:0" "--network" "none" "ghcr.io/rust-lang/crates-build-env/linux@sha256:4a844ea9eb2546a2d2c7022eacef16ef2e8229c7fbb2c7d4d55a9ceca922f72d" "/opt/rustwide/cargo-home/bin/cargo" "+nightly-2024-10-28" "metadata" "--no-deps" "--format-version=1", kill_on_drop: false }`
[INFO] [stdout] 35d578bf71456d142fad9fdbc367fff5ddc901f967b6dfe57ebfa80e5566dca8
[INFO] running `Command { std: "docker" "start" "-a" "35d578bf71456d142fad9fdbc367fff5ddc901f967b6dfe57ebfa80e5566dca8", kill_on_drop: false }`
[INFO] running `Command { std: "docker" "inspect" "35d578bf71456d142fad9fdbc367fff5ddc901f967b6dfe57ebfa80e5566dca8", kill_on_drop: false }`
[INFO] running `Command { std: "docker" "rm" "-f" "35d578bf71456d142fad9fdbc367fff5ddc901f967b6dfe57ebfa80e5566dca8", kill_on_drop: false }`
[INFO] [stdout] 35d578bf71456d142fad9fdbc367fff5ddc901f967b6dfe57ebfa80e5566dca8
[INFO] running `Command { std: "docker" "create" "-v" "/var/lib/crater-agent-workspace/builds/worker-3-tc2/target:/opt/rustwide/target:rw,Z" "-v" "/var/lib/crater-agent-workspace/builds/worker-3-tc2/source:/opt/rustwide/workdir:ro,Z" "-v" "/var/lib/crater-agent-workspace/cargo-home:/opt/rustwide/cargo-home:ro,Z" "-v" "/var/lib/crater-agent-workspace/rustup-home:/opt/rustwide/rustup-home:ro,Z" "-e" "SOURCE_DIR=/opt/rustwide/workdir" "-e" "CARGO_TARGET_DIR=/opt/rustwide/target" "-e" "CARGO_INCREMENTAL=0" "-e" "RUST_BACKTRACE=full" "-e" "RUSTFLAGS=--cap-lints=forbid -Zrandomize-layout" "-e" "RUSTDOCFLAGS=--cap-lints=forbid" "-e" "CARGO_HOME=/opt/rustwide/cargo-home" "-e" "RUSTUP_HOME=/opt/rustwide/rustup-home" "-w" "/opt/rustwide/workdir" "-m" "1610612736" "--user" "0:0" "--network" "none" "ghcr.io/rust-lang/crates-build-env/linux@sha256:4a844ea9eb2546a2d2c7022eacef16ef2e8229c7fbb2c7d4d55a9ceca922f72d" "/opt/rustwide/cargo-home/bin/cargo" "+nightly-2024-10-28" "build" "--frozen" "--message-format=json", kill_on_drop: false }`
[INFO] [stdout] da40cfc9d2dd73455e9555de01760fe9c5126c5351f75b233029cfc2da6f1b86
[INFO] running `Command { std: "docker" "start" "-a" "da40cfc9d2dd73455e9555de01760fe9c5126c5351f75b233029cfc2da6f1b86", kill_on_drop: false }`
[INFO] [stderr]    Compiling proc-macro2 v1.0.86
[INFO] [stderr]    Compiling serde v1.0.210
[INFO] [stderr]    Compiling libc v0.2.159
[INFO] [stderr]    Compiling shlex v1.3.0
[INFO] [stderr]    Compiling pkg-config v0.3.31
[INFO] [stderr]    Compiling once_cell v1.20.1
[INFO] [stderr]    Compiling num-traits v0.2.19
[INFO] [stderr]    Compiling arrayvec v0.5.2
[INFO] [stderr]    Compiling mac v0.0.2
[INFO] [stderr]    Compiling cc v1.1.24
[INFO] [stderr]    Compiling buffer v0.1.9
[INFO] [stderr]    Compiling log v0.3.9
[INFO] [stderr]    Compiling ahash v0.8.11
[INFO] [stderr]    Compiling warn v0.2.2
[INFO] [stderr]    Compiling az v1.2.1
[INFO] [stderr]    Compiling bytes v1.7.2
[INFO] [stderr]    Compiling indexmap v2.6.0
[INFO] [stderr]    Compiling thiserror v1.0.64
[INFO] [stderr]    Compiling simd-adler32 v0.3.7
[INFO] [stderr]    Compiling winnow v0.6.20
[INFO] [stderr]    Compiling quote v1.0.37
[INFO] [stderr]    Compiling getrandom v0.2.15
[INFO] [stderr]    Compiling binrw_derive v0.11.2
[INFO] [stderr]    Compiling syn v2.0.79
[INFO] [stderr]    Compiling syn v1.0.109
[INFO] [stderr]    Compiling cmake v0.1.51
[INFO] [stderr]    Compiling socket2 v0.5.7
[INFO] [stderr]    Compiling num-integer v0.1.46
[INFO] [stderr]    Compiling mio v1.0.2
[INFO] [stderr]    Compiling vek v0.16.1
[INFO] [stderr]    Compiling fixed v1.28.0
[INFO] [stderr]    Compiling futures-core v0.3.31
[INFO] [stderr]    Compiling allocator-api2 v0.2.18
[INFO] [stderr]    Compiling openssl-sys v0.9.103
[INFO] [stderr]    Compiling libz-sys v1.1.20
[INFO] [stderr]    Compiling either v1.13.0
[INFO] [stderr]    Compiling binrw v0.11.2
[INFO] [stderr]    Compiling toml_edit v0.22.22
[INFO] [stderr]    Compiling owo-colors v3.5.0
[INFO] [stderr]    Compiling miniz_oxide v0.8.0
[INFO] [stderr]    Compiling tokio v1.40.0
[INFO] [stderr]    Compiling approx v0.5.1
[INFO] [stderr]    Compiling crc32fast v1.4.2
[INFO] [stderr]    Compiling half v2.4.1
[INFO] [stderr]    Compiling matrixmultiply v0.3.9
[INFO] [stderr]    Compiling array-init v2.1.0
[INFO] [stderr]    Compiling vec_map v0.8.2
[INFO] [stderr]    Compiling itertools v0.4.19
[INFO] [stderr]    Compiling openssl v0.10.66
[INFO] [stderr]    Compiling crossbeam-utils v0.8.20
[INFO] [stderr]    Compiling regex-syntax v0.8.5
[INFO] [stderr]    Compiling http v0.2.12
[INFO] [stderr]    Compiling proc-macro-crate v3.2.0
[INFO] [stderr]    Compiling regex-automata v0.4.8
[INFO] [stderr]    Compiling rand_core v0.6.4
[INFO] [stderr]    Compiling serde_derive v1.0.210
[INFO] [stderr]    Compiling zerocopy-derive v0.7.35
[INFO] [stderr]    Compiling bytemuck_derive v1.7.1
[INFO] [stderr]    Compiling zerocopy v0.7.35
[INFO] [stderr]    Compiling thiserror-impl v1.0.64
[INFO] [stderr]    Compiling bytemuck v1.18.0
[INFO] [stderr]    Compiling pre-rfc3243-libtw2-common v0.1.0
[INFO] [stderr]    Compiling pre-rfc3243-libtw2-huffman v0.1.0
[INFO] [stderr]    Compiling num_enum_derive v0.7.3
[INFO] [stderr]    Compiling openssl-macros v0.1.1
[INFO] [stderr]    Compiling fdeflate v0.3.5
[INFO] [stderr]    Compiling tracing-core v0.1.32
[INFO] [stderr]    Compiling httparse v1.9.5
[INFO] [stderr]    Compiling futures-sink v0.3.31
[INFO] [stderr]    Compiling native-tls v0.2.12
[INFO] [stderr]    Compiling serde_json v1.0.128
[INFO] [stderr]    Compiling minimal-lexical v0.2.1
[INFO] [stderr]    Compiling rawpointer v0.2.1
[INFO] [stderr]    Compiling futures-util v0.3.31
[INFO] [stderr]    Compiling num_enum v0.7.3
[INFO] [stderr]    Compiling nom v7.1.3
[INFO] [stderr]    Compiling tracing v0.1.40
[INFO] [stderr]    Compiling tokio-util v0.7.12
[INFO] [stderr]    Compiling structview_derive v1.1.0
[INFO] [stderr]    Compiling ppv-lite86 v0.2.20
[INFO] [stderr]    Compiling regex v1.11.0
[INFO] [stderr]    Compiling num-complex v0.4.6
[INFO] [stderr]    Compiling color_quant v1.1.0
[INFO] [stderr]    Compiling utf8parse v0.2.2
[INFO] [stderr]    Compiling build-deps v0.1.4
[INFO] [stderr]    Compiling sanitize-filename v0.5.0
[INFO] [stderr]    Compiling crossbeam-epoch v0.9.18
[INFO] [stderr]    Compiling ndarray v0.15.6
[INFO] [stderr]    Compiling anstyle-parse v0.2.5
[INFO] [stderr]    Compiling rand_chacha v0.3.1
[INFO] [stderr]    Compiling structview v1.1.0
[INFO] [stderr]    Compiling unicode-normalization v0.1.24
[INFO] [stderr]    Compiling http-body v0.4.6
[INFO] [stderr]    Compiling futures-channel v0.3.31
[INFO] [stderr]    Compiling libsqlite3-sys v0.28.0
[INFO] [stderr]    Compiling anstyle v1.0.8
[INFO] [stderr]    Compiling radium v0.7.0
[INFO] [stderr]    Compiling anstyle-query v1.1.1
[INFO] [stderr]    Compiling colorchoice v1.0.2
[INFO] [stderr]    Compiling tower-service v0.3.3
[INFO] [stderr]    Compiling unicode-bidi v0.3.17
[INFO] [stderr]    Compiling is_terminal_polyfill v1.70.1
[INFO] [stderr]    Compiling twstorage v0.1.1
[INFO] [stderr]    Compiling hex v0.4.3
[INFO] [stderr]    Compiling rayon-core v1.12.1
[INFO] [stderr]    Compiling opus_headers v0.1.2
[INFO] [stderr]    Compiling idna v0.5.0
[INFO] [stderr]    Compiling anstream v0.6.15
[INFO] [stderr]    Compiling rand v0.8.5
[INFO] [stderr]    Compiling crossbeam-deque v0.8.5
[INFO] [stderr]    Compiling bitflags v2.6.0
[INFO] [stderr]    Compiling uuid v0.8.2
[INFO] [stderr]    Compiling hashbrown v0.14.5
[INFO] [stderr]    Compiling pre-rfc3243-libtw2-packer v0.1.0
[INFO] [stderr]    Compiling pre-rfc3243-libtw2-gamenet-common v0.1.1
[INFO] [stderr]    Compiling arrayvec v0.7.6
[INFO] [stderr]    Compiling pre-rfc3243-libtw2-gamenet-snap v0.1.0
[INFO] [stderr]    Compiling pre-rfc3243-libtw2-snapshot v0.1.0
[INFO] [stderr]    Compiling pre-rfc3243-libtw2-gamenet-ddnet v0.1.1
[INFO] [stderr]    Compiling serde_bytes v0.11.15
[INFO] [stderr]    Compiling uuid v1.10.0
[INFO] [stderr]    Compiling pre-rfc3243-libtw2-demo v0.1.0
[INFO] [stderr]    Compiling teehistorian v0.11.0
[INFO] [stderr]    Compiling h2 v0.3.26
[INFO] [stderr]    Compiling pre-rfc3243-libtw2-gamenet-teeworlds-0-7 v0.1.1
[INFO] [stdout] error[E0076]: SIMD vector's only field must be an array
[INFO] [stdout]     --> /opt/rustwide/cargo-home/registry/src/index.crates.io-6f17d22bba15001f/vek-0.16.1/src/vec.rs:3209:13
[INFO] [stdout]      |
[INFO] [stdout] 3209 |             pub struct Vec2<T> { pub x:T, pub y:T }
[INFO] [stdout]      |             ^^^^^^^^^^^^^^^^^^   ------- not an array
[INFO] [stdout] ...
[INFO] [stdout] 3709 |     vec_impl_all_vecs!{simd #[repr(simd)] c #[repr(C)] repr_simd}
[INFO] [stdout]      |     ------------------------------------------------------------- in this macro invocation
[INFO] [stdout]      |
[INFO] [stdout]      = note: this error originates in the macro `vec_impl_all_vecs` (in Nightly builds, run with -Z macro-backtrace for more info)
[INFO] [stdout] 
[INFO] [stdout] 
[INFO] [stdout] error[E0076]: SIMD vector's only field must be an array
[INFO] [stdout]     --> /opt/rustwide/cargo-home/registry/src/index.crates.io-6f17d22bba15001f/vek-0.16.1/src/vec.rs:3345:13
[INFO] [stdout]      |
[INFO] [stdout] 3345 |             pub struct Vec4<T> {
[INFO] [stdout]      |             ^^^^^^^^^^^^^^^^^^
[INFO] [stdout] 3346 |                 pub x:T, pub y:T, pub z:T,
[INFO] [stdout]      |                 ------- not an array
[INFO] [stdout] ...
[INFO] [stdout] 3709 |     vec_impl_all_vecs!{simd #[repr(simd)] c #[repr(C)] repr_simd}
[INFO] [stdout]      |     ------------------------------------------------------------- in this macro invocation
[INFO] [stdout]      |
[INFO] [stdout]      = note: this error originates in the macro `vec_impl_all_vecs` (in Nightly builds, run with -Z macro-backtrace for more info)
[INFO] [stdout] 
[INFO] [stdout] 
[INFO] [stderr]    Compiling flate2 v1.0.34
[INFO] [stdout] error[E0076]: SIMD vector's only field must be an array
[INFO] [stdout]     --> /opt/rustwide/cargo-home/registry/src/index.crates.io-6f17d22bba15001f/vek-0.16.1/src/vec.rs:3562:13
[INFO] [stdout]      |
[INFO] [stdout] 3562 |             pub struct Extent2<T> { pub w:T, pub h:T }
[INFO] [stdout]      |             ^^^^^^^^^^^^^^^^^^^^^   ------- not an array
[INFO] [stdout] ...
[INFO] [stdout] 3709 |     vec_impl_all_vecs!{simd #[repr(simd)] c #[repr(C)] repr_simd}
[INFO] [stdout]      |     ------------------------------------------------------------- in this macro invocation
[INFO] [stdout]      |
[INFO] [stdout]      = note: this error originates in the macro `vec_impl_all_vecs` (in Nightly builds, run with -Z macro-backtrace for more info)
[INFO] [stdout] 
[INFO] [stdout] 
[INFO] [stdout] error[E0076]: SIMD vector's only field must be an array
[INFO] [stdout]     --> /opt/rustwide/cargo-home/registry/src/index.crates.io-6f17d22bba15001f/vek-0.16.1/src/vec.rs:3586:13
[INFO] [stdout]      |
[INFO] [stdout] 3586 |             pub struct Rgba<T> { pub r:T, pub g:T, pub b:T, pub a:T }
[INFO] [stdout]      |             ^^^^^^^^^^^^^^^^^^   ------- not an array
[INFO] [stdout] ...
[INFO] [stdout] 3709 |     vec_impl_all_vecs!{simd #[repr(simd)] c #[repr(C)] repr_simd}
[INFO] [stdout]      |     ------------------------------------------------------------- in this macro invocation
[INFO] [stdout]      |
[INFO] [stdout]      = note: this error originates in the macro `vec_impl_all_vecs` (in Nightly builds, run with -Z macro-backtrace for more info)
[INFO] [stdout] 
[INFO] [stdout] 
[INFO] [stdout] error[E0076]: SIMD vector's only field must be an array
[INFO] [stdout]     --> /opt/rustwide/cargo-home/registry/src/index.crates.io-6f17d22bba15001f/vek-0.16.1/src/vec.rs:3680:13
[INFO] [stdout]      |
[INFO] [stdout] 3680 |             pub struct Uv<T> { pub u:T, pub v:T }
[INFO] [stdout]      |             ^^^^^^^^^^^^^^^^   ------- not an array
[INFO] [stdout] ...
[INFO] [stdout] 3709 |     vec_impl_all_vecs!{simd #[repr(simd)] c #[repr(C)] repr_simd}
[INFO] [stdout]      |     ------------------------------------------------------------- in this macro invocation
[INFO] [stdout]      |
[INFO] [stdout]      = note: this error originates in the macro `vec_impl_all_vecs` (in Nightly builds, run with -Z macro-backtrace for more info)
[INFO] [stdout] 
[INFO] [stdout] 
[INFO] [stderr]    Compiling bincode v1.3.3
[INFO] [stdout] error[E0076]: SIMD vector's only field must be an array
[INFO] [stdout]    --> /opt/rustwide/cargo-home/registry/src/index.crates.io-6f17d22bba15001f/vek-0.16.1/src/quaternion.rs:132:9
[INFO] [stdout]     |
[INFO] [stdout] 132 |         pub struct Quaternion<T> { pub x: T, pub y: T, pub z: T, pub w: T }
[INFO] [stdout]     |         ^^^^^^^^^^^^^^^^^^^^^^^^   -------- not an array
[INFO] [stdout] ...
[INFO] [stdout] 766 |     quaternion_complete_mod!(repr_simd #[repr(simd)]);
[INFO] [stdout]     |     ------------------------------------------------- in this macro invocation
[INFO] [stdout]     |
[INFO] [stdout]     = note: this error originates in the macro `quaternion_complete_mod` (in Nightly builds, run with -Z macro-backtrace for more info)
[INFO] [stdout] 
[INFO] [stdout] 
[INFO] [stderr]    Compiling png v0.17.14
[INFO] [stderr]    Compiling tokio-native-tls v0.3.1
[INFO] [stderr]    Compiling teehistorian-replayer v0.5.0
[INFO] [stderr]    Compiling crypto-common v0.1.6
[INFO] [stderr]    Compiling image v0.24.9
[INFO] [stderr]    Compiling rand_pcg v0.3.1
[INFO] [stderr]    Compiling strsim v0.11.1
[INFO] [stderr]    Compiling clap_lex v0.7.2
[INFO] [stderr]    Compiling clap_builder v4.5.19
[INFO] [stderr]    Compiling clap_derive v4.5.18
[INFO] [stderr]    Compiling wyz v0.5.1
[INFO] [stderr]    Compiling hyper v0.14.30
[INFO] [stderr] error: could not compile `fixed` (lib)
[INFO] [stderr] 
[INFO] [stderr] Caused by:
[INFO] [stderr]   process didn't exit successfully: `/opt/rustwide/rustup-home/toolchains/nightly-2024-10-28-x86_64-unknown-linux-gnu/bin/rustc --crate-name fixed --edition=2021 /opt/rustwide/cargo-home/registry/src/index.crates.io-6f17d22bba15001f/fixed-1.28.0/src/lib.rs --error-format=json --json=diagnostic-rendered-ansi,artifacts,future-incompat --crate-type lib --emit=dep-info,metadata,link -C embed-bitcode=no -C debuginfo=2 --cfg 'feature="num-traits"' --cfg 'feature="serde"' --cfg 'feature="serde-str"' --cfg 'feature="std"' --check-cfg 'cfg(docsrs)' --check-cfg 'cfg(feature, values("arbitrary", "az", "borsh", "f16", "fail-on-warnings", "nightly-float", "num-traits", "serde", "serde-str", "std"))' -C metadata=3435cf782b39324c -C extra-filename=-3435cf782b39324c --out-dir /opt/rustwide/target/debug/deps -L dependency=/opt/rustwide/target/debug/deps --extern az=/opt/rustwide/target/debug/deps/libaz-53994fbc1bf86405.rmeta --extern bytemuck=/opt/rustwide/target/debug/deps/libbytemuck-c6b9732473c14ee1.rmeta --extern half=/opt/rustwide/target/debug/deps/libhalf-36e9b2c7b8ce6843.rmeta --extern num_traits=/opt/rustwide/target/debug/deps/libnum_traits-f4156d1e802a5c62.rmeta --extern serde=/opt/rustwide/target/debug/deps/libserde-db62e1b7c250a040.rmeta --extern typenum=/opt/rustwide/target/debug/deps/libtypenum-5326f72807cfe834.rmeta --cap-lints allow --cap-lints=forbid -Zrandomize-layout` (signal: 9, SIGKILL: kill)
[INFO] [stderr] warning: build failed, waiting for other jobs to finish...
[INFO] [stdout] For more information about this error, try `rustc --explain E0076`.
[INFO] [stdout] 
[INFO] [stderr] error: could not compile `vek` (lib) due to 6 previous errors
[INFO] running `Command { std: "docker" "inspect" "da40cfc9d2dd73455e9555de01760fe9c5126c5351f75b233029cfc2da6f1b86", kill_on_drop: false }`
[INFO] running `Command { std: "docker" "rm" "-f" "da40cfc9d2dd73455e9555de01760fe9c5126c5351f75b233029cfc2da6f1b86", kill_on_drop: false }`
[INFO] [stdout] da40cfc9d2dd73455e9555de01760fe9c5126c5351f75b233029cfc2da6f1b86
