[INFO] fetching crate tcp-channel-server 0.1.1...
[INFO] testing tcp-channel-server-0.1.1 against nightly-2024-10-28 for randomize-layout
[INFO] extracting crate tcp-channel-server 0.1.1 into /workspace/builds/worker-7-tc1/source
[INFO] validating manifest of crates.io crate tcp-channel-server 0.1.1 on toolchain nightly-2024-10-28
[INFO] running `Command { std: CARGO_HOME="/workspace/cargo-home" RUSTUP_HOME="/workspace/rustup-home" "/workspace/cargo-home/bin/cargo" "+nightly-2024-10-28" "metadata" "--manifest-path" "Cargo.toml" "--no-deps", kill_on_drop: false }`
[INFO] started tweaking crates.io crate tcp-channel-server 0.1.1
[INFO] finished tweaking crates.io crate tcp-channel-server 0.1.1
[INFO] tweaked toml for crates.io crate tcp-channel-server 0.1.1 written to /workspace/builds/worker-7-tc1/source/Cargo.toml
[INFO] crate crates.io crate tcp-channel-server 0.1.1 already has a lockfile, it will not be regenerated
[INFO] running `Command { std: CARGO_HOME="/workspace/cargo-home" RUSTUP_HOME="/workspace/rustup-home" "/workspace/cargo-home/bin/cargo" "+nightly-2024-10-28" "fetch" "--manifest-path" "Cargo.toml", kill_on_drop: false }`
[INFO] [stderr]     Updating crates.io index
[INFO] [stderr]  Downloading crates ...
[INFO] [stderr]   Downloaded aqueue v1.4.1
[INFO] [stderr]   Downloaded tcpclient v2.0.0
[INFO] [stderr]   Downloaded tokio-openssl v0.6.4
[INFO] running `Command { std: "docker" "create" "-v" "/var/lib/crater-agent-workspace/builds/worker-7-tc1/target:/opt/rustwide/target:rw,Z" "-v" "/var/lib/crater-agent-workspace/builds/worker-7-tc1/source:/opt/rustwide/workdir:ro,Z" "-v" "/var/lib/crater-agent-workspace/cargo-home:/opt/rustwide/cargo-home:ro,Z" "-v" "/var/lib/crater-agent-workspace/rustup-home:/opt/rustwide/rustup-home:ro,Z" "-e" "SOURCE_DIR=/opt/rustwide/workdir" "-e" "CARGO_TARGET_DIR=/opt/rustwide/target" "-e" "CARGO_HOME=/opt/rustwide/cargo-home" "-e" "RUSTUP_HOME=/opt/rustwide/rustup-home" "-w" "/opt/rustwide/workdir" "-m" "1610612736" "--user" "0:0" "--network" "none" "ghcr.io/rust-lang/crates-build-env/linux@sha256:4a844ea9eb2546a2d2c7022eacef16ef2e8229c7fbb2c7d4d55a9ceca922f72d" "/opt/rustwide/cargo-home/bin/cargo" "+nightly-2024-10-28" "metadata" "--no-deps" "--format-version=1", kill_on_drop: false }`
[INFO] [stdout] 83a41b5e8f802a91cc038047393e12d8bb3eb94123bd5f4b4e7912efa31a1982
[INFO] running `Command { std: "docker" "start" "-a" "83a41b5e8f802a91cc038047393e12d8bb3eb94123bd5f4b4e7912efa31a1982", kill_on_drop: false }`
[INFO] running `Command { std: "docker" "inspect" "83a41b5e8f802a91cc038047393e12d8bb3eb94123bd5f4b4e7912efa31a1982", kill_on_drop: false }`
[INFO] running `Command { std: "docker" "rm" "-f" "83a41b5e8f802a91cc038047393e12d8bb3eb94123bd5f4b4e7912efa31a1982", kill_on_drop: false }`
[INFO] [stdout] 83a41b5e8f802a91cc038047393e12d8bb3eb94123bd5f4b4e7912efa31a1982
[INFO] running `Command { std: "docker" "create" "-v" "/var/lib/crater-agent-workspace/builds/worker-7-tc1/target:/opt/rustwide/target:rw,Z" "-v" "/var/lib/crater-agent-workspace/builds/worker-7-tc1/source:/opt/rustwide/workdir:ro,Z" "-v" "/var/lib/crater-agent-workspace/cargo-home:/opt/rustwide/cargo-home:ro,Z" "-v" "/var/lib/crater-agent-workspace/rustup-home:/opt/rustwide/rustup-home:ro,Z" "-e" "SOURCE_DIR=/opt/rustwide/workdir" "-e" "CARGO_TARGET_DIR=/opt/rustwide/target" "-e" "CARGO_INCREMENTAL=0" "-e" "RUST_BACKTRACE=full" "-e" "RUSTFLAGS=--cap-lints=forbid" "-e" "RUSTDOCFLAGS=--cap-lints=forbid" "-e" "CARGO_HOME=/opt/rustwide/cargo-home" "-e" "RUSTUP_HOME=/opt/rustwide/rustup-home" "-w" "/opt/rustwide/workdir" "-m" "1610612736" "--user" "0:0" "--network" "none" "ghcr.io/rust-lang/crates-build-env/linux@sha256:4a844ea9eb2546a2d2c7022eacef16ef2e8229c7fbb2c7d4d55a9ceca922f72d" "/opt/rustwide/cargo-home/bin/cargo" "+nightly-2024-10-28" "build" "--frozen" "--message-format=json", kill_on_drop: false }`
[INFO] [stdout] 5782e671f666e86640d44180de00e012dc8a700690cc8a42ca9075080c4686be
[INFO] running `Command { std: "docker" "start" "-a" "5782e671f666e86640d44180de00e012dc8a700690cc8a42ca9075080c4686be", kill_on_drop: false }`
[INFO] [stderr]    Compiling crossbeam-utils v0.8.20
[INFO] [stderr]    Compiling pin-project-lite v0.2.14
[INFO] [stderr]    Compiling parking v2.2.0
[INFO] [stderr]    Compiling libc v0.2.155
[INFO] [stderr]    Compiling proc-macro2 v1.0.85
[INFO] [stderr]    Compiling unicode-ident v1.0.12
[INFO] [stderr]    Compiling anyhow v1.0.86
[INFO] [stderr]    Compiling futures-core v0.3.30
[INFO] [stderr]    Compiling bytes v1.6.0
[INFO] [stderr]    Compiling log v0.4.21
[INFO] [stderr]    Compiling concurrent-queue v2.5.0
[INFO] [stderr]    Compiling event-listener v5.3.1
[INFO] [stderr]    Compiling quote v1.0.36
[INFO] [stderr]    Compiling event-listener-strategy v0.5.2
[INFO] [stderr]    Compiling mio v0.8.11
[INFO] [stderr]    Compiling socket2 v0.5.7
[INFO] [stderr]    Compiling syn v2.0.66
[INFO] [stderr]    Compiling async-lock v3.4.0
[INFO] [stderr]    Compiling async-channel v2.3.1
[INFO] [stderr]    Compiling tokio v1.38.0
[INFO] [stderr]    Compiling aqueue v1.4.1
[INFO] [stderr]    Compiling async-trait v0.1.80
[INFO] [stderr]    Compiling tcp-channel-server v0.1.1 (/opt/rustwide/workdir)
[INFO] [stderr]     Finished `dev` profile [unoptimized + debuginfo] target(s) in 4.04s
[INFO] running `Command { std: "docker" "inspect" "5782e671f666e86640d44180de00e012dc8a700690cc8a42ca9075080c4686be", kill_on_drop: false }`
[INFO] running `Command { std: "docker" "rm" "-f" "5782e671f666e86640d44180de00e012dc8a700690cc8a42ca9075080c4686be", kill_on_drop: false }`
[INFO] [stdout] 5782e671f666e86640d44180de00e012dc8a700690cc8a42ca9075080c4686be
[INFO] running `Command { std: "docker" "create" "-v" "/var/lib/crater-agent-workspace/builds/worker-7-tc1/target:/opt/rustwide/target:rw,Z" "-v" "/var/lib/crater-agent-workspace/builds/worker-7-tc1/source:/opt/rustwide/workdir:ro,Z" "-v" "/var/lib/crater-agent-workspace/cargo-home:/opt/rustwide/cargo-home:ro,Z" "-v" "/var/lib/crater-agent-workspace/rustup-home:/opt/rustwide/rustup-home:ro,Z" "-e" "SOURCE_DIR=/opt/rustwide/workdir" "-e" "CARGO_TARGET_DIR=/opt/rustwide/target" "-e" "CARGO_INCREMENTAL=0" "-e" "RUST_BACKTRACE=full" "-e" "RUSTFLAGS=--cap-lints=forbid" "-e" "RUSTDOCFLAGS=--cap-lints=forbid" "-e" "CARGO_HOME=/opt/rustwide/cargo-home" "-e" "RUSTUP_HOME=/opt/rustwide/rustup-home" "-w" "/opt/rustwide/workdir" "-m" "1610612736" "--user" "0:0" "--network" "none" "ghcr.io/rust-lang/crates-build-env/linux@sha256:4a844ea9eb2546a2d2c7022eacef16ef2e8229c7fbb2c7d4d55a9ceca922f72d" "/opt/rustwide/cargo-home/bin/cargo" "+nightly-2024-10-28" "test" "--frozen" "--no-run" "--message-format=json", kill_on_drop: false }`
[INFO] [stdout] 24acc2a92962ea364936f6ff71f3f5f5ac14190b2c465981008f676e43192b20
[INFO] running `Command { std: "docker" "start" "-a" "24acc2a92962ea364936f6ff71f3f5f5ac14190b2c465981008f676e43192b20", kill_on_drop: false }`
[INFO] [stderr]    Compiling autocfg v1.3.0
[INFO] [stderr]    Compiling memchr v2.7.2
[INFO] [stderr]    Compiling smallvec v1.13.2
[INFO] [stderr]    Compiling regex-syntax v0.8.4
[INFO] [stderr]    Compiling log v0.4.21
[INFO] [stderr]    Compiling anstyle-query v1.1.0
[INFO] [stderr]    Compiling is_terminal_polyfill v1.70.0
[INFO] [stderr]    Compiling anstyle v1.0.7
[INFO] [stderr]    Compiling colorchoice v1.0.1
[INFO] [stderr]    Compiling signal-hook-registry v1.4.2
[INFO] [stderr]    Compiling num_cpus v1.16.0
[INFO] [stderr]    Compiling anstyle-parse v0.2.4
[INFO] [stderr]    Compiling humantime v2.1.0
[INFO] [stderr]    Compiling lazy_static v1.4.0
[INFO] [stderr]    Compiling tokio-macros v2.3.0
[INFO] [stderr]    Compiling anstream v0.6.14
[INFO] [stderr]    Compiling parking_lot_core v0.9.10
[INFO] [stderr]    Compiling lock_api v0.4.12
[INFO] [stderr]    Compiling aho-corasick v1.1.3
[INFO] [stderr]    Compiling parking_lot v0.12.3
[INFO] [stderr]    Compiling tokio v1.38.0
[INFO] [stderr]    Compiling regex-automata v0.4.7
[INFO] [stderr]    Compiling regex v1.10.5
[INFO] [stderr]    Compiling env_filter v0.1.0
[INFO] [stderr]    Compiling env_logger v0.11.3
[INFO] [stderr]    Compiling tcpclient v2.0.0
[INFO] [stderr]    Compiling tcp-channel-server v0.1.1 (/opt/rustwide/workdir)
[INFO] [stdout] error[E0433]: failed to resolve: use of undeclared crate or module `openssl`
[INFO] [stdout]  --> examples/test_ssl_client.rs:2:5
[INFO] [stdout]   |
[INFO] [stdout] 2 | use openssl::ssl::{SslConnector, SslFiletype, SslMethod, SslVerifyMode};
[INFO] [stdout]   |     ^^^^^^^ use of undeclared crate or module `openssl`
[INFO] [stdout] 
[INFO] [stdout] 
[INFO] [stdout] error[E0433]: failed to resolve: use of undeclared crate or module `openssl`
[INFO] [stdout]  --> examples/ssl_server.rs:4:5
[INFO] [stdout]   |
[INFO] [stdout] 4 | use openssl::ssl::{Ssl, SslAcceptor, SslFiletype, SslMethod, SslVerifyMode};
[INFO] [stdout]   |     ^^^^^^^ use of undeclared crate or module `openssl`
[INFO] [stdout] 
[INFO] [stdout] 
[INFO] [stdout] error[E0432]: unresolved import `tokio_openssl`
[INFO] [stdout]   --> examples/ssl_server.rs:11:5
[INFO] [stdout]    |
[INFO] [stdout] 11 | use tokio_openssl::SslStream;
[INFO] [stdout]    |     ^^^^^^^^^^^^^ use of undeclared crate or module `tokio_openssl`
[INFO] [stdout] 
[INFO] [stdout] 
[INFO] [stdout] error[E0432]: unresolved import `tokio_openssl`
[INFO] [stdout]  --> examples/test_ssl_client.rs:7:5
[INFO] [stdout]   |
[INFO] [stdout] 7 | use tokio_openssl::SslStream;
[INFO] [stdout]   |     ^^^^^^^^^^^^^ use of undeclared crate or module `tokio_openssl`
[INFO] [stdout] 
[INFO] [stdout] 
[INFO] [stdout] Some errors have detailed explanations: E0432, E0433.
[INFO] [stdout] 
[INFO] [stdout] For more information about an error, try `rustc --explain E0432`.
[INFO] [stdout] 
[INFO] [stderr] error: could not compile `tcp-channel-server` (example "test_ssl_client") due to 2 previous errors
[INFO] [stderr] warning: build failed, waiting for other jobs to finish...
[INFO] [stdout] Some errors have detailed explanations: E0432, E0433.
[INFO] [stdout] 
[INFO] [stdout] For more information about an error, try `rustc --explain E0432`.
[INFO] [stdout] 
[INFO] [stderr] error: could not compile `tcp-channel-server` (example "ssl_server") due to 2 previous errors
[INFO] running `Command { std: "docker" "inspect" "24acc2a92962ea364936f6ff71f3f5f5ac14190b2c465981008f676e43192b20", kill_on_drop: false }`
[INFO] running `Command { std: "docker" "rm" "-f" "24acc2a92962ea364936f6ff71f3f5f5ac14190b2c465981008f676e43192b20", kill_on_drop: false }`
[INFO] [stdout] 24acc2a92962ea364936f6ff71f3f5f5ac14190b2c465981008f676e43192b20
