[INFO] fetching crate tar-rsl 0.1.1...
[INFO] testing tar-rsl-0.1.1 against nightly-2024-10-28+rustflags=-Zrandomize-layout for randomize-layout
[INFO] extracting crate tar-rsl 0.1.1 into /workspace/builds/worker-6-tc2/source
[INFO] validating manifest of crates.io crate tar-rsl 0.1.1 on toolchain nightly-2024-10-28
[INFO] running `Command { std: CARGO_HOME="/workspace/cargo-home" RUSTUP_HOME="/workspace/rustup-home" "/workspace/cargo-home/bin/cargo" "+nightly-2024-10-28" "metadata" "--manifest-path" "Cargo.toml" "--no-deps", kill_on_drop: false }`
[INFO] started tweaking crates.io crate tar-rsl 0.1.1
[INFO] finished tweaking crates.io crate tar-rsl 0.1.1
[INFO] tweaked toml for crates.io crate tar-rsl 0.1.1 written to /workspace/builds/worker-6-tc2/source/Cargo.toml
[INFO] crate crates.io crate tar-rsl 0.1.1 already has a lockfile, it will not be regenerated
[INFO] running `Command { std: CARGO_HOME="/workspace/cargo-home" RUSTUP_HOME="/workspace/rustup-home" "/workspace/cargo-home/bin/cargo" "+nightly-2024-10-28" "fetch" "--manifest-path" "Cargo.toml", kill_on_drop: false }`
[INFO] running `Command { std: "docker" "create" "-v" "/var/lib/crater-agent-workspace/builds/worker-6-tc2/target:/opt/rustwide/target:rw,Z" "-v" "/var/lib/crater-agent-workspace/builds/worker-6-tc2/source:/opt/rustwide/workdir:ro,Z" "-v" "/var/lib/crater-agent-workspace/cargo-home:/opt/rustwide/cargo-home:ro,Z" "-v" "/var/lib/crater-agent-workspace/rustup-home:/opt/rustwide/rustup-home:ro,Z" "-e" "SOURCE_DIR=/opt/rustwide/workdir" "-e" "CARGO_TARGET_DIR=/opt/rustwide/target" "-e" "CARGO_HOME=/opt/rustwide/cargo-home" "-e" "RUSTUP_HOME=/opt/rustwide/rustup-home" "-w" "/opt/rustwide/workdir" "-m" "1610612736" "--user" "0:0" "--network" "none" "ghcr.io/rust-lang/crates-build-env/linux@sha256:4a844ea9eb2546a2d2c7022eacef16ef2e8229c7fbb2c7d4d55a9ceca922f72d" "/opt/rustwide/cargo-home/bin/cargo" "+nightly-2024-10-28" "metadata" "--no-deps" "--format-version=1", kill_on_drop: false }`
[INFO] [stdout] b3f3b33f5678ea7edefa967b6c356025db4ea80e5803d44dd5924e8046cc5e14
[INFO] running `Command { std: "docker" "start" "-a" "b3f3b33f5678ea7edefa967b6c356025db4ea80e5803d44dd5924e8046cc5e14", kill_on_drop: false }`
[INFO] running `Command { std: "docker" "inspect" "b3f3b33f5678ea7edefa967b6c356025db4ea80e5803d44dd5924e8046cc5e14", kill_on_drop: false }`
[INFO] running `Command { std: "docker" "rm" "-f" "b3f3b33f5678ea7edefa967b6c356025db4ea80e5803d44dd5924e8046cc5e14", kill_on_drop: false }`
[INFO] [stdout] b3f3b33f5678ea7edefa967b6c356025db4ea80e5803d44dd5924e8046cc5e14
[INFO] running `Command { std: "docker" "create" "-v" "/var/lib/crater-agent-workspace/builds/worker-6-tc2/target:/opt/rustwide/target:rw,Z" "-v" "/var/lib/crater-agent-workspace/builds/worker-6-tc2/source:/opt/rustwide/workdir:ro,Z" "-v" "/var/lib/crater-agent-workspace/cargo-home:/opt/rustwide/cargo-home:ro,Z" "-v" "/var/lib/crater-agent-workspace/rustup-home:/opt/rustwide/rustup-home:ro,Z" "-e" "SOURCE_DIR=/opt/rustwide/workdir" "-e" "CARGO_TARGET_DIR=/opt/rustwide/target" "-e" "CARGO_INCREMENTAL=0" "-e" "RUST_BACKTRACE=full" "-e" "RUSTFLAGS=--cap-lints=forbid -Zrandomize-layout" "-e" "RUSTDOCFLAGS=--cap-lints=forbid" "-e" "CARGO_HOME=/opt/rustwide/cargo-home" "-e" "RUSTUP_HOME=/opt/rustwide/rustup-home" "-w" "/opt/rustwide/workdir" "-m" "1610612736" "--user" "0:0" "--network" "none" "ghcr.io/rust-lang/crates-build-env/linux@sha256:4a844ea9eb2546a2d2c7022eacef16ef2e8229c7fbb2c7d4d55a9ceca922f72d" "/opt/rustwide/cargo-home/bin/cargo" "+nightly-2024-10-28" "build" "--frozen" "--message-format=json", kill_on_drop: false }`
[INFO] [stdout] 62af9e9009e774bdea93f5c055c6bef07ee76e2adf8727abf65a25f62cdc3e0c
[INFO] running `Command { std: "docker" "start" "-a" "62af9e9009e774bdea93f5c055c6bef07ee76e2adf8727abf65a25f62cdc3e0c", kill_on_drop: false }`
[INFO] [stderr] warning: tar-rsl v0.1.1 (/opt/rustwide/workdir) ignoring invalid dependency `jdks` which is missing a lib target
[INFO] [stderr]    Compiling libc v0.2.153
[INFO] [stderr]    Compiling rustix v0.38.31
[INFO] [stderr]    Compiling linux-raw-sys v0.4.13
[INFO] [stderr]    Compiling bitflags v2.4.2
[INFO] [stderr]    Compiling filetime v0.2.23
[INFO] [stderr]    Compiling xattr v1.3.1
[INFO] [stderr]    Compiling tar-rsl v0.1.1 (/opt/rustwide/workdir)
[INFO] [stderr]     Finished `dev` profile [unoptimized + debuginfo] target(s) in 2.47s
[INFO] running `Command { std: "docker" "inspect" "62af9e9009e774bdea93f5c055c6bef07ee76e2adf8727abf65a25f62cdc3e0c", kill_on_drop: false }`
[INFO] running `Command { std: "docker" "rm" "-f" "62af9e9009e774bdea93f5c055c6bef07ee76e2adf8727abf65a25f62cdc3e0c", kill_on_drop: false }`
[INFO] [stdout] 62af9e9009e774bdea93f5c055c6bef07ee76e2adf8727abf65a25f62cdc3e0c
[INFO] running `Command { std: "docker" "create" "-v" "/var/lib/crater-agent-workspace/builds/worker-6-tc2/target:/opt/rustwide/target:rw,Z" "-v" "/var/lib/crater-agent-workspace/builds/worker-6-tc2/source:/opt/rustwide/workdir:ro,Z" "-v" "/var/lib/crater-agent-workspace/cargo-home:/opt/rustwide/cargo-home:ro,Z" "-v" "/var/lib/crater-agent-workspace/rustup-home:/opt/rustwide/rustup-home:ro,Z" "-e" "SOURCE_DIR=/opt/rustwide/workdir" "-e" "CARGO_TARGET_DIR=/opt/rustwide/target" "-e" "CARGO_INCREMENTAL=0" "-e" "RUST_BACKTRACE=full" "-e" "RUSTFLAGS=--cap-lints=forbid -Zrandomize-layout" "-e" "RUSTDOCFLAGS=--cap-lints=forbid" "-e" "CARGO_HOME=/opt/rustwide/cargo-home" "-e" "RUSTUP_HOME=/opt/rustwide/rustup-home" "-w" "/opt/rustwide/workdir" "-m" "1610612736" "--user" "0:0" "--network" "none" "ghcr.io/rust-lang/crates-build-env/linux@sha256:4a844ea9eb2546a2d2c7022eacef16ef2e8229c7fbb2c7d4d55a9ceca922f72d" "/opt/rustwide/cargo-home/bin/cargo" "+nightly-2024-10-28" "test" "--frozen" "--no-run" "--message-format=json", kill_on_drop: false }`
[INFO] [stdout] 492046cb2e48ca0f9645ff330ce3f81cda3f07d7276dbb55c116793ca05e175c
[INFO] running `Command { std: "docker" "start" "-a" "492046cb2e48ca0f9645ff330ce3f81cda3f07d7276dbb55c116793ca05e175c", kill_on_drop: false }`
[INFO] [stderr] warning: tar-rsl v0.1.1 (/opt/rustwide/workdir) ignoring invalid dependency `jdks` which is missing a lib target
[INFO] [stderr]    Compiling fastrand v2.0.1
[INFO] [stderr]    Compiling tempfile v3.10.1
[INFO] [stderr]    Compiling tar-rsl v0.1.1 (/opt/rustwide/workdir)
[INFO] [stdout] error[E0463]: can't find crate for `tar`
[INFO] [stdout]  --> examples/list.rs:5:1
[INFO] [stdout]   |
[INFO] [stdout] 5 | extern crate tar;
[INFO] [stdout]   | ^^^^^^^^^^^^^^^^^ can't find crate
[INFO] [stdout] 
[INFO] [stdout] 
[INFO] [stdout] error[E0463]: can't find crate for `tar`
[INFO] [stdout]  --> tests/entry.rs:1:1
[INFO] [stdout]   |
[INFO] [stdout] 1 | extern crate tar;
[INFO] [stdout]   | ^^^^^^^^^^^^^^^^^ can't find crate
[INFO] [stdout] 
[INFO] [stdout] 
[INFO] [stdout] For more information about this error, try `rustc --explain E0463`.
[INFO] [stdout] 
[INFO] [stdout] error[E0463]: can't find crate for `tar`
[INFO] [stdout]  --> examples/write.rs:1:1
[INFO] [stdout]   |
[INFO] [stdout] 1 | extern crate tar;
[INFO] [stdout]   | ^^^^^^^^^^^^^^^^^ can't find crate
[INFO] [stdout] 
[INFO] [stdout] 
[INFO] [stdout] error[E0463]: can't find crate for `tar`
[INFO] [stdout]  --> tests/all.rs:2:1
[INFO] [stdout]   |
[INFO] [stdout] 2 | extern crate tar;
[INFO] [stdout]   | ^^^^^^^^^^^^^^^^^ can't find crate
[INFO] [stdout] 
[INFO] [stdout] 
[INFO] [stdout] error[E0463]: can't find crate for `tar`
[INFO] [stdout]  --> examples/extract_file.rs:7:1
[INFO] [stdout]   |
[INFO] [stdout] 7 | extern crate tar;
[INFO] [stdout]   | ^^^^^^^^^^^^^^^^^ can't find crate
[INFO] [stdout] 
[INFO] [stdout] 
[INFO] [stdout] error[E0463]: can't find crate for `tar`
[INFO] [stdout]  --> examples/raw_list.rs:5:1
[INFO] [stdout]   |
[INFO] [stdout] 5 | extern crate tar;
[INFO] [stdout]   | ^^^^^^^^^^^^^^^^^ can't find crate
[INFO] [stdout] 
[INFO] [stdout] 
[INFO] [stdout] For more information about this error, try `rustc --explain E0463`.
[INFO] [stdout] 
[INFO] [stderr] error: could not compile `tar-rsl` (example "list") due to 1 previous error
[INFO] [stderr] warning: build failed, waiting for other jobs to finish...
[INFO] [stdout] For more information about this error, try `rustc --explain E0463`.
[INFO] [stdout] 
[INFO] [stdout] error: couldn't read `tests/archives/simple.tar`: No such file or directory (os error 2)
[INFO] [stdout]   --> tests/all.rs:28:10
[INFO] [stdout]    |
[INFO] [stdout] 28 |         &include_bytes!(concat!("archives/", $e))[..]
[INFO] [stdout]    |          ^^^^^^^^^^^^^^^^^^^^^^^^^^^^^^^^^^^^^^^^
[INFO] [stdout] ...
[INFO] [stdout] 38 |     let bytes = tar!("simple.tar");
[INFO] [stdout]    |                 ------------------ in this macro invocation
[INFO] [stdout]    |
[INFO] [stdout]    = note: this error originates in the macro `include_bytes` which comes from the expansion of the macro `tar` (in Nightly builds, run with -Z macro-backtrace for more info)
[INFO] [stdout] 
[INFO] [stdout] 
[INFO] [stderr] error: could not compile `tar-rsl` (example "write") due to 1 previous error
[INFO] [stdout] For more information about this error, try `rustc --explain E0463`.
[INFO] [stdout] 
[INFO] [stdout] error: couldn't read `tests/archives/simple.tar`: No such file or directory (os error 2)
[INFO] [stdout]   --> tests/all.rs:28:10
[INFO] [stdout]    |
[INFO] [stdout] 28 |         &include_bytes!(concat!("archives/", $e))[..]
[INFO] [stdout]    |          ^^^^^^^^^^^^^^^^^^^^^^^^^^^^^^^^^^^^^^^^
[INFO] [stdout] ...
[INFO] [stdout] 83 |     let mut ar = Archive::new(Cursor::new(tar!("simple.tar")));
[INFO] [stdout]    |                                           ------------------ in this macro invocation
[INFO] [stdout]    |
[INFO] [stdout]    = note: this error originates in the macro `include_bytes` which comes from the expansion of the macro `tar` (in Nightly builds, run with -Z macro-backtrace for more info)
[INFO] [stdout] 
[INFO] [stdout] 
[INFO] [stdout] error: couldn't read `tests/archives/simple_missing_last_header.tar`: No such file or directory (os error 2)
[INFO] [stdout]   --> tests/all.rs:28:10
[INFO] [stdout]    |
[INFO] [stdout] 28 |         &include_bytes!(concat!("archives/", $e))[..]
[INFO] [stdout]    |          ^^^^^^^^^^^^^^^^^^^^^^^^^^^^^^^^^^^^^^^^
[INFO] [stdout] ...
[INFO] [stdout] 98 |     let mut ar = Archive::new(Cursor::new(tar!("simple_missing_last_header.tar")));
[INFO] [stdout]    |                                           -------------------------------------- in this macro invocation
[INFO] [stdout]    |
[INFO] [stdout]    = note: this error originates in the macro `include_bytes` which comes from the expansion of the macro `tar` (in Nightly builds, run with -Z macro-backtrace for more info)
[INFO] [stdout] 
[INFO] [stdout] 
[INFO] [stdout] error: couldn't read `tests/archives/reading_files.tar`: No such file or directory (os error 2)
[INFO] [stdout]    --> tests/all.rs:28:10
[INFO] [stdout]     |
[INFO] [stdout] 28  |         &include_bytes!(concat!("archives/", $e))[..]
[INFO] [stdout]     |          ^^^^^^^^^^^^^^^^^^^^^^^^^^^^^^^^^^^^^^^^
[INFO] [stdout] ...
[INFO] [stdout] 113 |     let rdr = Cursor::new(tar!("reading_files.tar"));
[INFO] [stdout]     |                           ------------------------- in this macro invocation
[INFO] [stdout]     |
[INFO] [stdout]     = note: this error originates in the macro `include_bytes` which comes from the expansion of the macro `tar` (in Nightly builds, run with -Z macro-backtrace for more info)
[INFO] [stdout] 
[INFO] [stdout] 
[INFO] [stderr] error: could not compile `tar-rsl` (example "extract_file") due to 1 previous error
[INFO] [stdout] error: couldn't read `tests/archives/reading_files.tar`: No such file or directory (os error 2)
[INFO] [stdout]    --> tests/all.rs:28:10
[INFO] [stdout]     |
[INFO] [stdout] 28  |         &include_bytes!(concat!("archives/", $e))[..]
[INFO] [stdout]     |          ^^^^^^^^^^^^^^^^^^^^^^^^^^^^^^^^^^^^^^^^
[INFO] [stdout] ...
[INFO] [stdout] 226 |     let rdr = Cursor::new(tar!("reading_files.tar"));
[INFO] [stdout]     |                           ------------------------- in this macro invocation
[INFO] [stdout]     |
[INFO] [stdout]     = note: this error originates in the macro `include_bytes` which comes from the expansion of the macro `tar` (in Nightly builds, run with -Z macro-backtrace for more info)
[INFO] [stdout] 
[INFO] [stdout] 
[INFO] [stdout] error: couldn't read `tests/archives/reading_files.tar`: No such file or directory (os error 2)
[INFO] [stdout]    --> tests/all.rs:28:10
[INFO] [stdout]     |
[INFO] [stdout] 28  |         &include_bytes!(concat!("archives/", $e))[..]
[INFO] [stdout]     |          ^^^^^^^^^^^^^^^^^^^^^^^^^^^^^^^^^^^^^^^^
[INFO] [stdout] ...
[INFO] [stdout] 233 |     let rdr = Cursor::new(tar!("reading_files.tar"));
[INFO] [stdout]     |                           ------------------------- in this macro invocation
[INFO] [stdout]     |
[INFO] [stdout]     = note: this error originates in the macro `include_bytes` which comes from the expansion of the macro `tar` (in Nightly builds, run with -Z macro-backtrace for more info)
[INFO] [stdout] 
[INFO] [stdout] 
[INFO] [stdout] error: couldn't read `tests/archives/reading_files.tar`: No such file or directory (os error 2)
[INFO] [stdout]    --> tests/all.rs:28:10
[INFO] [stdout]     |
[INFO] [stdout] 28  |         &include_bytes!(concat!("archives/", $e))[..]
[INFO] [stdout]     |          ^^^^^^^^^^^^^^^^^^^^^^^^^^^^^^^^^^^^^^^^
[INFO] [stdout] ...
[INFO] [stdout] 269 |     let mut reader = LoggingReader::new(Cursor::new(tar!("reading_files.tar")));
[INFO] [stdout]     |                                                     ------------------------- in this macro invocation
[INFO] [stdout]     |
[INFO] [stdout]     = note: this error originates in the macro `include_bytes` which comes from the expansion of the macro `tar` (in Nightly builds, run with -Z macro-backtrace for more info)
[INFO] [stdout] 
[INFO] [stdout] 
[INFO] [stdout] error: couldn't read `tests/archives/reading_files.tar`: No such file or directory (os error 2)
[INFO] [stdout]    --> tests/all.rs:28:10
[INFO] [stdout]     |
[INFO] [stdout] 28  |         &include_bytes!(concat!("archives/", $e))[..]
[INFO] [stdout]     |          ^^^^^^^^^^^^^^^^^^^^^^^^^^^^^^^^^^^^^^^^
[INFO] [stdout] ...
[INFO] [stdout] 275 |     let mut seekable_reader = LoggingReader::new(Cursor::new(tar!("reading_files.tar")));
[INFO] [stdout]     |                                                              ------------------------- in this macro invocation
[INFO] [stdout]     |
[INFO] [stdout]     = note: this error originates in the macro `include_bytes` which comes from the expansion of the macro `tar` (in Nightly builds, run with -Z macro-backtrace for more info)
[INFO] [stdout] 
[INFO] [stdout] 
[INFO] [stdout] error: couldn't read `tests/archives/directory.tar`: No such file or directory (os error 2)
[INFO] [stdout]    --> tests/all.rs:28:10
[INFO] [stdout]     |
[INFO] [stdout] 28  |         &include_bytes!(concat!("archives/", $e))[..]
[INFO] [stdout]     |          ^^^^^^^^^^^^^^^^^^^^^^^^^^^^^^^^^^^^^^^^
[INFO] [stdout] ...
[INFO] [stdout] 297 |     let rdr = Cursor::new(tar!("directory.tar"));
[INFO] [stdout]     |                           --------------------- in this macro invocation
[INFO] [stdout]     |
[INFO] [stdout]     = note: this error originates in the macro `include_bytes` which comes from the expansion of the macro `tar` (in Nightly builds, run with -Z macro-backtrace for more info)
[INFO] [stdout] 
[INFO] [stdout] 
[INFO] [stdout] error: couldn't read `tests/archives/reading_files.tar`: No such file or directory (os error 2)
[INFO] [stdout]    --> tests/all.rs:28:10
[INFO] [stdout]     |
[INFO] [stdout] 28  |         &include_bytes!(concat!("archives/", $e))[..]
[INFO] [stdout]     |          ^^^^^^^^^^^^^^^^^^^^^^^^^^^^^^^^^^^^^^^^
[INFO] [stdout] ...
[INFO] [stdout] 309 |     let rdr = Cursor::new(tar!("reading_files.tar"));
[INFO] [stdout]     |                           ------------------------- in this macro invocation
[INFO] [stdout]     |
[INFO] [stdout]     = note: this error originates in the macro `include_bytes` which comes from the expansion of the macro `tar` (in Nightly builds, run with -Z macro-backtrace for more info)
[INFO] [stdout] 
[INFO] [stdout] 
[INFO] [stdout] error: couldn't read `tests/archives/reading_files.tar`: No such file or directory (os error 2)
[INFO] [stdout]    --> tests/all.rs:28:10
[INFO] [stdout]     |
[INFO] [stdout] 28  |         &include_bytes!(concat!("archives/", $e))[..]
[INFO] [stdout]     |          ^^^^^^^^^^^^^^^^^^^^^^^^^^^^^^^^^^^^^^^^
[INFO] [stdout] ...
[INFO] [stdout] 331 |     let rdr = Cursor::new(tar!("reading_files.tar"));
[INFO] [stdout]     |                           ------------------------- in this macro invocation
[INFO] [stdout]     |
[INFO] [stdout]     = note: this error originates in the macro `include_bytes` which comes from the expansion of the macro `tar` (in Nightly builds, run with -Z macro-backtrace for more info)
[INFO] [stdout] 
[INFO] [stdout] 
[INFO] [stderr] error: could not compile `tar-rsl` (example "raw_list") due to 1 previous error
[INFO] [stdout] error: couldn't read `tests/archives/link.tar`: No such file or directory (os error 2)
[INFO] [stdout]    --> tests/all.rs:28:10
[INFO] [stdout]     |
[INFO] [stdout] 28  |         &include_bytes!(concat!("archives/", $e))[..]
[INFO] [stdout]     |          ^^^^^^^^^^^^^^^^^^^^^^^^^^^^^^^^^^^^^^^^
[INFO] [stdout] ...
[INFO] [stdout] 344 |     let rdr = Cursor::new(tar!("link.tar"));
[INFO] [stdout]     |                           ---------------- in this macro invocation
[INFO] [stdout]     |
[INFO] [stdout]     = note: this error originates in the macro `include_bytes` which comes from the expansion of the macro `tar` (in Nightly builds, run with -Z macro-backtrace for more info)
[INFO] [stdout] 
[INFO] [stdout] 
[INFO] [stdout] error: couldn't read `tests/archives/link.tar`: No such file or directory (os error 2)
[INFO] [stdout]    --> tests/all.rs:28:10
[INFO] [stdout]     |
[INFO] [stdout] 28  |         &include_bytes!(concat!("archives/", $e))[..]
[INFO] [stdout]     |          ^^^^^^^^^^^^^^^^^^^^^^^^^^^^^^^^^^^^^^^^
[INFO] [stdout] ...
[INFO] [stdout] 367 |     let rdr = Cursor::new(tar!("link.tar"));
[INFO] [stdout]     |                           ---------------- in this macro invocation
[INFO] [stdout]     |
[INFO] [stdout]     = note: this error originates in the macro `include_bytes` which comes from the expansion of the macro `tar` (in Nightly builds, run with -Z macro-backtrace for more info)
[INFO] [stdout] 
[INFO] [stdout] 
[INFO] [stdout] error: couldn't read `tests/archives/xattrs.tar`: No such file or directory (os error 2)
[INFO] [stdout]    --> tests/all.rs:28:10
[INFO] [stdout]     |
[INFO] [stdout] 28  |         &include_bytes!(concat!("archives/", $e))[..]
[INFO] [stdout]     |          ^^^^^^^^^^^^^^^^^^^^^^^^^^^^^^^^^^^^^^^^
[INFO] [stdout] ...
[INFO] [stdout] 379 |     let rdr = Cursor::new(tar!("xattrs.tar"));
[INFO] [stdout]     |                           ------------------ in this macro invocation
[INFO] [stdout]     |
[INFO] [stdout]     = note: this error originates in the macro `include_bytes` which comes from the expansion of the macro `tar` (in Nightly builds, run with -Z macro-backtrace for more info)
[INFO] [stdout] 
[INFO] [stdout] 
[INFO] [stdout] error: couldn't read `tests/archives/xattrs.tar`: No such file or directory (os error 2)
[INFO] [stdout]    --> tests/all.rs:28:10
[INFO] [stdout]     |
[INFO] [stdout] 28  |         &include_bytes!(concat!("archives/", $e))[..]
[INFO] [stdout]     |          ^^^^^^^^^^^^^^^^^^^^^^^^^^^^^^^^^^^^^^^^
[INFO] [stdout] ...
[INFO] [stdout] 394 |     let rdr = Cursor::new(tar!("xattrs.tar"));
[INFO] [stdout]     |                           ------------------ in this macro invocation
[INFO] [stdout]     |
[INFO] [stdout]     = note: this error originates in the macro `include_bytes` which comes from the expansion of the macro `tar` (in Nightly builds, run with -Z macro-backtrace for more info)
[INFO] [stdout] 
[INFO] [stdout] 
[INFO] [stdout] error: couldn't read `tests/archives/duplicate_dirs.tar`: No such file or directory (os error 2)
[INFO] [stdout]    --> tests/all.rs:28:10
[INFO] [stdout]     |
[INFO] [stdout] 28  |         &include_bytes!(concat!("archives/", $e))[..]
[INFO] [stdout]     |          ^^^^^^^^^^^^^^^^^^^^^^^^^^^^^^^^^^^^^^^^
[INFO] [stdout] ...
[INFO] [stdout] 499 |     let rdr = Cursor::new(tar!("duplicate_dirs.tar"));
[INFO] [stdout]     |                           -------------------------- in this macro invocation
[INFO] [stdout]     |
[INFO] [stdout]     = note: this error originates in the macro `include_bytes` which comes from the expansion of the macro `tar` (in Nightly builds, run with -Z macro-backtrace for more info)
[INFO] [stdout] 
[INFO] [stdout] 
[INFO] [stdout] error: couldn't read `tests/archives/spaces.tar`: No such file or directory (os error 2)
[INFO] [stdout]    --> tests/all.rs:28:10
[INFO] [stdout]     |
[INFO] [stdout] 28  |         &include_bytes!(concat!("archives/", $e))[..]
[INFO] [stdout]     |          ^^^^^^^^^^^^^^^^^^^^^^^^^^^^^^^^^^^^^^^^
[INFO] [stdout] ...
[INFO] [stdout] 657 |     let rdr = Cursor::new(tar!("spaces.tar"));
[INFO] [stdout]     |                           ------------------ in this macro invocation
[INFO] [stdout]     |
[INFO] [stdout]     = note: this error originates in the macro `include_bytes` which comes from the expansion of the macro `tar` (in Nightly builds, run with -Z macro-backtrace for more info)
[INFO] [stdout] 
[INFO] [stdout] 
[INFO] [stdout] error: couldn't read `tests/archives/empty_filename.tar`: No such file or directory (os error 2)
[INFO] [stdout]    --> tests/all.rs:28:10
[INFO] [stdout]     |
[INFO] [stdout] 28  |         &include_bytes!(concat!("archives/", $e))[..]
[INFO] [stdout]     |          ^^^^^^^^^^^^^^^^^^^^^^^^^^^^^^^^^^^^^^^^
[INFO] [stdout] ...
[INFO] [stdout] 695 |     let rdr = Cursor::new(tar!("empty_filename.tar"));
[INFO] [stdout]     |                           -------------------------- in this macro invocation
[INFO] [stdout]     |
[INFO] [stdout]     = note: this error originates in the macro `include_bytes` which comes from the expansion of the macro `tar` (in Nightly builds, run with -Z macro-backtrace for more info)
[INFO] [stdout] 
[INFO] [stdout] 
[INFO] [stdout] error: couldn't read `tests/archives/file_times.tar`: No such file or directory (os error 2)
[INFO] [stdout]    --> tests/all.rs:28:10
[INFO] [stdout]     |
[INFO] [stdout] 28  |         &include_bytes!(concat!("archives/", $e))[..]
[INFO] [stdout]     |          ^^^^^^^^^^^^^^^^^^^^^^^^^^^^^^^^^^^^^^^^
[INFO] [stdout] ...
[INFO] [stdout] 703 |     let rdr = Cursor::new(tar!("file_times.tar"));
[INFO] [stdout]     |                           ---------------------- in this macro invocation
[INFO] [stdout]     |
[INFO] [stdout]     = note: this error originates in the macro `include_bytes` which comes from the expansion of the macro `tar` (in Nightly builds, run with -Z macro-backtrace for more info)
[INFO] [stdout] 
[INFO] [stdout] 
[INFO] [stdout] error: couldn't read `tests/archives/link.tar`: No such file or directory (os error 2)
[INFO] [stdout]    --> tests/all.rs:28:10
[INFO] [stdout]     |
[INFO] [stdout] 28  |         &include_bytes!(concat!("archives/", $e))[..]
[INFO] [stdout]     |          ^^^^^^^^^^^^^^^^^^^^^^^^^^^^^^^^^^^^^^^^
[INFO] [stdout] ...
[INFO] [stdout] 820 |     let mut ar = Archive::new(Cursor::new(tar!("link.tar")));
[INFO] [stdout]     |                                           ---------------- in this macro invocation
[INFO] [stdout]     |
[INFO] [stdout]     = note: this error originates in the macro `include_bytes` which comes from the expansion of the macro `tar` (in Nightly builds, run with -Z macro-backtrace for more info)
[INFO] [stdout] 
[INFO] [stdout] 
[INFO] [stdout] error: couldn't read `tests/archives/link.tar`: No such file or directory (os error 2)
[INFO] [stdout]    --> tests/all.rs:28:10
[INFO] [stdout]     |
[INFO] [stdout] 28  |         &include_bytes!(concat!("archives/", $e))[..]
[INFO] [stdout]     |          ^^^^^^^^^^^^^^^^^^^^^^^^^^^^^^^^^^^^^^^^
[INFO] [stdout] ...
[INFO] [stdout] 835 |     let mut ar = Archive::new(Cursor::new(tar!("link.tar")));
[INFO] [stdout]     |                                           ---------------- in this macro invocation
[INFO] [stdout]     |
[INFO] [stdout]     = note: this error originates in the macro `include_bytes` which comes from the expansion of the macro `tar` (in Nightly builds, run with -Z macro-backtrace for more info)
[INFO] [stdout] 
[INFO] [stdout] 
[INFO] [stdout] error: couldn't read `tests/archives/pax_size.tar`: No such file or directory (os error 2)
[INFO] [stdout]    --> tests/all.rs:28:10
[INFO] [stdout]     |
[INFO] [stdout] 28  |         &include_bytes!(concat!("archives/", $e))[..]
[INFO] [stdout]     |          ^^^^^^^^^^^^^^^^^^^^^^^^^^^^^^^^^^^^^^^^
[INFO] [stdout] ...
[INFO] [stdout] 853 |     let mut ar = Archive::new(tar!("pax_size.tar"));
[INFO] [stdout]     |                               -------------------- in this macro invocation
[INFO] [stdout]     |
[INFO] [stdout]     = note: this error originates in the macro `include_bytes` which comes from the expansion of the macro `tar` (in Nightly builds, run with -Z macro-backtrace for more info)
[INFO] [stdout] 
[INFO] [stdout] 
[INFO] [stdout] error: couldn't read `tests/archives/pax.tar`: No such file or directory (os error 2)
[INFO] [stdout]    --> tests/all.rs:28:10
[INFO] [stdout]     |
[INFO] [stdout] 28  |         &include_bytes!(concat!("archives/", $e))[..]
[INFO] [stdout]     |          ^^^^^^^^^^^^^^^^^^^^^^^^^^^^^^^^^^^^^^^^
[INFO] [stdout] ...
[INFO] [stdout] 873 |     let mut ar = Archive::new(tar!("pax.tar"));
[INFO] [stdout]     |                               --------------- in this macro invocation
[INFO] [stdout]     |
[INFO] [stdout]     = note: this error originates in the macro `include_bytes` which comes from the expansion of the macro `tar` (in Nightly builds, run with -Z macro-backtrace for more info)
[INFO] [stdout] 
[INFO] [stdout] 
[INFO] [stdout] error: couldn't read `tests/archives/pax2.tar`: No such file or directory (os error 2)
[INFO] [stdout]    --> tests/all.rs:28:10
[INFO] [stdout]     |
[INFO] [stdout] 28  |         &include_bytes!(concat!("archives/", $e))[..]
[INFO] [stdout]     |          ^^^^^^^^^^^^^^^^^^^^^^^^^^^^^^^^^^^^^^^^
[INFO] [stdout] ...
[INFO] [stdout] 893 |     let mut ar = Archive::new(tar!("pax2.tar"));
[INFO] [stdout]     |                               ---------------- in this macro invocation
[INFO] [stdout]     |
[INFO] [stdout]     = note: this error originates in the macro `include_bytes` which comes from the expansion of the macro `tar` (in Nightly builds, run with -Z macro-backtrace for more info)
[INFO] [stdout] 
[INFO] [stdout] 
[INFO] [stdout] error: couldn't read `tests/archives/pax2.tar`: No such file or directory (os error 2)
[INFO] [stdout]    --> tests/all.rs:28:10
[INFO] [stdout]     |
[INFO] [stdout] 28  |         &include_bytes!(concat!("archives/", $e))[..]
[INFO] [stdout]     |          ^^^^^^^^^^^^^^^^^^^^^^^^^^^^^^^^^^^^^^^^
[INFO] [stdout] ...
[INFO] [stdout] 902 |     let mut ar = Archive::new(tar!("pax2.tar"));
[INFO] [stdout]     |                               ---------------- in this macro invocation
[INFO] [stdout]     |
[INFO] [stdout]     = note: this error originates in the macro `include_bytes` which comes from the expansion of the macro `tar` (in Nightly builds, run with -Z macro-backtrace for more info)
[INFO] [stdout] 
[INFO] [stdout] 
[INFO] [stdout] error: couldn't read `tests/archives/sparse.tar`: No such file or directory (os error 2)
[INFO] [stdout]     --> tests/all.rs:28:10
[INFO] [stdout]      |
[INFO] [stdout] 28   |         &include_bytes!(concat!("archives/", $e))[..]
[INFO] [stdout]      |          ^^^^^^^^^^^^^^^^^^^^^^^^^^^^^^^^^^^^^^^^
[INFO] [stdout] ...
[INFO] [stdout] 1034 |     let rdr = Cursor::new(tar!("sparse.tar"));
[INFO] [stdout]      |                           ------------------ in this macro invocation
[INFO] [stdout]      |
[INFO] [stdout]      = note: this error originates in the macro `include_bytes` which comes from the expansion of the macro `tar` (in Nightly builds, run with -Z macro-backtrace for more info)
[INFO] [stdout] 
[INFO] [stdout] 
[INFO] [stdout] error: couldn't read `tests/archives/sparse.tar`: No such file or directory (os error 2)
[INFO] [stdout]     --> tests/all.rs:28:10
[INFO] [stdout]      |
[INFO] [stdout] 28   |         &include_bytes!(concat!("archives/", $e))[..]
[INFO] [stdout]      |          ^^^^^^^^^^^^^^^^^^^^^^^^^^^^^^^^^^^^^^^^
[INFO] [stdout] ...
[INFO] [stdout] 1084 |     let rdr = Cursor::new(tar!("sparse.tar"));
[INFO] [stdout]      |                           ------------------ in this macro invocation
[INFO] [stdout]      |
[INFO] [stdout]      = note: this error originates in the macro `include_bytes` which comes from the expansion of the macro `tar` (in Nightly builds, run with -Z macro-backtrace for more info)
[INFO] [stdout] 
[INFO] [stdout] 
[INFO] [stdout] error: couldn't read `tests/archives/sparse-1.tar`: No such file or directory (os error 2)
[INFO] [stdout]     --> tests/all.rs:28:10
[INFO] [stdout]      |
[INFO] [stdout] 28   |         &include_bytes!(concat!("archives/", $e))[..]
[INFO] [stdout]      |          ^^^^^^^^^^^^^^^^^^^^^^^^^^^^^^^^^^^^^^^^
[INFO] [stdout] ...
[INFO] [stdout] 1125 |     let rdr = Cursor::new(tar!("sparse-1.tar"));
[INFO] [stdout]      |                           -------------------- in this macro invocation
[INFO] [stdout]      |
[INFO] [stdout]      = note: this error originates in the macro `include_bytes` which comes from the expansion of the macro `tar` (in Nightly builds, run with -Z macro-backtrace for more info)
[INFO] [stdout] 
[INFO] [stdout] 
[INFO] [stdout] error: couldn't read `tests/archives/7z_long_path.tar`: No such file or directory (os error 2)
[INFO] [stdout]     --> tests/all.rs:28:10
[INFO] [stdout]      |
[INFO] [stdout] 28   |         &include_bytes!(concat!("archives/", $e))[..]
[INFO] [stdout]      |          ^^^^^^^^^^^^^^^^^^^^^^^^^^^^^^^^^^^^^^^^
[INFO] [stdout] ...
[INFO] [stdout] 1308 |     let rdr = Cursor::new(tar!("7z_long_path.tar"));
[INFO] [stdout]      |                           ------------------------ in this macro invocation
[INFO] [stdout]      |
[INFO] [stdout]      = note: this error originates in the macro `include_bytes` which comes from the expansion of the macro `tar` (in Nightly builds, run with -Z macro-backtrace for more info)
[INFO] [stdout] 
[INFO] [stdout] 
[INFO] [stdout] error: couldn't read `tests/archives/7z_long_path.tar`: No such file or directory (os error 2)
[INFO] [stdout]     --> tests/all.rs:28:10
[INFO] [stdout]      |
[INFO] [stdout] 28   |         &include_bytes!(concat!("archives/", $e))[..]
[INFO] [stdout]      |          ^^^^^^^^^^^^^^^^^^^^^^^^^^^^^^^^^^^^^^^^
[INFO] [stdout] ...
[INFO] [stdout] 1320 |     let rdr = Cursor::new(tar!("7z_long_path.tar"));
[INFO] [stdout]      |                           ------------------------ in this macro invocation
[INFO] [stdout]      |
[INFO] [stdout]      = note: this error originates in the macro `include_bytes` which comes from the expansion of the macro `tar` (in Nightly builds, run with -Z macro-backtrace for more info)
[INFO] [stdout] 
[INFO] [stdout] 
[INFO] [stdout] error: couldn't read `tests/archives/biguid_gnu.tar`: No such file or directory (os error 2)
[INFO] [stdout]     --> tests/all.rs:28:10
[INFO] [stdout]      |
[INFO] [stdout] 28   |         &include_bytes!(concat!("archives/", $e))[..]
[INFO] [stdout]      |          ^^^^^^^^^^^^^^^^^^^^^^^^^^^^^^^^^^^^^^^^
[INFO] [stdout] ...
[INFO] [stdout] 1495 |     let tarlist = [tar!("biguid_gnu.tar"), tar!("biguid_pax.tar")];
[INFO] [stdout]      |                    ---------------------- in this macro invocation
[INFO] [stdout]      |
[INFO] [stdout]      = note: this error originates in the macro `include_bytes` which comes from the expansion of the macro `tar` (in Nightly builds, run with -Z macro-backtrace for more info)
[INFO] [stdout] 
[INFO] [stdout] 
[INFO] [stdout] error: couldn't read `tests/archives/biguid_pax.tar`: No such file or directory (os error 2)
[INFO] [stdout]     --> tests/all.rs:28:10
[INFO] [stdout]      |
[INFO] [stdout] 28   |         &include_bytes!(concat!("archives/", $e))[..]
[INFO] [stdout]      |          ^^^^^^^^^^^^^^^^^^^^^^^^^^^^^^^^^^^^^^^^
[INFO] [stdout] ...
[INFO] [stdout] 1495 |     let tarlist = [tar!("biguid_gnu.tar"), tar!("biguid_pax.tar")];
[INFO] [stdout]      |                                            ---------------------- in this macro invocation
[INFO] [stdout]      |
[INFO] [stdout]      = note: this error originates in the macro `include_bytes` which comes from the expansion of the macro `tar` (in Nightly builds, run with -Z macro-backtrace for more info)
[INFO] [stdout] 
[INFO] [stdout] 
[INFO] [stdout] For more information about this error, try `rustc --explain E0463`.
[INFO] [stdout] 
[INFO] [stderr] error: could not compile `tar-rsl` (test "entry") due to 1 previous error
[INFO] [stdout] error[E0282]: type annotations needed for `&_`
[INFO] [stdout]    --> tests/all.rs:980:13
[INFO] [stdout]     |
[INFO] [stdout] 980 |         let e = &t!(t!(a.entries()).next().unwrap());
[INFO] [stdout]     |             ^
[INFO] [stdout] 981 |         assert_eq!(e.header().entry_type(), t);
[INFO] [stdout]     |                      ------ type must be known at this point
[INFO] [stdout]     |
[INFO] [stdout] help: consider giving `e` an explicit type, where the placeholders `_` are specified
[INFO] [stdout]     |
[INFO] [stdout] 980 |         let e: &_ = &t!(t!(a.entries()).next().unwrap());
[INFO] [stdout]     |              ++++
[INFO] [stdout] 
[INFO] [stdout] 
[INFO] [stdout] error[E0282]: type annotations needed for `&_`
[INFO] [stdout]     --> tests/all.rs:1002:13
[INFO] [stdout]      |
[INFO] [stdout] 1002 |         let e = &t!(t!(a.entries()).next().unwrap());
[INFO] [stdout]      |             ^
[INFO] [stdout] 1003 |         assert_eq!(e.header().entry_type(), t);
[INFO] [stdout]      |                      ------ type must be known at this point
[INFO] [stdout]      |
[INFO] [stdout] help: consider giving `e` an explicit type, where the placeholders `_` are specified
[INFO] [stdout]      |
[INFO] [stdout] 1002 |         let e: &_ = &t!(t!(a.entries()).next().unwrap());
[INFO] [stdout]      |              ++++
[INFO] [stdout] 
[INFO] [stdout] 
[INFO] [stdout] Some errors have detailed explanations: E0282, E0463.
[INFO] [stdout] 
[INFO] [stdout] For more information about an error, try `rustc --explain E0282`.
[INFO] [stdout] 
[INFO] [stderr] error: could not compile `tar-rsl` (test "all") due to 35 previous errors
[INFO] running `Command { std: "docker" "inspect" "492046cb2e48ca0f9645ff330ce3f81cda3f07d7276dbb55c116793ca05e175c", kill_on_drop: false }`
[INFO] running `Command { std: "docker" "rm" "-f" "492046cb2e48ca0f9645ff330ce3f81cda3f07d7276dbb55c116793ca05e175c", kill_on_drop: false }`
[INFO] [stdout] 492046cb2e48ca0f9645ff330ce3f81cda3f07d7276dbb55c116793ca05e175c
