[INFO] fetching crate tantivy-stemmers 0.4.0...
[INFO] testing tantivy-stemmers-0.4.0 against nightly-2024-10-28+rustflags=-Zrandomize-layout for randomize-layout
[INFO] extracting crate tantivy-stemmers 0.4.0 into /workspace/builds/worker-6-tc2/source
[INFO] validating manifest of crates.io crate tantivy-stemmers 0.4.0 on toolchain nightly-2024-10-28
[INFO] running `Command { std: CARGO_HOME="/workspace/cargo-home" RUSTUP_HOME="/workspace/rustup-home" "/workspace/cargo-home/bin/cargo" "+nightly-2024-10-28" "metadata" "--manifest-path" "Cargo.toml" "--no-deps", kill_on_drop: false }`
[INFO] started tweaking crates.io crate tantivy-stemmers 0.4.0
[INFO] finished tweaking crates.io crate tantivy-stemmers 0.4.0
[INFO] tweaked toml for crates.io crate tantivy-stemmers 0.4.0 written to /workspace/builds/worker-6-tc2/source/Cargo.toml
[INFO] running `Command { std: CARGO_HOME="/workspace/cargo-home" RUSTUP_HOME="/workspace/rustup-home" "/workspace/cargo-home/bin/cargo" "+nightly-2024-10-28" "generate-lockfile" "--manifest-path" "Cargo.toml", kill_on_drop: false }`
[INFO] [stderr]     Updating crates.io index
[INFO] [stderr]     Blocking waiting for file lock on package cache
[INFO] [stderr]      Locking 136 packages to latest compatible versions
[INFO] running `Command { std: CARGO_HOME="/workspace/cargo-home" RUSTUP_HOME="/workspace/rustup-home" "/workspace/cargo-home/bin/cargo" "+nightly-2024-10-28" "fetch" "--manifest-path" "Cargo.toml", kill_on_drop: false }`
[INFO] [stderr] warning: only one of `license` or `license-file` is necessary
[INFO] [stderr] `license` should be used if the package license can be expressed with a standard SPDX expression.
[INFO] [stderr] `license-file` should be used if the package uses a non-standard license.
[INFO] [stderr] See https://doc.rust-lang.org/cargo/reference/manifest.html#the-license-and-license-file-fields for more information.
[INFO] running `Command { std: "docker" "create" "-v" "/var/lib/crater-agent-workspace/builds/worker-6-tc2/target:/opt/rustwide/target:rw,Z" "-v" "/var/lib/crater-agent-workspace/builds/worker-6-tc2/source:/opt/rustwide/workdir:ro,Z" "-v" "/var/lib/crater-agent-workspace/cargo-home:/opt/rustwide/cargo-home:ro,Z" "-v" "/var/lib/crater-agent-workspace/rustup-home:/opt/rustwide/rustup-home:ro,Z" "-e" "SOURCE_DIR=/opt/rustwide/workdir" "-e" "CARGO_TARGET_DIR=/opt/rustwide/target" "-e" "CARGO_HOME=/opt/rustwide/cargo-home" "-e" "RUSTUP_HOME=/opt/rustwide/rustup-home" "-w" "/opt/rustwide/workdir" "-m" "1610612736" "--user" "0:0" "--network" "none" "ghcr.io/rust-lang/crates-build-env/linux@sha256:4a844ea9eb2546a2d2c7022eacef16ef2e8229c7fbb2c7d4d55a9ceca922f72d" "/opt/rustwide/cargo-home/bin/cargo" "+nightly-2024-10-28" "metadata" "--no-deps" "--format-version=1", kill_on_drop: false }`
[INFO] [stdout] fe083091a8e9ee0f9ec61d65c0f50d4b44ca65f4c46ea5c32c1cb5fcea216f18
[INFO] running `Command { std: "docker" "start" "-a" "fe083091a8e9ee0f9ec61d65c0f50d4b44ca65f4c46ea5c32c1cb5fcea216f18", kill_on_drop: false }`
[INFO] running `Command { std: "docker" "inspect" "fe083091a8e9ee0f9ec61d65c0f50d4b44ca65f4c46ea5c32c1cb5fcea216f18", kill_on_drop: false }`
[INFO] running `Command { std: "docker" "rm" "-f" "fe083091a8e9ee0f9ec61d65c0f50d4b44ca65f4c46ea5c32c1cb5fcea216f18", kill_on_drop: false }`
[INFO] [stdout] fe083091a8e9ee0f9ec61d65c0f50d4b44ca65f4c46ea5c32c1cb5fcea216f18
[INFO] running `Command { std: "docker" "create" "-v" "/var/lib/crater-agent-workspace/builds/worker-6-tc2/target:/opt/rustwide/target:rw,Z" "-v" "/var/lib/crater-agent-workspace/builds/worker-6-tc2/source:/opt/rustwide/workdir:ro,Z" "-v" "/var/lib/crater-agent-workspace/cargo-home:/opt/rustwide/cargo-home:ro,Z" "-v" "/var/lib/crater-agent-workspace/rustup-home:/opt/rustwide/rustup-home:ro,Z" "-e" "SOURCE_DIR=/opt/rustwide/workdir" "-e" "CARGO_TARGET_DIR=/opt/rustwide/target" "-e" "CARGO_INCREMENTAL=0" "-e" "RUST_BACKTRACE=full" "-e" "RUSTFLAGS=--cap-lints=forbid -Zrandomize-layout" "-e" "RUSTDOCFLAGS=--cap-lints=forbid" "-e" "CARGO_HOME=/opt/rustwide/cargo-home" "-e" "RUSTUP_HOME=/opt/rustwide/rustup-home" "-w" "/opt/rustwide/workdir" "-m" "1610612736" "--user" "0:0" "--network" "none" "ghcr.io/rust-lang/crates-build-env/linux@sha256:4a844ea9eb2546a2d2c7022eacef16ef2e8229c7fbb2c7d4d55a9ceca922f72d" "/opt/rustwide/cargo-home/bin/cargo" "+nightly-2024-10-28" "build" "--frozen" "--message-format=json", kill_on_drop: false }`
[INFO] [stdout] 9eaa98e7ff129be84476d106dc985c050df6e88396cc6c4ec74b0de9aa933379
[INFO] running `Command { std: "docker" "start" "-a" "9eaa98e7ff129be84476d106dc985c050df6e88396cc6c4ec74b0de9aa933379", kill_on_drop: false }`
[INFO] [stderr] warning: only one of `license` or `license-file` is necessary
[INFO] [stderr] `license` should be used if the package license can be expressed with a standard SPDX expression.
[INFO] [stderr] `license-file` should be used if the package uses a non-standard license.
[INFO] [stderr] See https://doc.rust-lang.org/cargo/reference/manifest.html#the-license-and-license-file-fields for more information.
[INFO] [stderr]    Compiling memchr v2.7.4
[INFO] [stderr]    Compiling regex-syntax v0.8.5
[INFO] [stderr]    Compiling regex-lite v0.1.6
[INFO] [stderr]    Compiling proc-macro2 v1.0.89
[INFO] [stderr]    Compiling unicode-normalization v0.1.24
[INFO] [stderr]    Compiling quote v1.0.37
[INFO] [stderr]    Compiling aho-corasick v1.1.3
[INFO] [stderr]    Compiling syn v2.0.86
[INFO] [stderr]    Compiling ucd-parse v0.1.13
[INFO] [stderr]    Compiling regex-automata v0.4.8
[INFO] [stderr]    Compiling serde_derive v1.0.214
[INFO] [stderr]    Compiling regex v1.11.1
[INFO] [stderr]    Compiling serde v1.0.214
[INFO] [stderr]    Compiling precis-tools v0.1.8
[INFO] [stderr]    Compiling precis-core v0.1.10
[INFO] [stderr]    Compiling precis-profiles v0.1.11
[INFO] [stderr]    Compiling tantivy-tokenizer-api v0.3.0
[INFO] [stderr]    Compiling tantivy-stemmers v0.4.0 (/opt/rustwide/workdir)
[INFO] [stdout] warning: multiple methods are never used
[INFO] [stdout]    --> src/snowball/env.rs:32:12
[INFO] [stdout]     |
[INFO] [stdout] 15  | impl<'a> SnowballEnv<'a> {
[INFO] [stdout]     | ------------------------ methods in this implementation
[INFO] [stdout] ...
[INFO] [stdout] 32  |     pub fn set_current(&mut self, current: &'a str) {
[INFO] [stdout]     |            ^^^^^^^^^^^
[INFO] [stdout] ...
[INFO] [stdout] 36  |     pub fn set_current_s(&mut self, current: String) {
[INFO] [stdout]     |            ^^^^^^^^^^^^^
[INFO] [stdout] ...
[INFO] [stdout] 134 |     pub fn hop_checked(&mut self, delta: i32) -> bool {
[INFO] [stdout]     |            ^^^^^^^^^^^
[INFO] [stdout] ...
[INFO] [stdout] 154 |     pub fn hop_back_checked(&mut self, delta: i32) -> bool {
[INFO] [stdout]     |            ^^^^^^^^^^^^^^^^
[INFO] [stdout] ...
[INFO] [stdout] 260 |     pub fn insert(&mut self, bra: i32, ket: i32, s: &str) {
[INFO] [stdout]     |            ^^^^^^
[INFO] [stdout] ...
[INFO] [stdout] 270 |     pub fn assign_to(&mut self) -> String {
[INFO] [stdout]     |            ^^^^^^^^^
[INFO] [stdout] ...
[INFO] [stdout] 274 |     pub fn slice_to(&mut self) -> String {
[INFO] [stdout]     |            ^^^^^^^^
[INFO] [stdout]     |
[INFO] [stdout]     = note: `#[warn(dead_code)]` on by default
[INFO] [stdout] 
[INFO] [stdout] 
[INFO] [stderr]     Finished `dev` profile [unoptimized + debuginfo] target(s) in 40.30s
[INFO] running `Command { std: "docker" "inspect" "9eaa98e7ff129be84476d106dc985c050df6e88396cc6c4ec74b0de9aa933379", kill_on_drop: false }`
[INFO] running `Command { std: "docker" "rm" "-f" "9eaa98e7ff129be84476d106dc985c050df6e88396cc6c4ec74b0de9aa933379", kill_on_drop: false }`
[INFO] [stdout] 9eaa98e7ff129be84476d106dc985c050df6e88396cc6c4ec74b0de9aa933379
[INFO] running `Command { std: "docker" "create" "-v" "/var/lib/crater-agent-workspace/builds/worker-6-tc2/target:/opt/rustwide/target:rw,Z" "-v" "/var/lib/crater-agent-workspace/builds/worker-6-tc2/source:/opt/rustwide/workdir:ro,Z" "-v" "/var/lib/crater-agent-workspace/cargo-home:/opt/rustwide/cargo-home:ro,Z" "-v" "/var/lib/crater-agent-workspace/rustup-home:/opt/rustwide/rustup-home:ro,Z" "-e" "SOURCE_DIR=/opt/rustwide/workdir" "-e" "CARGO_TARGET_DIR=/opt/rustwide/target" "-e" "CARGO_INCREMENTAL=0" "-e" "RUST_BACKTRACE=full" "-e" "RUSTFLAGS=--cap-lints=forbid -Zrandomize-layout" "-e" "RUSTDOCFLAGS=--cap-lints=forbid" "-e" "CARGO_HOME=/opt/rustwide/cargo-home" "-e" "RUSTUP_HOME=/opt/rustwide/rustup-home" "-w" "/opt/rustwide/workdir" "-m" "1610612736" "--user" "0:0" "--network" "none" "ghcr.io/rust-lang/crates-build-env/linux@sha256:4a844ea9eb2546a2d2c7022eacef16ef2e8229c7fbb2c7d4d55a9ceca922f72d" "/opt/rustwide/cargo-home/bin/cargo" "+nightly-2024-10-28" "test" "--frozen" "--no-run" "--message-format=json", kill_on_drop: false }`
[INFO] [stdout] 38ed302e63bdfc958c68925879b91d0bca2798bfb4945eb9b3337e318eed5f10
[INFO] running `Command { std: "docker" "start" "-a" "38ed302e63bdfc958c68925879b91d0bca2798bfb4945eb9b3337e318eed5f10", kill_on_drop: false }`
[INFO] [stderr] warning: only one of `license` or `license-file` is necessary
[INFO] [stderr] `license` should be used if the package license can be expressed with a standard SPDX expression.
[INFO] [stderr] `license-file` should be used if the package uses a non-standard license.
[INFO] [stderr] See https://doc.rust-lang.org/cargo/reference/manifest.html#the-license-and-license-file-fields for more information.
[INFO] [stderr]    Compiling syn v2.0.86
[INFO] [stderr]    Compiling serde v1.0.214
[INFO] [stderr]    Compiling pkg-config v0.3.31
[INFO] [stderr]    Compiling crossbeam-utils v0.8.20
[INFO] [stderr]    Compiling jobserver v0.1.32
[INFO] [stderr]    Compiling regex-automata v0.4.8
[INFO] [stderr]    Compiling getrandom v0.2.15
[INFO] [stderr]    Compiling libm v0.2.11
[INFO] [stderr]    Compiling rand_core v0.6.4
[INFO] [stderr]    Compiling crunchy v0.2.2
[INFO] [stderr]    Compiling cc v1.1.31
[INFO] [stderr]    Compiling num-traits v0.2.19
[INFO] [stderr]    Compiling stable_deref_trait v1.2.0
[INFO] [stderr]    Compiling num-conv v0.1.0
[INFO] [stderr]    Compiling zstd-safe v7.2.1
[INFO] [stderr]    Compiling ownedbytes v0.7.0
[INFO] [stderr]    Compiling bitpacking v0.9.2
[INFO] [stderr]    Compiling either v1.13.0
[INFO] [stderr]    Compiling utf8-ranges v1.0.5
[INFO] [stderr]    Compiling crossbeam-epoch v0.9.18
[INFO] [stderr]    Compiling rayon-core v1.12.1
[INFO] [stderr]    Compiling tantivy-fst v0.5.0
[INFO] [stderr]    Compiling tantivy-bitpacker v0.6.0
[INFO] [stderr]    Compiling serde_json v1.0.132
[INFO] [stderr]    Compiling crossbeam-deque v0.8.5
[INFO] [stderr]    Compiling murmurhash32 v0.3.1
[INFO] [stderr]    Compiling foldhash v0.1.3
[INFO] [stderr]    Compiling allocator-api2 v0.2.18
[INFO] [stderr]    Compiling minimal-lexical v0.2.1
[INFO] [stderr]    Compiling hashbrown v0.15.0
[INFO] [stderr]    Compiling nom v7.1.3
[INFO] [stderr]    Compiling itertools v0.12.1
[INFO] [stderr]    Compiling zstd-sys v2.0.13+zstd.1.5.6
[INFO] [stderr]    Compiling instant v0.1.13
[INFO] [stderr]    Compiling downcast-rs v1.2.1
[INFO] [stderr]    Compiling regex v1.11.1
[INFO] [stderr]    Compiling fastdivide v0.4.2
[INFO] [stderr]    Compiling measure_time v0.8.3
[INFO] [stderr]    Compiling precis-tools v0.1.8
[INFO] [stderr]    Compiling lru v0.12.5
[INFO] [stderr]    Compiling rayon v1.10.0
[INFO] [stderr]    Compiling fs4 v0.8.4
[INFO] [stderr]    Compiling crossbeam-channel v0.5.13
[INFO] [stderr]    Compiling tantivy-query-grammar v0.22.0
[INFO] [stderr]    Compiling memmap2 v0.9.5
[INFO] [stderr]    Compiling precis-core v0.1.10
[INFO] [stderr]    Compiling precis-profiles v0.1.11
[INFO] [stderr]    Compiling crc32fast v1.4.2
[INFO] [stderr]    Compiling levenshtein_automata v0.2.1
[INFO] [stderr]    Compiling serde_derive v1.0.214
[INFO] [stderr]    Compiling zerocopy-derive v0.7.35
[INFO] [stderr]    Compiling async-trait v0.1.83
[INFO] [stderr]    Compiling thiserror-impl v1.0.66
[INFO] [stderr]    Compiling zerocopy v0.7.35
[INFO] [stderr]    Compiling lz4_flex v0.11.3
[INFO] [stderr]    Compiling htmlescape v0.3.1
[INFO] [stderr]    Compiling oneshot v0.1.8
[INFO] [stderr]    Compiling arc-swap v1.7.1
[INFO] [stderr]    Compiling census v0.4.2
[INFO] [stderr]    Compiling base64 v0.22.1
[INFO] [stderr]    Compiling thiserror v1.0.66
[INFO] [stderr]    Compiling ppv-lite86 v0.2.20
[INFO] [stderr]    Compiling rand_chacha v0.3.1
[INFO] [stderr]    Compiling rand v0.8.5
[INFO] [stderr]    Compiling rand_distr v0.4.3
[INFO] [stderr]    Compiling zstd v0.13.2
[INFO] [stderr]    Compiling deranged v0.3.11
[INFO] [stderr]    Compiling tantivy-tokenizer-api v0.3.0
[INFO] [stderr]    Compiling uuid v1.11.0
[INFO] [stderr]    Compiling sketches-ddsketch v0.2.2
[INFO] [stderr]    Compiling rust-stemmers v1.2.0
[INFO] [stderr]    Compiling time v0.3.36
[INFO] [stderr]    Compiling tantivy-common v0.7.0
[INFO] [stderr]    Compiling tantivy-stacker v0.3.0
[INFO] [stderr]    Compiling tantivy-sstable v0.3.0
[INFO] [stderr]    Compiling tantivy-stemmers v0.4.0 (/opt/rustwide/workdir)
[INFO] [stderr]    Compiling tantivy-columnar v0.3.0
[INFO] [stdout] warning: multiple methods are never used
[INFO] [stdout]    --> src/snowball/env.rs:32:12
[INFO] [stdout]     |
[INFO] [stdout] 15  | impl<'a> SnowballEnv<'a> {
[INFO] [stdout]     | ------------------------ methods in this implementation
[INFO] [stdout] ...
[INFO] [stdout] 32  |     pub fn set_current(&mut self, current: &'a str) {
[INFO] [stdout]     |            ^^^^^^^^^^^
[INFO] [stdout] ...
[INFO] [stdout] 36  |     pub fn set_current_s(&mut self, current: String) {
[INFO] [stdout]     |            ^^^^^^^^^^^^^
[INFO] [stdout] ...
[INFO] [stdout] 134 |     pub fn hop_checked(&mut self, delta: i32) -> bool {
[INFO] [stdout]     |            ^^^^^^^^^^^
[INFO] [stdout] ...
[INFO] [stdout] 154 |     pub fn hop_back_checked(&mut self, delta: i32) -> bool {
[INFO] [stdout]     |            ^^^^^^^^^^^^^^^^
[INFO] [stdout] ...
[INFO] [stdout] 260 |     pub fn insert(&mut self, bra: i32, ket: i32, s: &str) {
[INFO] [stdout]     |            ^^^^^^
[INFO] [stdout] ...
[INFO] [stdout] 270 |     pub fn assign_to(&mut self) -> String {
[INFO] [stdout]     |            ^^^^^^^^^
[INFO] [stdout] ...
[INFO] [stdout] 274 |     pub fn slice_to(&mut self) -> String {
[INFO] [stdout]     |            ^^^^^^^^
[INFO] [stdout]     |
[INFO] [stdout]     = note: `#[warn(dead_code)]` on by default
[INFO] [stdout] 
[INFO] [stdout] 
[INFO] [stderr]    Compiling tantivy v0.22.0
[INFO] [stdout] error[E0432]: unresolved import `test_utils`
[INFO] [stdout]  --> tests/german_test.rs:9:9
[INFO] [stdout]   |
[INFO] [stdout] 9 |     use test_utils;
[INFO] [stdout]   |         ^^^^^^^^^^ no external crate `test_utils`
[INFO] [stdout] 
[INFO] [stdout] 
[INFO] [stdout] error[E0432]: unresolved import `test_utils`
[INFO] [stdout]  --> tests/polish_test.rs:8:9
[INFO] [stdout]   |
[INFO] [stdout] 8 |     use test_utils;
[INFO] [stdout]   |         ^^^^^^^^^^ no external crate `test_utils`
[INFO] [stdout] 
[INFO] [stdout] 
[INFO] [stdout] error[E0432]: unresolved import `test_utils`
[INFO] [stdout]  --> tests/czech_test.rs:9:9
[INFO] [stdout]   |
[INFO] [stdout] 9 |     use test_utils;
[INFO] [stdout]   |         ^^^^^^^^^^ no external crate `test_utils`
[INFO] [stdout] 
[INFO] [stdout] 
[INFO] [stdout] error[E0432]: unresolved import `test_utils`
[INFO] [stdout]  --> tests/sanity_test.rs:8:9
[INFO] [stdout]   |
[INFO] [stdout] 8 |     use test_utils;
[INFO] [stdout]   |         ^^^^^^^^^^ no external crate `test_utils`
[INFO] [stdout] 
[INFO] [stdout] 
[INFO] [stdout] error[E0432]: unresolved import `test_utils`
[INFO] [stdout]  --> tests/english_test.rs:9:9
[INFO] [stdout]   |
[INFO] [stdout] 9 |     use test_utils;
[INFO] [stdout]   |         ^^^^^^^^^^ no external crate `test_utils`
[INFO] [stdout] 
[INFO] [stdout] 
[INFO] [stdout] error[E0425]: cannot find value `german` in module `tantivy_stemmers::algorithms`
[INFO] [stdout]    --> tests/german_test.rs:14:43
[INFO] [stdout]     |
[INFO] [stdout] 14  |             tantivy_stemmers::algorithms::german,
[INFO] [stdout]     |                                           ^^^^^^ not found in `tantivy_stemmers::algorithms`
[INFO] [stdout]     |
[INFO] [stdout] note: found an item that was configured out
[INFO] [stdout]    --> /opt/rustwide/workdir/src/algorithms.rs:101:8
[INFO] [stdout]     |
[INFO] [stdout] 101 | pub fn german<'a>(input: &'a str) -> Cow<'a, str> {
[INFO] [stdout]     |        ^^^^^^
[INFO] [stdout] note: the item is gated behind the `german` feature
[INFO] [stdout]    --> /opt/rustwide/workdir/src/algorithms.rs:100:7
[INFO] [stdout]     |
[INFO] [stdout] 100 | #[cfg(feature = "german")]
[INFO] [stdout]     |       ^^^^^^^^^^^^^^^^^^
[INFO] [stdout] 
[INFO] [stdout] 
[INFO] [stdout] error[E0425]: cannot find value `polish_yarovoy` in module `tantivy_stemmers::algorithms`
[INFO] [stdout]   --> tests/polish_test.rs:13:43
[INFO] [stdout]    |
[INFO] [stdout] 13 |             tantivy_stemmers::algorithms::polish_yarovoy,
[INFO] [stdout]    |                                           ^^^^^^^^^^^^^^ not found in `tantivy_stemmers::algorithms`
[INFO] [stdout]    |
[INFO] [stdout] note: found an item that was configured out
[INFO] [stdout]   --> /opt/rustwide/workdir/src/algorithms.rs:10:5
[INFO] [stdout]    |
[INFO] [stdout] 10 | mod polish_yarovoy;
[INFO] [stdout]    |     ^^^^^^^^^^^^^^
[INFO] [stdout] note: the item is gated here
[INFO] [stdout]   --> /opt/rustwide/workdir/src/algorithms.rs:9:1
[INFO] [stdout]    |
[INFO] [stdout] 9  | #[cfg(any(feature = "polish_yarovoy", feature = "polish_yarovoy_unaccented"))]
[INFO] [stdout]    | ^^^^^^^^^^^^^^^^^^^^^^^^^^^^^^^^^^^^^^^^^^^^^^^^^^^^^^^^^^^^^^^^^^^^^^^^^^^^^^
[INFO] [stdout] note: found an item that was configured out
[INFO] [stdout]   --> /opt/rustwide/workdir/src/algorithms.rs:13:8
[INFO] [stdout]    |
[INFO] [stdout] 13 | pub fn polish_yarovoy<'a>(input: &'a str) -> Cow<'a, str> {
[INFO] [stdout]    |        ^^^^^^^^^^^^^^
[INFO] [stdout] note: the item is gated behind the `polish_yarovoy` feature
[INFO] [stdout]   --> /opt/rustwide/workdir/src/algorithms.rs:12:7
[INFO] [stdout]    |
[INFO] [stdout] 12 | #[cfg(feature = "polish_yarovoy")]
[INFO] [stdout]    |       ^^^^^^^^^^^^^^^^^^^^^^^^^^
[INFO] [stdout] 
[INFO] [stdout] 
[INFO] [stdout] error[E0432]: unresolved import `test_utils`
[INFO] [stdout]  --> tests/spanish_test.rs:9:9
[INFO] [stdout]   |
[INFO] [stdout] 9 |     use test_utils;
[INFO] [stdout]   |         ^^^^^^^^^^ no external crate `test_utils`
[INFO] [stdout] 
[INFO] [stdout] 
[INFO] [stdout] error[E0425]: cannot find value `czech_dolamic_aggressive` in module `tantivy_stemmers::algorithms`
[INFO] [stdout]   --> tests/czech_test.rs:14:43
[INFO] [stdout]    |
[INFO] [stdout] 14 |             tantivy_stemmers::algorithms::czech_dolamic_aggressive,
[INFO] [stdout]    |                                           ^^^^^^^^^^^^^^^^^^^^^^^^ not found in `tantivy_stemmers::algorithms`
[INFO] [stdout]    |
[INFO] [stdout] note: found an item that was configured out
[INFO] [stdout]   --> /opt/rustwide/workdir/src/algorithms.rs:51:8
[INFO] [stdout]    |
[INFO] [stdout] 51 | pub fn czech_dolamic_aggressive<'a>(input: &'a str) -> Cow<'a, str> {
[INFO] [stdout]    |        ^^^^^^^^^^^^^^^^^^^^^^^^
[INFO] [stdout] note: the item is gated behind the `czech_dolamic_aggressive` feature
[INFO] [stdout]   --> /opt/rustwide/workdir/src/algorithms.rs:50:7
[INFO] [stdout]    |
[INFO] [stdout] 50 | #[cfg(feature = "czech_dolamic_aggressive")]
[INFO] [stdout]    |       ^^^^^^^^^^^^^^^^^^^^^^^^^^^^^^^^^^^^
[INFO] [stdout] 
[INFO] [stdout] 
[INFO] [stdout] warning: unused imports: `BufRead`, `BufReader`, and `fs::File`
[INFO] [stdout]  --> tests/spanish_test.rs:4:15
[INFO] [stdout]   |
[INFO] [stdout] 4 |     use std::{fs::File, io::{BufRead, BufReader}};
[INFO] [stdout]   |               ^^^^^^^^       ^^^^^^^  ^^^^^^^^^
[INFO] [stdout]   |
[INFO] [stdout]   = note: `#[warn(unused_imports)]` on by default
[INFO] [stdout] 
[INFO] [stdout] 
[INFO] [stdout] warning: unused imports: `LowerCaser`, `SimpleTokenizer`, and `TextAnalyzer`
[INFO] [stdout]  --> tests/spanish_test.rs:5:30
[INFO] [stdout]   |
[INFO] [stdout] 5 |     use tantivy::tokenizer::{LowerCaser, SimpleTokenizer, TextAnalyzer};
[INFO] [stdout]   |                              ^^^^^^^^^^  ^^^^^^^^^^^^^^^  ^^^^^^^^^^^^
[INFO] [stdout] 
[INFO] [stdout] 
[INFO] [stdout] warning: unused import: `tantivy_tokenizer_api::TokenFilter`
[INFO] [stdout]  --> tests/spanish_test.rs:6:9
[INFO] [stdout]   |
[INFO] [stdout] 6 |     use tantivy_tokenizer_api::TokenFilter;
[INFO] [stdout]   |         ^^^^^^^^^^^^^^^^^^^^^^^^^^^^^^^^^^
[INFO] [stdout] 
[INFO] [stdout] 
[INFO] [stdout] warning: unused import: `tantivy_stemmers`
[INFO] [stdout]  --> tests/spanish_test.rs:8:9
[INFO] [stdout]   |
[INFO] [stdout] 8 |     use tantivy_stemmers;
[INFO] [stdout]   |         ^^^^^^^^^^^^^^^^
[INFO] [stdout] 
[INFO] [stdout] 
[INFO] [stdout] error[E0425]: cannot find value `polish_yarovoy_unaccented` in module `tantivy_stemmers::algorithms`
[INFO] [stdout]   --> tests/polish_test.rs:32:43
[INFO] [stdout]    |
[INFO] [stdout] 32 |             tantivy_stemmers::algorithms::polish_yarovoy_unaccented,
[INFO] [stdout]    |                                           ^^^^^^^^^^^^^^^^^^^^^^^^^ not found in `tantivy_stemmers::algorithms`
[INFO] [stdout]    |
[INFO] [stdout] note: found an item that was configured out
[INFO] [stdout]   --> /opt/rustwide/workdir/src/algorithms.rs:18:8
[INFO] [stdout]    |
[INFO] [stdout] 18 | pub fn polish_yarovoy_unaccented<'a>(input: &'a str) -> Cow<'a, str> {
[INFO] [stdout]    |        ^^^^^^^^^^^^^^^^^^^^^^^^^
[INFO] [stdout] note: the item is gated behind the `polish_yarovoy_unaccented` feature
[INFO] [stdout]   --> /opt/rustwide/workdir/src/algorithms.rs:17:7
[INFO] [stdout]    |
[INFO] [stdout] 17 | #[cfg(feature = "polish_yarovoy_unaccented")]
[INFO] [stdout]    |       ^^^^^^^^^^^^^^^^^^^^^^^^^^^^^^^^^^^^^
[INFO] [stdout] 
[INFO] [stdout] 
[INFO] [stdout] error[E0425]: cannot find value `english_porter` in module `tantivy_stemmers::algorithms`
[INFO] [stdout]   --> tests/english_test.rs:14:43
[INFO] [stdout]    |
[INFO] [stdout] 14 |             tantivy_stemmers::algorithms::english_porter,
[INFO] [stdout]    |                                           ^^^^^^^^^^^^^^ help: a function with a similar name exists: `english_porter_2`
[INFO] [stdout]    |
[INFO] [stdout]   ::: /opt/rustwide/workdir/src/algorithms.rs:81:1
[INFO] [stdout]    |
[INFO] [stdout] 81 | pub fn english_porter_2<'a>(input: &'a str) -> Cow<'a, str> {
[INFO] [stdout]    | ----------------------------------------------------------- similarly named function `english_porter_2` defined here
[INFO] [stdout]    |
[INFO] [stdout] note: found an item that was configured out
[INFO] [stdout]   --> /opt/rustwide/workdir/src/algorithms.rs:76:8
[INFO] [stdout]    |
[INFO] [stdout] 76 | pub fn english_porter<'a>(input: &'a str) -> Cow<'a, str> {
[INFO] [stdout]    |        ^^^^^^^^^^^^^^
[INFO] [stdout] note: the item is gated behind the `english_porter` feature
[INFO] [stdout]   --> /opt/rustwide/workdir/src/algorithms.rs:75:7
[INFO] [stdout]    |
[INFO] [stdout] 75 | #[cfg(feature = "english_porter")]
[INFO] [stdout]    |       ^^^^^^^^^^^^^^^^^^^^^^^^^^
[INFO] [stdout] 
[INFO] [stdout] 
[INFO] [stdout] error[E0425]: cannot find value `czech_dolamic_aggressive` in module `tantivy_stemmers::algorithms`
[INFO] [stdout]   --> tests/sanity_test.rs:28:43
[INFO] [stdout]    |
[INFO] [stdout] 28 |             tantivy_stemmers::algorithms::czech_dolamic_aggressive,
[INFO] [stdout]    |                                           ^^^^^^^^^^^^^^^^^^^^^^^^ not found in `tantivy_stemmers::algorithms`
[INFO] [stdout]    |
[INFO] [stdout] note: found an item that was configured out
[INFO] [stdout]   --> /opt/rustwide/workdir/src/algorithms.rs:51:8
[INFO] [stdout]    |
[INFO] [stdout] 51 | pub fn czech_dolamic_aggressive<'a>(input: &'a str) -> Cow<'a, str> {
[INFO] [stdout]    |        ^^^^^^^^^^^^^^^^^^^^^^^^
[INFO] [stdout] note: the item is gated behind the `czech_dolamic_aggressive` feature
[INFO] [stdout]   --> /opt/rustwide/workdir/src/algorithms.rs:50:7
[INFO] [stdout]    |
[INFO] [stdout] 50 | #[cfg(feature = "czech_dolamic_aggressive")]
[INFO] [stdout]    |       ^^^^^^^^^^^^^^^^^^^^^^^^^^^^^^^^^^^^
[INFO] [stdout] 
[INFO] [stdout] 
[INFO] [stdout] For more information about this error, try `rustc --explain E0432`.
[INFO] [stdout] 
[INFO] [stdout] Some errors have detailed explanations: E0425, E0432.
[INFO] [stdout] 
[INFO] [stdout] For more information about an error, try `rustc --explain E0425`.
[INFO] [stdout] 
[INFO] [stdout] Some errors have detailed explanations: E0425, E0432.
[INFO] [stdout] 
[INFO] [stdout] For more information about an error, try `rustc --explain E0425`.
[INFO] [stdout] 
[INFO] [stdout] Some errors have detailed explanations: E0425, E0432.
[INFO] [stdout] 
[INFO] [stdout] For more information about an error, try `rustc --explain E0425`.
[INFO] [stdout] 
[INFO] [stderr] error: could not compile `tantivy-stemmers` (test "spanish_test") due to 1 previous error; 4 warnings emitted
[INFO] [stderr] warning: build failed, waiting for other jobs to finish...
[INFO] [stdout] Some errors have detailed explanations: E0425, E0432.
[INFO] [stdout] 
[INFO] [stdout] For more information about an error, try `rustc --explain E0425`.
[INFO] [stdout] 
[INFO] [stdout] Some errors have detailed explanations: E0425, E0432.
[INFO] [stdout] 
[INFO] [stderr] error: could not compile `tantivy-stemmers` (test "czech_test") due to 2 previous errors
[INFO] [stdout] For more information about an error, try `rustc --explain E0425`.
[INFO] [stdout] 
[INFO] [stderr] error: could not compile `tantivy-stemmers` (test "polish_test") due to 3 previous errors
[INFO] [stderr] error: could not compile `tantivy-stemmers` (test "german_test") due to 2 previous errors
[INFO] [stderr] error: could not compile `tantivy-stemmers` (test "english_test") due to 2 previous errors
[INFO] [stderr] error: could not compile `tantivy-stemmers` (test "sanity_test") due to 2 previous errors
[INFO] [stdout] warning: multiple methods are never used
[INFO] [stdout]    --> src/snowball/env.rs:32:12
[INFO] [stdout]     |
[INFO] [stdout] 15  | impl<'a> SnowballEnv<'a> {
[INFO] [stdout]     | ------------------------ methods in this implementation
[INFO] [stdout] ...
[INFO] [stdout] 32  |     pub fn set_current(&mut self, current: &'a str) {
[INFO] [stdout]     |            ^^^^^^^^^^^
[INFO] [stdout] ...
[INFO] [stdout] 36  |     pub fn set_current_s(&mut self, current: String) {
[INFO] [stdout]     |            ^^^^^^^^^^^^^
[INFO] [stdout] ...
[INFO] [stdout] 134 |     pub fn hop_checked(&mut self, delta: i32) -> bool {
[INFO] [stdout]     |            ^^^^^^^^^^^
[INFO] [stdout] ...
[INFO] [stdout] 154 |     pub fn hop_back_checked(&mut self, delta: i32) -> bool {
[INFO] [stdout]     |            ^^^^^^^^^^^^^^^^
[INFO] [stdout] ...
[INFO] [stdout] 260 |     pub fn insert(&mut self, bra: i32, ket: i32, s: &str) {
[INFO] [stdout]     |            ^^^^^^
[INFO] [stdout] ...
[INFO] [stdout] 270 |     pub fn assign_to(&mut self) -> String {
[INFO] [stdout]     |            ^^^^^^^^^
[INFO] [stdout] ...
[INFO] [stdout] 274 |     pub fn slice_to(&mut self) -> String {
[INFO] [stdout]     |            ^^^^^^^^
[INFO] [stdout]     |
[INFO] [stdout]     = note: `#[warn(dead_code)]` on by default
[INFO] [stdout] 
[INFO] [stdout] 
[INFO] running `Command { std: "docker" "inspect" "38ed302e63bdfc958c68925879b91d0bca2798bfb4945eb9b3337e318eed5f10", kill_on_drop: false }`
[INFO] running `Command { std: "docker" "rm" "-f" "38ed302e63bdfc958c68925879b91d0bca2798bfb4945eb9b3337e318eed5f10", kill_on_drop: false }`
[INFO] [stdout] 38ed302e63bdfc958c68925879b91d0bca2798bfb4945eb9b3337e318eed5f10
