[INFO] fetching crate taneleer 0.1.0...
[INFO] testing taneleer-0.1.0 against nightly-2024-10-28 for randomize-layout
[INFO] extracting crate taneleer 0.1.0 into /workspace/builds/worker-7-tc1/source
[INFO] validating manifest of crates.io crate taneleer 0.1.0 on toolchain nightly-2024-10-28
[INFO] running `Command { std: CARGO_HOME="/workspace/cargo-home" RUSTUP_HOME="/workspace/rustup-home" "/workspace/cargo-home/bin/cargo" "+nightly-2024-10-28" "metadata" "--manifest-path" "Cargo.toml" "--no-deps", kill_on_drop: false }`
[INFO] started tweaking crates.io crate taneleer 0.1.0
[INFO] finished tweaking crates.io crate taneleer 0.1.0
[INFO] tweaked toml for crates.io crate taneleer 0.1.0 written to /workspace/builds/worker-7-tc1/source/Cargo.toml
[INFO] crate crates.io crate taneleer 0.1.0 already has a lockfile, it will not be regenerated
[INFO] running `Command { std: CARGO_HOME="/workspace/cargo-home" RUSTUP_HOME="/workspace/rustup-home" "/workspace/cargo-home/bin/cargo" "+nightly-2024-10-28" "fetch" "--manifest-path" "Cargo.toml", kill_on_drop: false }`
[INFO] [stderr]  Downloading crates ...
[INFO] [stderr]   Downloaded indexmap v1.9.0
[INFO] [stderr]   Downloaded sqlx-macros v0.6.0
[INFO] [stderr]   Downloaded sqlx-rt v0.6.0
[INFO] [stderr]   Downloaded hashlink v0.8.0
[INFO] [stderr]   Downloaded uuid-macro-internal v1.1.2
[INFO] [stderr]   Downloaded dbus-tokio v0.7.5
[INFO] [stderr]   Downloaded crossbeam-utils v0.8.9
[INFO] [stderr]   Downloaded crc-catalog v2.1.0
[INFO] [stderr]   Downloaded dbus-crossroads v0.5.1
[INFO] [stderr]   Downloaded crc v3.0.0
[INFO] [stderr]   Downloaded sqlx v0.6.0
[INFO] [stderr]   Downloaded dbus v0.9.5
[INFO] [stderr]   Downloaded sqlx-core v0.6.0
[INFO] running `Command { std: "docker" "create" "-v" "/var/lib/crater-agent-workspace/builds/worker-7-tc1/target:/opt/rustwide/target:rw,Z" "-v" "/var/lib/crater-agent-workspace/builds/worker-7-tc1/source:/opt/rustwide/workdir:ro,Z" "-v" "/var/lib/crater-agent-workspace/cargo-home:/opt/rustwide/cargo-home:ro,Z" "-v" "/var/lib/crater-agent-workspace/rustup-home:/opt/rustwide/rustup-home:ro,Z" "-e" "SOURCE_DIR=/opt/rustwide/workdir" "-e" "CARGO_TARGET_DIR=/opt/rustwide/target" "-e" "CARGO_HOME=/opt/rustwide/cargo-home" "-e" "RUSTUP_HOME=/opt/rustwide/rustup-home" "-w" "/opt/rustwide/workdir" "-m" "1610612736" "--user" "0:0" "--network" "none" "ghcr.io/rust-lang/crates-build-env/linux@sha256:4a844ea9eb2546a2d2c7022eacef16ef2e8229c7fbb2c7d4d55a9ceca922f72d" "/opt/rustwide/cargo-home/bin/cargo" "+nightly-2024-10-28" "metadata" "--no-deps" "--format-version=1", kill_on_drop: false }`
[INFO] [stdout] c88fba41320c57fbd9ba9903669664086d1ed20c5253a93314c635b459a8b48d
[INFO] running `Command { std: "docker" "start" "-a" "c88fba41320c57fbd9ba9903669664086d1ed20c5253a93314c635b459a8b48d", kill_on_drop: false }`
[INFO] running `Command { std: "docker" "inspect" "c88fba41320c57fbd9ba9903669664086d1ed20c5253a93314c635b459a8b48d", kill_on_drop: false }`
[INFO] running `Command { std: "docker" "rm" "-f" "c88fba41320c57fbd9ba9903669664086d1ed20c5253a93314c635b459a8b48d", kill_on_drop: false }`
[INFO] [stdout] c88fba41320c57fbd9ba9903669664086d1ed20c5253a93314c635b459a8b48d
[INFO] running `Command { std: "docker" "create" "-v" "/var/lib/crater-agent-workspace/builds/worker-7-tc1/target:/opt/rustwide/target:rw,Z" "-v" "/var/lib/crater-agent-workspace/builds/worker-7-tc1/source:/opt/rustwide/workdir:ro,Z" "-v" "/var/lib/crater-agent-workspace/cargo-home:/opt/rustwide/cargo-home:ro,Z" "-v" "/var/lib/crater-agent-workspace/rustup-home:/opt/rustwide/rustup-home:ro,Z" "-e" "SOURCE_DIR=/opt/rustwide/workdir" "-e" "CARGO_TARGET_DIR=/opt/rustwide/target" "-e" "CARGO_INCREMENTAL=0" "-e" "RUST_BACKTRACE=full" "-e" "RUSTFLAGS=--cap-lints=forbid" "-e" "RUSTDOCFLAGS=--cap-lints=forbid" "-e" "CARGO_HOME=/opt/rustwide/cargo-home" "-e" "RUSTUP_HOME=/opt/rustwide/rustup-home" "-w" "/opt/rustwide/workdir" "-m" "1610612736" "--user" "0:0" "--network" "none" "ghcr.io/rust-lang/crates-build-env/linux@sha256:4a844ea9eb2546a2d2c7022eacef16ef2e8229c7fbb2c7d4d55a9ceca922f72d" "/opt/rustwide/cargo-home/bin/cargo" "+nightly-2024-10-28" "build" "--frozen" "--message-format=json", kill_on_drop: false }`
[INFO] [stdout] 972984e92b22dd624cee2a1e4dc803319db287f6de3d15c321c7578851b0f767
[INFO] running `Command { std: "docker" "start" "-a" "972984e92b22dd624cee2a1e4dc803319db287f6de3d15c321c7578851b0f767", kill_on_drop: false }`
[INFO] [stderr]    Compiling proc-macro2 v1.0.39
[INFO] [stderr]    Compiling unicode-ident v1.0.1
[INFO] [stderr]    Compiling syn v1.0.98
[INFO] [stderr]    Compiling once_cell v1.12.0
[INFO] [stderr]    Compiling pkg-config v0.3.25
[INFO] [stderr]    Compiling futures-core v0.3.21
[INFO] [stderr]    Compiling pin-project-lite v0.2.9
[INFO] [stderr]    Compiling smallvec v1.8.0
[INFO] [stderr]    Compiling futures-task v0.3.21
[INFO] [stderr]    Compiling lock_api v0.4.7
[INFO] [stderr]    Compiling ahash v0.7.6
[INFO] [stderr]    Compiling bytes v1.1.0
[INFO] [stderr]    Compiling log v0.4.17
[INFO] [stderr]    Compiling slab v0.4.6
[INFO] [stderr]    Compiling num_cpus v1.13.1
[INFO] [stderr]    Compiling socket2 v0.4.4
[INFO] [stderr]    Compiling futures-sink v0.3.21
[INFO] [stderr]    Compiling openssl v0.10.40
[INFO] [stderr]    Compiling foreign-types-shared v0.1.1
[INFO] [stderr]    Compiling getrandom v0.2.7
[INFO] [stderr]    Compiling foreign-types v0.3.2
[INFO] [stderr]    Compiling bitflags v1.3.2
[INFO] [stderr]    Compiling native-tls v0.2.10
[INFO] [stderr]    Compiling typenum v1.15.0
[INFO] [stderr]    Compiling generic-array v0.14.5
[INFO] [stderr]    Compiling futures-channel v0.3.21
[INFO] [stderr]    Compiling openssl-probe v0.1.5
[INFO] [stderr]    Compiling parking_lot_core v0.9.3
[INFO] [stderr]    Compiling futures-util v0.3.21
[INFO] [stderr]    Compiling tinyvec_macros v0.1.0
[INFO] [stderr]    Compiling tinyvec v1.6.0
[INFO] [stderr]    Compiling mio v0.8.3
[INFO] [stderr]    Compiling signal-hook-registry v1.4.0
[INFO] [stderr]    Compiling parking_lot_core v0.8.5
[INFO] [stderr]    Compiling futures-io v0.3.21
[INFO] [stdout] error[E0422]: cannot find struct, variant or union type `LineColumn` in crate `proc_macro`
[INFO] [stdout]    --> /opt/rustwide/cargo-home/registry/src/index.crates.io-6f17d22bba15001f/proc-macro2-1.0.39/src/wrapper.rs:485:33
[INFO] [stdout]     |
[INFO] [stdout] 485 |                 let proc_macro::LineColumn { line, column } = s.start();
[INFO] [stdout]     |                                 ^^^^^^^^^^ not found in `proc_macro`
[INFO] [stdout]     |
[INFO] [stdout] help: consider importing one of these structs
[INFO] [stdout]     |
[INFO] [stdout] 1   + use crate::LineColumn;
[INFO] [stdout]     |
[INFO] [stdout] 1   + use crate::fallback::LineColumn;
[INFO] [stdout]     |
[INFO] [stdout] help: if you import `LineColumn`, refer to it directly
[INFO] [stdout]     |
[INFO] [stdout] 485 -                 let proc_macro::LineColumn { line, column } = s.start();
[INFO] [stdout] 485 +                 let LineColumn { line, column } = s.start();
[INFO] [stdout]     |
[INFO] [stdout] 
[INFO] [stdout] 
[INFO] [stdout] error[E0422]: cannot find struct, variant or union type `LineColumn` in crate `proc_macro`
[INFO] [stdout]    --> /opt/rustwide/cargo-home/registry/src/index.crates.io-6f17d22bba15001f/proc-macro2-1.0.39/src/wrapper.rs:502:33
[INFO] [stdout]     |
[INFO] [stdout] 502 |                 let proc_macro::LineColumn { line, column } = s.end();
[INFO] [stdout]     |                                 ^^^^^^^^^^ not found in `proc_macro`
[INFO] [stdout]     |
[INFO] [stdout] help: consider importing one of these structs
[INFO] [stdout]     |
[INFO] [stdout] 1   + use crate::LineColumn;
[INFO] [stdout]     |
[INFO] [stdout] 1   + use crate::fallback::LineColumn;
[INFO] [stdout]     |
[INFO] [stdout] help: if you import `LineColumn`, refer to it directly
[INFO] [stdout]     |
[INFO] [stdout] 502 -                 let proc_macro::LineColumn { line, column } = s.end();
[INFO] [stdout] 502 +                 let LineColumn { line, column } = s.end();
[INFO] [stdout]     |
[INFO] [stdout] 
[INFO] [stdout] 
[INFO] [stderr]    Compiling parking_lot v0.12.1
[INFO] [stderr]    Compiling instant v0.1.12
[INFO] [stderr]    Compiling openssl-sys v0.9.74
[INFO] [stderr]    Compiling num-traits v0.2.15
[INFO] [stderr]    Compiling crossbeam-utils v0.8.9
[INFO] [stderr]    Compiling unicode-bidi v0.3.8
[INFO] [stderr]    Compiling vcpkg v0.2.15
[INFO] [stderr]    Compiling matches v0.1.9
[INFO] [stderr]    Compiling spin v0.9.3
[INFO] [stdout] For more information about this error, try `rustc --explain E0422`.
[INFO] [stdout] 
[INFO] [stderr] error: could not compile `proc-macro2` (lib) due to 2 previous errors
[INFO] [stderr] warning: build failed, waiting for other jobs to finish...
[INFO] [stdout] error[E0635]: unknown feature `stdsimd`
[INFO] [stdout]   --> /opt/rustwide/cargo-home/registry/src/index.crates.io-6f17d22bba15001f/ahash-0.7.6/src/lib.rs:33:42
[INFO] [stdout]    |
[INFO] [stdout] 33 | #![cfg_attr(feature = "stdsimd", feature(stdsimd))]
[INFO] [stdout]    |                                          ^^^^^^^
[INFO] [stdout] 
[INFO] [stdout] 
[INFO] [stdout] error[E0635]: unknown feature `stdsimd`
[INFO] [stdout]   --> /opt/rustwide/cargo-home/registry/src/index.crates.io-6f17d22bba15001f/ahash-0.7.6/src/lib.rs:33:42
[INFO] [stdout]    |
[INFO] [stdout] 33 | #![cfg_attr(feature = "stdsimd", feature(stdsimd))]
[INFO] [stdout]    |                                          ^^^^^^^
[INFO] [stdout] 
[INFO] [stdout] 
[INFO] [stdout] For more information about this error, try `rustc --explain E0635`.
[INFO] [stdout] 
[INFO] [stdout] For more information about this error, try `rustc --explain E0635`.
[INFO] [stdout] 
[INFO] [stderr] error: could not compile `ahash` (lib) due to 1 previous error
[INFO] [stderr] error: could not compile `ahash` (lib) due to 1 previous error
[INFO] running `Command { std: "docker" "inspect" "972984e92b22dd624cee2a1e4dc803319db287f6de3d15c321c7578851b0f767", kill_on_drop: false }`
[INFO] running `Command { std: "docker" "rm" "-f" "972984e92b22dd624cee2a1e4dc803319db287f6de3d15c321c7578851b0f767", kill_on_drop: false }`
[INFO] [stdout] 972984e92b22dd624cee2a1e4dc803319db287f6de3d15c321c7578851b0f767
