[INFO] fetching crate tailor 0.1.0...
[INFO] testing tailor-0.1.0 against nightly-2024-10-28+rustflags=-Zrandomize-layout for randomize-layout
[INFO] extracting crate tailor 0.1.0 into /workspace/builds/worker-7-tc2/source
[INFO] validating manifest of crates.io crate tailor 0.1.0 on toolchain nightly-2024-10-28
[INFO] running `Command { std: CARGO_HOME="/workspace/cargo-home" RUSTUP_HOME="/workspace/rustup-home" "/workspace/cargo-home/bin/cargo" "+nightly-2024-10-28" "metadata" "--manifest-path" "Cargo.toml" "--no-deps", kill_on_drop: false }`
[INFO] started tweaking crates.io crate tailor 0.1.0
[INFO] finished tweaking crates.io crate tailor 0.1.0
[INFO] tweaked toml for crates.io crate tailor 0.1.0 written to /workspace/builds/worker-7-tc2/source/Cargo.toml
[INFO] running `Command { std: CARGO_HOME="/workspace/cargo-home" RUSTUP_HOME="/workspace/rustup-home" "/workspace/cargo-home/bin/cargo" "+nightly-2024-10-28" "generate-lockfile" "--manifest-path" "Cargo.toml", kill_on_drop: false }`
[INFO] [stderr]     Updating crates.io index
[INFO] [stderr]      Locking 112 packages to latest compatible versions
[INFO] [stderr]       Adding clap v2.34.0 (available: v4.5.20)
[INFO] [stderr]       Adding error-chain v0.11.0 (available: v0.12.4)
[INFO] [stderr]       Adding serde-xml-rs v0.2.1 (available: v0.6.0)
[INFO] running `Command { std: CARGO_HOME="/workspace/cargo-home" RUSTUP_HOME="/workspace/rustup-home" "/workspace/cargo-home/bin/cargo" "+nightly-2024-10-28" "fetch" "--manifest-path" "Cargo.toml", kill_on_drop: false }`
[INFO] [stderr] warning: no edition set: defaulting to the 2015 edition while the latest is 2021
[INFO] running `Command { std: "docker" "create" "-v" "/var/lib/crater-agent-workspace/builds/worker-7-tc2/target:/opt/rustwide/target:rw,Z" "-v" "/var/lib/crater-agent-workspace/builds/worker-7-tc2/source:/opt/rustwide/workdir:ro,Z" "-v" "/var/lib/crater-agent-workspace/cargo-home:/opt/rustwide/cargo-home:ro,Z" "-v" "/var/lib/crater-agent-workspace/rustup-home:/opt/rustwide/rustup-home:ro,Z" "-e" "SOURCE_DIR=/opt/rustwide/workdir" "-e" "CARGO_TARGET_DIR=/opt/rustwide/target" "-e" "CARGO_HOME=/opt/rustwide/cargo-home" "-e" "RUSTUP_HOME=/opt/rustwide/rustup-home" "-w" "/opt/rustwide/workdir" "-m" "1610612736" "--user" "0:0" "--network" "none" "ghcr.io/rust-lang/crates-build-env/linux@sha256:4a844ea9eb2546a2d2c7022eacef16ef2e8229c7fbb2c7d4d55a9ceca922f72d" "/opt/rustwide/cargo-home/bin/cargo" "+nightly-2024-10-28" "metadata" "--no-deps" "--format-version=1", kill_on_drop: false }`
[INFO] [stdout] 3921b42e8e38741c56fc7e6d50d069ef8c1faaf59e11766650b0bbcfef94a69b
[INFO] running `Command { std: "docker" "start" "-a" "3921b42e8e38741c56fc7e6d50d069ef8c1faaf59e11766650b0bbcfef94a69b", kill_on_drop: false }`
[INFO] running `Command { std: "docker" "inspect" "3921b42e8e38741c56fc7e6d50d069ef8c1faaf59e11766650b0bbcfef94a69b", kill_on_drop: false }`
[INFO] running `Command { std: "docker" "rm" "-f" "3921b42e8e38741c56fc7e6d50d069ef8c1faaf59e11766650b0bbcfef94a69b", kill_on_drop: false }`
[INFO] [stdout] 3921b42e8e38741c56fc7e6d50d069ef8c1faaf59e11766650b0bbcfef94a69b
[INFO] running `Command { std: "docker" "create" "-v" "/var/lib/crater-agent-workspace/builds/worker-7-tc2/target:/opt/rustwide/target:rw,Z" "-v" "/var/lib/crater-agent-workspace/builds/worker-7-tc2/source:/opt/rustwide/workdir:ro,Z" "-v" "/var/lib/crater-agent-workspace/cargo-home:/opt/rustwide/cargo-home:ro,Z" "-v" "/var/lib/crater-agent-workspace/rustup-home:/opt/rustwide/rustup-home:ro,Z" "-e" "SOURCE_DIR=/opt/rustwide/workdir" "-e" "CARGO_TARGET_DIR=/opt/rustwide/target" "-e" "CARGO_INCREMENTAL=0" "-e" "RUST_BACKTRACE=full" "-e" "RUSTFLAGS=--cap-lints=forbid -Zrandomize-layout" "-e" "RUSTDOCFLAGS=--cap-lints=forbid" "-e" "CARGO_HOME=/opt/rustwide/cargo-home" "-e" "RUSTUP_HOME=/opt/rustwide/rustup-home" "-w" "/opt/rustwide/workdir" "-m" "1610612736" "--user" "0:0" "--network" "none" "ghcr.io/rust-lang/crates-build-env/linux@sha256:4a844ea9eb2546a2d2c7022eacef16ef2e8229c7fbb2c7d4d55a9ceca922f72d" "/opt/rustwide/cargo-home/bin/cargo" "+nightly-2024-10-28" "build" "--frozen" "--message-format=json", kill_on_drop: false }`
[INFO] [stdout] 061a8bc971d0870541922677f077b2c994d629b6b51e23945eb124d2de4784a4
[INFO] running `Command { std: "docker" "start" "-a" "061a8bc971d0870541922677f077b2c994d629b6b51e23945eb124d2de4784a4", kill_on_drop: false }`
[INFO] [stderr] warning: no edition set: defaulting to the 2015 edition while the latest is 2021
[INFO] [stderr]    Compiling libc v0.2.161
[INFO] [stderr]    Compiling thiserror v1.0.66
[INFO] [stderr]    Compiling autocfg v1.4.0
[INFO] [stderr]    Compiling adler2 v2.0.0
[INFO] [stderr]    Compiling ucd-trie v0.1.7
[INFO] [stderr]    Compiling serde v1.0.214
[INFO] [stderr]    Compiling gimli v0.31.1
[INFO] [stderr]    Compiling object v0.36.5
[INFO] [stderr]    Compiling unic-common v0.7.0
[INFO] [stderr]    Compiling unic-char-range v0.7.0
[INFO] [stderr]    Compiling regex-syntax v0.8.5
[INFO] [stderr]    Compiling once_cell v1.20.2
[INFO] [stderr]    Compiling error-chain v0.12.4
[INFO] [stderr]    Compiling unicode-bidi v0.3.17
[INFO] [stderr]    Compiling syn v2.0.86
[INFO] [stderr]    Compiling unicode-normalization v0.1.24
[INFO] [stderr]    Compiling miniz_oxide v0.8.0
[INFO] [stderr]    Compiling unic-char-property v0.7.0
[INFO] [stderr]    Compiling unic-ucd-version v0.7.0
[INFO] [stderr]    Compiling serde_json v1.0.132
[INFO] [stderr]    Compiling matches v0.1.10
[INFO] [stderr]    Compiling unic-ucd-segment v0.7.0
[INFO] [stderr]    Compiling deunicode v1.6.0
[INFO] [stderr]    Compiling quick-error v1.2.3
[INFO] [stderr]    Compiling iana-time-zone v0.1.61
[INFO] [stderr]    Compiling percent-encoding v1.0.1
[INFO] [stderr]    Compiling humantime v1.3.0
[INFO] [stderr]    Compiling bitflags v0.7.0
[INFO] [stderr]    Compiling humansize v1.1.1
[INFO] [stderr]    Compiling num-traits v0.2.19
[INFO] [stderr]    Compiling unicode-width v0.1.14
[INFO] [stderr]    Compiling slug v0.1.6
[INFO] [stderr]    Compiling fgen v0.1.0
[INFO] [stderr]    Compiling idna v0.1.5
[INFO] [stderr]    Compiling unic-segment v0.7.0
[INFO] [stderr]    Compiling glob v0.2.11
[INFO] [stderr]    Compiling xml-rs v0.3.6
[INFO] [stderr]    Compiling log v0.3.9
[INFO] [stderr]    Compiling strsim v0.8.0
[INFO] [stderr]    Compiling textwrap v0.11.0
[INFO] [stderr]    Compiling vec_map v0.8.2
[INFO] [stderr]    Compiling ansi_term v0.12.1
[INFO] [stderr]    Compiling url v1.7.2
[INFO] [stderr]    Compiling atty v0.2.14
[INFO] [stderr]    Compiling clap v2.34.0
[INFO] [stderr]    Compiling chrono v0.4.38
[INFO] [stderr]    Compiling regex-automata v0.4.8
[INFO] [stderr]    Compiling addr2line v0.24.2
[INFO] [stderr]    Compiling serde-xml-rs v0.2.1
[INFO] [stderr]    Compiling thiserror-impl v1.0.66
[INFO] [stderr]    Compiling serde_derive v1.0.214
[INFO] [stderr]    Compiling backtrace v0.3.74
[INFO] [stderr]    Compiling error-chain v0.11.0
[INFO] [stderr]    Compiling regex v1.11.1
[INFO] [stderr]    Compiling pest v2.7.14
[INFO] [stderr]    Compiling env_logger v0.5.13
[INFO] [stderr]    Compiling pest_meta v2.7.14
[INFO] [stderr]    Compiling pest_generator v2.7.14
[INFO] [stderr]    Compiling pest_derive v2.7.14
[INFO] [stderr]    Compiling tera v0.11.20
[INFO] [stdout] error: linking with `cc` failed: exit status: 1
[INFO] [stdout]   |
[INFO] [stdout]   = note: LC_ALL="C" PATH="/opt/rustwide/rustup-home/toolchains/nightly-2024-10-28-x86_64-unknown-linux-gnu/lib/rustlib/x86_64-unknown-linux-gnu/bin:/opt/rustwide/rustup-home/toolchains/nightly-2024-10-28-x86_64-unknown-linux-gnu/lib/rustlib/x86_64-unknown-linux-gnu/bin/self-contained:/opt/rustwide/cargo-home/bin:/usr/local/sbin:/usr/local/bin:/usr/sbin:/usr/bin:/sbin:/bin" VSLANG="1033" "cc" "-Wl,--version-script=/tmp/rustcVXr6bg/list" "-Wl,--no-undefined-version" "-m64" "/tmp/rustcVXr6bg/symbols.o" "/opt/rustwide/target/debug/deps/fgen-1ffe5f0a3774c37d.fgen.ba305a13974d6f0e-cgu.0.rcgu.o" "/opt/rustwide/target/debug/deps/fgen-1ffe5f0a3774c37d.69c7g01tu0x62fpacil0bkdm6.rcgu.rmeta" "-Wl,--as-needed" "-Wl,-Bstatic" "/opt/rustwide/target/debug/deps/libenv_logger-992e904a877e183d.rlib" "/opt/rustwide/target/debug/deps/libatty-6cbae627d2781592.rlib" "/opt/rustwide/target/debug/deps/libhumantime-5f96ca46af084dfc.rlib" "/opt/rustwide/target/debug/deps/libquick_error-9804de68ea34bdae.rlib" "/opt/rustwide/target/debug/deps/libtermcolor-116a8f6e8f4ddb54.rlib" "/opt/rustwide/target/debug/deps/liblog-e7e7e8ec9ff686da.rlib" "/opt/rustwide/target/debug/deps/libtera-118b42d661128993.rlib" "/opt/rustwide/target/debug/deps/libunic_segment-5c81adcc93571d7f.rlib" "/opt/rustwide/target/debug/deps/libunic_ucd_segment-8d815f7cbcee5525.rlib" "/opt/rustwide/target/debug/deps/libunic_ucd_version-d79503eb3cbee83a.rlib" "/opt/rustwide/target/debug/deps/libunic_common-c910905b4767dd19.rlib" "/opt/rustwide/target/debug/deps/libunic_char_property-0eb954b7ac9e084d.rlib" "/opt/rustwide/target/debug/deps/libunic_char_range-bf62b73ee15d5360.rlib" "/opt/rustwide/target/debug/deps/liburl-399527343cf4e577.rlib" "/opt/rustwide/target/debug/deps/libpercent_encoding-315061c7076aba50.rlib" "/opt/rustwide/target/debug/deps/libidna-25ce445f29cb1ad2.rlib" "/opt/rustwide/target/debug/deps/libunicode_normalization-a9fe8f3655bfc568.rlib" "/opt/rustwide/target/debug/deps/libtinyvec-51759a03d8e7a380.rlib" "/opt/rustwide/target/debug/deps/libtinyvec_macros-66661c55905090ec.rlib" "/opt/rustwide/target/debug/deps/libunicode_bidi-44c9b1b4c2670cda.rlib" "/opt/rustwide/target/debug/deps/libmatches-1c618ccf848638c6.rlib" "/opt/rustwide/target/debug/deps/libhumansize-d773c9d6c51f3403.rlib" "/opt/rustwide/target/debug/deps/libchrono-b05fcec21afcc117.rlib" "/opt/rustwide/target/debug/deps/libnum_traits-ea8b8f6c4f3111e0.rlib" "/opt/rustwide/target/debug/deps/libiana_time_zone-b5af8e0c24ee252c.rlib" "/opt/rustwide/target/debug/deps/liblazy_static-7af2f34f8b124b26.rlib" "/opt/rustwide/target/debug/deps/libslug-bf9128466362fec6.rlib" "/opt/rustwide/target/debug/deps/libdeunicode-4d9e945253aebb6e.rlib" "/opt/rustwide/target/debug/deps/libregex-e2f88c391915fb65.rlib" "/opt/rustwide/target/debug/deps/libregex_automata-9a62ad214a6aa684.rlib" "/opt/rustwide/target/debug/deps/libaho_corasick-417a2760a2457731.rlib" "/opt/rustwide/target/debug/deps/libregex_syntax-eddb13b0f2ea78f9.rlib" "/opt/rustwide/target/debug/deps/liberror_chain-573cb0a746103f6c.rlib" "/opt/rustwide/target/debug/deps/libserde_json-8da627fe5202f1e5.rlib" "/opt/rustwide/target/debug/deps/libitoa-add5260810035b6e.rlib" "/opt/rustwide/target/debug/deps/libryu-2ae7af5af0bb88e0.rlib" "/opt/rustwide/target/debug/deps/libserde-228eb9d983fcf8ca.rlib" "/opt/rustwide/target/debug/deps/libpest-ea6e66d1eb010cf0.rlib" "/opt/rustwide/target/debug/deps/libucd_trie-abe42ba3ff408997.rlib" "/opt/rustwide/target/debug/deps/libthiserror-f6397f184a4c3395.rlib" "/opt/rustwide/target/debug/deps/libglob-21dd4f0737311c95.rlib" "/opt/rustwide/target/debug/deps/liberror_chain-f91a9b26a7273114.rlib" "/opt/rustwide/target/debug/deps/libbacktrace-b92b80215aba68ca.rlib" "/opt/rustwide/target/debug/deps/libminiz_oxide-aab7f170bc76163e.rlib" "/opt/rustwide/target/debug/deps/libadler2-b3e8bf616d8ed0c4.rlib" "/opt/rustwide/target/debug/deps/libobject-ade99612cbeb3254.rlib" "/opt/rustwide/target/debug/deps/libmemchr-c7ff0286392b94eb.rlib" "/opt/rustwide/target/debug/deps/liblibc-663f09ba3db1840e.rlib" "/opt/rustwide/target/debug/deps/libaddr2line-dd4d4e91cb412549.rlib" "/opt/rustwide/target/debug/deps/libgimli-29a90498a79efb86.rlib" "/opt/rustwide/target/debug/deps/libcfg_if-57bf25c23e31efdb.rlib" "/opt/rustwide/target/debug/deps/librustc_demangle-01b1170af4428f72.rlib" "-Wl,-Bdynamic" "/opt/rustwide/rustup-home/toolchains/nightly-2024-10-28-x86_64-unknown-linux-gnu/lib/rustlib/x86_64-unknown-linux-gnu/lib/libstd-fb8c387236db3c10.so" "-Wl,-Bstatic" "/opt/rustwide/rustup-home/toolchains/nightly-2024-10-28-x86_64-unknown-linux-gnu/lib/rustlib/x86_64-unknown-linux-gnu/lib/libcompiler_builtins-0e6386368b0a24e8.rlib" "-Wl,-Bdynamic" "-lgcc_s" "-lutil" "-lrt" "-lpthread" "-lm" "-ldl" "-lc" "-B/opt/rustwide/rustup-home/toolchains/nightly-2024-10-28-x86_64-unknown-linux-gnu/lib/rustlib/x86_64-unknown-linux-gnu/bin/gcc-ld" "-fuse-ld=lld" "-Wl,--eh-frame-hdr" "-Wl,-z,noexecstack" "-L" "/opt/rustwide/rustup-home/toolchains/nightly-2024-10-28-x86_64-unknown-linux-gnu/lib/rustlib/x86_64-unknown-linux-gnu/lib" "-o" "/opt/rustwide/target/debug/deps/libfgen-1ffe5f0a3774c37d.so" "-shared" "-Wl,-soname=libfgen-1ffe5f0a3774c37d.so" "-Wl,-z,relro,-z,now" "-nodefaultlibs"
[INFO] [stdout]   = note: rust-lld: error: version script assignment of 'global' to symbol '__rust_alloc' failed: symbol not defined
[INFO] [stdout]           rust-lld: error: version script assignment of 'global' to symbol '__rust_alloc_error_handler' failed: symbol not defined
[INFO] [stdout]           rust-lld: error: version script assignment of 'global' to symbol '__rust_alloc_error_handler_should_panic' failed: symbol not defined
[INFO] [stdout]           rust-lld: error: version script assignment of 'global' to symbol '__rust_alloc_zeroed' failed: symbol not defined
[INFO] [stdout]           rust-lld: error: version script assignment of 'global' to symbol '__rust_dealloc' failed: symbol not defined
[INFO] [stdout]           rust-lld: error: version script assignment of 'global' to symbol '__rust_no_alloc_shim_is_unstable' failed: symbol not defined
[INFO] [stdout]           rust-lld: error: version script assignment of 'global' to symbol '__rust_realloc' failed: symbol not defined
[INFO] [stdout]           collect2: error: ld returned 1 exit status
[INFO] [stdout]           
[INFO] [stdout] 
[INFO] [stdout] 
[INFO] [stderr] error: could not compile `fgen` (lib) due to 1 previous error
[INFO] running `Command { std: "docker" "inspect" "061a8bc971d0870541922677f077b2c994d629b6b51e23945eb124d2de4784a4", kill_on_drop: false }`
[INFO] running `Command { std: "docker" "rm" "-f" "061a8bc971d0870541922677f077b2c994d629b6b51e23945eb124d2de4784a4", kill_on_drop: false }`
[INFO] [stdout] 061a8bc971d0870541922677f077b2c994d629b6b51e23945eb124d2de4784a4
