[INFO] fetching crate syscall_encode 0.1.11...
[INFO] testing syscall_encode-0.1.11 against nightly-2024-10-28+rustflags=-Zrandomize-layout for randomize-layout
[INFO] extracting crate syscall_encode 0.1.11 into /workspace/builds/worker-1-tc2/source
[INFO] validating manifest of crates.io crate syscall_encode 0.1.11 on toolchain nightly-2024-10-28
[INFO] running `Command { std: CARGO_HOME="/workspace/cargo-home" RUSTUP_HOME="/workspace/rustup-home" "/workspace/cargo-home/bin/cargo" "+nightly-2024-10-28" "metadata" "--manifest-path" "Cargo.toml" "--no-deps", kill_on_drop: false }`
[INFO] removed /workspace/builds/worker-1-tc2/source/rust-toolchain
[INFO] started tweaking crates.io crate syscall_encode 0.1.11
[INFO] finished tweaking crates.io crate syscall_encode 0.1.11
[INFO] tweaked toml for crates.io crate syscall_encode 0.1.11 written to /workspace/builds/worker-1-tc2/source/Cargo.toml
[INFO] running `Command { std: CARGO_HOME="/workspace/cargo-home" RUSTUP_HOME="/workspace/rustup-home" "/workspace/cargo-home/bin/cargo" "+nightly-2024-10-28" "generate-lockfile" "--manifest-path" "Cargo.toml", kill_on_drop: false }`
[INFO] [stderr]     Updating crates.io index
[INFO] [stderr]      Locking 85 packages to latest compatible versions
[INFO] [stderr]       Adding alloca v0.3.4 (available: v0.4.0)
[INFO] running `Command { std: CARGO_HOME="/workspace/cargo-home" RUSTUP_HOME="/workspace/rustup-home" "/workspace/cargo-home/bin/cargo" "+nightly-2024-10-28" "fetch" "--manifest-path" "Cargo.toml", kill_on_drop: false }`
[INFO] running `Command { std: "docker" "create" "-v" "/var/lib/crater-agent-workspace/builds/worker-1-tc2/target:/opt/rustwide/target:rw,Z" "-v" "/var/lib/crater-agent-workspace/builds/worker-1-tc2/source:/opt/rustwide/workdir:ro,Z" "-v" "/var/lib/crater-agent-workspace/cargo-home:/opt/rustwide/cargo-home:ro,Z" "-v" "/var/lib/crater-agent-workspace/rustup-home:/opt/rustwide/rustup-home:ro,Z" "-e" "SOURCE_DIR=/opt/rustwide/workdir" "-e" "CARGO_TARGET_DIR=/opt/rustwide/target" "-e" "CARGO_HOME=/opt/rustwide/cargo-home" "-e" "RUSTUP_HOME=/opt/rustwide/rustup-home" "-w" "/opt/rustwide/workdir" "-m" "1610612736" "--user" "0:0" "--network" "none" "ghcr.io/rust-lang/crates-build-env/linux@sha256:4a844ea9eb2546a2d2c7022eacef16ef2e8229c7fbb2c7d4d55a9ceca922f72d" "/opt/rustwide/cargo-home/bin/cargo" "+nightly-2024-10-28" "metadata" "--no-deps" "--format-version=1", kill_on_drop: false }`
[INFO] [stdout] ea4eccf02671a81a360288017f62c68a541e4b25192e5fc830eb2a01e9175082
[INFO] running `Command { std: "docker" "start" "-a" "ea4eccf02671a81a360288017f62c68a541e4b25192e5fc830eb2a01e9175082", kill_on_drop: false }`
[INFO] running `Command { std: "docker" "inspect" "ea4eccf02671a81a360288017f62c68a541e4b25192e5fc830eb2a01e9175082", kill_on_drop: false }`
[INFO] running `Command { std: "docker" "rm" "-f" "ea4eccf02671a81a360288017f62c68a541e4b25192e5fc830eb2a01e9175082", kill_on_drop: false }`
[INFO] [stdout] ea4eccf02671a81a360288017f62c68a541e4b25192e5fc830eb2a01e9175082
[INFO] running `Command { std: "docker" "create" "-v" "/var/lib/crater-agent-workspace/builds/worker-1-tc2/target:/opt/rustwide/target:rw,Z" "-v" "/var/lib/crater-agent-workspace/builds/worker-1-tc2/source:/opt/rustwide/workdir:ro,Z" "-v" "/var/lib/crater-agent-workspace/cargo-home:/opt/rustwide/cargo-home:ro,Z" "-v" "/var/lib/crater-agent-workspace/rustup-home:/opt/rustwide/rustup-home:ro,Z" "-e" "SOURCE_DIR=/opt/rustwide/workdir" "-e" "CARGO_TARGET_DIR=/opt/rustwide/target" "-e" "CARGO_INCREMENTAL=0" "-e" "RUST_BACKTRACE=full" "-e" "RUSTFLAGS=--cap-lints=forbid -Zrandomize-layout" "-e" "RUSTDOCFLAGS=--cap-lints=forbid" "-e" "CARGO_HOME=/opt/rustwide/cargo-home" "-e" "RUSTUP_HOME=/opt/rustwide/rustup-home" "-w" "/opt/rustwide/workdir" "-m" "1610612736" "--user" "0:0" "--network" "none" "ghcr.io/rust-lang/crates-build-env/linux@sha256:4a844ea9eb2546a2d2c7022eacef16ef2e8229c7fbb2c7d4d55a9ceca922f72d" "/opt/rustwide/cargo-home/bin/cargo" "+nightly-2024-10-28" "build" "--frozen" "--message-format=json", kill_on_drop: false }`
[INFO] [stdout] 312de93a7a7f0d8b9197643fa3415dc4c34dccde057dde470c1608b14dd43ffd
[INFO] running `Command { std: "docker" "start" "-a" "312de93a7a7f0d8b9197643fa3415dc4c34dccde057dde470c1608b14dd43ffd", kill_on_drop: false }`
[INFO] [stderr]    Compiling syscall_encode_traits v0.1.9
[INFO] [stderr]    Compiling syn v2.0.86
[INFO] [stdout] error[E0425]: cannot find function `from_exposed_addr` in module `core::ptr`
[INFO] [stdout]    --> /opt/rustwide/cargo-home/registry/src/index.crates.io-6f17d22bba15001f/syscall_encode_traits-0.1.9/src/abi/registers_and_stack.rs:153:39
[INFO] [stdout]     |
[INFO] [stdout] 153 |             let base_ptr = core::ptr::from_exposed_addr::<u8>(reg as usize);
[INFO] [stdout]     |                                       ^^^^^^^^^^^^^^^^^ not found in `core::ptr`
[INFO] [stdout] 
[INFO] [stdout] 
[INFO] [stdout] error[E0425]: cannot find function `from_exposed_addr` in module `core::ptr`
[INFO] [stdout]   --> /opt/rustwide/cargo-home/registry/src/index.crates.io-6f17d22bba15001f/syscall_encode_traits-0.1.9/src/ptr.rs:50:40
[INFO] [stdout]    |
[INFO] [stdout] 50 |         let ptr: *const T = core::ptr::from_exposed_addr(self.raw);
[INFO] [stdout]    |                                        ^^^^^^^^^^^^^^^^^ not found in `core::ptr`
[INFO] [stdout] 
[INFO] [stdout] 
[INFO] [stdout] error[E0425]: cannot find function `from_exposed_addr_mut` in module `core::ptr`
[INFO] [stdout]   --> /opt/rustwide/cargo-home/registry/src/index.crates.io-6f17d22bba15001f/syscall_encode_traits-0.1.9/src/ptr.rs:63:38
[INFO] [stdout]    |
[INFO] [stdout] 63 |         let ptr: *mut T = core::ptr::from_exposed_addr_mut(self.raw);
[INFO] [stdout]    |                                      ^^^^^^^^^^^^^^^^^^^^^ not found in `core::ptr`
[INFO] [stdout] 
[INFO] [stdout] 
[INFO] [stdout] error[E0425]: cannot find function `from_exposed_addr` in module `core::ptr`
[INFO] [stdout]    --> /opt/rustwide/cargo-home/registry/src/index.crates.io-6f17d22bba15001f/syscall_encode_traits-0.1.9/src/ptr.rs:108:40
[INFO] [stdout]     |
[INFO] [stdout] 108 |         let ptr: *const T = core::ptr::from_exposed_addr(self.ptr.raw);
[INFO] [stdout]     |                                        ^^^^^^^^^^^^^^^^^ not found in `core::ptr`
[INFO] [stdout] 
[INFO] [stdout] 
[INFO] [stdout] error[E0425]: cannot find function `from_exposed_addr_mut` in module `core::ptr`
[INFO] [stdout]    --> /opt/rustwide/cargo-home/registry/src/index.crates.io-6f17d22bba15001f/syscall_encode_traits-0.1.9/src/ptr.rs:121:38
[INFO] [stdout]     |
[INFO] [stdout] 121 |         let ptr: *mut T = core::ptr::from_exposed_addr_mut(self.ptr.raw);
[INFO] [stdout]     |                                      ^^^^^^^^^^^^^^^^^^^^^ not found in `core::ptr`
[INFO] [stdout] 
[INFO] [stdout] 
[INFO] [stdout] error[E0599]: no method named `expose_addr` found for raw pointer `*const T` in the current scope
[INFO] [stdout]   --> /opt/rustwide/cargo-home/registry/src/index.crates.io-6f17d22bba15001f/syscall_encode_traits-0.1.9/src/ptr.rs:16:36
[INFO] [stdout]    |
[INFO] [stdout] 16 |             raw: (ptr as *const T).expose_addr(),
[INFO] [stdout]    |                                    ^^^^^^^^^^^ method not found in `*const T`
[INFO] [stdout] 
[INFO] [stdout] 
[INFO] [stdout] Some errors have detailed explanations: E0425, E0599.
[INFO] [stdout] 
[INFO] [stdout] For more information about an error, try `rustc --explain E0425`.
[INFO] [stdout] 
[INFO] [stderr] error: could not compile `syscall_encode_traits` (lib) due to 6 previous errors
[INFO] [stderr] warning: build failed, waiting for other jobs to finish...
[INFO] running `Command { std: "docker" "inspect" "312de93a7a7f0d8b9197643fa3415dc4c34dccde057dde470c1608b14dd43ffd", kill_on_drop: false }`
[INFO] running `Command { std: "docker" "rm" "-f" "312de93a7a7f0d8b9197643fa3415dc4c34dccde057dde470c1608b14dd43ffd", kill_on_drop: false }`
[INFO] [stdout] 312de93a7a7f0d8b9197643fa3415dc4c34dccde057dde470c1608b14dd43ffd
