[INFO] fetching crate synevi_core 0.1.0...
[INFO] testing synevi_core-0.1.0 against nightly-2024-10-28+rustflags=-Zrandomize-layout for randomize-layout
[INFO] extracting crate synevi_core 0.1.0 into /workspace/builds/worker-7-tc2/source
[INFO] validating manifest of crates.io crate synevi_core 0.1.0 on toolchain nightly-2024-10-28
[INFO] running `Command { std: CARGO_HOME="/workspace/cargo-home" RUSTUP_HOME="/workspace/rustup-home" "/workspace/cargo-home/bin/cargo" "+nightly-2024-10-28" "metadata" "--manifest-path" "Cargo.toml" "--no-deps", kill_on_drop: false }`
[INFO] started tweaking crates.io crate synevi_core 0.1.0
[INFO] finished tweaking crates.io crate synevi_core 0.1.0
[INFO] tweaked toml for crates.io crate synevi_core 0.1.0 written to /workspace/builds/worker-7-tc2/source/Cargo.toml
[INFO] running `Command { std: CARGO_HOME="/workspace/cargo-home" RUSTUP_HOME="/workspace/rustup-home" "/workspace/cargo-home/bin/cargo" "+nightly-2024-10-28" "generate-lockfile" "--manifest-path" "Cargo.toml", kill_on_drop: false }`
[INFO] [stderr]     Updating crates.io index
[INFO] [stderr]      Locking 197 packages to latest compatible versions
[INFO] running `Command { std: CARGO_HOME="/workspace/cargo-home" RUSTUP_HOME="/workspace/rustup-home" "/workspace/cargo-home/bin/cargo" "+nightly-2024-10-28" "fetch" "--manifest-path" "Cargo.toml", kill_on_drop: false }`
[INFO] running `Command { std: "docker" "create" "-v" "/var/lib/crater-agent-workspace/builds/worker-7-tc2/target:/opt/rustwide/target:rw,Z" "-v" "/var/lib/crater-agent-workspace/builds/worker-7-tc2/source:/opt/rustwide/workdir:ro,Z" "-v" "/var/lib/crater-agent-workspace/cargo-home:/opt/rustwide/cargo-home:ro,Z" "-v" "/var/lib/crater-agent-workspace/rustup-home:/opt/rustwide/rustup-home:ro,Z" "-e" "SOURCE_DIR=/opt/rustwide/workdir" "-e" "CARGO_TARGET_DIR=/opt/rustwide/target" "-e" "CARGO_HOME=/opt/rustwide/cargo-home" "-e" "RUSTUP_HOME=/opt/rustwide/rustup-home" "-w" "/opt/rustwide/workdir" "-m" "1610612736" "--user" "0:0" "--network" "none" "ghcr.io/rust-lang/crates-build-env/linux@sha256:4a844ea9eb2546a2d2c7022eacef16ef2e8229c7fbb2c7d4d55a9ceca922f72d" "/opt/rustwide/cargo-home/bin/cargo" "+nightly-2024-10-28" "metadata" "--no-deps" "--format-version=1", kill_on_drop: false }`
[INFO] [stdout] f70863fb8d03135aa6c67b88108390f8e1771cb184ee2e678fa7f801117954a9
[INFO] running `Command { std: "docker" "start" "-a" "f70863fb8d03135aa6c67b88108390f8e1771cb184ee2e678fa7f801117954a9", kill_on_drop: false }`
[INFO] running `Command { std: "docker" "inspect" "f70863fb8d03135aa6c67b88108390f8e1771cb184ee2e678fa7f801117954a9", kill_on_drop: false }`
[INFO] running `Command { std: "docker" "rm" "-f" "f70863fb8d03135aa6c67b88108390f8e1771cb184ee2e678fa7f801117954a9", kill_on_drop: false }`
[INFO] [stdout] f70863fb8d03135aa6c67b88108390f8e1771cb184ee2e678fa7f801117954a9
[INFO] running `Command { std: "docker" "create" "-v" "/var/lib/crater-agent-workspace/builds/worker-7-tc2/target:/opt/rustwide/target:rw,Z" "-v" "/var/lib/crater-agent-workspace/builds/worker-7-tc2/source:/opt/rustwide/workdir:ro,Z" "-v" "/var/lib/crater-agent-workspace/cargo-home:/opt/rustwide/cargo-home:ro,Z" "-v" "/var/lib/crater-agent-workspace/rustup-home:/opt/rustwide/rustup-home:ro,Z" "-e" "SOURCE_DIR=/opt/rustwide/workdir" "-e" "CARGO_TARGET_DIR=/opt/rustwide/target" "-e" "CARGO_INCREMENTAL=0" "-e" "RUST_BACKTRACE=full" "-e" "RUSTFLAGS=--cap-lints=forbid -Zrandomize-layout" "-e" "RUSTDOCFLAGS=--cap-lints=forbid" "-e" "CARGO_HOME=/opt/rustwide/cargo-home" "-e" "RUSTUP_HOME=/opt/rustwide/rustup-home" "-w" "/opt/rustwide/workdir" "-m" "1610612736" "--user" "0:0" "--network" "none" "ghcr.io/rust-lang/crates-build-env/linux@sha256:4a844ea9eb2546a2d2c7022eacef16ef2e8229c7fbb2c7d4d55a9ceca922f72d" "/opt/rustwide/cargo-home/bin/cargo" "+nightly-2024-10-28" "build" "--frozen" "--message-format=json", kill_on_drop: false }`
[INFO] [stdout] 2072a7d92733111e8d9a16c67019958c4bde66344b438a6c7d2dfb2a476012ac
[INFO] running `Command { std: "docker" "start" "-a" "2072a7d92733111e8d9a16c67019958c4bde66344b438a6c7d2dfb2a476012ac", kill_on_drop: false }`
[INFO] [stderr]    Compiling proc-macro2 v1.0.89
[INFO] [stderr]    Compiling unicode-ident v1.0.13
[INFO] [stderr]    Compiling libc v0.2.161
[INFO] [stderr]    Compiling anyhow v1.0.92
[INFO] [stderr]    Compiling either v1.13.0
[INFO] [stderr]    Compiling equivalent v1.0.1
[INFO] [stderr]    Compiling hashbrown v0.15.0
[INFO] [stderr]    Compiling futures-channel v0.3.31
[INFO] [stderr]    Compiling lock_api v0.4.12
[INFO] [stderr]    Compiling parking_lot_core v0.9.10
[INFO] [stderr]    Compiling itertools v0.13.0
[INFO] [stderr]    Compiling smallvec v1.13.2
[INFO] [stderr]    Compiling scopeguard v1.2.0
[INFO] [stderr]    Compiling byteorder v1.5.0
[INFO] [stderr]    Compiling version_check v0.9.5
[INFO] [stderr]    Compiling http v1.1.0
[INFO] [stderr]    Compiling crossbeam-utils v0.8.20
[INFO] [stderr]    Compiling quote v1.0.37
[INFO] [stderr]    Compiling indexmap v2.6.0
[INFO] [stderr]    Compiling rustix v0.38.38
[INFO] [stderr]    Compiling siphasher v0.3.11
[INFO] [stderr]    Compiling syn v2.0.86
[INFO] [stderr]    Compiling signal-hook-registry v1.4.2
[INFO] [stderr]    Compiling mio v1.0.2
[INFO] [stderr]    Compiling socket2 v0.5.7
[INFO] [stderr]    Compiling parking_lot v0.12.3
[INFO] [stderr]    Compiling rand_core v0.6.4
[INFO] [stderr]    Compiling rand v0.8.5
[INFO] [stderr]    Compiling phf_shared v0.11.2
[INFO] [stderr]    Compiling linux-raw-sys v0.4.14
[INFO] [stderr]    Compiling http-body v1.0.1
[INFO] [stderr]    Compiling getrandom v0.2.15
[INFO] [stderr]    Compiling typenum v1.17.0
[INFO] [stderr]    Compiling prettyplease v0.2.25
[INFO] [stderr]    Compiling generic-array v0.14.7
[INFO] [stderr]    Compiling fastrand v2.1.1
[INFO] [stderr]    Compiling regex-syntax v0.8.5
[INFO] [stderr]    Compiling phf_generator v0.11.2
[INFO] [stderr]    Compiling rustversion v1.0.18
[INFO] [stderr]    Compiling fixedbitset v0.4.2
[INFO] [stderr]    Compiling tower-layer v0.3.3
[INFO] [stderr]    Compiling atomic-waker v1.1.2
[INFO] [stderr]    Compiling petgraph v0.6.5
[INFO] [stderr]    Compiling bytes v1.8.0
[INFO] [stderr]    Compiling multimap v0.10.0
[INFO] [stderr]    Compiling httpdate v1.0.3
[INFO] [stderr]    Compiling bitflags v2.6.0
[INFO] [stderr]    Compiling heck v0.5.0
[INFO] [stderr]    Compiling concurrent-queue v2.5.0
[INFO] [stderr]    Compiling num-traits v0.2.19
[INFO] [stderr]    Compiling parking v2.2.1
[INFO] [stderr]    Compiling thiserror v1.0.66
[INFO] [stderr]    Compiling sync_wrapper v0.1.2
[INFO] [stderr]    Compiling sync_wrapper v1.0.1
[INFO] [stderr]    Compiling event-listener v5.3.1
[INFO] [stderr]    Compiling crossbeam-queue v0.3.11
[INFO] [stderr]    Compiling ahash v0.8.11
[INFO] [stderr]    Compiling matchit v0.7.3
[INFO] [stderr]    Compiling regex-automata v0.4.8
[INFO] [stderr]    Compiling heed-traits v0.20.0
[INFO] [stderr]    Compiling event-listener-strategy v0.5.2
[INFO] [stderr]    Compiling crypto-common v0.1.6
[INFO] [stderr]    Compiling block-buffer v0.10.4
[INFO] [stderr]    Compiling synchronoise v1.0.1
[INFO] [stderr]    Compiling digest v0.10.7
[INFO] [stderr]    Compiling page_size v0.6.0
[INFO] [stderr]    Compiling keccak v0.1.5
[INFO] [stderr]    Compiling base64 v0.22.1
[INFO] [stderr]    Compiling iana-time-zone v0.1.61
[INFO] [stderr]    Compiling tempfile v3.13.0
[INFO] [stderr]    Compiling chrono v0.4.38
[INFO] [stderr]    Compiling regex v1.11.1
[INFO] [stderr]    Compiling sha3 v0.10.8
[INFO] [stderr]    Compiling async-channel v2.3.1
[INFO] [stderr]    Compiling serde_derive v1.0.214
[INFO] [stderr]    Compiling futures-macro v0.3.31
[INFO] [stderr]    Compiling prost-derive v0.13.3
[INFO] [stderr]    Compiling tokio-macros v2.4.0
[INFO] [stderr]    Compiling zerocopy-derive v0.7.35
[INFO] [stderr]    Compiling tokio v1.41.0
[INFO] [stderr]    Compiling tracing-attributes v0.1.27
[INFO] [stderr]    Compiling futures-util v0.3.31
[INFO] [stderr]    Compiling zerocopy v0.7.35
[INFO] [stderr]    Compiling phf_macros v0.11.2
[INFO] [stderr]    Compiling ppv-lite86 v0.2.20
[INFO] [stderr]    Compiling prost v0.13.3
[INFO] [stderr]    Compiling phf v0.11.2
[INFO] [stderr]    Compiling doxygen-rs v0.4.2
[INFO] [stderr]    Compiling rand_chacha v0.3.1
[INFO] [stderr]    Compiling tracing v0.1.40
[INFO] [stderr]    Compiling lmdb-master-sys v0.2.4
[INFO] [stderr]    Compiling async-trait v0.1.83
[INFO] [stderr]    Compiling pin-project-internal v1.1.7
[INFO] [stderr]    Compiling prost-types v0.13.3
[INFO] [stderr]    Compiling thiserror-impl v1.0.66
[INFO] [stderr]    Compiling async-stream-impl v0.3.6
[INFO] [stderr]    Compiling serde v1.0.214
[INFO] [stderr]    Compiling http-body-util v0.1.2
[INFO] [stderr]    Compiling pin-project v1.1.7
[INFO] [stderr]    Compiling tower v0.5.1
[INFO] [stderr]    Compiling axum-core v0.4.5
[INFO] [stderr]    Compiling async-stream v0.3.6
[INFO] [stderr]    Compiling prost-build v0.13.3
[INFO] [stderr]    Compiling futures-executor v0.3.31
[INFO] [stderr]    Compiling futures v0.3.31
[INFO] [stderr]    Compiling tonic-build v0.12.3
[INFO] [stderr]    Compiling tokio-util v0.7.12
[INFO] [stderr]    Compiling tokio-stream v0.1.16
[INFO] [stderr]    Compiling synevi_network v0.1.0
[INFO] [stderr]    Compiling h2 v0.4.6
[INFO] [stderr]    Compiling tower v0.4.13
[INFO] [stderr]    Compiling bincode v1.3.3
[INFO] [stderr]    Compiling serde_json v1.0.132
[INFO] [stderr]    Compiling axum v0.7.7
[INFO] [stderr]    Compiling monotime v0.1.0
[INFO] [stderr]    Compiling ulid v1.1.3
[INFO] [stderr]    Compiling heed-types v0.20.1
[INFO] [stderr]    Compiling heed v0.20.5
[INFO] [stderr]    Compiling hyper v1.5.0
[INFO] [stderr]    Compiling hyper-util v0.1.10
[INFO] [stderr]    Compiling hyper-timeout v0.5.1
[INFO] [stderr]    Compiling tonic v0.12.3
[INFO] [stderr]    Compiling synevi_types v0.1.0
[INFO] [stderr]    Compiling synevi_persistence v0.1.0
[INFO] [stderr]    Compiling synevi_core v0.1.0 (/opt/rustwide/workdir)
[INFO] [stderr]     Finished `dev` profile [unoptimized + debuginfo] target(s) in 17.35s
[INFO] running `Command { std: "docker" "inspect" "2072a7d92733111e8d9a16c67019958c4bde66344b438a6c7d2dfb2a476012ac", kill_on_drop: false }`
[INFO] running `Command { std: "docker" "rm" "-f" "2072a7d92733111e8d9a16c67019958c4bde66344b438a6c7d2dfb2a476012ac", kill_on_drop: false }`
[INFO] [stdout] 2072a7d92733111e8d9a16c67019958c4bde66344b438a6c7d2dfb2a476012ac
[INFO] running `Command { std: "docker" "create" "-v" "/var/lib/crater-agent-workspace/builds/worker-7-tc2/target:/opt/rustwide/target:rw,Z" "-v" "/var/lib/crater-agent-workspace/builds/worker-7-tc2/source:/opt/rustwide/workdir:ro,Z" "-v" "/var/lib/crater-agent-workspace/cargo-home:/opt/rustwide/cargo-home:ro,Z" "-v" "/var/lib/crater-agent-workspace/rustup-home:/opt/rustwide/rustup-home:ro,Z" "-e" "SOURCE_DIR=/opt/rustwide/workdir" "-e" "CARGO_TARGET_DIR=/opt/rustwide/target" "-e" "CARGO_INCREMENTAL=0" "-e" "RUST_BACKTRACE=full" "-e" "RUSTFLAGS=--cap-lints=forbid -Zrandomize-layout" "-e" "RUSTDOCFLAGS=--cap-lints=forbid" "-e" "CARGO_HOME=/opt/rustwide/cargo-home" "-e" "RUSTUP_HOME=/opt/rustwide/rustup-home" "-w" "/opt/rustwide/workdir" "-m" "1610612736" "--user" "0:0" "--network" "none" "ghcr.io/rust-lang/crates-build-env/linux@sha256:4a844ea9eb2546a2d2c7022eacef16ef2e8229c7fbb2c7d4d55a9ceca922f72d" "/opt/rustwide/cargo-home/bin/cargo" "+nightly-2024-10-28" "test" "--frozen" "--no-run" "--message-format=json", kill_on_drop: false }`
[INFO] [stdout] 7e030fe9daac92a256d030cfb20ef67201787a276a80b396e1517ecd0c5b14a2
[INFO] running `Command { std: "docker" "start" "-a" "7e030fe9daac92a256d030cfb20ef67201787a276a80b396e1517ecd0c5b14a2", kill_on_drop: false }`
[INFO] [stderr]    Compiling synevi_core v0.1.0 (/opt/rustwide/workdir)
[INFO] [stdout] error[E0599]: no function or associated item named `new_with_time` found for struct `MonoTime` in the current scope
[INFO] [stdout]    --> src/wait_handler.rs:430:33
[INFO] [stdout]     |
[INFO] [stdout] 430 |         let t0_1 = T0(MonoTime::new_with_time(1u128, 0, 0));
[INFO] [stdout]     |                                 ^^^^^^^^^^^^^ function or associated item not found in `MonoTime`
[INFO] [stdout]     |
[INFO] [stdout] note: if you're trying to build a new `MonoTime`, consider using `MonoTime::new` which returns `MonoTime`
[INFO] [stdout]    --> /opt/rustwide/cargo-home/registry/src/index.crates.io-6f17d22bba15001f/monotime-0.1.0/src/lib.rs:45:5
[INFO] [stdout]     |
[INFO] [stdout] 45  |     pub fn new(seq: u16, node: u16) -> Self {
[INFO] [stdout]     |     ^^^^^^^^^^^^^^^^^^^^^^^^^^^^^^^^^^^^^^^
[INFO] [stdout] 
[INFO] [stdout] 
[INFO] [stdout] error[E0599]: no function or associated item named `new_with_time` found for struct `MonoTime` in the current scope
[INFO] [stdout]    --> src/wait_handler.rs:431:33
[INFO] [stdout]     |
[INFO] [stdout] 431 |         let t0_2 = T0(MonoTime::new_with_time(2u128, 0, 0));
[INFO] [stdout]     |                                 ^^^^^^^^^^^^^ function or associated item not found in `MonoTime`
[INFO] [stdout]     |
[INFO] [stdout] note: if you're trying to build a new `MonoTime`, consider using `MonoTime::new` which returns `MonoTime`
[INFO] [stdout]    --> /opt/rustwide/cargo-home/registry/src/index.crates.io-6f17d22bba15001f/monotime-0.1.0/src/lib.rs:45:5
[INFO] [stdout]     |
[INFO] [stdout] 45  |     pub fn new(seq: u16, node: u16) -> Self {
[INFO] [stdout]     |     ^^^^^^^^^^^^^^^^^^^^^^^^^^^^^^^^^^^^^^^
[INFO] [stdout] 
[INFO] [stdout] 
[INFO] [stdout] error[E0599]: no function or associated item named `new_with_time` found for struct `MonoTime` in the current scope
[INFO] [stdout]    --> src/wait_handler.rs:432:31
[INFO] [stdout]     |
[INFO] [stdout] 432 |         let t_1 = T(MonoTime::new_with_time(1u128, 0, 0));
[INFO] [stdout]     |                               ^^^^^^^^^^^^^ function or associated item not found in `MonoTime`
[INFO] [stdout]     |
[INFO] [stdout] note: if you're trying to build a new `MonoTime`, consider using `MonoTime::new` which returns `MonoTime`
[INFO] [stdout]    --> /opt/rustwide/cargo-home/registry/src/index.crates.io-6f17d22bba15001f/monotime-0.1.0/src/lib.rs:45:5
[INFO] [stdout]     |
[INFO] [stdout] 45  |     pub fn new(seq: u16, node: u16) -> Self {
[INFO] [stdout]     |     ^^^^^^^^^^^^^^^^^^^^^^^^^^^^^^^^^^^^^^^
[INFO] [stdout] 
[INFO] [stdout] 
[INFO] [stdout] error[E0599]: no function or associated item named `new_with_time` found for struct `MonoTime` in the current scope
[INFO] [stdout]    --> src/wait_handler.rs:433:31
[INFO] [stdout]     |
[INFO] [stdout] 433 |         let t_2 = T(MonoTime::new_with_time(2u128, 0, 0));
[INFO] [stdout]     |                               ^^^^^^^^^^^^^ function or associated item not found in `MonoTime`
[INFO] [stdout]     |
[INFO] [stdout] note: if you're trying to build a new `MonoTime`, consider using `MonoTime::new` which returns `MonoTime`
[INFO] [stdout]    --> /opt/rustwide/cargo-home/registry/src/index.crates.io-6f17d22bba15001f/monotime-0.1.0/src/lib.rs:45:5
[INFO] [stdout]     |
[INFO] [stdout] 45  |     pub fn new(seq: u16, node: u16) -> Self {
[INFO] [stdout]     |     ^^^^^^^^^^^^^^^^^^^^^^^^^^^^^^^^^^^^^^^
[INFO] [stdout] 
[INFO] [stdout] 
[INFO] [stdout] For more information about this error, try `rustc --explain E0599`.
[INFO] [stdout] 
[INFO] [stderr] error: could not compile `synevi_core` (lib test) due to 4 previous errors
[INFO] running `Command { std: "docker" "inspect" "7e030fe9daac92a256d030cfb20ef67201787a276a80b396e1517ecd0c5b14a2", kill_on_drop: false }`
[INFO] running `Command { std: "docker" "rm" "-f" "7e030fe9daac92a256d030cfb20ef67201787a276a80b396e1517ecd0c5b14a2", kill_on_drop: false }`
[INFO] [stdout] 7e030fe9daac92a256d030cfb20ef67201787a276a80b396e1517ecd0c5b14a2
