[INFO] fetching crate swimos_server_app 0.1.1...
[INFO] testing swimos_server_app-0.1.1 against nightly-2024-10-28+rustflags=-Zrandomize-layout for randomize-layout
[INFO] extracting crate swimos_server_app 0.1.1 into /workspace/builds/worker-6-tc2/source
[INFO] validating manifest of crates.io crate swimos_server_app 0.1.1 on toolchain nightly-2024-10-28
[INFO] running `Command { std: CARGO_HOME="/workspace/cargo-home" RUSTUP_HOME="/workspace/rustup-home" "/workspace/cargo-home/bin/cargo" "+nightly-2024-10-28" "metadata" "--manifest-path" "Cargo.toml" "--no-deps", kill_on_drop: false }`
[INFO] started tweaking crates.io crate swimos_server_app 0.1.1
[INFO] finished tweaking crates.io crate swimos_server_app 0.1.1
[INFO] tweaked toml for crates.io crate swimos_server_app 0.1.1 written to /workspace/builds/worker-6-tc2/source/Cargo.toml
[INFO] running `Command { std: CARGO_HOME="/workspace/cargo-home" RUSTUP_HOME="/workspace/rustup-home" "/workspace/cargo-home/bin/cargo" "+nightly-2024-10-28" "generate-lockfile" "--manifest-path" "Cargo.toml", kill_on_drop: false }`
[INFO] [stderr]     Updating crates.io index
[INFO] [stderr]      Locking 273 packages to latest compatible versions
[INFO] running `Command { std: CARGO_HOME="/workspace/cargo-home" RUSTUP_HOME="/workspace/rustup-home" "/workspace/cargo-home/bin/cargo" "+nightly-2024-10-28" "fetch" "--manifest-path" "Cargo.toml", kill_on_drop: false }`
[INFO] running `Command { std: "docker" "create" "-v" "/var/lib/crater-agent-workspace/builds/worker-6-tc2/target:/opt/rustwide/target:rw,Z" "-v" "/var/lib/crater-agent-workspace/builds/worker-6-tc2/source:/opt/rustwide/workdir:ro,Z" "-v" "/var/lib/crater-agent-workspace/cargo-home:/opt/rustwide/cargo-home:ro,Z" "-v" "/var/lib/crater-agent-workspace/rustup-home:/opt/rustwide/rustup-home:ro,Z" "-e" "SOURCE_DIR=/opt/rustwide/workdir" "-e" "CARGO_TARGET_DIR=/opt/rustwide/target" "-e" "CARGO_HOME=/opt/rustwide/cargo-home" "-e" "RUSTUP_HOME=/opt/rustwide/rustup-home" "-w" "/opt/rustwide/workdir" "-m" "1610612736" "--user" "0:0" "--network" "none" "ghcr.io/rust-lang/crates-build-env/linux@sha256:4a844ea9eb2546a2d2c7022eacef16ef2e8229c7fbb2c7d4d55a9ceca922f72d" "/opt/rustwide/cargo-home/bin/cargo" "+nightly-2024-10-28" "metadata" "--no-deps" "--format-version=1", kill_on_drop: false }`
[INFO] [stdout] 64003624037cc07cfadffddcf0c2ef2ac5b9c1052af9999af2219f6a2114910f
[INFO] running `Command { std: "docker" "start" "-a" "64003624037cc07cfadffddcf0c2ef2ac5b9c1052af9999af2219f6a2114910f", kill_on_drop: false }`
[INFO] running `Command { std: "docker" "inspect" "64003624037cc07cfadffddcf0c2ef2ac5b9c1052af9999af2219f6a2114910f", kill_on_drop: false }`
[INFO] running `Command { std: "docker" "rm" "-f" "64003624037cc07cfadffddcf0c2ef2ac5b9c1052af9999af2219f6a2114910f", kill_on_drop: false }`
[INFO] [stdout] 64003624037cc07cfadffddcf0c2ef2ac5b9c1052af9999af2219f6a2114910f
[INFO] running `Command { std: "docker" "create" "-v" "/var/lib/crater-agent-workspace/builds/worker-6-tc2/target:/opt/rustwide/target:rw,Z" "-v" "/var/lib/crater-agent-workspace/builds/worker-6-tc2/source:/opt/rustwide/workdir:ro,Z" "-v" "/var/lib/crater-agent-workspace/cargo-home:/opt/rustwide/cargo-home:ro,Z" "-v" "/var/lib/crater-agent-workspace/rustup-home:/opt/rustwide/rustup-home:ro,Z" "-e" "SOURCE_DIR=/opt/rustwide/workdir" "-e" "CARGO_TARGET_DIR=/opt/rustwide/target" "-e" "CARGO_INCREMENTAL=0" "-e" "RUST_BACKTRACE=full" "-e" "RUSTFLAGS=--cap-lints=forbid -Zrandomize-layout" "-e" "RUSTDOCFLAGS=--cap-lints=forbid" "-e" "CARGO_HOME=/opt/rustwide/cargo-home" "-e" "RUSTUP_HOME=/opt/rustwide/rustup-home" "-w" "/opt/rustwide/workdir" "-m" "1610612736" "--user" "0:0" "--network" "none" "ghcr.io/rust-lang/crates-build-env/linux@sha256:4a844ea9eb2546a2d2c7022eacef16ef2e8229c7fbb2c7d4d55a9ceca922f72d" "/opt/rustwide/cargo-home/bin/cargo" "+nightly-2024-10-28" "build" "--frozen" "--message-format=json", kill_on_drop: false }`
[INFO] [stdout] 69ced1c4bc8bff27b9df6596de9b63f268255398cff0be3e2fd9bba83c954a66
[INFO] running `Command { std: "docker" "start" "-a" "69ced1c4bc8bff27b9df6596de9b63f268255398cff0be3e2fd9bba83c954a66", kill_on_drop: false }`
[INFO] [stderr]    Compiling memchr v2.7.4
[INFO] [stderr]    Compiling shlex v1.3.0
[INFO] [stderr]    Compiling jobserver v0.1.32
[INFO] [stderr]    Compiling syn v2.0.86
[INFO] [stderr]    Compiling http v1.1.0
[INFO] [stderr]    Compiling parking_lot_core v0.9.10
[INFO] [stderr]    Compiling bytecount v0.6.8
[INFO] [stderr]    Compiling frunk_core v0.4.3
[INFO] [stderr]    Compiling cc v1.1.31
[INFO] [stderr]    Compiling parking_lot v0.12.3
[INFO] [stderr]    Compiling swimos_num v0.1.1
[INFO] [stderr]    Compiling swimos_algebra v0.1.1
[INFO] [stderr]    Compiling swimos_errors v0.1.1
[INFO] [stderr]    Compiling syn v1.0.109
[INFO] [stderr]    Compiling nom v7.1.3
[INFO] [stderr]    Compiling swimos_format v0.1.1
[INFO] [stderr]    Compiling base64 v0.22.1
[INFO] [stderr]    Compiling cmake v0.1.51
[INFO] [stderr]    Compiling tempdir v0.3.7
[INFO] [stderr]    Compiling generic-array v0.14.7
[INFO] [stderr]    Compiling crossbeam-queue v0.3.11
[INFO] [stderr]    Compiling dunce v1.0.5
[INFO] [stderr]    Compiling waker-fn v1.2.0
[INFO] [stderr]    Compiling fs_extra v1.3.0
[INFO] [stderr]    Compiling unicode-segmentation v1.12.0
[INFO] [stderr]    Compiling swimos_fs v0.1.1
[INFO] [stderr]    Compiling num-integer v0.1.46
[INFO] [stderr]    Compiling aws-lc-sys v0.22.0
[INFO] [stderr]    Compiling nom_locate v4.2.0
[INFO] [stderr]    Compiling convert_case v0.6.0
[INFO] [stderr]    Compiling tracing-core v0.1.32
[INFO] [stderr]    Compiling swimos_route v0.1.1
[INFO] [stderr]    Compiling swimos_time v0.1.1
[INFO] [stderr]    Compiling chrono v0.4.38
[INFO] [stderr]    Compiling num-bigint v0.4.6
[INFO] [stderr]    Compiling frunk_proc_macro_helpers v0.1.3
[INFO] [stderr]    Compiling swimos_utilities v0.1.1
[INFO] [stderr]    Compiling pkg-config v0.3.31
[INFO] [stderr]    Compiling vcpkg v0.2.15
[INFO] [stderr]    Compiling tinyvec v1.8.0
[INFO] [stderr]    Compiling aws-lc-rs v1.10.0
[INFO] [stderr]    Compiling libz-sys v1.1.20
[INFO] [stderr]    Compiling block-buffer v0.10.4
[INFO] [stderr]    Compiling crypto-common v0.1.6
[INFO] [stderr]    Compiling unicode-bidi v0.3.17
[INFO] [stderr]    Compiling adler2 v2.0.0
[INFO] [stderr]    Compiling regex-syntax v0.8.5
[INFO] [stderr]    Compiling rustls-pki-types v1.10.0
[INFO] [stderr]    Compiling regex-syntax v0.6.29
[INFO] [stderr]    Compiling unicode-normalization v0.1.24
[INFO] [stderr]    Compiling miniz_oxide v0.8.0
[INFO] [stderr]    Compiling digest v0.10.7
[INFO] [stderr]    Compiling idna v0.5.0
[INFO] [stderr]    Compiling regex-automata v0.4.8
[INFO] [stderr]    Compiling tokio-macros v2.4.0
[INFO] [stderr]    Compiling futures-macro v0.3.31
[INFO] [stderr]    Compiling tokio v1.41.0
[INFO] [stderr]    Compiling zerocopy-derive v0.7.35
[INFO] [stderr]    Compiling futures-util v0.3.31
[INFO] [stderr]    Compiling zerocopy v0.7.35
[INFO] [stderr]    Compiling thiserror-impl v1.0.66
[INFO] [stderr]    Compiling pin-project-internal v1.1.7
[INFO] [stderr]    Compiling frunk_proc_macros v0.1.3
[INFO] [stderr]    Compiling frunk_derives v0.4.3
[INFO] [stderr]    Compiling ppv-lite86 v0.2.20
[INFO] [stderr]    Compiling frunk v0.4.3
[INFO] [stderr]    Compiling rand_chacha v0.3.1
[INFO] [stderr]    Compiling pin-project v1.1.7
[INFO] [stderr]    Compiling tracing-attributes v0.1.27
[INFO] [stderr]    Compiling thiserror v1.0.66
[INFO] [stderr]    Compiling swimos_macro_utilities v0.1.1
[INFO] [stderr]    Compiling regex-automata v0.1.10
[INFO] [stderr]    Compiling rand v0.8.5
[INFO] [stderr]    Compiling ratchet_ext v1.2.1
[INFO] [stderr]    Compiling http-body v1.0.1
[INFO] [stderr]    Compiling tokio-util v0.7.12
[INFO] [stderr]    Compiling swimos_form_derive v0.1.1
[INFO] [stderr]    Compiling overload v0.1.1
[INFO] [stderr]    Compiling uuid v1.11.0
[INFO] [stderr]    Compiling swimos_encoding v0.1.1
[INFO] [stderr]    Compiling mirai-annotations v1.12.0
[INFO] [stderr]    Compiling atomic-waker v1.1.2
[INFO] [stderr]    Compiling tracing v0.1.40
[INFO] [stderr]    Compiling nu-ansi-term v0.46.0
[INFO] [stderr]    Compiling sha-1 v0.10.1
[INFO] [stderr]    Compiling futures-executor v0.3.31
[INFO] [stderr]    Compiling h2 v0.4.6
[INFO] [stderr]    Compiling futures v0.3.31
[INFO] [stderr]    Compiling sharded-slab v0.1.7
[INFO] [stderr]    Compiling flate2 v1.0.34
[INFO] [stderr]    Compiling swimos_byte_channel v0.1.1
[INFO] [stderr]    Compiling swimos_trigger v0.1.1
[INFO] [stderr]    Compiling swimos_future v0.1.1
[INFO] [stderr]    Compiling swimos_multi_reader v0.1.1
[INFO] [stderr]    Compiling swimos_sync v0.1.1
[INFO] [stderr]    Compiling url v2.5.2
[INFO] [stderr]    Compiling matchers v0.1.0
[INFO] [stderr]    Compiling regex v1.11.1
[INFO] [stderr]    Compiling tracing-log v0.2.0
[INFO] [stderr]    Compiling swimos_model v0.1.1
[INFO] [stderr]    Compiling ring v0.17.8
[INFO] [stderr]    Compiling swimos_form v0.1.1
[INFO] [stderr]    Compiling thread_local v1.1.8
[INFO] [stderr]    Compiling rustls v0.23.16
[INFO] [stderr]    Compiling tracing-subscriber v0.3.18
[INFO] [stderr]    Compiling ratchet_core v1.2.1
[INFO] [stderr]    Compiling ratchet_deflate v1.2.1
[INFO] [stderr]    Compiling subtle v2.6.1
[INFO] [stderr]    Compiling tokio-stream v0.1.16
[INFO] [stderr]    Compiling swimos_recon v0.1.1
[INFO] [stderr]    Compiling webpki-roots v0.26.6
[INFO] [stderr]    Compiling rustls-pemfile v2.2.0
[INFO] [stderr]    Compiling http-body-util v0.1.2
[INFO] [stderr]    Compiling smol_str v0.3.2
[INFO] [stderr]    Compiling ratchet_rs v1.2.1
[INFO] [stderr]    Compiling hyper v1.5.0
[INFO] [stderr]    Compiling swimos_api v0.1.1
[INFO] [stderr]    Compiling swimos_messages v0.1.1
[INFO] [stderr]    Compiling swimos_meta v0.1.1
[INFO] [stderr]    Compiling swimos_agent_protocol v0.1.1
[INFO] [stderr]    Compiling hyper-util v0.1.10
[INFO] [stderr]    Compiling swimos_http v0.1.1
[INFO] [stderr]    Compiling webpki v0.22.4
[INFO] [stderr]    Compiling rustls-webpki v0.102.8
[INFO] [stderr]    Compiling tokio-rustls v0.26.0
[INFO] [stderr]    Compiling swimos_remote v0.1.1
[INFO] [stderr]    Compiling swimos_runtime v0.1.1
[INFO] [stderr]    Compiling swimos_introspection v0.1.1
[INFO] [stderr]    Compiling swimos_server_app v0.1.1 (/opt/rustwide/workdir)
[INFO] [stderr]     Finished `dev` profile [unoptimized + debuginfo] target(s) in 1m 11s
[INFO] running `Command { std: "docker" "inspect" "69ced1c4bc8bff27b9df6596de9b63f268255398cff0be3e2fd9bba83c954a66", kill_on_drop: false }`
[INFO] running `Command { std: "docker" "rm" "-f" "69ced1c4bc8bff27b9df6596de9b63f268255398cff0be3e2fd9bba83c954a66", kill_on_drop: false }`
[INFO] [stdout] 69ced1c4bc8bff27b9df6596de9b63f268255398cff0be3e2fd9bba83c954a66
[INFO] running `Command { std: "docker" "create" "-v" "/var/lib/crater-agent-workspace/builds/worker-6-tc2/target:/opt/rustwide/target:rw,Z" "-v" "/var/lib/crater-agent-workspace/builds/worker-6-tc2/source:/opt/rustwide/workdir:ro,Z" "-v" "/var/lib/crater-agent-workspace/cargo-home:/opt/rustwide/cargo-home:ro,Z" "-v" "/var/lib/crater-agent-workspace/rustup-home:/opt/rustwide/rustup-home:ro,Z" "-e" "SOURCE_DIR=/opt/rustwide/workdir" "-e" "CARGO_TARGET_DIR=/opt/rustwide/target" "-e" "CARGO_INCREMENTAL=0" "-e" "RUST_BACKTRACE=full" "-e" "RUSTFLAGS=--cap-lints=forbid -Zrandomize-layout" "-e" "RUSTDOCFLAGS=--cap-lints=forbid" "-e" "CARGO_HOME=/opt/rustwide/cargo-home" "-e" "RUSTUP_HOME=/opt/rustwide/rustup-home" "-w" "/opt/rustwide/workdir" "-m" "1610612736" "--user" "0:0" "--network" "none" "ghcr.io/rust-lang/crates-build-env/linux@sha256:4a844ea9eb2546a2d2c7022eacef16ef2e8229c7fbb2c7d4d55a9ceca922f72d" "/opt/rustwide/cargo-home/bin/cargo" "+nightly-2024-10-28" "test" "--frozen" "--no-run" "--message-format=json", kill_on_drop: false }`
[INFO] [stdout] 6f15d70c5da18b09c1e8f15ed67173a31042668b81dc66bf879224705e8e2afc
[INFO] running `Command { std: "docker" "start" "-a" "6f15d70c5da18b09c1e8f15ed67173a31042668b81dc66bf879224705e8e2afc", kill_on_drop: false }`
[INFO] [stderr]    Compiling swimos_server_app v0.1.1 (/opt/rustwide/workdir)
[INFO] [stdout] error[E0433]: failed to resolve: could not find `client` in `hyper`
[INFO] [stdout]    --> src/server/http/tests.rs:31:13
[INFO] [stdout]     |
[INFO] [stdout] 31  | use hyper::{client::conn::http1, header::HeaderValue, Request, Response, Uri};
[INFO] [stdout]     |             ^^^^^^ could not find `client` in `hyper`
[INFO] [stdout]     |
[INFO] [stdout] note: found an item that was configured out
[INFO] [stdout]    --> /opt/rustwide/cargo-home/registry/src/index.crates.io-6f17d22bba15001f/hyper-1.5.0/src/lib.rs:131:13
[INFO] [stdout]     |
[INFO] [stdout] 131 |     pub mod client;
[INFO] [stdout]     |             ^^^^^^
[INFO] [stdout] note: the item is gated behind the `client` feature
[INFO] [stdout]    --> /opt/rustwide/cargo-home/registry/src/index.crates.io-6f17d22bba15001f/hyper-1.5.0/src/lib.rs:129:8
[INFO] [stdout]     |
[INFO] [stdout] 129 |     #![feature = "client"]
[INFO] [stdout]     |        ^^^^^^^
[INFO] [stdout] 
[INFO] [stdout] 
[INFO] [stdout] error[E0433]: failed to resolve: use of undeclared crate or module `swimos_form`
[INFO] [stdout]   --> src/server/runtime/tests/mod.rs:29:5
[INFO] [stdout]    |
[INFO] [stdout] 29 | use swimos_form::write::StructuralWritable;
[INFO] [stdout]    |     ^^^^^^^^^^^ use of undeclared crate or module `swimos_form`
[INFO] [stdout] 
[INFO] [stdout] 
[INFO] [stdout] error[E0432]: unresolved import `swimos_recon`
[INFO] [stdout]   --> src/server/runtime/tests/mod.rs:30:5
[INFO] [stdout]    |
[INFO] [stdout] 30 | use swimos_recon::print_recon_compact;
[INFO] [stdout]    |     ^^^^^^^^^^^^ use of undeclared crate or module `swimos_recon`
[INFO] [stdout]    |
[INFO] [stdout] help: there is a crate or module with a similar name
[INFO] [stdout]    |
[INFO] [stdout] 30 | use swimos_remote::print_recon_compact;
[INFO] [stdout]    |     ~~~~~~~~~~~~~
[INFO] [stdout] 
[INFO] [stdout] 
[INFO] [stdout] error[E0432]: unresolved import `swimos_form`
[INFO] [stdout]   --> src/server/runtime/tests/agent.rs:30:5
[INFO] [stdout]    |
[INFO] [stdout] 30 | use swimos_form::Form;
[INFO] [stdout]    |     ^^^^^^^^^^^ use of undeclared crate or module `swimos_form`
[INFO] [stdout] 
[INFO] [stdout] 
[INFO] [stdout] error[E0599]: the function or associated item `default` exists for struct `ValueLaneRequestDecoder<TestMessage>`, but its trait bounds were not satisfied
[INFO] [stdout]    --> src/server/runtime/tests/agent.rs:138:59
[INFO] [stdout]     |
[INFO] [stdout] 42  | pub enum TestMessage {
[INFO] [stdout]     | -------------------- doesn't satisfy `_: RecognizerReadable`
[INFO] [stdout] ...
[INFO] [stdout] 138 |     let decoder = ValueLaneRequestDecoder::<TestMessage>::default();
[INFO] [stdout]     |                                                           ^^^^^^^ function or associated item cannot be called on `ValueLaneRequestDecoder<TestMessage>` due to unsatisfied trait bounds
[INFO] [stdout]     |
[INFO] [stdout]    ::: /opt/rustwide/cargo-home/registry/src/index.crates.io-6f17d22bba15001f/swimos_agent_protocol-0.1.1/src/lane/mod.rs:507:1
[INFO] [stdout]     |
[INFO] [stdout] 507 | pub struct ValueLaneRequestDecoder<T: RecognizerReadable> {
[INFO] [stdout]     | --------------------------------------------------------- doesn't satisfy `ValueLaneRequestDecoder<TestMessage>: Default`
[INFO] [stdout]     |
[INFO] [stdout]     = note: the following trait bounds were not satisfied:
[INFO] [stdout]             `TestMessage: swimos_form::structural::read::recognizer::RecognizerReadable`
[INFO] [stdout]             which is required by `ValueLaneRequestDecoder<TestMessage>: Default`
[INFO] [stdout] note: the trait `swimos_form::structural::read::recognizer::RecognizerReadable` must be implemented
[INFO] [stdout]    --> /opt/rustwide/cargo-home/registry/src/index.crates.io-6f17d22bba15001f/swimos_form-0.1.1/src/structural/read/recognizer/mod.rs:42:1
[INFO] [stdout]     |
[INFO] [stdout] 42  | pub trait RecognizerReadable: Sized {
[INFO] [stdout]     | ^^^^^^^^^^^^^^^^^^^^^^^^^^^^^^^^^^^
[INFO] [stdout] 
[INFO] [stdout] 
[INFO] [stdout] error[E0277]: the trait bound `TestMessage: swimos_form::structural::read::recognizer::RecognizerReadable` is not satisfied
[INFO] [stdout]    --> src/server/runtime/tests/agent.rs:138:19
[INFO] [stdout]     |
[INFO] [stdout] 138 |     let decoder = ValueLaneRequestDecoder::<TestMessage>::default();
[INFO] [stdout]     |                   ^^^^^^^^^^^^^^^^^^^^^^^^^^^^^^^^^^^^^^ the trait `swimos_form::structural::read::recognizer::RecognizerReadable` is not implemented for `TestMessage`
[INFO] [stdout]     |
[INFO] [stdout]     = help: the following other types implement trait `swimos_form::structural::read::recognizer::RecognizerReadable`:
[INFO] [stdout]               ()
[INFO] [stdout]               (T0, T1)
[INFO] [stdout]               (T0, T1, T2)
[INFO] [stdout]               (T0, T1, T2, T3)
[INFO] [stdout]               (T0, T1, T2, T3, T4)
[INFO] [stdout]               (T0, T1, T2, T3, T4, T5)
[INFO] [stdout]               (T0, T1, T2, T3, T4, T5, T6)
[INFO] [stdout]               (T0, T1, T2, T3, T4, T5, T6, T7)
[INFO] [stdout]             and 41 others
[INFO] [stdout] note: required by a bound in `ValueLaneRequestDecoder`
[INFO] [stdout]    --> /opt/rustwide/cargo-home/registry/src/index.crates.io-6f17d22bba15001f/swimos_agent_protocol-0.1.1/src/lane/mod.rs:507:39
[INFO] [stdout]     |
[INFO] [stdout] 507 | pub struct ValueLaneRequestDecoder<T: RecognizerReadable> {
[INFO] [stdout]     |                                       ^^^^^^^^^^^^^^^^^^ required by this bound in `ValueLaneRequestDecoder`
[INFO] [stdout] 
[INFO] [stdout] 
[INFO] [stdout] Some errors have detailed explanations: E0277, E0432, E0433, E0599.
[INFO] [stdout] 
[INFO] [stdout] For more information about an error, try `rustc --explain E0277`.
[INFO] [stdout] 
[INFO] [stderr] error: could not compile `swimos_server_app` (lib test) due to 6 previous errors
[INFO] running `Command { std: "docker" "inspect" "6f15d70c5da18b09c1e8f15ed67173a31042668b81dc66bf879224705e8e2afc", kill_on_drop: false }`
[INFO] running `Command { std: "docker" "rm" "-f" "6f15d70c5da18b09c1e8f15ed67173a31042668b81dc66bf879224705e8e2afc", kill_on_drop: false }`
[INFO] [stdout] 6f15d70c5da18b09c1e8f15ed67173a31042668b81dc66bf879224705e8e2afc
