[INFO] fetching crate swimos_runtime 0.1.1...
[INFO] testing swimos_runtime-0.1.1 against nightly-2024-10-28 for randomize-layout
[INFO] extracting crate swimos_runtime 0.1.1 into /workspace/builds/worker-4-tc1/source
[INFO] validating manifest of crates.io crate swimos_runtime 0.1.1 on toolchain nightly-2024-10-28
[INFO] running `Command { std: CARGO_HOME="/workspace/cargo-home" RUSTUP_HOME="/workspace/rustup-home" "/workspace/cargo-home/bin/cargo" "+nightly-2024-10-28" "metadata" "--manifest-path" "Cargo.toml" "--no-deps", kill_on_drop: false }`
[INFO] started tweaking crates.io crate swimos_runtime 0.1.1
[INFO] finished tweaking crates.io crate swimos_runtime 0.1.1
[INFO] tweaked toml for crates.io crate swimos_runtime 0.1.1 written to /workspace/builds/worker-4-tc1/source/Cargo.toml
[INFO] running `Command { std: CARGO_HOME="/workspace/cargo-home" RUSTUP_HOME="/workspace/rustup-home" "/workspace/cargo-home/bin/cargo" "+nightly-2024-10-28" "generate-lockfile" "--manifest-path" "Cargo.toml", kill_on_drop: false }`
[INFO] [stderr]     Updating crates.io index
[INFO] [stderr]      Locking 216 packages to latest compatible versions
[INFO] running `Command { std: CARGO_HOME="/workspace/cargo-home" RUSTUP_HOME="/workspace/rustup-home" "/workspace/cargo-home/bin/cargo" "+nightly-2024-10-28" "fetch" "--manifest-path" "Cargo.toml", kill_on_drop: false }`
[INFO] [stderr]  Downloading crates ...
[INFO] [stderr]   Downloaded swimos_sync v0.1.1
[INFO] [stderr]   Downloaded swimos_num v0.1.1
[INFO] [stderr]   Downloaded swimos_future v0.1.1
[INFO] [stderr]   Downloaded swimos_byte_channel v0.1.1
[INFO] [stderr]   Downloaded swimos_macro_utilities v0.1.1
[INFO] [stderr]   Downloaded ratchet_rs v1.2.1
[INFO] [stderr]   Downloaded swimos_route v0.1.1
[INFO] [stderr]   Downloaded swimos_trigger v0.1.1
[INFO] [stderr]   Downloaded swimos_multi_reader v0.1.1
[INFO] [stderr]   Downloaded swimos_utilities v0.1.1
[INFO] [stderr]   Downloaded swimos_fs v0.1.1
[INFO] [stderr]   Downloaded swimos_algebra v0.1.1
[INFO] [stderr]   Downloaded ratchet_ext v1.2.1
[INFO] [stderr]   Downloaded swimos_meta v0.1.1
[INFO] [stderr]   Downloaded swimos_model v0.1.1
[INFO] [stderr]   Downloaded swimos_encoding v0.1.1
[INFO] [stderr]   Downloaded swimos_agent_protocol v0.1.1
[INFO] [stderr]   Downloaded ratchet_core v1.2.1
[INFO] [stderr]   Downloaded swimos_form v0.1.1
[INFO] [stderr]   Downloaded swimos_remote v0.1.1
[INFO] [stderr]   Downloaded hickory-resolver v0.24.1
[INFO] [stderr]   Downloaded ratchet_deflate v1.2.1
[INFO] [stderr]   Downloaded swimos_api v0.1.1
[INFO] [stderr]   Downloaded swimos_messages v0.1.1
[INFO] [stderr]   Downloaded swimos_errors v0.1.1
[INFO] [stderr]   Downloaded hickory-proto v0.24.1
[INFO] [stderr]   Downloaded swimos_format v0.1.1
[INFO] [stderr]   Downloaded swimos_form_derive v0.1.1
[INFO] [stderr]   Downloaded swimos_recon v0.1.1
[INFO] running `Command { std: "docker" "create" "-v" "/var/lib/crater-agent-workspace/builds/worker-4-tc1/target:/opt/rustwide/target:rw,Z" "-v" "/var/lib/crater-agent-workspace/builds/worker-4-tc1/source:/opt/rustwide/workdir:ro,Z" "-v" "/var/lib/crater-agent-workspace/cargo-home:/opt/rustwide/cargo-home:ro,Z" "-v" "/var/lib/crater-agent-workspace/rustup-home:/opt/rustwide/rustup-home:ro,Z" "-e" "SOURCE_DIR=/opt/rustwide/workdir" "-e" "CARGO_TARGET_DIR=/opt/rustwide/target" "-e" "CARGO_HOME=/opt/rustwide/cargo-home" "-e" "RUSTUP_HOME=/opt/rustwide/rustup-home" "-w" "/opt/rustwide/workdir" "-m" "1610612736" "--user" "0:0" "--network" "none" "ghcr.io/rust-lang/crates-build-env/linux@sha256:4a844ea9eb2546a2d2c7022eacef16ef2e8229c7fbb2c7d4d55a9ceca922f72d" "/opt/rustwide/cargo-home/bin/cargo" "+nightly-2024-10-28" "metadata" "--no-deps" "--format-version=1", kill_on_drop: false }`
[INFO] [stdout] 54bd7b0388ef80f59cd1ffe968304878f6ce2cd0589475140d67403ea4d0d985
[INFO] running `Command { std: "docker" "start" "-a" "54bd7b0388ef80f59cd1ffe968304878f6ce2cd0589475140d67403ea4d0d985", kill_on_drop: false }`
[INFO] running `Command { std: "docker" "inspect" "54bd7b0388ef80f59cd1ffe968304878f6ce2cd0589475140d67403ea4d0d985", kill_on_drop: false }`
[INFO] running `Command { std: "docker" "rm" "-f" "54bd7b0388ef80f59cd1ffe968304878f6ce2cd0589475140d67403ea4d0d985", kill_on_drop: false }`
[INFO] [stdout] 54bd7b0388ef80f59cd1ffe968304878f6ce2cd0589475140d67403ea4d0d985
[INFO] running `Command { std: "docker" "create" "-v" "/var/lib/crater-agent-workspace/builds/worker-4-tc1/target:/opt/rustwide/target:rw,Z" "-v" "/var/lib/crater-agent-workspace/builds/worker-4-tc1/source:/opt/rustwide/workdir:ro,Z" "-v" "/var/lib/crater-agent-workspace/cargo-home:/opt/rustwide/cargo-home:ro,Z" "-v" "/var/lib/crater-agent-workspace/rustup-home:/opt/rustwide/rustup-home:ro,Z" "-e" "SOURCE_DIR=/opt/rustwide/workdir" "-e" "CARGO_TARGET_DIR=/opt/rustwide/target" "-e" "CARGO_INCREMENTAL=0" "-e" "RUST_BACKTRACE=full" "-e" "RUSTFLAGS=--cap-lints=forbid" "-e" "RUSTDOCFLAGS=--cap-lints=forbid" "-e" "CARGO_HOME=/opt/rustwide/cargo-home" "-e" "RUSTUP_HOME=/opt/rustwide/rustup-home" "-w" "/opt/rustwide/workdir" "-m" "1610612736" "--user" "0:0" "--network" "none" "ghcr.io/rust-lang/crates-build-env/linux@sha256:4a844ea9eb2546a2d2c7022eacef16ef2e8229c7fbb2c7d4d55a9ceca922f72d" "/opt/rustwide/cargo-home/bin/cargo" "+nightly-2024-10-28" "build" "--frozen" "--message-format=json", kill_on_drop: false }`
[INFO] [stdout] 27ff6004628df111ff6b9b9414dbc4aba1b22bdd9d3178d3715efe0643338483
[INFO] running `Command { std: "docker" "start" "-a" "27ff6004628df111ff6b9b9414dbc4aba1b22bdd9d3178d3715efe0643338483", kill_on_drop: false }`
[INFO] [stderr]    Compiling futures-core v0.3.31
[INFO] [stderr]    Compiling bytes v1.8.0
[INFO] [stderr]    Compiling futures-sink v0.3.31
[INFO] [stderr]    Compiling memchr v2.7.4
[INFO] [stderr]    Compiling futures-io v0.3.31
[INFO] [stderr]    Compiling futures-task v0.3.31
[INFO] [stderr]    Compiling pin-utils v0.1.0
[INFO] [stderr]    Compiling slab v0.4.9
[INFO] [stderr]    Compiling minimal-lexical v0.2.1
[INFO] [stderr]    Compiling byteorder v1.5.0
[INFO] [stderr]    Compiling fnv v1.0.7
[INFO] [stderr]    Compiling bytecount v0.6.8
[INFO] [stderr]    Compiling itoa v1.0.11
[INFO] [stderr]    Compiling syn v2.0.86
[INFO] [stderr]    Compiling mio v1.0.2
[INFO] [stderr]    Compiling socket2 v0.5.7
[INFO] [stderr]    Compiling getrandom v0.2.15
[INFO] [stderr]    Compiling thiserror v1.0.66
[INFO] [stderr]    Compiling futures-channel v0.3.31
[INFO] [stderr]    Compiling num-traits v0.2.19
[INFO] [stderr]    Compiling frunk_core v0.4.3
[INFO] [stderr]    Compiling swimos_num v0.1.1
[INFO] [stderr]    Compiling crossbeam-utils v0.8.20
[INFO] [stderr]    Compiling swimos_algebra v0.1.1
[INFO] [stderr]    Compiling rand_core v0.6.4
[INFO] [stderr]    Compiling swimos_errors v0.1.1
[INFO] [stderr]    Compiling rand v0.4.6
[INFO] [stderr]    Compiling remove_dir_all v0.5.3
[INFO] [stderr]    Compiling swimos_format v0.1.1
[INFO] [stderr]    Compiling syn v1.0.109
[INFO] [stderr]    Compiling base64 v0.22.1
[INFO] [stderr]    Compiling unicode-segmentation v1.12.0
[INFO] [stderr]    Compiling waker-fn v1.2.0
[INFO] [stderr]    Compiling typenum v1.17.0
[INFO] [stderr]    Compiling generic-array v0.14.7
[INFO] [stderr]    Compiling iana-time-zone v0.1.61
[INFO] [stderr]    Compiling http v1.1.0
[INFO] [stderr]    Compiling shlex v1.3.0
[INFO] [stderr]    Compiling httparse v1.9.5
[INFO] [stderr]    Compiling nom v7.1.3
[INFO] [stderr]    Compiling convert_case v0.6.0
[INFO] [stderr]    Compiling vcpkg v0.2.15
[INFO] [stderr]    Compiling tempdir v0.3.7
[INFO] [stderr]    Compiling crossbeam-queue v0.3.11
[INFO] [stderr]    Compiling swimos_fs v0.1.1
[INFO] [stderr]    Compiling cc v1.1.31
[INFO] [stderr]    Compiling pkg-config v0.3.31
[INFO] [stderr]    Compiling ryu v1.0.18
[INFO] [stderr]    Compiling log v0.4.22
[INFO] [stderr]    Compiling tracing-core v0.1.32
[INFO] [stderr]    Compiling regex-syntax v0.6.29
[INFO] [stderr]    Compiling static_assertions v1.1.0
[INFO] [stderr]    Compiling uuid v1.11.0
[INFO] [stderr]    Compiling regex-syntax v0.8.5
[INFO] [stderr]    Compiling num-integer v0.1.46
[INFO] [stderr]    Compiling chrono v0.4.38
[INFO] [stderr]    Compiling adler2 v2.0.0
[INFO] [stderr]    Compiling ratchet_ext v1.2.1
[INFO] [stderr]    Compiling miniz_oxide v0.8.0
[INFO] [stderr]    Compiling crc32fast v1.4.2
[INFO] [stderr]    Compiling cpufeatures v0.2.14
[INFO] [stderr]    Compiling lazy_static v1.5.0
[INFO] [stderr]    Compiling overload v0.1.1
[INFO] [stderr]    Compiling bitflags v2.6.0
[INFO] [stderr]    Compiling nu-ansi-term v0.46.0
[INFO] [stderr]    Compiling sharded-slab v0.1.7
[INFO] [stderr]    Compiling tracing-log v0.2.0
[INFO] [stderr]    Compiling num-bigint v0.4.6
[INFO] [stderr]    Compiling thread_local v1.1.8
[INFO] [stderr]    Compiling http-body v1.0.1
[INFO] [stderr]    Compiling libz-sys v1.1.20
[INFO] [stderr]    Compiling block-buffer v0.10.4
[INFO] [stderr]    Compiling crypto-common v0.1.6
[INFO] [stderr]    Compiling digest v0.10.7
[INFO] [stderr]    Compiling flate2 v1.0.34
[INFO] [stderr]    Compiling sha-1 v0.10.1
[INFO] [stderr]    Compiling nom_locate v4.2.0
[INFO] [stderr]    Compiling frunk_proc_macro_helpers v0.1.3
[INFO] [stderr]    Compiling swimos_route v0.1.1
[INFO] [stderr]    Compiling swimos_utilities v0.1.1
[INFO] [stderr]    Compiling regex-automata v0.1.10
[INFO] [stderr]    Compiling regex-automata v0.4.8
[INFO] [stderr]    Compiling futures-macro v0.3.31
[INFO] [stderr]    Compiling tokio-macros v2.4.0
[INFO] [stderr]    Compiling zerocopy-derive v0.7.35
[INFO] [stderr]    Compiling thiserror-impl v1.0.66
[INFO] [stderr]    Compiling pin-project-internal v1.1.7
[INFO] [stderr]    Compiling frunk_derives v0.4.3
[INFO] [stderr]    Compiling frunk_proc_macros v0.1.3
[INFO] [stderr]    Compiling tracing-attributes v0.1.27
[INFO] [stderr]    Compiling matchers v0.1.0
[INFO] [stderr]    Compiling frunk v0.4.3
[INFO] [stderr]    Compiling tokio v1.41.0
[INFO] [stderr]    Compiling futures-util v0.3.31
[INFO] [stderr]    Compiling zerocopy v0.7.35
[INFO] [stderr]    Compiling pin-project v1.1.7
[INFO] [stderr]    Compiling ratchet_deflate v1.2.1
[INFO] [stderr]    Compiling tracing v0.1.40
[INFO] [stderr]    Compiling regex v1.11.1
[INFO] [stderr]    Compiling swimos_macro_utilities v0.1.1
[INFO] [stderr]    Compiling ppv-lite86 v0.2.20
[INFO] [stderr]    Compiling tracing-subscriber v0.3.18
[INFO] [stderr]    Compiling rand_chacha v0.3.1
[INFO] [stderr]    Compiling swimos_form_derive v0.1.1
[INFO] [stderr]    Compiling rand v0.8.5
[INFO] [stderr]    Compiling futures-executor v0.3.31
[INFO] [stderr]    Compiling futures v0.3.31
[INFO] [stderr]    Compiling swimos_trigger v0.1.1
[INFO] [stderr]    Compiling swimos_sync v0.1.1
[INFO] [stderr]    Compiling tokio-util v0.7.12
[INFO] [stderr]    Compiling swimos_byte_channel v0.1.1
[INFO] [stderr]    Compiling swimos_future v0.1.1
[INFO] [stderr]    Compiling hyper v1.5.0
[INFO] [stderr]    Compiling swimos_multi_reader v0.1.1
[INFO] [stderr]    Compiling swimos_encoding v0.1.1
[INFO] [stderr]    Compiling ratchet_core v1.2.1
[INFO] [stderr]    Compiling tokio-stream v0.1.16
[INFO] [stderr]    Compiling swimos_model v0.1.1
[INFO] [stderr]    Compiling swimos_form v0.1.1
[INFO] [stderr]    Compiling ratchet_rs v1.2.1
[INFO] [stderr]    Compiling swimos_recon v0.1.1
[INFO] [stderr]    Compiling swimos_api v0.1.1
[INFO] [stderr]    Compiling swimos_messages v0.1.1
[INFO] [stderr]    Compiling swimos_meta v0.1.1
[INFO] [stderr]    Compiling swimos_agent_protocol v0.1.1
[INFO] [stderr]    Compiling swimos_remote v0.1.1
[INFO] [stderr]    Compiling swimos_runtime v0.1.1 (/opt/rustwide/workdir)
[INFO] [stderr]     Finished `dev` profile [unoptimized + debuginfo] target(s) in 23.62s
[INFO] running `Command { std: "docker" "inspect" "27ff6004628df111ff6b9b9414dbc4aba1b22bdd9d3178d3715efe0643338483", kill_on_drop: false }`
[INFO] running `Command { std: "docker" "rm" "-f" "27ff6004628df111ff6b9b9414dbc4aba1b22bdd9d3178d3715efe0643338483", kill_on_drop: false }`
[INFO] [stdout] 27ff6004628df111ff6b9b9414dbc4aba1b22bdd9d3178d3715efe0643338483
[INFO] running `Command { std: "docker" "create" "-v" "/var/lib/crater-agent-workspace/builds/worker-4-tc1/target:/opt/rustwide/target:rw,Z" "-v" "/var/lib/crater-agent-workspace/builds/worker-4-tc1/source:/opt/rustwide/workdir:ro,Z" "-v" "/var/lib/crater-agent-workspace/cargo-home:/opt/rustwide/cargo-home:ro,Z" "-v" "/var/lib/crater-agent-workspace/rustup-home:/opt/rustwide/rustup-home:ro,Z" "-e" "SOURCE_DIR=/opt/rustwide/workdir" "-e" "CARGO_TARGET_DIR=/opt/rustwide/target" "-e" "CARGO_INCREMENTAL=0" "-e" "RUST_BACKTRACE=full" "-e" "RUSTFLAGS=--cap-lints=forbid" "-e" "RUSTDOCFLAGS=--cap-lints=forbid" "-e" "CARGO_HOME=/opt/rustwide/cargo-home" "-e" "RUSTUP_HOME=/opt/rustwide/rustup-home" "-w" "/opt/rustwide/workdir" "-m" "1610612736" "--user" "0:0" "--network" "none" "ghcr.io/rust-lang/crates-build-env/linux@sha256:4a844ea9eb2546a2d2c7022eacef16ef2e8229c7fbb2c7d4d55a9ceca922f72d" "/opt/rustwide/cargo-home/bin/cargo" "+nightly-2024-10-28" "test" "--frozen" "--no-run" "--message-format=json", kill_on_drop: false }`
[INFO] [stdout] 8b1c4fdf95daa3b7bfa6d28288afec8a2b2d889ee148dfc544fd0e8b1d6e6539
[INFO] running `Command { std: "docker" "start" "-a" "8b1c4fdf95daa3b7bfa6d28288afec8a2b2d889ee148dfc544fd0e8b1d6e6539", kill_on_drop: false }`
[INFO] [stderr]    Compiling swimos_runtime v0.1.1 (/opt/rustwide/workdir)
[INFO] [stdout] error[E0432]: unresolved import `parking_lot`
[INFO] [stdout]   --> src/agent/store/tests.rs:23:5
[INFO] [stdout]    |
[INFO] [stdout] 23 | use parking_lot::Mutex;
[INFO] [stdout]    |     ^^^^^^^^^^^ use of undeclared crate or module `parking_lot`
[INFO] [stdout] 
[INFO] [stdout] 
[INFO] [stdout] error[E0432]: unresolved import `rand`
[INFO] [stdout]   --> src/agent/task/external_links/tests.rs:31:5
[INFO] [stdout]    |
[INFO] [stdout] 31 | use rand::Rng;
[INFO] [stdout]    |     ^^^^ use of undeclared crate or module `rand`
[INFO] [stdout] 
[INFO] [stdout] 
[INFO] [stdout] error[E0432]: unresolved import `parking_lot`
[INFO] [stdout]   --> src/agent/task/fake_store.rs:21:5
[INFO] [stdout]    |
[INFO] [stdout] 21 | use parking_lot::Mutex;
[INFO] [stdout]    |     ^^^^^^^^^^^ use of undeclared crate or module `parking_lot`
[INFO] [stdout] 
[INFO] [stdout] 
[INFO] [stdout] error[E0425]: cannot find function `advance` in module `tokio::time`
[INFO] [stdout]    --> src/agent/task/external_links/tests.rs:776:18
[INFO] [stdout]     |
[INFO] [stdout] 776 |     tokio::time::advance(timeout + Duration::from_secs(1)).await;
[INFO] [stdout]     |                  ^^^^^^^ not found in `tokio::time`
[INFO] [stdout]     |
[INFO] [stdout] note: found an item that was configured out
[INFO] [stdout]    --> /opt/rustwide/cargo-home/registry/src/index.crates.io-6f17d22bba15001f/tokio-1.41.0/src/time/mod.rs:90:21
[INFO] [stdout]     |
[INFO] [stdout] 90  |     pub use clock::{advance, pause, resume};
[INFO] [stdout]     |                     ^^^^^^^
[INFO] [stdout] note: the item is gated behind the `test-util` feature
[INFO] [stdout]    --> /opt/rustwide/cargo-home/registry/src/index.crates.io-6f17d22bba15001f/tokio-1.41.0/src/time/mod.rs:89:1
[INFO] [stdout]     |
[INFO] [stdout] 89  | / cfg_test_util! {
[INFO] [stdout] 90  | |     pub use clock::{advance, pause, resume};
[INFO] [stdout] 91  | | }
[INFO] [stdout]     | |_^
[INFO] [stdout]     = note: this error originates in the macro `cfg_test_util` (in Nightly builds, run with -Z macro-backtrace for more info)
[INFO] [stdout] 
[INFO] [stdout] 
[INFO] [stdout] error[E0425]: cannot find function `advance` in module `tokio::time`
[INFO] [stdout]    --> src/agent/task/external_links/tests.rs:791:18
[INFO] [stdout]     |
[INFO] [stdout] 791 |     tokio::time::advance(timeout + Duration::from_secs(1)).await;
[INFO] [stdout]     |                  ^^^^^^^ not found in `tokio::time`
[INFO] [stdout]     |
[INFO] [stdout] note: found an item that was configured out
[INFO] [stdout]    --> /opt/rustwide/cargo-home/registry/src/index.crates.io-6f17d22bba15001f/tokio-1.41.0/src/time/mod.rs:90:21
[INFO] [stdout]     |
[INFO] [stdout] 90  |     pub use clock::{advance, pause, resume};
[INFO] [stdout]     |                     ^^^^^^^
[INFO] [stdout] note: the item is gated behind the `test-util` feature
[INFO] [stdout]    --> /opt/rustwide/cargo-home/registry/src/index.crates.io-6f17d22bba15001f/tokio-1.41.0/src/time/mod.rs:89:1
[INFO] [stdout]     |
[INFO] [stdout] 89  | / cfg_test_util! {
[INFO] [stdout] 90  | |     pub use clock::{advance, pause, resume};
[INFO] [stdout] 91  | | }
[INFO] [stdout]     | |_^
[INFO] [stdout]     = note: this error originates in the macro `cfg_test_util` (in Nightly builds, run with -Z macro-backtrace for more info)
[INFO] [stdout] 
[INFO] [stdout] 
[INFO] [stdout] error[E0425]: cannot find function `advance` in module `tokio::time`
[INFO] [stdout]    --> src/agent/task/external_links/tests.rs:807:18
[INFO] [stdout]     |
[INFO] [stdout] 807 |     tokio::time::advance(timeout + Duration::from_secs(1)).await;
[INFO] [stdout]     |                  ^^^^^^^ not found in `tokio::time`
[INFO] [stdout]     |
[INFO] [stdout] note: found an item that was configured out
[INFO] [stdout]    --> /opt/rustwide/cargo-home/registry/src/index.crates.io-6f17d22bba15001f/tokio-1.41.0/src/time/mod.rs:90:21
[INFO] [stdout]     |
[INFO] [stdout] 90  |     pub use clock::{advance, pause, resume};
[INFO] [stdout]     |                     ^^^^^^^
[INFO] [stdout] note: the item is gated behind the `test-util` feature
[INFO] [stdout]    --> /opt/rustwide/cargo-home/registry/src/index.crates.io-6f17d22bba15001f/tokio-1.41.0/src/time/mod.rs:89:1
[INFO] [stdout]     |
[INFO] [stdout] 89  | / cfg_test_util! {
[INFO] [stdout] 90  | |     pub use clock::{advance, pause, resume};
[INFO] [stdout] 91  | | }
[INFO] [stdout]     | |_^
[INFO] [stdout]     = note: this error originates in the macro `cfg_test_util` (in Nightly builds, run with -Z macro-backtrace for more info)
[INFO] [stdout] 
[INFO] [stdout] 
[INFO] [stdout] error[E0425]: cannot find function `advance` in module `tokio::time`
[INFO] [stdout]    --> src/agent/task/external_links/tests.rs:825:18
[INFO] [stdout]     |
[INFO] [stdout] 825 |     tokio::time::advance(timeout + Duration::from_secs(1)).await;
[INFO] [stdout]     |                  ^^^^^^^ not found in `tokio::time`
[INFO] [stdout]     |
[INFO] [stdout] note: found an item that was configured out
[INFO] [stdout]    --> /opt/rustwide/cargo-home/registry/src/index.crates.io-6f17d22bba15001f/tokio-1.41.0/src/time/mod.rs:90:21
[INFO] [stdout]     |
[INFO] [stdout] 90  |     pub use clock::{advance, pause, resume};
[INFO] [stdout]     |                     ^^^^^^^
[INFO] [stdout] note: the item is gated behind the `test-util` feature
[INFO] [stdout]    --> /opt/rustwide/cargo-home/registry/src/index.crates.io-6f17d22bba15001f/tokio-1.41.0/src/time/mod.rs:89:1
[INFO] [stdout]     |
[INFO] [stdout] 89  | / cfg_test_util! {
[INFO] [stdout] 90  | |     pub use clock::{advance, pause, resume};
[INFO] [stdout] 91  | | }
[INFO] [stdout]     | |_^
[INFO] [stdout]     = note: this error originates in the macro `cfg_test_util` (in Nightly builds, run with -Z macro-backtrace for more info)
[INFO] [stdout] 
[INFO] [stdout] 
[INFO] [stdout] error[E0433]: failed to resolve: use of undeclared crate or module `rand`
[INFO] [stdout]    --> src/agent/task/external_links/tests.rs:429:17
[INFO] [stdout]     |
[INFO] [stdout] 429 |         let n = rand::thread_rng().gen::<i32>();
[INFO] [stdout]     |                 ^^^^ use of undeclared crate or module `rand`
[INFO] [stdout] 
[INFO] [stdout] 
[INFO] [stdout] error[E0599]: no method named `start_paused` found for struct `tokio::runtime::Builder` in the current scope
[INFO] [stdout]    --> src/agent/task/external_links/tests.rs:532:5
[INFO] [stdout]     |
[INFO] [stdout] 532 |     assert!(state.outputs.is_empty());
[INFO] [stdout]     |     ^^^^^^ private field, not a method
[INFO] [stdout] 
[INFO] [stdout] 
[INFO] [stdout] error[E0599]: no method named `start_paused` found for struct `tokio::runtime::Builder` in the current scope
[INFO] [stdout]    --> src/agent/task/external_links/tests.rs:792:5
[INFO] [stdout]     |
[INFO] [stdout] 792 |     assert!(!output.timed_out(timeout));
[INFO] [stdout]     |     ^^^^^^ private field, not a method
[INFO] [stdout] 
[INFO] [stdout] 
[INFO] [stdout] error[E0599]: no method named `start_paused` found for struct `tokio::runtime::Builder` in the current scope
[INFO] [stdout]    --> src/agent/task/external_links/tests.rs:826:5
[INFO] [stdout]     |
[INFO] [stdout] 826 |     assert!(output.timed_out(timeout));
[INFO] [stdout]     |     ^^^^^^ private field, not a method
[INFO] [stdout] 
[INFO] [stdout] 
[INFO] [stdout] error[E0614]: type `u64` cannot be dereferenced
[INFO] [stdout]    --> src/agent/task/fake_store.rs:151:22
[INFO] [stdout]     |
[INFO] [stdout] 151 |             let id = *next_id;
[INFO] [stdout]     |                      ^^^^^^^^
[INFO] [stdout] 
[INFO] [stdout] 
[INFO] [stdout] error[E0614]: type `u64` cannot be dereferenced
[INFO] [stdout]    --> src/agent/task/fake_store.rs:152:13
[INFO] [stdout]     |
[INFO] [stdout] 152 |             *next_id += 1;
[INFO] [stdout]     |             ^^^^^^^^
[INFO] [stdout] 
[INFO] [stdout] 
[INFO] [stdout] error[E0599]: no method named `start_paused` found for struct `tokio::runtime::Builder` in the current scope
[INFO] [stdout]    --> src/downlink/tests/mod.rs:105:5
[INFO] [stdout]     |
[INFO] [stdout] 105 |     assert!(r.is_ok());
[INFO] [stdout]     |     ^^^^^^ private field, not a method
[INFO] [stdout] 
[INFO] [stdout] 
[INFO] [stdout] error[E0599]: no method named `start_paused` found for struct `tokio::runtime::Builder` in the current scope
[INFO] [stdout]    --> src/downlink/tests/mod.rs:160:5
[INFO] [stdout]     |
[INFO] [stdout] 160 |     assert!(r.is_ok());
[INFO] [stdout]     |     ^^^^^^ private field, not a method
[INFO] [stdout] 
[INFO] [stdout] 
[INFO] [stdout] error[E0599]: no method named `start_paused` found for struct `tokio::runtime::Builder` in the current scope
[INFO] [stdout]    --> src/downlink/tests/mod.rs:199:5
[INFO] [stdout]     |
[INFO] [stdout] 199 |     tokio::time::timeout(2 * EMPTY_TIMEOUT, join(task, test_case))
[INFO] [stdout]     |     ^^^^^ private field, not a method
[INFO] [stdout] 
[INFO] [stdout] 
[INFO] [stdout] error[E0599]: no method named `start_paused` found for struct `tokio::runtime::Builder` in the current scope
[INFO] [stdout]    --> src/downlink/tests/mod.rs:256:5
[INFO] [stdout]     |
[INFO] [stdout] 256 |     tokio::time::timeout(4 * EMPTY_TIMEOUT, join(task, test_case))
[INFO] [stdout]     |     ^^^^^ private field, not a method
[INFO] [stdout] 
[INFO] [stdout] 
[INFO] [stdout] Some errors have detailed explanations: E0425, E0432, E0433, E0599, E0614.
[INFO] [stdout] 
[INFO] [stdout] For more information about an error, try `rustc --explain E0425`.
[INFO] [stdout] 
[INFO] [stderr] error: could not compile `swimos_runtime` (lib test) due to 17 previous errors
[INFO] running `Command { std: "docker" "inspect" "8b1c4fdf95daa3b7bfa6d28288afec8a2b2d889ee148dfc544fd0e8b1d6e6539", kill_on_drop: false }`
[INFO] running `Command { std: "docker" "rm" "-f" "8b1c4fdf95daa3b7bfa6d28288afec8a2b2d889ee148dfc544fd0e8b1d6e6539", kill_on_drop: false }`
[INFO] [stdout] 8b1c4fdf95daa3b7bfa6d28288afec8a2b2d889ee148dfc544fd0e8b1d6e6539
