[INFO] fetching crate swimos_multi_reader 0.1.1...
[INFO] testing swimos_multi_reader-0.1.1 against nightly-2024-10-28+rustflags=-Zrandomize-layout for randomize-layout
[INFO] extracting crate swimos_multi_reader 0.1.1 into /workspace/builds/worker-2-tc2/source
[INFO] validating manifest of crates.io crate swimos_multi_reader 0.1.1 on toolchain nightly-2024-10-28
[INFO] running `Command { std: CARGO_HOME="/workspace/cargo-home" RUSTUP_HOME="/workspace/rustup-home" "/workspace/cargo-home/bin/cargo" "+nightly-2024-10-28" "metadata" "--manifest-path" "Cargo.toml" "--no-deps", kill_on_drop: false }`
[INFO] started tweaking crates.io crate swimos_multi_reader 0.1.1
[INFO] finished tweaking crates.io crate swimos_multi_reader 0.1.1
[INFO] tweaked toml for crates.io crate swimos_multi_reader 0.1.1 written to /workspace/builds/worker-2-tc2/source/Cargo.toml
[INFO] running `Command { std: CARGO_HOME="/workspace/cargo-home" RUSTUP_HOME="/workspace/rustup-home" "/workspace/cargo-home/bin/cargo" "+nightly-2024-10-28" "generate-lockfile" "--manifest-path" "Cargo.toml", kill_on_drop: false }`
[INFO] [stderr]     Updating crates.io index
[INFO] [stderr]      Locking 50 packages to latest compatible versions
[INFO] running `Command { std: CARGO_HOME="/workspace/cargo-home" RUSTUP_HOME="/workspace/rustup-home" "/workspace/cargo-home/bin/cargo" "+nightly-2024-10-28" "fetch" "--manifest-path" "Cargo.toml", kill_on_drop: false }`
[INFO] running `Command { std: "docker" "create" "-v" "/var/lib/crater-agent-workspace/builds/worker-2-tc2/target:/opt/rustwide/target:rw,Z" "-v" "/var/lib/crater-agent-workspace/builds/worker-2-tc2/source:/opt/rustwide/workdir:ro,Z" "-v" "/var/lib/crater-agent-workspace/cargo-home:/opt/rustwide/cargo-home:ro,Z" "-v" "/var/lib/crater-agent-workspace/rustup-home:/opt/rustwide/rustup-home:ro,Z" "-e" "SOURCE_DIR=/opt/rustwide/workdir" "-e" "CARGO_TARGET_DIR=/opt/rustwide/target" "-e" "CARGO_HOME=/opt/rustwide/cargo-home" "-e" "RUSTUP_HOME=/opt/rustwide/rustup-home" "-w" "/opt/rustwide/workdir" "-m" "1610612736" "--user" "0:0" "--network" "none" "ghcr.io/rust-lang/crates-build-env/linux@sha256:4a844ea9eb2546a2d2c7022eacef16ef2e8229c7fbb2c7d4d55a9ceca922f72d" "/opt/rustwide/cargo-home/bin/cargo" "+nightly-2024-10-28" "metadata" "--no-deps" "--format-version=1", kill_on_drop: false }`
[INFO] [stdout] dbcb0d4efde652bebd7ecb13b153cd7ccc7cdcb94cbdf0766ef24946e827a890
[INFO] running `Command { std: "docker" "start" "-a" "dbcb0d4efde652bebd7ecb13b153cd7ccc7cdcb94cbdf0766ef24946e827a890", kill_on_drop: false }`
[INFO] running `Command { std: "docker" "inspect" "dbcb0d4efde652bebd7ecb13b153cd7ccc7cdcb94cbdf0766ef24946e827a890", kill_on_drop: false }`
[INFO] running `Command { std: "docker" "rm" "-f" "dbcb0d4efde652bebd7ecb13b153cd7ccc7cdcb94cbdf0766ef24946e827a890", kill_on_drop: false }`
[INFO] [stdout] dbcb0d4efde652bebd7ecb13b153cd7ccc7cdcb94cbdf0766ef24946e827a890
[INFO] running `Command { std: "docker" "create" "-v" "/var/lib/crater-agent-workspace/builds/worker-2-tc2/target:/opt/rustwide/target:rw,Z" "-v" "/var/lib/crater-agent-workspace/builds/worker-2-tc2/source:/opt/rustwide/workdir:ro,Z" "-v" "/var/lib/crater-agent-workspace/cargo-home:/opt/rustwide/cargo-home:ro,Z" "-v" "/var/lib/crater-agent-workspace/rustup-home:/opt/rustwide/rustup-home:ro,Z" "-e" "SOURCE_DIR=/opt/rustwide/workdir" "-e" "CARGO_TARGET_DIR=/opt/rustwide/target" "-e" "CARGO_INCREMENTAL=0" "-e" "RUST_BACKTRACE=full" "-e" "RUSTFLAGS=--cap-lints=forbid -Zrandomize-layout" "-e" "RUSTDOCFLAGS=--cap-lints=forbid" "-e" "CARGO_HOME=/opt/rustwide/cargo-home" "-e" "RUSTUP_HOME=/opt/rustwide/rustup-home" "-w" "/opt/rustwide/workdir" "-m" "1610612736" "--user" "0:0" "--network" "none" "ghcr.io/rust-lang/crates-build-env/linux@sha256:4a844ea9eb2546a2d2c7022eacef16ef2e8229c7fbb2c7d4d55a9ceca922f72d" "/opt/rustwide/cargo-home/bin/cargo" "+nightly-2024-10-28" "build" "--frozen" "--message-format=json", kill_on_drop: false }`
[INFO] [stdout] 9fd29f4a079aec95ae92201958351c6b67f045d89188daef99b43b471d0c905f
[INFO] running `Command { std: "docker" "start" "-a" "9fd29f4a079aec95ae92201958351c6b67f045d89188daef99b43b471d0c905f", kill_on_drop: false }`
[INFO] [stderr]    Compiling futures-sink v0.3.31
[INFO] [stderr]    Compiling futures-core v0.3.31
[INFO] [stderr]    Compiling futures-io v0.3.31
[INFO] [stderr]    Compiling pin-utils v0.1.0
[INFO] [stderr]    Compiling futures-task v0.3.31
[INFO] [stderr]    Compiling bytes v1.8.0
[INFO] [stderr]    Compiling slab v0.4.9
[INFO] [stderr]    Compiling waker-fn v1.2.0
[INFO] [stderr]    Compiling syn v2.0.86
[INFO] [stderr]    Compiling futures-channel v0.3.31
[INFO] [stderr]    Compiling tokio v1.41.0
[INFO] [stderr]    Compiling tokio-util v0.7.12
[INFO] [stderr]    Compiling futures-macro v0.3.31
[INFO] [stderr]    Compiling pin-project-internal v1.1.7
[INFO] [stderr]    Compiling futures-util v0.3.31
[INFO] [stderr]    Compiling pin-project v1.1.7
[INFO] [stderr]    Compiling futures-executor v0.3.31
[INFO] [stderr]    Compiling futures v0.3.31
[INFO] [stderr]    Compiling swimos_byte_channel v0.1.1
[INFO] [stderr]    Compiling swimos_multi_reader v0.1.1 (/opt/rustwide/workdir)
[INFO] [stderr]     Finished `dev` profile [unoptimized + debuginfo] target(s) in 5.78s
[INFO] running `Command { std: "docker" "inspect" "9fd29f4a079aec95ae92201958351c6b67f045d89188daef99b43b471d0c905f", kill_on_drop: false }`
[INFO] running `Command { std: "docker" "rm" "-f" "9fd29f4a079aec95ae92201958351c6b67f045d89188daef99b43b471d0c905f", kill_on_drop: false }`
[INFO] [stdout] 9fd29f4a079aec95ae92201958351c6b67f045d89188daef99b43b471d0c905f
[INFO] running `Command { std: "docker" "create" "-v" "/var/lib/crater-agent-workspace/builds/worker-2-tc2/target:/opt/rustwide/target:rw,Z" "-v" "/var/lib/crater-agent-workspace/builds/worker-2-tc2/source:/opt/rustwide/workdir:ro,Z" "-v" "/var/lib/crater-agent-workspace/cargo-home:/opt/rustwide/cargo-home:ro,Z" "-v" "/var/lib/crater-agent-workspace/rustup-home:/opt/rustwide/rustup-home:ro,Z" "-e" "SOURCE_DIR=/opt/rustwide/workdir" "-e" "CARGO_TARGET_DIR=/opt/rustwide/target" "-e" "CARGO_INCREMENTAL=0" "-e" "RUST_BACKTRACE=full" "-e" "RUSTFLAGS=--cap-lints=forbid -Zrandomize-layout" "-e" "RUSTDOCFLAGS=--cap-lints=forbid" "-e" "CARGO_HOME=/opt/rustwide/cargo-home" "-e" "RUSTUP_HOME=/opt/rustwide/rustup-home" "-w" "/opt/rustwide/workdir" "-m" "1610612736" "--user" "0:0" "--network" "none" "ghcr.io/rust-lang/crates-build-env/linux@sha256:4a844ea9eb2546a2d2c7022eacef16ef2e8229c7fbb2c7d4d55a9ceca922f72d" "/opt/rustwide/cargo-home/bin/cargo" "+nightly-2024-10-28" "test" "--frozen" "--no-run" "--message-format=json", kill_on_drop: false }`
[INFO] [stdout] ebb07fa846a40f6d80b27bfa2bd62c962c202ec7d330e6e1c83c80f8075e4b4b
[INFO] running `Command { std: "docker" "start" "-a" "ebb07fa846a40f6d80b27bfa2bd62c962c202ec7d330e6e1c83c80f8075e4b4b", kill_on_drop: false }`
[INFO] [stderr]    Compiling swimos_multi_reader v0.1.1 (/opt/rustwide/workdir)
[INFO] [stdout] error[E0433]: failed to resolve: use of undeclared crate or module `swimos_api`
[INFO] [stdout]   --> src/reader/tests.rs:24:5
[INFO] [stdout]    |
[INFO] [stdout] 24 | use swimos_api::address::RelativeAddress;
[INFO] [stdout]    |     ^^^^^^^^^^ use of undeclared crate or module `swimos_api`
[INFO] [stdout] 
[INFO] [stdout] 
[INFO] [stdout] error[E0433]: failed to resolve: use of undeclared crate or module `swimos_form`
[INFO] [stdout]   --> src/reader/tests.rs:26:5
[INFO] [stdout]    |
[INFO] [stdout] 26 | use swimos_form::read::RecognizerReadable;
[INFO] [stdout]    |     ^^^^^^^^^^^ use of undeclared crate or module `swimos_form`
[INFO] [stdout] 
[INFO] [stdout] 
[INFO] [stdout] error[E0433]: failed to resolve: use of undeclared crate or module `swimos_messages`
[INFO] [stdout]   --> src/reader/tests.rs:27:5
[INFO] [stdout]    |
[INFO] [stdout] 27 | use swimos_messages::protocol::{
[INFO] [stdout]    |     ^^^^^^^^^^^^^^^ use of undeclared crate or module `swimos_messages`
[INFO] [stdout] 
[INFO] [stdout] 
[INFO] [stdout] error[E0433]: failed to resolve: use of undeclared crate or module `tokio`
[INFO] [stdout]   --> src/reader/tests.rs:31:5
[INFO] [stdout]    |
[INFO] [stdout] 31 | use tokio::time::timeout;
[INFO] [stdout]    |     ^^^^^ use of undeclared crate or module `tokio`
[INFO] [stdout] 
[INFO] [stdout] 
[INFO] [stdout] error[E0432]: unresolved import `swimos_model`
[INFO] [stdout]   --> src/reader/tests.rs:30:5
[INFO] [stdout]    |
[INFO] [stdout] 30 | use swimos_model::{Text, Value};
[INFO] [stdout]    |     ^^^^^^^^^^^^ use of undeclared crate or module `swimos_model`
[INFO] [stdout] 
[INFO] [stdout] 
[INFO] [stdout] error[E0432]: unresolved import `uuid`
[INFO] [stdout]   --> src/reader/tests.rs:33:5
[INFO] [stdout]    |
[INFO] [stdout] 33 | use uuid::Uuid;
[INFO] [stdout]    |     ^^^^ use of undeclared crate or module `uuid`
[INFO] [stdout] 
[INFO] [stdout] 
[INFO] [stdout] error[E0433]: failed to resolve: use of undeclared crate or module `tokio`
[INFO] [stdout]   --> src/reader/tests.rs:35:3
[INFO] [stdout]    |
[INFO] [stdout] 35 | #[tokio::test]
[INFO] [stdout]    |   ^^^^^ use of undeclared crate or module `tokio`
[INFO] [stdout] 
[INFO] [stdout] 
[INFO] [stdout] error[E0433]: failed to resolve: use of undeclared crate or module `tokio`
[INFO] [stdout]   --> src/reader/tests.rs:88:3
[INFO] [stdout]    |
[INFO] [stdout] 88 | #[tokio::test]
[INFO] [stdout]    |   ^^^^^ use of undeclared crate or module `tokio`
[INFO] [stdout] 
[INFO] [stdout] 
[INFO] [stdout] error[E0433]: failed to resolve: use of undeclared crate or module `tokio`
[INFO] [stdout]    --> src/reader/tests.rs:176:3
[INFO] [stdout]     |
[INFO] [stdout] 176 | #[tokio::test]
[INFO] [stdout]     |   ^^^^^ use of undeclared crate or module `tokio`
[INFO] [stdout] 
[INFO] [stdout] 
[INFO] [stdout] error[E0433]: failed to resolve: use of undeclared crate or module `tokio`
[INFO] [stdout]    --> src/reader/tests.rs:253:3
[INFO] [stdout]     |
[INFO] [stdout] 253 | #[tokio::test]
[INFO] [stdout]     |   ^^^^^ use of undeclared crate or module `tokio`
[INFO] [stdout] 
[INFO] [stdout] 
[INFO] [stdout] error[E0433]: failed to resolve: use of undeclared crate or module `tokio`
[INFO] [stdout]    --> src/reader/tests.rs:375:3
[INFO] [stdout]     |
[INFO] [stdout] 375 | #[tokio::test]
[INFO] [stdout]     |   ^^^^^ use of undeclared crate or module `tokio`
[INFO] [stdout] 
[INFO] [stdout] 
[INFO] [stdout] error[E0433]: failed to resolve: use of undeclared crate or module `tokio`
[INFO] [stdout]    --> src/reader/tests.rs:498:3
[INFO] [stdout]     |
[INFO] [stdout] 498 | #[tokio::test]
[INFO] [stdout]     |   ^^^^^ use of undeclared crate or module `tokio`
[INFO] [stdout] 
[INFO] [stdout] 
[INFO] [stdout] error[E0433]: failed to resolve: use of undeclared crate or module `tokio`
[INFO] [stdout]    --> src/reader/tests.rs:555:3
[INFO] [stdout]     |
[INFO] [stdout] 555 | #[tokio::test]
[INFO] [stdout]     |   ^^^^^ use of undeclared crate or module `tokio`
[INFO] [stdout] 
[INFO] [stdout] 
[INFO] [stdout] error[E0433]: failed to resolve: use of undeclared crate or module `tokio`
[INFO] [stdout]    --> src/reader/tests.rs:570:3
[INFO] [stdout]     |
[INFO] [stdout] 570 | #[tokio::test]
[INFO] [stdout]     |   ^^^^^ use of undeclared crate or module `tokio`
[INFO] [stdout] 
[INFO] [stdout] 
[INFO] [stdout] error[E0433]: failed to resolve: use of undeclared crate or module `tokio`
[INFO] [stdout]    --> src/reader/tests.rs:604:3
[INFO] [stdout]     |
[INFO] [stdout] 604 | #[tokio::test]
[INFO] [stdout]     |   ^^^^^ use of undeclared crate or module `tokio`
[INFO] [stdout] 
[INFO] [stdout] 
[INFO] [stdout] error[E0433]: failed to resolve: use of undeclared crate or module `tokio`
[INFO] [stdout]    --> src/reader/tests.rs:630:3
[INFO] [stdout]     |
[INFO] [stdout] 630 | #[tokio::test]
[INFO] [stdout]     |   ^^^^^ use of undeclared crate or module `tokio`
[INFO] [stdout] 
[INFO] [stdout] 
[INFO] [stdout] Some errors have detailed explanations: E0432, E0433.
[INFO] [stdout] 
[INFO] [stdout] For more information about an error, try `rustc --explain E0432`.
[INFO] [stdout] 
[INFO] [stderr] error: could not compile `swimos_multi_reader` (lib test) due to 16 previous errors
[INFO] running `Command { std: "docker" "inspect" "ebb07fa846a40f6d80b27bfa2bd62c962c202ec7d330e6e1c83c80f8075e4b4b", kill_on_drop: false }`
[INFO] running `Command { std: "docker" "rm" "-f" "ebb07fa846a40f6d80b27bfa2bd62c962c202ec7d330e6e1c83c80f8075e4b4b", kill_on_drop: false }`
[INFO] [stdout] ebb07fa846a40f6d80b27bfa2bd62c962c202ec7d330e6e1c83c80f8075e4b4b
