[INFO] fetching crate swiftide-indexing 0.14.1...
[INFO] testing swiftide-indexing-0.14.1 against nightly-2024-10-28+rustflags=-Zrandomize-layout for randomize-layout
[INFO] extracting crate swiftide-indexing 0.14.1 into /workspace/builds/worker-1-tc2/source
[INFO] validating manifest of crates.io crate swiftide-indexing 0.14.1 on toolchain nightly-2024-10-28
[INFO] running `Command { std: CARGO_HOME="/workspace/cargo-home" RUSTUP_HOME="/workspace/rustup-home" "/workspace/cargo-home/bin/cargo" "+nightly-2024-10-28" "metadata" "--manifest-path" "Cargo.toml" "--no-deps", kill_on_drop: false }`
[INFO] started tweaking crates.io crate swiftide-indexing 0.14.1
[INFO] finished tweaking crates.io crate swiftide-indexing 0.14.1
[INFO] tweaked toml for crates.io crate swiftide-indexing 0.14.1 written to /workspace/builds/worker-1-tc2/source/Cargo.toml
[INFO] running `Command { std: CARGO_HOME="/workspace/cargo-home" RUSTUP_HOME="/workspace/rustup-home" "/workspace/cargo-home/bin/cargo" "+nightly-2024-10-28" "generate-lockfile" "--manifest-path" "Cargo.toml", kill_on_drop: false }`
[INFO] [stderr]     Updating crates.io index
[INFO] [stderr]      Locking 171 packages to latest compatible versions
[INFO] [stderr]       Adding text-splitter v0.17.1 (available: v0.18.1)
[INFO] running `Command { std: CARGO_HOME="/workspace/cargo-home" RUSTUP_HOME="/workspace/rustup-home" "/workspace/cargo-home/bin/cargo" "+nightly-2024-10-28" "fetch" "--manifest-path" "Cargo.toml", kill_on_drop: false }`
[INFO] running `Command { std: "docker" "create" "-v" "/var/lib/crater-agent-workspace/builds/worker-1-tc2/target:/opt/rustwide/target:rw,Z" "-v" "/var/lib/crater-agent-workspace/builds/worker-1-tc2/source:/opt/rustwide/workdir:ro,Z" "-v" "/var/lib/crater-agent-workspace/cargo-home:/opt/rustwide/cargo-home:ro,Z" "-v" "/var/lib/crater-agent-workspace/rustup-home:/opt/rustwide/rustup-home:ro,Z" "-e" "SOURCE_DIR=/opt/rustwide/workdir" "-e" "CARGO_TARGET_DIR=/opt/rustwide/target" "-e" "CARGO_HOME=/opt/rustwide/cargo-home" "-e" "RUSTUP_HOME=/opt/rustwide/rustup-home" "-w" "/opt/rustwide/workdir" "-m" "1610612736" "--user" "0:0" "--network" "none" "ghcr.io/rust-lang/crates-build-env/linux@sha256:4a844ea9eb2546a2d2c7022eacef16ef2e8229c7fbb2c7d4d55a9ceca922f72d" "/opt/rustwide/cargo-home/bin/cargo" "+nightly-2024-10-28" "metadata" "--no-deps" "--format-version=1", kill_on_drop: false }`
[INFO] [stdout] 8db37bce64acf8a598a696a9fa26a04cf2c724fa29bb7e302cf675a124253d47
[INFO] running `Command { std: "docker" "start" "-a" "8db37bce64acf8a598a696a9fa26a04cf2c724fa29bb7e302cf675a124253d47", kill_on_drop: false }`
[INFO] running `Command { std: "docker" "inspect" "8db37bce64acf8a598a696a9fa26a04cf2c724fa29bb7e302cf675a124253d47", kill_on_drop: false }`
[INFO] running `Command { std: "docker" "rm" "-f" "8db37bce64acf8a598a696a9fa26a04cf2c724fa29bb7e302cf675a124253d47", kill_on_drop: false }`
[INFO] [stdout] 8db37bce64acf8a598a696a9fa26a04cf2c724fa29bb7e302cf675a124253d47
[INFO] running `Command { std: "docker" "create" "-v" "/var/lib/crater-agent-workspace/builds/worker-1-tc2/target:/opt/rustwide/target:rw,Z" "-v" "/var/lib/crater-agent-workspace/builds/worker-1-tc2/source:/opt/rustwide/workdir:ro,Z" "-v" "/var/lib/crater-agent-workspace/cargo-home:/opt/rustwide/cargo-home:ro,Z" "-v" "/var/lib/crater-agent-workspace/rustup-home:/opt/rustwide/rustup-home:ro,Z" "-e" "SOURCE_DIR=/opt/rustwide/workdir" "-e" "CARGO_TARGET_DIR=/opt/rustwide/target" "-e" "CARGO_INCREMENTAL=0" "-e" "RUST_BACKTRACE=full" "-e" "RUSTFLAGS=--cap-lints=forbid -Zrandomize-layout" "-e" "RUSTDOCFLAGS=--cap-lints=forbid" "-e" "CARGO_HOME=/opt/rustwide/cargo-home" "-e" "RUSTUP_HOME=/opt/rustwide/rustup-home" "-w" "/opt/rustwide/workdir" "-m" "1610612736" "--user" "0:0" "--network" "none" "ghcr.io/rust-lang/crates-build-env/linux@sha256:4a844ea9eb2546a2d2c7022eacef16ef2e8229c7fbb2c7d4d55a9ceca922f72d" "/opt/rustwide/cargo-home/bin/cargo" "+nightly-2024-10-28" "build" "--frozen" "--message-format=json", kill_on_drop: false }`
[INFO] [stdout] 6f63b17934e1d712f6838770232b647a508cd2eca782d5a9d9362f95933800fc
[INFO] running `Command { std: "docker" "start" "-a" "6f63b17934e1d712f6838770232b647a508cd2eca782d5a9d9362f95933800fc", kill_on_drop: false }`
[INFO] [stderr]    Compiling syn v2.0.86
[INFO] [stderr]    Compiling memchr v2.7.4
[INFO] [stderr]    Compiling libc v0.2.161
[INFO] [stderr]    Compiling typenum v1.17.0
[INFO] [stderr]    Compiling once_cell v1.20.2
[INFO] [stderr]    Compiling thiserror v1.0.66
[INFO] [stderr]    Compiling generic-array v0.14.7
[INFO] [stderr]    Compiling strsim v0.11.1
[INFO] [stderr]    Compiling fnv v1.0.7
[INFO] [stderr]    Compiling regex-syntax v0.8.5
[INFO] [stderr]    Compiling ident_case v1.0.1
[INFO] [stderr]    Compiling crossbeam-utils v0.8.20
[INFO] [stderr]    Compiling lock_api v0.4.12
[INFO] [stderr]    Compiling serde v1.0.214
[INFO] [stderr]    Compiling aho-corasick v1.1.3
[INFO] [stderr]    Compiling ucd-trie v0.1.7
[INFO] [stderr]    Compiling rustversion v1.0.18
[INFO] [stderr]    Compiling parking_lot_core v0.9.10
[INFO] [stderr]    Compiling crossbeam-epoch v0.9.18
[INFO] [stderr]    Compiling bstr v1.10.0
[INFO] [stderr]    Compiling smallvec v1.13.2
[INFO] [stderr]    Compiling pin-project-lite v0.2.15
[INFO] [stderr]    Compiling bitflags v2.6.0
[INFO] [stderr]    Compiling unic-char-range v0.9.0
[INFO] [stderr]    Compiling unic-common v0.9.0
[INFO] [stderr]    Compiling same-file v1.0.6
[INFO] [stderr]    Compiling unic-ucd-version v0.9.0
[INFO] [stderr]    Compiling unic-char-property v0.9.0
[INFO] [stderr]    Compiling crossbeam-deque v0.8.5
[INFO] [stderr]    Compiling walkdir v2.5.0
[INFO] [stderr]    Compiling regex-automata v0.4.8
[INFO] [stderr]    Compiling block-buffer v0.10.4
[INFO] [stderr]    Compiling crypto-common v0.1.6
[INFO] [stderr]    Compiling getrandom v0.2.15
[INFO] [stderr]    Compiling slab v0.4.9
[INFO] [stderr]    Compiling serde_json v1.0.132
[INFO] [stderr]    Compiling heck v0.5.0
[INFO] [stderr]    Compiling digest v0.10.7
[INFO] [stderr]    Compiling parking_lot v0.12.3
[INFO] [stderr]    Compiling unic-ucd-segment v0.9.0
[INFO] [stderr]    Compiling signal-hook-registry v1.4.2
[INFO] [stderr]    Compiling mio v1.0.2
[INFO] [stderr]    Compiling socket2 v0.5.7
[INFO] [stderr]    Compiling ahash v0.8.11
[INFO] [stderr]    Compiling futures-core v0.3.31
[INFO] [stderr]    Compiling anyhow v1.0.92
[INFO] [stderr]    Compiling pulldown-cmark v0.12.2
[INFO] [stderr]    Compiling bytes v1.8.0
[INFO] [stderr]    Compiling either v1.13.0
[INFO] [stderr]    Compiling unic-segment v0.9.0
[INFO] [stderr]    Compiling itertools v0.13.0
[INFO] [stderr]    Compiling md-5 v0.10.6
[INFO] [stderr]    Compiling tracing-core v0.1.32
[INFO] [stderr]    Compiling zerocopy v0.7.35
[INFO] [stderr]    Compiling futures-task v0.3.31
[INFO] [stderr]    Compiling lazy_static v1.5.0
[INFO] [stderr]    Compiling darling_core v0.20.10
[INFO] [stderr]    Compiling derive_utils v0.14.2
[INFO] [stderr]    Compiling unicase v2.8.0
[INFO] [stderr]    Compiling pin-utils v0.1.0
[INFO] [stderr]    Compiling globset v0.4.15
[INFO] [stderr]    Compiling regex v1.11.1
[INFO] [stderr]    Compiling ignore v0.4.23
[INFO] [stderr]    Compiling unicode-segmentation v1.12.0
[INFO] [stderr]    Compiling dyn-clone v1.0.17
[INFO] [stderr]    Compiling num_cpus v1.16.0
[INFO] [stderr]    Compiling indoc v2.0.5
[INFO] [stderr]    Compiling globwalk v0.9.1
[INFO] [stderr]    Compiling thiserror-impl v1.0.66
[INFO] [stderr]    Compiling serde_derive v1.0.214
[INFO] [stderr]    Compiling tokio-macros v2.4.0
[INFO] [stderr]    Compiling strum_macros v0.26.4
[INFO] [stderr]    Compiling futures-macro v0.3.31
[INFO] [stderr]    Compiling darling_macro v0.20.10
[INFO] [stderr]    Compiling tracing-attributes v0.1.27
[INFO] [stderr]    Compiling auto_enums v0.8.6
[INFO] [stderr]    Compiling darling v0.20.10
[INFO] [stderr]    Compiling tokio v1.41.0
[INFO] [stderr]    Compiling derive_builder_core v0.20.2
[INFO] [stderr]    Compiling pest v2.7.14
[INFO] [stderr]    Compiling futures-util v0.3.31
[INFO] [stderr]    Compiling derive_builder_macro v0.20.2
[INFO] [stderr]    Compiling strum v0.26.3
[INFO] [stderr]    Compiling derive_builder v0.20.2
[INFO] [stderr]    Compiling async-trait v0.1.83
[INFO] [stderr]    Compiling swiftide-macros v0.14.1
[INFO] [stderr]    Compiling tracing v0.1.40
[INFO] [stderr]    Compiling pest_meta v2.7.14
[INFO] [stderr]    Compiling text-splitter v0.17.1
[INFO] [stderr]    Compiling pest_generator v2.7.14
[INFO] [stderr]    Compiling pest_derive v2.7.14
[INFO] [stderr]    Compiling tokio-stream v0.1.16
[INFO] [stderr]    Compiling uuid v1.11.0
[INFO] [stderr]    Compiling tera v1.20.0
[INFO] [stderr]    Compiling swiftide-core v0.14.1
[INFO] [stderr]    Compiling swiftide-indexing v0.14.1 (/opt/rustwide/workdir)
[INFO] [stderr]     Finished `dev` profile [unoptimized + debuginfo] target(s) in 52.25s
[INFO] running `Command { std: "docker" "inspect" "6f63b17934e1d712f6838770232b647a508cd2eca782d5a9d9362f95933800fc", kill_on_drop: false }`
[INFO] running `Command { std: "docker" "rm" "-f" "6f63b17934e1d712f6838770232b647a508cd2eca782d5a9d9362f95933800fc", kill_on_drop: false }`
[INFO] [stdout] 6f63b17934e1d712f6838770232b647a508cd2eca782d5a9d9362f95933800fc
[INFO] running `Command { std: "docker" "create" "-v" "/var/lib/crater-agent-workspace/builds/worker-1-tc2/target:/opt/rustwide/target:rw,Z" "-v" "/var/lib/crater-agent-workspace/builds/worker-1-tc2/source:/opt/rustwide/workdir:ro,Z" "-v" "/var/lib/crater-agent-workspace/cargo-home:/opt/rustwide/cargo-home:ro,Z" "-v" "/var/lib/crater-agent-workspace/rustup-home:/opt/rustwide/rustup-home:ro,Z" "-e" "SOURCE_DIR=/opt/rustwide/workdir" "-e" "CARGO_TARGET_DIR=/opt/rustwide/target" "-e" "CARGO_INCREMENTAL=0" "-e" "RUST_BACKTRACE=full" "-e" "RUSTFLAGS=--cap-lints=forbid -Zrandomize-layout" "-e" "RUSTDOCFLAGS=--cap-lints=forbid" "-e" "CARGO_HOME=/opt/rustwide/cargo-home" "-e" "RUSTUP_HOME=/opt/rustwide/rustup-home" "-w" "/opt/rustwide/workdir" "-m" "1610612736" "--user" "0:0" "--network" "none" "ghcr.io/rust-lang/crates-build-env/linux@sha256:4a844ea9eb2546a2d2c7022eacef16ef2e8229c7fbb2c7d4d55a9ceca922f72d" "/opt/rustwide/cargo-home/bin/cargo" "+nightly-2024-10-28" "test" "--frozen" "--no-run" "--message-format=json", kill_on_drop: false }`
[INFO] [stdout] ed1c7a5aafb003bae0269f3b864c5130aa48f48bdf85487992626f220cf6716b
[INFO] running `Command { std: "docker" "start" "-a" "ed1c7a5aafb003bae0269f3b864c5130aa48f48bdf85487992626f220cf6716b", kill_on_drop: false }`
[INFO] [stderr]    Compiling log v0.4.22
[INFO] [stderr]    Compiling anstyle v1.0.10
[INFO] [stderr]    Compiling utf8parse v0.2.2
[INFO] [stderr]    Compiling colorchoice v1.0.3
[INFO] [stderr]    Compiling is_terminal_polyfill v1.70.1
[INFO] [stderr]    Compiling anstyle-query v1.1.2
[INFO] [stderr]    Compiling mockall_derive v0.13.0
[INFO] [stderr]    Compiling predicates-core v1.0.8
[INFO] [stderr]    Compiling anstyle-parse v0.2.6
[INFO] [stderr]    Compiling test-case-core v3.3.1
[INFO] [stderr]    Compiling termtree v0.4.1
[INFO] [stderr]    Compiling console v0.15.8
[INFO] [stderr]    Compiling anstream v0.6.17
[INFO] [stderr]    Compiling predicates-tree v1.0.11
[INFO] [stderr]    Compiling globset v0.4.15
[INFO] [stderr]    Compiling env_filter v0.1.2
[INFO] [stderr]    Compiling tracing v0.1.40
[INFO] [stderr]    Compiling env_logger v0.11.5
[INFO] [stderr]    Compiling ignore v0.4.23
[INFO] [stderr]    Compiling predicates v3.1.2
[INFO] [stderr]    Compiling test-log-macros v0.2.16
[INFO] [stderr]    Compiling similar v2.6.0
[INFO] [stderr]    Compiling downcast v0.11.0
[INFO] [stderr]    Compiling fragile v2.0.0
[INFO] [stderr]    Compiling linked-hash-map v0.5.6
[INFO] [stderr]    Compiling test-log v0.2.16
[INFO] [stderr]    Compiling test-case-macros v3.3.1
[INFO] [stderr]    Compiling globwalk v0.9.1
[INFO] [stderr]    Compiling test-case v3.3.1
[INFO] [stderr]    Compiling tera v1.20.0
[INFO] [stderr]    Compiling insta v1.41.1
[INFO] [stderr]    Compiling mockall v0.13.0
[INFO] [stderr]    Compiling swiftide-core v0.14.1
[INFO] [stderr]    Compiling swiftide-indexing v0.14.1 (/opt/rustwide/workdir)
[INFO] [stdout] error[E0432]: unresolved import `swiftide_core::MockEmbeddingModel`
[INFO] [stdout]    --> src/transformers/embed.rs:145:47
[INFO] [stdout]     |
[INFO] [stdout] 145 |     use swiftide_core::{BatchableTransformer, MockEmbeddingModel};
[INFO] [stdout]     |                                               ^^^^^^^^^^^^^^^^^^
[INFO] [stdout]     |                                               |
[INFO] [stdout]     |                                               no `MockEmbeddingModel` in the root
[INFO] [stdout]     |                                               help: a similar name exists in the module: `EmbeddingModel`
[INFO] [stdout] 
[INFO] [stdout] 
[INFO] [stdout] error[E0432]: unresolved import `swiftide_core::MockSimplePrompt`
[INFO] [stdout]   --> src/transformers/metadata_keywords.rs:55:9
[INFO] [stdout]    |
[INFO] [stdout] 55 |     use swiftide_core::MockSimplePrompt;
[INFO] [stdout]    |         ^^^^^^^^^^^^^^^----------------
[INFO] [stdout]    |         |              |
[INFO] [stdout]    |         |              help: a similar name exists in the module: `SimplePrompt`
[INFO] [stdout]    |         no `MockSimplePrompt` in the root
[INFO] [stdout] 
[INFO] [stdout] 
[INFO] [stdout] error[E0432]: unresolved import `swiftide_core::MockSimplePrompt`
[INFO] [stdout]   --> src/transformers/metadata_qa_text.rs:64:9
[INFO] [stdout]    |
[INFO] [stdout] 64 |     use swiftide_core::MockSimplePrompt;
[INFO] [stdout]    |         ^^^^^^^^^^^^^^^----------------
[INFO] [stdout]    |         |              |
[INFO] [stdout]    |         |              help: a similar name exists in the module: `SimplePrompt`
[INFO] [stdout]    |         no `MockSimplePrompt` in the root
[INFO] [stdout] 
[INFO] [stdout] 
[INFO] [stdout] error[E0432]: unresolved import `swiftide_core::MockSimplePrompt`
[INFO] [stdout]   --> src/transformers/metadata_summary.rs:57:9
[INFO] [stdout]    |
[INFO] [stdout] 57 |     use swiftide_core::MockSimplePrompt;
[INFO] [stdout]    |         ^^^^^^^^^^^^^^^----------------
[INFO] [stdout]    |         |              |
[INFO] [stdout]    |         |              help: a similar name exists in the module: `SimplePrompt`
[INFO] [stdout]    |         no `MockSimplePrompt` in the root
[INFO] [stdout] 
[INFO] [stdout] 
[INFO] [stdout] error[E0432]: unresolved import `swiftide_core::MockSimplePrompt`
[INFO] [stdout]   --> src/transformers/metadata_title.rs:57:9
[INFO] [stdout]    |
[INFO] [stdout] 57 |     use swiftide_core::MockSimplePrompt;
[INFO] [stdout]    |         ^^^^^^^^^^^^^^^----------------
[INFO] [stdout]    |         |              |
[INFO] [stdout]    |         |              help: a similar name exists in the module: `SimplePrompt`
[INFO] [stdout]    |         no `MockSimplePrompt` in the root
[INFO] [stdout] 
[INFO] [stdout] 
[INFO] [stdout] error[E0432]: unresolved import `swiftide_core::MockSparseEmbeddingModel`
[INFO] [stdout]    --> src/transformers/sparse_embed.rs:145:31
[INFO] [stdout]     |
[INFO] [stdout] 145 |         BatchableTransformer, MockSparseEmbeddingModel, SparseEmbedding, SparseEmbeddings,
[INFO] [stdout]     |                               ^^^^^^^^^^^^^^^^^^^^^^^^
[INFO] [stdout]     |                               |
[INFO] [stdout]     |                               no `MockSparseEmbeddingModel` in the root
[INFO] [stdout]     |                               help: a similar name exists in the module: `SparseEmbeddingModel`
[INFO] [stdout] 
[INFO] [stdout] 
[INFO] [stdout] warning: unused import: `swiftide_core::indexing::*`
[INFO] [stdout]    --> src/pipeline.rs:581:9
[INFO] [stdout]     |
[INFO] [stdout] 581 |     use swiftide_core::indexing::*;
[INFO] [stdout]     |         ^^^^^^^^^^^^^^^^^^^^^^^^^^
[INFO] [stdout]     |
[INFO] [stdout]     = note: `#[warn(unused_imports)]` on by default
[INFO] [stdout] 
[INFO] [stdout] 
[INFO] [stdout] error[E0433]: failed to resolve: use of undeclared type `MockLoader`
[INFO] [stdout]    --> src/pipeline.rs:586:26
[INFO] [stdout]     |
[INFO] [stdout] 586 |         let mut loader = MockLoader::new();
[INFO] [stdout]     |                          ^^^^^^^^^^ use of undeclared type `MockLoader`
[INFO] [stdout] 
[INFO] [stdout] 
[INFO] [stdout] error[E0433]: failed to resolve: use of undeclared type `MockTransformer`
[INFO] [stdout]    --> src/pipeline.rs:587:31
[INFO] [stdout]     |
[INFO] [stdout] 587 |         let mut transformer = MockTransformer::new();
[INFO] [stdout]     |                               ^^^^^^^^^^^^^^^
[INFO] [stdout]     |                               |
[INFO] [stdout]     |                               use of undeclared type `MockTransformer`
[INFO] [stdout]     |                               help: a trait with a similar name exists: `Transformer`
[INFO] [stdout] 
[INFO] [stdout] 
[INFO] [stdout] error[E0433]: failed to resolve: use of undeclared type `MockBatchableTransformer`
[INFO] [stdout]    --> src/pipeline.rs:588:37
[INFO] [stdout]     |
[INFO] [stdout] 588 |         let mut batch_transformer = MockBatchableTransformer::new();
[INFO] [stdout]     |                                     ^^^^^^^^^^^^^^^^^^^^^^^^
[INFO] [stdout]     |                                     |
[INFO] [stdout]     |                                     use of undeclared type `MockBatchableTransformer`
[INFO] [stdout]     |                                     help: a trait with a similar name exists: `BatchableTransformer`
[INFO] [stdout] 
[INFO] [stdout] 
[INFO] [stdout] error[E0433]: failed to resolve: use of undeclared type `MockChunkerTransformer`
[INFO] [stdout]    --> src/pipeline.rs:589:27
[INFO] [stdout]     |
[INFO] [stdout] 589 |         let mut chunker = MockChunkerTransformer::new();
[INFO] [stdout]     |                           ^^^^^^^^^^^^^^^^^^^^^^
[INFO] [stdout]     |                           |
[INFO] [stdout]     |                           use of undeclared type `MockChunkerTransformer`
[INFO] [stdout]     |                           help: a trait with a similar name exists: `ChunkerTransformer`
[INFO] [stdout] 
[INFO] [stdout] 
[INFO] [stdout] error[E0433]: failed to resolve: use of undeclared type `MockPersist`
[INFO] [stdout]    --> src/pipeline.rs:590:27
[INFO] [stdout]     |
[INFO] [stdout] 590 |         let mut storage = MockPersist::new();
[INFO] [stdout]     |                           ^^^^^^^^^^^ use of undeclared type `MockPersist`
[INFO] [stdout] 
[INFO] [stdout] 
[INFO] [stdout] error[E0433]: failed to resolve: use of undeclared type `MockLoader`
[INFO] [stdout]    --> src/pipeline.rs:653:26
[INFO] [stdout]     |
[INFO] [stdout] 653 |         let mut loader = MockLoader::new();
[INFO] [stdout]     |                          ^^^^^^^^^^ use of undeclared type `MockLoader`
[INFO] [stdout] 
[INFO] [stdout] 
[INFO] [stdout] error[E0433]: failed to resolve: use of undeclared type `MockTransformer`
[INFO] [stdout]    --> src/pipeline.rs:654:31
[INFO] [stdout]     |
[INFO] [stdout] 654 |         let mut transformer = MockTransformer::new();
[INFO] [stdout]     |                               ^^^^^^^^^^^^^^^
[INFO] [stdout]     |                               |
[INFO] [stdout]     |                               use of undeclared type `MockTransformer`
[INFO] [stdout]     |                               help: a trait with a similar name exists: `Transformer`
[INFO] [stdout] 
[INFO] [stdout] 
[INFO] [stdout] error[E0433]: failed to resolve: use of undeclared type `MockPersist`
[INFO] [stdout]    --> src/pipeline.rs:655:27
[INFO] [stdout]     |
[INFO] [stdout] 655 |         let mut storage = MockPersist::new();
[INFO] [stdout]     |                           ^^^^^^^^^^^ use of undeclared type `MockPersist`
[INFO] [stdout] 
[INFO] [stdout] 
[INFO] [stdout] error[E0433]: failed to resolve: use of undeclared type `MockLoader`
[INFO] [stdout]    --> src/pipeline.rs:678:26
[INFO] [stdout]     |
[INFO] [stdout] 678 |         let mut loader = MockLoader::new();
[INFO] [stdout]     |                          ^^^^^^^^^^ use of undeclared type `MockLoader`
[INFO] [stdout] 
[INFO] [stdout] 
[INFO] [stdout] error[E0433]: failed to resolve: use of undeclared type `MockTransformer`
[INFO] [stdout]    --> src/pipeline.rs:679:31
[INFO] [stdout]     |
[INFO] [stdout] 679 |         let mut transformer = MockTransformer::new();
[INFO] [stdout]     |                               ^^^^^^^^^^^^^^^
[INFO] [stdout]     |                               |
[INFO] [stdout]     |                               use of undeclared type `MockTransformer`
[INFO] [stdout]     |                               help: a trait with a similar name exists: `Transformer`
[INFO] [stdout] 
[INFO] [stdout] 
[INFO] [stdout] error[E0433]: failed to resolve: use of undeclared type `MockPersist`
[INFO] [stdout]    --> src/pipeline.rs:680:27
[INFO] [stdout]     |
[INFO] [stdout] 680 |         let mut storage = MockPersist::new();
[INFO] [stdout]     |                           ^^^^^^^^^^^ use of undeclared type `MockPersist`
[INFO] [stdout] 
[INFO] [stdout] 
[INFO] [stdout] error[E0433]: failed to resolve: use of undeclared type `MockLoader`
[INFO] [stdout]    --> src/pipeline.rs:717:26
[INFO] [stdout]     |
[INFO] [stdout] 717 |         let mut loader = MockLoader::new();
[INFO] [stdout]     |                          ^^^^^^^^^^ use of undeclared type `MockLoader`
[INFO] [stdout] 
[INFO] [stdout] 
[INFO] [stdout] error[E0433]: failed to resolve: use of undeclared type `MockLoader`
[INFO] [stdout]    --> src/pipeline.rs:743:26
[INFO] [stdout]     |
[INFO] [stdout] 743 |         let mut loader = MockLoader::new();
[INFO] [stdout]     |                          ^^^^^^^^^^ use of undeclared type `MockLoader`
[INFO] [stdout] 
[INFO] [stdout] 
[INFO] [stdout] error[E0433]: failed to resolve: use of undeclared type `MockLoader`
[INFO] [stdout]    --> src/pipeline.rs:770:26
[INFO] [stdout]     |
[INFO] [stdout] 770 |         let mut loader = MockLoader::new();
[INFO] [stdout]     |                          ^^^^^^^^^^ use of undeclared type `MockLoader`
[INFO] [stdout] 
[INFO] [stdout] 
[INFO] [stdout] error[E0433]: failed to resolve: use of undeclared type `MockLoader`
[INFO] [stdout]    --> src/pipeline.rs:798:26
[INFO] [stdout]     |
[INFO] [stdout] 798 |         let mut loader = MockLoader::new();
[INFO] [stdout]     |                          ^^^^^^^^^^ use of undeclared type `MockLoader`
[INFO] [stdout] 
[INFO] [stdout] 
[INFO] [stdout] error[E0433]: failed to resolve: use of undeclared type `MockLoader`
[INFO] [stdout]    --> src/pipeline.rs:860:26
[INFO] [stdout]     |
[INFO] [stdout] 860 |         let mut loader = MockLoader::new();
[INFO] [stdout]     |                          ^^^^^^^^^^ use of undeclared type `MockLoader`
[INFO] [stdout] 
[INFO] [stdout] 
[INFO] [stdout] error[E0433]: failed to resolve: use of undeclared type `MockTransformer`
[INFO] [stdout]    --> src/pipeline.rs:865:31
[INFO] [stdout]     |
[INFO] [stdout] 865 |         let mut transformer = MockTransformer::new();
[INFO] [stdout]     |                               ^^^^^^^^^^^^^^^
[INFO] [stdout]     |                               |
[INFO] [stdout]     |                               use of undeclared type `MockTransformer`
[INFO] [stdout]     |                               help: a trait with a similar name exists: `Transformer`
[INFO] [stdout] 
[INFO] [stdout] 
[INFO] [stdout] error[E0433]: failed to resolve: use of undeclared type `MockBatchableTransformer`
[INFO] [stdout]    --> src/pipeline.rs:869:37
[INFO] [stdout]     |
[INFO] [stdout] 869 |         let mut batch_transformer = MockBatchableTransformer::new();
[INFO] [stdout]     |                                     ^^^^^^^^^^^^^^^^^^^^^^^^
[INFO] [stdout]     |                                     |
[INFO] [stdout]     |                                     use of undeclared type `MockBatchableTransformer`
[INFO] [stdout]     |                                     help: a trait with a similar name exists: `BatchableTransformer`
[INFO] [stdout] 
[INFO] [stdout] 
[INFO] [stdout] error[E0433]: failed to resolve: use of undeclared type `MockChunkerTransformer`
[INFO] [stdout]    --> src/pipeline.rs:874:27
[INFO] [stdout]     |
[INFO] [stdout] 874 |         let mut chunker = MockChunkerTransformer::new();
[INFO] [stdout]     |                           ^^^^^^^^^^^^^^^^^^^^^^
[INFO] [stdout]     |                           |
[INFO] [stdout]     |                           use of undeclared type `MockChunkerTransformer`
[INFO] [stdout]     |                           help: a trait with a similar name exists: `ChunkerTransformer`
[INFO] [stdout] 
[INFO] [stdout] 
[INFO] [stdout] error[E0433]: failed to resolve: use of undeclared type `MockPersist`
[INFO] [stdout]    --> src/pipeline.rs:880:27
[INFO] [stdout]     |
[INFO] [stdout] 880 |         let mut storage = MockPersist::new();
[INFO] [stdout]     |                           ^^^^^^^^^^^ use of undeclared type `MockPersist`
[INFO] [stdout] 
[INFO] [stdout] 
[INFO] [stdout] Some errors have detailed explanations: E0432, E0433.
[INFO] [stdout] 
[INFO] [stdout] For more information about an error, try `rustc --explain E0432`.
[INFO] [stdout] 
[INFO] [stderr] error: could not compile `swiftide-indexing` (lib test) due to 26 previous errors; 1 warning emitted
[INFO] [stderr] warning: build failed, waiting for other jobs to finish...
[INFO] running `Command { std: "docker" "inspect" "ed1c7a5aafb003bae0269f3b864c5130aa48f48bdf85487992626f220cf6716b", kill_on_drop: false }`
[INFO] running `Command { std: "docker" "rm" "-f" "ed1c7a5aafb003bae0269f3b864c5130aa48f48bdf85487992626f220cf6716b", kill_on_drop: false }`
[INFO] [stdout] ed1c7a5aafb003bae0269f3b864c5130aa48f48bdf85487992626f220cf6716b
