[INFO] fetching crate swift-rs 1.0.7...
[INFO] testing swift-rs-1.0.7 against nightly-2024-10-28 for randomize-layout
[INFO] extracting crate swift-rs 1.0.7 into /workspace/builds/worker-0-tc1/source
[INFO] validating manifest of crates.io crate swift-rs 1.0.7 on toolchain nightly-2024-10-28
[INFO] running `Command { std: CARGO_HOME="/workspace/cargo-home" RUSTUP_HOME="/workspace/rustup-home" "/workspace/cargo-home/bin/cargo" "+nightly-2024-10-28" "metadata" "--manifest-path" "Cargo.toml" "--no-deps", kill_on_drop: false }`
[INFO] started tweaking crates.io crate swift-rs 1.0.7
[INFO] removed 0 missing tests
[INFO] finished tweaking crates.io crate swift-rs 1.0.7
[INFO] tweaked toml for crates.io crate swift-rs 1.0.7 written to /workspace/builds/worker-0-tc1/source/Cargo.toml
[INFO] running `Command { std: CARGO_HOME="/workspace/cargo-home" RUSTUP_HOME="/workspace/rustup-home" "/workspace/cargo-home/bin/cargo" "+nightly-2024-10-28" "generate-lockfile" "--manifest-path" "Cargo.toml", kill_on_drop: false }`
[INFO] [stderr]     Updating crates.io index
[INFO] [stderr]      Locking 49 packages to latest compatible versions
[INFO] [stderr]       Adding base64 v0.21.7 (available: v0.22.1)
[INFO] [stderr]       Adding serial_test v0.10.0 (available: v3.1.1)
[INFO] running `Command { std: CARGO_HOME="/workspace/cargo-home" RUSTUP_HOME="/workspace/rustup-home" "/workspace/cargo-home/bin/cargo" "+nightly-2024-10-28" "fetch" "--manifest-path" "Cargo.toml", kill_on_drop: false }`
[INFO] [stderr]  Downloading crates ...
[INFO] [stderr]   Downloaded serial_test_derive v0.10.0
[INFO] [stderr]   Downloaded serial_test v0.10.0
[INFO] running `Command { std: "docker" "create" "-v" "/var/lib/crater-agent-workspace/builds/worker-0-tc1/target:/opt/rustwide/target:rw,Z" "-v" "/var/lib/crater-agent-workspace/builds/worker-0-tc1/source:/opt/rustwide/workdir:ro,Z" "-v" "/var/lib/crater-agent-workspace/cargo-home:/opt/rustwide/cargo-home:ro,Z" "-v" "/var/lib/crater-agent-workspace/rustup-home:/opt/rustwide/rustup-home:ro,Z" "-e" "SOURCE_DIR=/opt/rustwide/workdir" "-e" "CARGO_TARGET_DIR=/opt/rustwide/target" "-e" "CARGO_HOME=/opt/rustwide/cargo-home" "-e" "RUSTUP_HOME=/opt/rustwide/rustup-home" "-w" "/opt/rustwide/workdir" "-m" "1610612736" "--user" "0:0" "--network" "none" "ghcr.io/rust-lang/crates-build-env/linux@sha256:4a844ea9eb2546a2d2c7022eacef16ef2e8229c7fbb2c7d4d55a9ceca922f72d" "/opt/rustwide/cargo-home/bin/cargo" "+nightly-2024-10-28" "metadata" "--no-deps" "--format-version=1", kill_on_drop: false }`
[INFO] [stdout] 53e66e51fbfcf0b42cf3f7cb76829b68aadd470cf0cba8aa3d7b4168974c9fb6
[INFO] running `Command { std: "docker" "start" "-a" "53e66e51fbfcf0b42cf3f7cb76829b68aadd470cf0cba8aa3d7b4168974c9fb6", kill_on_drop: false }`
[INFO] running `Command { std: "docker" "inspect" "53e66e51fbfcf0b42cf3f7cb76829b68aadd470cf0cba8aa3d7b4168974c9fb6", kill_on_drop: false }`
[INFO] running `Command { std: "docker" "rm" "-f" "53e66e51fbfcf0b42cf3f7cb76829b68aadd470cf0cba8aa3d7b4168974c9fb6", kill_on_drop: false }`
[INFO] [stdout] 53e66e51fbfcf0b42cf3f7cb76829b68aadd470cf0cba8aa3d7b4168974c9fb6
[INFO] running `Command { std: "docker" "create" "-v" "/var/lib/crater-agent-workspace/builds/worker-0-tc1/target:/opt/rustwide/target:rw,Z" "-v" "/var/lib/crater-agent-workspace/builds/worker-0-tc1/source:/opt/rustwide/workdir:ro,Z" "-v" "/var/lib/crater-agent-workspace/cargo-home:/opt/rustwide/cargo-home:ro,Z" "-v" "/var/lib/crater-agent-workspace/rustup-home:/opt/rustwide/rustup-home:ro,Z" "-e" "SOURCE_DIR=/opt/rustwide/workdir" "-e" "CARGO_TARGET_DIR=/opt/rustwide/target" "-e" "CARGO_INCREMENTAL=0" "-e" "RUST_BACKTRACE=full" "-e" "RUSTFLAGS=--cap-lints=forbid" "-e" "RUSTDOCFLAGS=--cap-lints=forbid" "-e" "CARGO_HOME=/opt/rustwide/cargo-home" "-e" "RUSTUP_HOME=/opt/rustwide/rustup-home" "-w" "/opt/rustwide/workdir" "-m" "1610612736" "--user" "0:0" "--network" "none" "ghcr.io/rust-lang/crates-build-env/linux@sha256:4a844ea9eb2546a2d2c7022eacef16ef2e8229c7fbb2c7d4d55a9ceca922f72d" "/opt/rustwide/cargo-home/bin/cargo" "+nightly-2024-10-28" "build" "--frozen" "--message-format=json", kill_on_drop: false }`
[INFO] [stdout] 0d2a9bd2978c49540c611a8666dd0664c4f3bf0c0a9da80d3bd67597fe907866
[INFO] running `Command { std: "docker" "start" "-a" "0d2a9bd2978c49540c611a8666dd0664c4f3bf0c0a9da80d3bd67597fe907866", kill_on_drop: false }`
[INFO] [stderr]    Compiling proc-macro2 v1.0.89
[INFO] [stderr]    Compiling serde_json v1.0.132
[INFO] [stderr]    Compiling itoa v1.0.11
[INFO] [stderr]    Compiling ryu v1.0.18
[INFO] [stderr]    Compiling base64 v0.21.7
[INFO] [stderr]    Compiling serde v1.0.214
[INFO] [stderr]    Compiling quote v1.0.37
[INFO] [stderr]    Compiling syn v2.0.86
[INFO] [stderr]    Compiling serde_derive v1.0.214
[INFO] [stderr]    Compiling swift-rs v1.0.7 (/opt/rustwide/workdir)
[INFO] [stdout] warning: unused import: `autorelease::*`
[INFO] [stdout]   --> src-rs/lib.rs:10:9
[INFO] [stdout]    |
[INFO] [stdout] 10 | pub use autorelease::*;
[INFO] [stdout]    |         ^^^^^^^^^^^^^^
[INFO] [stdout]    |
[INFO] [stdout]    = note: `#[warn(unused_imports)]` on by default
[INFO] [stdout] 
[INFO] [stdout] 
[INFO] [stderr]     Finished `dev` profile [unoptimized + debuginfo] target(s) in 10.28s
[INFO] running `Command { std: "docker" "inspect" "0d2a9bd2978c49540c611a8666dd0664c4f3bf0c0a9da80d3bd67597fe907866", kill_on_drop: false }`
[INFO] running `Command { std: "docker" "rm" "-f" "0d2a9bd2978c49540c611a8666dd0664c4f3bf0c0a9da80d3bd67597fe907866", kill_on_drop: false }`
[INFO] [stdout] 0d2a9bd2978c49540c611a8666dd0664c4f3bf0c0a9da80d3bd67597fe907866
[INFO] running `Command { std: "docker" "create" "-v" "/var/lib/crater-agent-workspace/builds/worker-0-tc1/target:/opt/rustwide/target:rw,Z" "-v" "/var/lib/crater-agent-workspace/builds/worker-0-tc1/source:/opt/rustwide/workdir:ro,Z" "-v" "/var/lib/crater-agent-workspace/cargo-home:/opt/rustwide/cargo-home:ro,Z" "-v" "/var/lib/crater-agent-workspace/rustup-home:/opt/rustwide/rustup-home:ro,Z" "-e" "SOURCE_DIR=/opt/rustwide/workdir" "-e" "CARGO_TARGET_DIR=/opt/rustwide/target" "-e" "CARGO_INCREMENTAL=0" "-e" "RUST_BACKTRACE=full" "-e" "RUSTFLAGS=--cap-lints=forbid" "-e" "RUSTDOCFLAGS=--cap-lints=forbid" "-e" "CARGO_HOME=/opt/rustwide/cargo-home" "-e" "RUSTUP_HOME=/opt/rustwide/rustup-home" "-w" "/opt/rustwide/workdir" "-m" "1610612736" "--user" "0:0" "--network" "none" "ghcr.io/rust-lang/crates-build-env/linux@sha256:4a844ea9eb2546a2d2c7022eacef16ef2e8229c7fbb2c7d4d55a9ceca922f72d" "/opt/rustwide/cargo-home/bin/cargo" "+nightly-2024-10-28" "test" "--frozen" "--no-run" "--message-format=json", kill_on_drop: false }`
[INFO] [stdout] 3e7413af9aa4d7969f57ac31125d185a0470383dc5186c57985a3615226e8ea5
[INFO] running `Command { std: "docker" "start" "-a" "3e7413af9aa4d7969f57ac31125d185a0470383dc5186c57985a3615226e8ea5", kill_on_drop: false }`
[INFO] [stderr]    Compiling futures-sink v0.3.31
[INFO] [stderr]    Compiling futures-core v0.3.31
[INFO] [stderr]    Compiling syn v1.0.109
[INFO] [stderr]    Compiling pin-utils v0.1.0
[INFO] [stderr]    Compiling slab v0.4.9
[INFO] [stderr]    Compiling futures-task v0.3.31
[INFO] [stderr]    Compiling futures-io v0.3.31
[INFO] [stderr]    Compiling hashbrown v0.14.5
[INFO] [stderr]    Compiling log v0.4.22
[INFO] [stderr]    Compiling syn v2.0.86
[INFO] [stderr]    Compiling futures-channel v0.3.31
[INFO] [stderr]    Compiling futures-util v0.3.31
[INFO] [stderr]    Compiling dashmap v5.5.3
[INFO] [stderr]    Compiling serde_derive v1.0.214
[INFO] [stderr]    Compiling serial_test_derive v0.10.0
[INFO] [stderr]    Compiling futures-executor v0.3.31
[INFO] [stderr]    Compiling futures v0.3.31
[INFO] [stderr]    Compiling serial_test v0.10.0
[INFO] [stderr]    Compiling serde v1.0.214
[INFO] [stderr]    Compiling serde_json v1.0.132
[INFO] [stderr]    Compiling swift-rs v1.0.7 (/opt/rustwide/workdir)
[INFO] [stdout] warning: unused import: `autorelease::*`
[INFO] [stdout]   --> src-rs/lib.rs:10:9
[INFO] [stdout]    |
[INFO] [stdout] 10 | pub use autorelease::*;
[INFO] [stdout]    |         ^^^^^^^^^^^^^^
[INFO] [stdout]    |
[INFO] [stdout]    = note: `#[warn(unused_imports)]` on by default
[INFO] [stdout] 
[INFO] [stdout] 
[INFO] [stdout] warning: unused import: `autorelease::*`
[INFO] [stdout]   --> src-rs/lib.rs:10:9
[INFO] [stdout]    |
[INFO] [stdout] 10 | pub use autorelease::*;
[INFO] [stdout]    |         ^^^^^^^^^^^^^^
[INFO] [stdout]    |
[INFO] [stdout]    = note: `#[warn(unused_imports)]` on by default
[INFO] [stdout] 
[INFO] [stdout] 
[INFO] [stdout] error: linking with `cc` failed: exit status: 1
[INFO] [stdout]   |
[INFO] [stdout]   = note: LC_ALL="C" PATH="/opt/rustwide/rustup-home/toolchains/nightly-2024-10-28-x86_64-unknown-linux-gnu/lib/rustlib/x86_64-unknown-linux-gnu/bin:/opt/rustwide/rustup-home/toolchains/nightly-2024-10-28-x86_64-unknown-linux-gnu/lib/rustlib/x86_64-unknown-linux-gnu/bin/self-contained:/opt/rustwide/cargo-home/bin:/usr/local/sbin:/usr/local/bin:/usr/sbin:/usr/bin:/sbin:/bin" VSLANG="1033" "cc" "-m64" "/tmp/rustcTAosai/symbols.o" "/opt/rustwide/target/debug/deps/test_bindings-3a62318096f15ea3.test_bindings.e0093afead842065-cgu.0.rcgu.o" "/opt/rustwide/target/debug/deps/test_bindings-3a62318096f15ea3.9qdsz2c8sui760pupydcg5w2f.rcgu.o" "-Wl,--as-needed" "-Wl,-Bstatic" "/opt/rustwide/rustup-home/toolchains/nightly-2024-10-28-x86_64-unknown-linux-gnu/lib/rustlib/x86_64-unknown-linux-gnu/lib/libtest-a09fad3b5321e7d6.rlib" "/opt/rustwide/rustup-home/toolchains/nightly-2024-10-28-x86_64-unknown-linux-gnu/lib/rustlib/x86_64-unknown-linux-gnu/lib/libgetopts-f9c3dff41ad42661.rlib" "/opt/rustwide/rustup-home/toolchains/nightly-2024-10-28-x86_64-unknown-linux-gnu/lib/rustlib/x86_64-unknown-linux-gnu/lib/libunicode_width-ad2aef31af6addd3.rlib" "/opt/rustwide/rustup-home/toolchains/nightly-2024-10-28-x86_64-unknown-linux-gnu/lib/rustlib/x86_64-unknown-linux-gnu/lib/librustc_std_workspace_std-e3f907dc03deb913.rlib" "/opt/rustwide/target/debug/deps/libswift_rs-6136da43010e0b8d.rlib" "/opt/rustwide/target/debug/deps/libserial_test-05ba26e90796d99e.rlib" "/opt/rustwide/target/debug/deps/libparking_lot-48105096751b50b5.rlib" "/opt/rustwide/target/debug/deps/libfutures-58c77e6e9f88731f.rlib" "/opt/rustwide/target/debug/deps/libfutures_executor-d69114da3a9fab10.rlib" "/opt/rustwide/target/debug/deps/libfutures_util-49a7810155eb5e13.rlib" "/opt/rustwide/target/debug/deps/libmemchr-c7ff0286392b94eb.rlib" "/opt/rustwide/target/debug/deps/libfutures_io-124a01bb0b35f096.rlib" "/opt/rustwide/target/debug/deps/libslab-d637e80c635d9ae6.rlib" "/opt/rustwide/target/debug/deps/libfutures_channel-6368d936959d2967.rlib" "/opt/rustwide/target/debug/deps/libpin_project_lite-2633596a5f246a3b.rlib" "/opt/rustwide/target/debug/deps/libfutures_sink-4d32f3be9705a29b.rlib" "/opt/rustwide/target/debug/deps/libfutures_task-6b7e7a881f61604a.rlib" "/opt/rustwide/target/debug/deps/libpin_utils-76c2785263cdb1c1.rlib" "/opt/rustwide/target/debug/deps/libfutures_core-eeb6e4ec8d2fd68c.rlib" "/opt/rustwide/target/debug/deps/liblog-b6b1a89bf87ced53.rlib" "/opt/rustwide/target/debug/deps/liblazy_static-7af2f34f8b124b26.rlib" "/opt/rustwide/target/debug/deps/libdashmap-018653c75347d30a.rlib" "/opt/rustwide/target/debug/deps/liblock_api-e2cb0d427dfba242.rlib" "/opt/rustwide/target/debug/deps/libscopeguard-003ee3b9b09cebdb.rlib" "/opt/rustwide/target/debug/deps/libonce_cell-6dc575c335e8f5a1.rlib" "/opt/rustwide/target/debug/deps/libparking_lot_core-065241234d420790.rlib" "/opt/rustwide/target/debug/deps/liblibc-663f09ba3db1840e.rlib" "/opt/rustwide/target/debug/deps/libcfg_if-57bf25c23e31efdb.rlib" "/opt/rustwide/target/debug/deps/libsmallvec-756ee87804f0eec5.rlib" "/opt/rustwide/target/debug/deps/libhashbrown-17cd557bcbec3b2d.rlib" "/opt/rustwide/rustup-home/toolchains/nightly-2024-10-28-x86_64-unknown-linux-gnu/lib/rustlib/x86_64-unknown-linux-gnu/lib/libstd-fb8c387236db3c10.rlib" "/opt/rustwide/rustup-home/toolchains/nightly-2024-10-28-x86_64-unknown-linux-gnu/lib/rustlib/x86_64-unknown-linux-gnu/lib/libpanic_unwind-b251837809b2f64b.rlib" "/opt/rustwide/rustup-home/toolchains/nightly-2024-10-28-x86_64-unknown-linux-gnu/lib/rustlib/x86_64-unknown-linux-gnu/lib/libobject-cbef83eaa4e01f04.rlib" "/opt/rustwide/rustup-home/toolchains/nightly-2024-10-28-x86_64-unknown-linux-gnu/lib/rustlib/x86_64-unknown-linux-gnu/lib/libmemchr-12a772286de2fca7.rlib" "/opt/rustwide/rustup-home/toolchains/nightly-2024-10-28-x86_64-unknown-linux-gnu/lib/rustlib/x86_64-unknown-linux-gnu/lib/libaddr2line-023bbe5ada7abfc3.rlib" "/opt/rustwide/rustup-home/toolchains/nightly-2024-10-28-x86_64-unknown-linux-gnu/lib/rustlib/x86_64-unknown-linux-gnu/lib/libgimli-de2bcdf10ec69c2b.rlib" "/opt/rustwide/rustup-home/toolchains/nightly-2024-10-28-x86_64-unknown-linux-gnu/lib/rustlib/x86_64-unknown-linux-gnu/lib/librustc_demangle-8e1754df350800fd.rlib" "/opt/rustwide/rustup-home/toolchains/nightly-2024-10-28-x86_64-unknown-linux-gnu/lib/rustlib/x86_64-unknown-linux-gnu/lib/libstd_detect-06c2ab7b9c32e037.rlib" "/opt/rustwide/rustup-home/toolchains/nightly-2024-10-28-x86_64-unknown-linux-gnu/lib/rustlib/x86_64-unknown-linux-gnu/lib/libhashbrown-51d2621fc57a281b.rlib" "/opt/rustwide/rustup-home/toolchains/nightly-2024-10-28-x86_64-unknown-linux-gnu/lib/rustlib/x86_64-unknown-linux-gnu/lib/librustc_std_workspace_alloc-54a930408793772f.rlib" "/opt/rustwide/rustup-home/toolchains/nightly-2024-10-28-x86_64-unknown-linux-gnu/lib/rustlib/x86_64-unknown-linux-gnu/lib/libminiz_oxide-0c7d01cba400dcb2.rlib" "/opt/rustwide/rustup-home/toolchains/nightly-2024-10-28-x86_64-unknown-linux-gnu/lib/rustlib/x86_64-unknown-linux-gnu/lib/libadler-b9f84d69e331b75b.rlib" "/opt/rustwide/rustup-home/toolchains/nightly-2024-10-28-x86_64-unknown-linux-gnu/lib/rustlib/x86_64-unknown-linux-gnu/lib/libunwind-eec95493246aae39.rlib" "/opt/rustwide/rustup-home/toolchains/nightly-2024-10-28-x86_64-unknown-linux-gnu/lib/rustlib/x86_64-unknown-linux-gnu/lib/libcfg_if-6f6676c475e08ab0.rlib" "/opt/rustwide/rustup-home/toolchains/nightly-2024-10-28-x86_64-unknown-linux-gnu/lib/rustlib/x86_64-unknown-linux-gnu/lib/liblibc-799d520624f8b2e0.rlib" "/opt/rustwide/rustup-home/toolchains/nightly-2024-10-28-x86_64-unknown-linux-gnu/lib/rustlib/x86_64-unknown-linux-gnu/lib/liballoc-fcf93d4842acd9a9.rlib" "/opt/rustwide/rustup-home/toolchains/nightly-2024-10-28-x86_64-unknown-linux-gnu/lib/rustlib/x86_64-unknown-linux-gnu/lib/librustc_std_workspace_core-395a38b8e0851c9b.rlib" "/opt/rustwide/rustup-home/toolchains/nightly-2024-10-28-x86_64-unknown-linux-gnu/lib/rustlib/x86_64-unknown-linux-gnu/lib/libcore-d453bab70303062c.rlib" "/opt/rustwide/rustup-home/toolchains/nightly-2024-10-28-x86_64-unknown-linux-gnu/lib/rustlib/x86_64-unknown-linux-gnu/lib/libcompiler_builtins-0e6386368b0a24e8.rlib" "-Wl,-Bdynamic" "-lgcc_s" "-lutil" "-lrt" "-lpthread" "-lm" "-ldl" "-lc" "-B/opt/rustwide/rustup-home/toolchains/nightly-2024-10-28-x86_64-unknown-linux-gnu/lib/rustlib/x86_64-unknown-linux-gnu/bin/gcc-ld" "-fuse-ld=lld" "-Wl,--eh-frame-hdr" "-Wl,-z,noexecstack" "-L" "/opt/rustwide/rustup-home/toolchains/nightly-2024-10-28-x86_64-unknown-linux-gnu/lib/rustlib/x86_64-unknown-linux-gnu/lib" "-o" "/opt/rustwide/target/debug/deps/test_bindings-3a62318096f15ea3" "-Wl,--gc-sections" "-pie" "-Wl,-z,relro,-z,now" "-nodefaultlibs"
[INFO] [stdout]   = note: rust-lld: error: undefined symbol: echo
[INFO] [stdout]           >>> referenced by swift.rs:93 (src-rs/swift.rs:93)
[INFO] [stdout]           >>>               /opt/rustwide/target/debug/deps/test_bindings-3a62318096f15ea3.test_bindings.e0093afead842065-cgu.0.rcgu.o:(test_bindings::echo::hb8afa3792290a7da)
[INFO] [stdout]           
[INFO] [stdout]           rust-lld: error: undefined symbol: get_greeting
[INFO] [stdout]           >>> referenced by swift.rs:93 (src-rs/swift.rs:93)
[INFO] [stdout]           >>>               /opt/rustwide/target/debug/deps/test_bindings-3a62318096f15ea3.test_bindings.e0093afead842065-cgu.0.rcgu.o:(test_bindings::get_greeting::hb3d9b2a1e3d02e37)
[INFO] [stdout]           
[INFO] [stdout]           rust-lld: error: undefined symbol: objc_autoreleasePoolPush
[INFO] [stdout]           >>> referenced by test_bindings.rs:99 (tests/test_bindings.rs:99)
[INFO] [stdout]           >>>               /opt/rustwide/target/debug/deps/test_bindings-3a62318096f15ea3.test_bindings.e0093afead842065-cgu.0.rcgu.o:(test_bindings::test_autoreleasepool::_$u7b$$u7b$closure$u7d$$u7d$::_$u7b$$u7b$closure$u7d$$u7d$::hb07c342454699108)
[INFO] [stdout]           >>> referenced by test_bindings.rs:99 (tests/test_bindings.rs:99)
[INFO] [stdout]           >>>               /opt/rustwide/target/debug/deps/test_bindings-3a62318096f15ea3.test_bindings.e0093afead842065-cgu.0.rcgu.o:(test_bindings::test_autoreleasepool::_$u7b$$u7b$closure$u7d$$u7d$::_$u7b$$u7b$closure$u7d$$u7d$::h1d908451b77ddbcd)
[INFO] [stdout]           
[INFO] [stdout]           rust-lld: error: undefined symbol: objc_autoreleasePoolPop
[INFO] [stdout]           >>> referenced by test_bindings.rs:99 (tests/test_bindings.rs:99)
[INFO] [stdout]           >>>               /opt/rustwide/target/debug/deps/test_bindings-3a62318096f15ea3.test_bindings.e0093afead842065-cgu.0.rcgu.o:(test_bindings::test_autoreleasepool::_$u7b$$u7b$closure$u7d$$u7d$::_$u7b$$u7b$closure$u7d$$u7d$::hb07c342454699108)
[INFO] [stdout]           >>> referenced by test_bindings.rs:99 (tests/test_bindings.rs:99)
[INFO] [stdout]           >>>               /opt/rustwide/target/debug/deps/test_bindings-3a62318096f15ea3.test_bindings.e0093afead842065-cgu.0.rcgu.o:(test_bindings::test_autoreleasepool::_$u7b$$u7b$closure$u7d$$u7d$::_$u7b$$u7b$closure$u7d$$u7d$::h1d908451b77ddbcd)
[INFO] [stdout]           
[INFO] [stdout]           rust-lld: error: undefined symbol: complex_data
[INFO] [stdout]           >>> referenced by swift.rs:93 (src-rs/swift.rs:93)
[INFO] [stdout]           >>>               /opt/rustwide/target/debug/deps/test_bindings-3a62318096f15ea3.test_bindings.e0093afead842065-cgu.0.rcgu.o:(test_bindings::complex_data::hbb9902c214f0ab5b)
[INFO] [stdout]           
[INFO] [stdout]           rust-lld: error: undefined symbol: echo_data
[INFO] [stdout]           >>> referenced by swift.rs:93 (src-rs/swift.rs:93)
[INFO] [stdout]           >>>               /opt/rustwide/target/debug/deps/test_bindings-3a62318096f15ea3.test_bindings.e0093afead842065-cgu.0.rcgu.o:(test_bindings::echo_data::h4a94a94aa97f468e)
[INFO] [stdout]           
[INFO] [stdout]           rust-lld: error: undefined symbol: retain_object
[INFO] [stdout]           >>> referenced by swift.rs:93 (src-rs/swift.rs:93)
[INFO] [stdout]           >>>               swift_rs-6136da43010e0b8d.swift_rs.42220c080440a9ab-cgu.0.rcgu.o:(swift_rs::swift::retain_object::hc1519e4bee708ae7) in archive /opt/rustwide/target/debug/deps/libswift_rs-6136da43010e0b8d.rlib
[INFO] [stdout]           
[INFO] [stdout]           rust-lld: error: undefined symbol: release_object
[INFO] [stdout]           >>> referenced by swift.rs:93 (src-rs/swift.rs:93)
[INFO] [stdout]           >>>               swift_rs-6136da43010e0b8d.swift_rs.42220c080440a9ab-cgu.0.rcgu.o:(swift_rs::swift::release_object::h9b3f7659eb72a1d7) in archive /opt/rustwide/target/debug/deps/libswift_rs-6136da43010e0b8d.rlib
[INFO] [stdout]           
[INFO] [stdout]           rust-lld: error: undefined symbol: data_from_bytes
[INFO] [stdout]           >>> referenced by swift.rs:93 (src-rs/swift.rs:93)
[INFO] [stdout]           >>>               swift_rs-6136da43010e0b8d.swift_rs.42220c080440a9ab-cgu.0.rcgu.o:(swift_rs::swift::data_from_bytes::he022708f8e987e27) in archive /opt/rustwide/target/debug/deps/libswift_rs-6136da43010e0b8d.rlib
[INFO] [stdout]           
[INFO] [stdout]           rust-lld: error: undefined symbol: string_from_bytes
[INFO] [stdout]           >>> referenced by swift.rs:93 (src-rs/swift.rs:93)
[INFO] [stdout]           >>>               swift_rs-6136da43010e0b8d.swift_rs.42220c080440a9ab-cgu.0.rcgu.o:(swift_rs::swift::string_from_bytes::had1523035e145537) in archive /opt/rustwide/target/debug/deps/libswift_rs-6136da43010e0b8d.rlib
[INFO] [stdout]           collect2: error: ld returned 1 exit status
[INFO] [stdout]           
[INFO] [stdout] 
[INFO] [stdout] 
[INFO] [stderr] error: could not compile `swift-rs` (test "test_bindings") due to 1 previous error
[INFO] running `Command { std: "docker" "inspect" "3e7413af9aa4d7969f57ac31125d185a0470383dc5186c57985a3615226e8ea5", kill_on_drop: false }`
[INFO] running `Command { std: "docker" "rm" "-f" "3e7413af9aa4d7969f57ac31125d185a0470383dc5186c57985a3615226e8ea5", kill_on_drop: false }`
[INFO] [stdout] 3e7413af9aa4d7969f57ac31125d185a0470383dc5186c57985a3615226e8ea5
