[INFO] fetching crate sweet-cli 0.2.0-rc.4...
[INFO] testing sweet-cli-0.2.0-rc.4 against nightly-2024-10-28+rustflags=-Zrandomize-layout for randomize-layout
[INFO] extracting crate sweet-cli 0.2.0-rc.4 into /workspace/builds/worker-4-tc2/source
[INFO] validating manifest of crates.io crate sweet-cli 0.2.0-rc.4 on toolchain nightly-2024-10-28
[INFO] running `Command { std: CARGO_HOME="/workspace/cargo-home" RUSTUP_HOME="/workspace/rustup-home" "/workspace/cargo-home/bin/cargo" "+nightly-2024-10-28" "metadata" "--manifest-path" "Cargo.toml" "--no-deps", kill_on_drop: false }`
[INFO] started tweaking crates.io crate sweet-cli 0.2.0-rc.4
[INFO] removed 0 missing examples
[INFO] finished tweaking crates.io crate sweet-cli 0.2.0-rc.4
[INFO] tweaked toml for crates.io crate sweet-cli 0.2.0-rc.4 written to /workspace/builds/worker-4-tc2/source/Cargo.toml
[INFO] crate crates.io crate sweet-cli 0.2.0-rc.4 already has a lockfile, it will not be regenerated
[INFO] running `Command { std: CARGO_HOME="/workspace/cargo-home" RUSTUP_HOME="/workspace/rustup-home" "/workspace/cargo-home/bin/cargo" "+nightly-2024-10-28" "fetch" "--manifest-path" "Cargo.toml", kill_on_drop: false }`
[INFO] running `Command { std: "docker" "create" "-v" "/var/lib/crater-agent-workspace/builds/worker-4-tc2/target:/opt/rustwide/target:rw,Z" "-v" "/var/lib/crater-agent-workspace/builds/worker-4-tc2/source:/opt/rustwide/workdir:ro,Z" "-v" "/var/lib/crater-agent-workspace/cargo-home:/opt/rustwide/cargo-home:ro,Z" "-v" "/var/lib/crater-agent-workspace/rustup-home:/opt/rustwide/rustup-home:ro,Z" "-e" "SOURCE_DIR=/opt/rustwide/workdir" "-e" "CARGO_TARGET_DIR=/opt/rustwide/target" "-e" "CARGO_HOME=/opt/rustwide/cargo-home" "-e" "RUSTUP_HOME=/opt/rustwide/rustup-home" "-w" "/opt/rustwide/workdir" "-m" "1610612736" "--user" "0:0" "--network" "none" "ghcr.io/rust-lang/crates-build-env/linux@sha256:4a844ea9eb2546a2d2c7022eacef16ef2e8229c7fbb2c7d4d55a9ceca922f72d" "/opt/rustwide/cargo-home/bin/cargo" "+nightly-2024-10-28" "metadata" "--no-deps" "--format-version=1", kill_on_drop: false }`
[INFO] [stdout] aaefa22ca7e41f52df8c914a4f031cdf5bb1355475803e951ae183bc61d64695
[INFO] running `Command { std: "docker" "start" "-a" "aaefa22ca7e41f52df8c914a4f031cdf5bb1355475803e951ae183bc61d64695", kill_on_drop: false }`
[INFO] running `Command { std: "docker" "inspect" "aaefa22ca7e41f52df8c914a4f031cdf5bb1355475803e951ae183bc61d64695", kill_on_drop: false }`
[INFO] running `Command { std: "docker" "rm" "-f" "aaefa22ca7e41f52df8c914a4f031cdf5bb1355475803e951ae183bc61d64695", kill_on_drop: false }`
[INFO] [stdout] aaefa22ca7e41f52df8c914a4f031cdf5bb1355475803e951ae183bc61d64695
[INFO] running `Command { std: "docker" "create" "-v" "/var/lib/crater-agent-workspace/builds/worker-4-tc2/target:/opt/rustwide/target:rw,Z" "-v" "/var/lib/crater-agent-workspace/builds/worker-4-tc2/source:/opt/rustwide/workdir:ro,Z" "-v" "/var/lib/crater-agent-workspace/cargo-home:/opt/rustwide/cargo-home:ro,Z" "-v" "/var/lib/crater-agent-workspace/rustup-home:/opt/rustwide/rustup-home:ro,Z" "-e" "SOURCE_DIR=/opt/rustwide/workdir" "-e" "CARGO_TARGET_DIR=/opt/rustwide/target" "-e" "CARGO_INCREMENTAL=0" "-e" "RUST_BACKTRACE=full" "-e" "RUSTFLAGS=--cap-lints=forbid -Zrandomize-layout" "-e" "RUSTDOCFLAGS=--cap-lints=forbid" "-e" "CARGO_HOME=/opt/rustwide/cargo-home" "-e" "RUSTUP_HOME=/opt/rustwide/rustup-home" "-w" "/opt/rustwide/workdir" "-m" "1610612736" "--user" "0:0" "--network" "none" "ghcr.io/rust-lang/crates-build-env/linux@sha256:4a844ea9eb2546a2d2c7022eacef16ef2e8229c7fbb2c7d4d55a9ceca922f72d" "/opt/rustwide/cargo-home/bin/cargo" "+nightly-2024-10-28" "build" "--frozen" "--message-format=json", kill_on_drop: false }`
[INFO] [stdout] 665d98577280c019bf13d6944c2c00bf1cbc9a756d6638d42a5e0af6e7a120d3
[INFO] running `Command { std: "docker" "start" "-a" "665d98577280c019bf13d6944c2c00bf1cbc9a756d6638d42a5e0af6e7a120d3", kill_on_drop: false }`
[INFO] [stderr]    Compiling libc v0.2.155
[INFO] [stderr]    Compiling autocfg v1.3.0
[INFO] [stderr]    Compiling cc v1.1.6
[INFO] [stderr]    Compiling memchr v2.7.4
[INFO] [stderr]    Compiling bytes v1.6.1
[INFO] [stderr]    Compiling futures-sink v0.3.30
[INFO] [stderr]    Compiling futures-core v0.3.30
[INFO] [stderr]    Compiling crossbeam-utils v0.8.20
[INFO] [stderr]    Compiling tower-service v0.3.2
[INFO] [stderr]    Compiling rustversion v1.0.17
[INFO] [stderr]    Compiling tracing-core v0.1.32
[INFO] [stderr]    Compiling serde v1.0.204
[INFO] [stderr]    Compiling typenum v1.17.0
[INFO] [stderr]    Compiling hashbrown v0.14.5
[INFO] [stderr]    Compiling httparse v1.9.4
[INFO] [stderr]    Compiling syn v2.0.72
[INFO] [stderr]    Compiling pkg-config v0.3.30
[INFO] [stderr]    Compiling futures-channel v0.3.30
[INFO] [stderr]    Compiling equivalent v1.0.1
[INFO] [stderr]    Compiling generic-array v0.14.7
[INFO] [stderr]    Compiling unicase v2.7.0
[INFO] [stderr]    Compiling untrusted v0.9.0
[INFO] [stderr]    Compiling tracing v0.1.40
[INFO] [stderr]    Compiling parking_lot_core v0.9.10
[INFO] [stderr]    Compiling siphasher v0.3.11
[INFO] [stderr]    Compiling httpdate v1.0.3
[INFO] [stderr]    Compiling slab v0.4.9
[INFO] [stderr]    Compiling lock_api v0.4.12
[INFO] [stderr]    Compiling want v0.3.1
[INFO] [stderr]    Compiling http v0.2.12
[INFO] [stderr]    Compiling signal-hook v0.3.17
[INFO] [stderr]    Compiling serde_json v1.0.120
[INFO] [stderr]    Compiling tower-layer v0.3.2
[INFO] [stderr]    Compiling rustix v0.38.34
[INFO] [stderr]    Compiling thiserror v1.0.63
[INFO] [stderr]    Compiling rand_core v0.6.4
[INFO] [stderr]    Compiling anstyle-parse v0.2.4
[INFO] [stderr]    Compiling indexmap v2.2.6
[INFO] [stderr]    Compiling spin v0.9.8
[INFO] [stderr]    Compiling phf_shared v0.11.2
[INFO] [stderr]    Compiling rand v0.8.5
[INFO] [stderr]    Compiling num-traits v0.2.19
[INFO] [stderr]    Compiling anstyle v1.0.7
[INFO] [stderr]    Compiling anstyle-query v1.1.0
[INFO] [stderr]    Compiling ppv-lite86 v0.2.17
[INFO] [stderr]    Compiling rustls v0.21.12
[INFO] [stderr]    Compiling is_terminal_polyfill v1.70.0
[INFO] [stderr]    Compiling linux-raw-sys v0.4.14
[INFO] [stderr]    Compiling colorchoice v1.0.1
[INFO] [stderr]    Compiling same-file v1.0.6
[INFO] [stderr]    Compiling mime_guess v2.0.5
[INFO] [stderr]    Compiling axum-core v0.3.4
[INFO] [stderr]    Compiling crossbeam-channel v0.5.13
[INFO] [stderr]    Compiling mio v0.8.11
[INFO] [stderr]    Compiling socket2 v0.5.7
[INFO] [stderr]    Compiling num_cpus v1.16.0
[INFO] [stderr]    Compiling getrandom v0.2.15
[INFO] [stderr]    Compiling inotify-sys v0.1.5
[INFO] [stderr]    Compiling signal-hook-registry v1.4.2
[INFO] [stderr]    Compiling parking_lot v0.12.3
[INFO] [stderr]    Compiling ring v0.17.8
[INFO] [stderr]    Compiling http-body v0.4.6
[INFO] [stderr]    Compiling openssl-sys v0.9.103
[INFO] [stderr]    Compiling rand_chacha v0.3.1
[INFO] [stderr]    Compiling phf_generator v0.11.2
[INFO] [stderr]    Compiling block-buffer v0.10.4
[INFO] [stderr]    Compiling crypto-common v0.1.6
[INFO] [stderr]    Compiling inotify v0.9.6
[INFO] [stderr]    Compiling walkdir v2.5.0
[INFO] [stderr]    Compiling filetime v0.2.23
[INFO] [stderr]    Compiling anstream v0.6.14
[INFO] [stderr]    Compiling crossbeam-epoch v0.9.18
[INFO] [stderr]    Compiling openssl v0.10.66
[INFO] [stderr]    Compiling clap_lex v0.7.1
[INFO] [stderr]    Compiling fastrand v2.1.0
[INFO] [stderr]    Compiling rayon-core v1.12.1
[INFO] [stderr]    Compiling notify v6.1.1
[INFO] [stderr]    Compiling signal-hook-mio v0.2.3
[INFO] [stderr]    Compiling digest v0.10.7
[INFO] [stderr]    Compiling crossbeam-deque v0.8.5
[INFO] [stderr]    Compiling clap_builder v4.5.9
[INFO] [stderr]    Compiling axum v0.6.20
[INFO] [stderr]    Compiling aho-corasick v1.1.3
[INFO] [stderr]    Compiling file-id v0.1.0
[INFO] [stderr]    Compiling regex-syntax v0.8.4
[INFO] [stderr]    Compiling num-conv v0.1.0
[INFO] [stderr]    Compiling powerfmt v0.2.0
[INFO] [stderr]    Compiling dtoa v1.0.9
[INFO] [stderr]    Compiling base64 v0.21.7
[INFO] [stderr]    Compiling time-core v0.1.2
[INFO] [stderr]    Compiling notify-debouncer-full v0.2.0
[INFO] [stderr]    Compiling deranged v0.3.11
[INFO] [stderr]    Compiling time-macros v0.2.18
[INFO] [stderr]    Compiling dtoa-short v0.3.5
[INFO] [stderr]    Compiling sha2 v0.10.8
[INFO] [stderr]    Compiling rustls-pemfile v1.0.4
[INFO] [stderr]    Compiling native-tls v0.2.12
[INFO] [stderr]    Compiling crossterm v0.25.0
[INFO] [stderr]    Compiling unicode-normalization v0.1.23
[INFO] [stderr]    Compiling cookie v0.16.2
[INFO] [stderr]    Compiling sync_wrapper v0.1.2
[INFO] [stderr]    Compiling arc-swap v1.7.1
[INFO] [stderr]    Compiling http-range-header v0.3.1
[INFO] [stderr]    Compiling matchit v0.7.3
[INFO] [stderr]    Compiling unicode-bidi v0.3.15
[INFO] [stderr]    Compiling either v1.13.0
[INFO] [stderr]    Compiling quick-error v1.2.3
[INFO] [stderr]    Compiling humantime v1.3.0
[INFO] [stderr]    Compiling backtrace v0.3.73
[INFO] [stderr]    Compiling tempfile v3.10.1
[INFO] [stderr]    Compiling rayon v1.10.0
[INFO] [stderr]    Compiling atty v0.2.14
[INFO] [stderr]    Compiling colorize v0.1.0
[INFO] [stderr]    Compiling adler v1.0.2
[INFO] [stderr]    Compiling gimli v0.29.0
[INFO] [stderr]    Compiling termcolor v1.4.1
[INFO] [stderr]    Compiling idna v0.5.0
[INFO] [stderr]    Compiling miniz_oxide v0.7.4
[INFO] [stderr]    Compiling nanorand v0.7.0
[INFO] [stderr]    Compiling object v0.36.1
[INFO] [stderr]    Compiling unicode-segmentation v1.11.0
[INFO] [stderr]    Compiling base64 v0.13.1
[INFO] [stderr]    Compiling inventory v0.3.15
[INFO] [stderr]    Compiling time v0.3.36
[INFO] [stderr]    Compiling url v2.5.2
[INFO] [stderr]    Compiling regex-automata v0.4.7
[INFO] [stderr]    Compiling flume v0.11.0
[INFO] [stderr]    Compiling tokio-macros v2.3.0
[INFO] [stderr]    Compiling futures-macro v0.3.30
[INFO] [stderr]    Compiling serde_derive v1.0.204
[INFO] [stderr]    Compiling pin-project-internal v1.1.5
[INFO] [stderr]    Compiling thiserror-impl v1.0.63
[INFO] [stderr]    Compiling phf_macros v0.11.2
[INFO] [stderr]    Compiling openssl-macros v0.1.1
[INFO] [stderr]    Compiling async-trait v0.1.81
[INFO] [stderr]    Compiling extend v1.2.0
[INFO] [stderr]    Compiling clap_derive v4.5.8
[INFO] [stderr]    Compiling tokio v1.38.1
[INFO] [stderr]    Compiling phf v0.11.2
[INFO] [stderr]    Compiling forky_core v0.2.0-rc.6
[INFO] [stderr]    Compiling futures-util v0.3.30
[INFO] [stderr]    Compiling cssparser-macros v0.6.1
[INFO] [stderr]    Compiling addr2line v0.22.0
[INFO] [stderr]    Compiling pin-project v1.1.5
[INFO] [stderr]    Compiling cssparser v0.31.2
[INFO] [stderr]    Compiling filedescriptor v0.8.2
[INFO] [stderr]    Compiling sweet_macros v0.2.0-rc.4
[INFO] [stderr]    Compiling regex v1.10.5
[INFO] [stderr]    Compiling gag v1.0.0
[INFO] [stderr]    Compiling sct v0.7.1
[INFO] [stderr]    Compiling rustls-webpki v0.101.7
[INFO] [stderr]    Compiling env_logger v0.7.1
[INFO] [stderr]    Compiling pretty_env_logger v0.4.0
[INFO] [stderr]    Compiling clap v4.5.9
[INFO] [stderr]    Compiling futures-executor v0.3.30
[INFO] [stderr]    Compiling futures v0.3.30
[INFO] [stderr]    Compiling serde_urlencoded v0.7.1
[INFO] [stderr]    Compiling serde_path_to_error v0.1.16
[INFO] [stderr]    Compiling tokio-util v0.7.11
[INFO] [stderr]    Compiling tower v0.4.13
[INFO] [stderr]    Compiling tokio-rustls v0.24.1
[INFO] [stderr]    Compiling forky_fs v0.2.0-rc.6
[INFO] [stderr]    Compiling tokio-native-tls v0.3.1
[INFO] [stderr]    Compiling tower-livereload v0.8.2
[INFO] [stderr]    Compiling h2 v0.3.26
[INFO] [stderr]    Compiling tower-http v0.4.4
[INFO] [stderr]    Compiling webdriver v0.46.0
[INFO] [stderr]    Compiling hyper v0.14.30
[INFO] [stderr]    Compiling axum-server v0.5.1
[INFO] [stderr]    Compiling hyper-tls v0.5.0
[INFO] [stderr]    Compiling fantoccini v0.19.3
[INFO] [stderr]    Compiling forky_cli v0.2.0-rc.6
[INFO] [stderr]    Compiling forky v0.2.0-rc.6
[INFO] [stderr]    Compiling sweet v0.2.0-rc.4
[INFO] [stderr]    Compiling sweet-cli v0.2.0-rc.4 (/opt/rustwide/workdir)
[INFO] [stdout] error[E0432]: unresolved import `forky::fs::fs`
[INFO] [stdout]  --> src/sweet_cli/build_wasm.rs:5:16
[INFO] [stdout]   |
[INFO] [stdout] 5 | use forky::fs::fs::copy_recursive;
[INFO] [stdout]   |                ^^ could not find `fs` in `fs`
[INFO] [stdout] 
[INFO] [stdout] 
[INFO] [stdout] error[E0432]: unresolved import `forky::fs::fs`
[INFO] [stdout]  --> src/sweet_cli/build_wasm.rs:6:16
[INFO] [stdout]   |
[INFO] [stdout] 6 | use forky::fs::fs::hash_file_to_string;
[INFO] [stdout]   |                ^^ could not find `fs` in `fs`
[INFO] [stdout] 
[INFO] [stdout] 
[INFO] [stdout] error[E0432]: unresolved import `forky::fs::process`
[INFO] [stdout]  --> src/sweet_cli/build_wasm.rs:7:16
[INFO] [stdout]   |
[INFO] [stdout] 7 | use forky::fs::process::spawn_command;
[INFO] [stdout]   |                ^^^^^^^ could not find `process` in `fs`
[INFO] [stdout] 
[INFO] [stdout] 
[INFO] [stdout] error[E0432]: unresolved import `forky::fs::process`
[INFO] [stdout]  --> src/sweet_cli/build_wasm.rs:8:16
[INFO] [stdout]   |
[INFO] [stdout] 8 | use forky::fs::process::ChildExt;
[INFO] [stdout]   |                ^^^^^^^ could not find `process` in `fs`
[INFO] [stdout] 
[INFO] [stdout] 
[INFO] [stdout] error[E0432]: unresolved import `forky::fs::process`
[INFO] [stdout]  --> src/sweet_cli/build_wasm.rs:9:16
[INFO] [stdout]   |
[INFO] [stdout] 9 | use forky::fs::process::ChildProcessStatus;
[INFO] [stdout]   |                ^^^^^^^ could not find `process` in `fs`
[INFO] [stdout] 
[INFO] [stdout] 
[INFO] [stdout] error[E0432]: unresolved import `forky::fs::Subcommand`
[INFO] [stdout]  --> src/sweet_cli/command.rs:5:5
[INFO] [stdout]   |
[INFO] [stdout] 5 | use forky::fs::Subcommand;
[INFO] [stdout]   |     ^^^^^^^^^^^^^^^^^^^^^ no `Subcommand` in the root
[INFO] [stdout]   |
[INFO] [stdout] help: consider importing one of these traits instead
[INFO] [stdout]   |
[INFO] [stdout] 5 | use clap::Subcommand;
[INFO] [stdout]   |     ~~~~~~~~~~~~~~~~
[INFO] [stdout] 5 | use forky::prelude::Subcommand;
[INFO] [stdout]   |     ~~~~~~~~~~~~~~~~~~~~~~~~~~
[INFO] [stdout] 
[INFO] [stdout] 
[INFO] [stdout] error[E0432]: unresolved import `forky::fs::terminal`
[INFO] [stdout]  --> src/sweet_cli/run.rs:5:5
[INFO] [stdout]   |
[INFO] [stdout] 5 | use forky::fs::terminal;
[INFO] [stdout]   |     ^^^^^^^^^^^^^^^^^^^ no `terminal` in the root
[INFO] [stdout]   |
[INFO] [stdout] help: consider importing this module instead
[INFO] [stdout]   |
[INFO] [stdout] 5 | use forky::prelude::terminal;
[INFO] [stdout]   |     ~~~~~~~~~~~~~~~~~~~~~~~~
[INFO] [stdout] 
[INFO] [stdout] 
[INFO] [stdout] error[E0432]: unresolved import `forky::fs::FsWatcher`
[INFO] [stdout]  --> src/sweet_cli/run.rs:6:5
[INFO] [stdout]   |
[INFO] [stdout] 6 | use forky::fs::FsWatcher;
[INFO] [stdout]   |     ^^^^^^^^^^^^^^^^^^^^ no `FsWatcher` in the root
[INFO] [stdout]   |
[INFO] [stdout] help: consider importing this struct instead
[INFO] [stdout]   |
[INFO] [stdout] 6 | use forky::prelude::FsWatcher;
[INFO] [stdout]   |     ~~~~~~~~~~~~~~~~~~~~~~~~~
[INFO] [stdout] 
[INFO] [stdout] 
[INFO] [stdout] error[E0432]: unresolved import `forky::core::OptionTExt`
[INFO] [stdout]  --> src/sweet_cli/run_tests.rs:5:5
[INFO] [stdout]   |
[INFO] [stdout] 5 | use forky::core::OptionTExt;
[INFO] [stdout]   |     ^^^^^^^^^^^^^^^^^^^^^^^ no `OptionTExt` in the root
[INFO] [stdout]   |
[INFO] [stdout] help: consider importing this trait instead
[INFO] [stdout]   |
[INFO] [stdout] 5 | use forky::prelude::OptionTExt;
[INFO] [stdout]   |     ~~~~~~~~~~~~~~~~~~~~~~~~~~
[INFO] [stdout] 
[INFO] [stdout] 
[INFO] [stdout] error[E0432]: unresolved import `forky::fs::retry_async`
[INFO] [stdout]  --> src/sweet_cli/run_tests.rs:6:5
[INFO] [stdout]   |
[INFO] [stdout] 6 | use forky::fs::retry_async;
[INFO] [stdout]   |     ^^^^^^^^^^^^^^^^^^^^^^ no `retry_async` in the root
[INFO] [stdout] 
[INFO] [stdout] 
[INFO] [stdout] error[E0599]: no method named `ok` found for enum `std::option::Option` in the current scope
[INFO] [stdout]    --> src/sweet_cli/run_tests.rs:118:29
[INFO] [stdout]     |
[INFO] [stdout] 118 |     let value = value.as_str().ok()?;
[INFO] [stdout]     |                                ^^
[INFO] [stdout]     |
[INFO] [stdout]    ::: /opt/rustwide/cargo-home/registry/src/index.crates.io-6f17d22bba15001f/forky_core-0.2.0-rc.6/src/extensions/option.rs:6:5
[INFO] [stdout]     |
[INFO] [stdout] 6   |     fn ok(self) -> Result<T> { option_to_result(self) }
[INFO] [stdout]     |        -- the method is available for `std::option::Option<&str>` here
[INFO] [stdout]     |
[INFO] [stdout]     = help: items from traits can only be used if the trait is in scope
[INFO] [stdout] help: there is a method `or` with a similar name, but with different arguments
[INFO] [stdout]    --> /rustc/df4ca44d3fbc9301ee17f30f4d474e6ae4b05252/library/core/src/option.rs:1517:5
[INFO] [stdout] help: trait `OptionTExt` which provides `ok` is implemented but not in scope; perhaps you want to import it
[INFO] [stdout]     |
[INFO] [stdout] 1   + use forky::prelude::OptionTExt;
[INFO] [stdout]     |
[INFO] [stdout] 
[INFO] [stdout] 
[INFO] [stdout] Some errors have detailed explanations: E0432, E0599.
[INFO] [stdout] 
[INFO] [stdout] For more information about an error, try `rustc --explain E0432`.
[INFO] [stdout] 
[INFO] [stderr] error: could not compile `sweet-cli` (lib) due to 11 previous errors
[INFO] [stderr] warning: build failed, waiting for other jobs to finish...
[INFO] running `Command { std: "docker" "inspect" "665d98577280c019bf13d6944c2c00bf1cbc9a756d6638d42a5e0af6e7a120d3", kill_on_drop: false }`
[INFO] running `Command { std: "docker" "rm" "-f" "665d98577280c019bf13d6944c2c00bf1cbc9a756d6638d42a5e0af6e7a120d3", kill_on_drop: false }`
[INFO] [stdout] 665d98577280c019bf13d6944c2c00bf1cbc9a756d6638d42a5e0af6e7a120d3
