[INFO] fetching crate swc_jni 0.1.0...
[INFO] testing swc_jni-0.1.0 against nightly-2024-10-28 for randomize-layout
[INFO] extracting crate swc_jni 0.1.0 into /workspace/builds/worker-6-tc1/source
[INFO] validating manifest of crates.io crate swc_jni 0.1.0 on toolchain nightly-2024-10-28
[INFO] running `Command { std: CARGO_HOME="/workspace/cargo-home" RUSTUP_HOME="/workspace/rustup-home" "/workspace/cargo-home/bin/cargo" "+nightly-2024-10-28" "metadata" "--manifest-path" "Cargo.toml" "--no-deps", kill_on_drop: false }`
[INFO] removed /workspace/builds/worker-6-tc1/source/.cargo/config
[INFO] started tweaking crates.io crate swc_jni 0.1.0
[INFO] finished tweaking crates.io crate swc_jni 0.1.0
[INFO] tweaked toml for crates.io crate swc_jni 0.1.0 written to /workspace/builds/worker-6-tc1/source/Cargo.toml
[INFO] running `Command { std: CARGO_HOME="/workspace/cargo-home" RUSTUP_HOME="/workspace/rustup-home" "/workspace/cargo-home/bin/cargo" "+nightly-2024-10-28" "generate-lockfile" "--manifest-path" "Cargo.toml", kill_on_drop: false }`
[INFO] [stderr]     Updating crates.io index
[INFO] [stderr]      Locking 267 packages to latest compatible versions
[INFO] [stderr]       Adding sha-1 v0.10.0 (available: v0.10.1)
[INFO] [stderr]       Adding swc v0.270.26 (available: v4.0.0)
[INFO] [stderr]       Adding swc_common v0.33.26 (available: v3.0.0)
[INFO] [stderr]       Adding swc_core v0.87.28 (available: v4.0.0)
[INFO] [stderr]       Adding swc_ecma_ast v0.110.17 (available: v3.0.0)
[INFO] [stderr]       Adding swc_ecma_codegen v0.146.55 (available: v3.0.0)
[INFO] [stderr]       Adding swc_ecma_transforms v0.227.20 (available: v4.0.0)
[INFO] [stderr]       Adding swc_ecma_transforms_base v0.135.12 (available: v4.0.0)
[INFO] [stderr]       Adding swc_ecma_visit v0.96.17 (available: v3.0.0)
[INFO] running `Command { std: CARGO_HOME="/workspace/cargo-home" RUSTUP_HOME="/workspace/rustup-home" "/workspace/cargo-home/bin/cargo" "+nightly-2024-10-28" "fetch" "--manifest-path" "Cargo.toml", kill_on_drop: false }`
[INFO] [stderr] warning: `crate_type` is deprecated in favor of `crate-type` and will not work in the 2024 edition
[INFO] [stderr] (in the `swc_jni` library target)
[INFO] [stderr]  Downloading crates ...
[INFO] [stderr]   Downloaded swc_ecma_transforms v0.227.20
[INFO] [stderr]   Downloaded swc_ecma_transforms_base v0.135.12
[INFO] [stderr]   Downloaded swc_ecma_ext_transforms v0.111.4
[INFO] [stderr]   Downloaded swc_ecma_utils v0.125.4
[INFO] [stderr]   Downloaded preset_env_base v0.4.13
[INFO] [stderr]   Downloaded swc_node_comments v0.20.20
[INFO] [stderr]   Downloaded swc_ecma_compat_common v0.2.5
[INFO] [stderr]   Downloaded swc_core v0.87.28
[INFO] [stderr]   Downloaded swc_ecma_transforms_typescript v0.186.19
[INFO] [stderr]   Downloaded swc_common v0.33.26
[INFO] [stderr]   Downloaded swc_compiler_base v0.4.24
[INFO] [stderr]   Downloaded swc_ecma_codegen v0.146.55
[INFO] [stderr]   Downloaded swc_ecma_usage_analyzer v0.21.5
[INFO] [stderr]   Downloaded swc_ecma_loader v0.45.28
[INFO] [stderr]   Downloaded jsonc-parser v0.21.1
[INFO] [stderr]   Downloaded swc_ecma_lints v0.90.11
[INFO] [stderr]   Downloaded swc v0.270.26
[INFO] [stderr]   Downloaded swc_ecma_preset_env v0.204.20
[INFO] [stderr]   Downloaded swc_ecma_parser v0.141.37
[INFO] [stderr]   Downloaded swc_ecma_minifier v0.190.23
[INFO] [stderr]   Downloaded swc_ecma_compat_es2015 v0.2.17
[INFO] [stderr]   Downloaded swc_ecma_transforms_optimization v0.196.19
[INFO] [stderr]   Downloaded sourcemap v6.4.1
[INFO] [stderr]   Downloaded swc_ecma_transforms_module v0.178.19
[INFO] [stderr]   Downloaded miette v4.7.1
[INFO] [stderr]   Downloaded swc_ecma_transforms_proposal v0.169.17
[INFO] [stderr]   Downloaded miette-derive v4.7.1
[INFO] [stderr]   Downloaded swc_ecma_compat_es2018 v0.2.14
[INFO] [stderr]   Downloaded swc_ecma_compat_es2022 v0.2.13
[INFO] [stderr]   Downloaded swc_ecma_compat_es2020 v0.2.14
[INFO] [stderr]   Downloaded swc_ecma_compat_es3 v0.2.12
[INFO] [stderr]   Downloaded swc_error_reporters v0.17.20
[INFO] [stderr]   Downloaded swc_timer v0.21.22
[INFO] [stderr]   Downloaded swc_ecma_compat_bugfixes v0.2.17
[INFO] [stderr]   Downloaded swc_ecma_compat_es2017 v0.2.13
[INFO] [stderr]   Downloaded swc_ecma_compat_es2021 v0.2.12
[INFO] [stderr]   Downloaded swc_ecma_transforms_react v0.181.19
[INFO] [stderr]   Downloaded swc_ecma_ast v0.110.17
[INFO] [stderr]   Downloaded swc_ecma_visit v0.96.17
[INFO] [stderr]   Downloaded swc_fast_graph v0.21.22
[INFO] [stderr]   Downloaded swc_ecma_compat_es2016 v0.2.12
[INFO] [stderr]   Downloaded swc_ecma_compat_es2019 v0.2.13
[INFO] [stderr]   Downloaded swc_ecma_transforms_compat v0.161.17
[INFO] [stderr]   Downloaded swc_ecma_transforms_classes v0.124.12
[INFO] [stderr]   Downloaded browserslist-rs v0.15.0
[INFO] running `Command { std: "docker" "create" "-v" "/var/lib/crater-agent-workspace/builds/worker-6-tc1/target:/opt/rustwide/target:rw,Z" "-v" "/var/lib/crater-agent-workspace/builds/worker-6-tc1/source:/opt/rustwide/workdir:ro,Z" "-v" "/var/lib/crater-agent-workspace/cargo-home:/opt/rustwide/cargo-home:ro,Z" "-v" "/var/lib/crater-agent-workspace/rustup-home:/opt/rustwide/rustup-home:ro,Z" "-e" "SOURCE_DIR=/opt/rustwide/workdir" "-e" "CARGO_TARGET_DIR=/opt/rustwide/target" "-e" "CARGO_HOME=/opt/rustwide/cargo-home" "-e" "RUSTUP_HOME=/opt/rustwide/rustup-home" "-w" "/opt/rustwide/workdir" "-m" "1610612736" "--user" "0:0" "--network" "none" "ghcr.io/rust-lang/crates-build-env/linux@sha256:4a844ea9eb2546a2d2c7022eacef16ef2e8229c7fbb2c7d4d55a9ceca922f72d" "/opt/rustwide/cargo-home/bin/cargo" "+nightly-2024-10-28" "metadata" "--no-deps" "--format-version=1", kill_on_drop: false }`
[INFO] [stdout] d1e8aa963f1947d67e8c32cd82894c58919a76d259ba42a362c408c8444e3bb1
[INFO] running `Command { std: "docker" "start" "-a" "d1e8aa963f1947d67e8c32cd82894c58919a76d259ba42a362c408c8444e3bb1", kill_on_drop: false }`
[INFO] running `Command { std: "docker" "inspect" "d1e8aa963f1947d67e8c32cd82894c58919a76d259ba42a362c408c8444e3bb1", kill_on_drop: false }`
[INFO] running `Command { std: "docker" "rm" "-f" "d1e8aa963f1947d67e8c32cd82894c58919a76d259ba42a362c408c8444e3bb1", kill_on_drop: false }`
[INFO] [stdout] d1e8aa963f1947d67e8c32cd82894c58919a76d259ba42a362c408c8444e3bb1
[INFO] running `Command { std: "docker" "create" "-v" "/var/lib/crater-agent-workspace/builds/worker-6-tc1/target:/opt/rustwide/target:rw,Z" "-v" "/var/lib/crater-agent-workspace/builds/worker-6-tc1/source:/opt/rustwide/workdir:ro,Z" "-v" "/var/lib/crater-agent-workspace/cargo-home:/opt/rustwide/cargo-home:ro,Z" "-v" "/var/lib/crater-agent-workspace/rustup-home:/opt/rustwide/rustup-home:ro,Z" "-e" "SOURCE_DIR=/opt/rustwide/workdir" "-e" "CARGO_TARGET_DIR=/opt/rustwide/target" "-e" "CARGO_INCREMENTAL=0" "-e" "RUST_BACKTRACE=full" "-e" "RUSTFLAGS=--cap-lints=forbid" "-e" "RUSTDOCFLAGS=--cap-lints=forbid" "-e" "CARGO_HOME=/opt/rustwide/cargo-home" "-e" "RUSTUP_HOME=/opt/rustwide/rustup-home" "-w" "/opt/rustwide/workdir" "-m" "1610612736" "--user" "0:0" "--network" "none" "ghcr.io/rust-lang/crates-build-env/linux@sha256:4a844ea9eb2546a2d2c7022eacef16ef2e8229c7fbb2c7d4d55a9ceca922f72d" "/opt/rustwide/cargo-home/bin/cargo" "+nightly-2024-10-28" "build" "--frozen" "--message-format=json", kill_on_drop: false }`
[INFO] [stdout] 72dd8090e334977fe3cc8ae412a1fdb8f486f5da92c7bade02cdc337573197d8
[INFO] running `Command { std: "docker" "start" "-a" "72dd8090e334977fe3cc8ae412a1fdb8f486f5da92c7bade02cdc337573197d8", kill_on_drop: false }`
[INFO] [stderr] warning: `crate_type` is deprecated in favor of `crate-type` and will not work in the 2024 edition
[INFO] [stderr] (in the `swc_jni` library target)
[INFO] [stderr]    Compiling proc-macro2 v1.0.89
[INFO] [stderr]    Compiling serde v1.0.214
[INFO] [stderr]    Compiling memchr v2.7.4
[INFO] [stderr]    Compiling libc v0.2.161
[INFO] [stderr]    Compiling serde_json v1.0.132
[INFO] [stderr]    Compiling ryu v1.0.18
[INFO] [stderr]    Compiling byteorder v1.5.0
[INFO] [stderr]    Compiling siphasher v0.3.11
[INFO] [stderr]    Compiling once_cell v1.20.2
[INFO] [stderr]    Compiling itoa v1.0.11
[INFO] [stderr]    Compiling ahash v0.8.11
[INFO] [stderr]    Compiling zerocopy v0.7.35
[INFO] [stderr]    Compiling getrandom v0.2.15
[INFO] [stderr]    Compiling hashbrown v0.14.5
[INFO] [stderr]    Compiling tinyvec_macros v0.1.1
[INFO] [stderr]    Compiling new_debug_unreachable v1.0.6
[INFO] [stderr]    Compiling tinyvec v1.8.0
[INFO] [stderr]    Compiling either v1.13.0
[INFO] [stderr]    Compiling phf_shared v0.11.2
[INFO] [stderr]    Compiling unicode-bidi v0.3.17
[INFO] [stderr]    Compiling percent-encoding v2.3.1
[INFO] [stderr]    Compiling radium v0.7.0
[INFO] [stderr]    Compiling tracing-core v0.1.32
[INFO] [stderr]    Compiling rustc-hash v1.1.0
[INFO] [stderr]    Compiling outref v0.1.0
[INFO] [stderr]    Compiling pin-project-lite v0.2.15
[INFO] [stderr]    Compiling stable_deref_trait v1.2.0
[INFO] [stderr]    Compiling form_urlencoded v1.2.1
[INFO] [stderr]    Compiling tap v1.0.1
[INFO] [stderr]    Compiling uuid v1.11.0
[INFO] [stderr]    Compiling simd-abstraction v0.7.1
[INFO] [stderr]    Compiling data-encoding v2.6.0
[INFO] [stderr]    Compiling unicode-width v0.1.14
[INFO] [stderr]    Compiling funty v2.0.0
[INFO] [stderr]    Compiling if_chain v1.0.2
[INFO] [stderr]    Compiling wyz v0.5.1
[INFO] [stderr]    Compiling scoped-tls v1.0.1
[INFO] [stderr]    Compiling base64-simd v0.7.0
[INFO] [stderr]    Compiling quote v1.0.37
[INFO] [stderr]    Compiling aho-corasick v1.1.3
[INFO] [stderr]    Compiling unicode-id-start v1.3.1
[INFO] [stderr]    Compiling syn v2.0.86
[INFO] [stderr]    Compiling better_scoped_tls v0.1.2
[INFO] [stderr]    Compiling bitvec v1.0.1
[INFO] [stderr]    Compiling hashbrown v0.15.0
[INFO] [stderr]    Compiling equivalent v1.0.1
[INFO] [stderr]    Compiling unicode-id v0.3.5
[INFO] [stderr]    Compiling bitflags v2.6.0
[INFO] [stderr]    Compiling num_cpus v1.16.0
[INFO] [stderr]    Compiling psm v0.1.23
[INFO] [stderr]    Compiling stacker v0.1.17
[INFO] [stderr]    Compiling smartstring v1.0.1
[INFO] [stderr]    Compiling unicode-normalization v0.1.24
[INFO] [stderr]    Compiling anyhow v1.0.92
[INFO] [stderr]    Compiling static_assertions v1.1.0
[INFO] [stderr]    Compiling typed-arena v2.0.2
[INFO] [stderr]    Compiling dashmap v5.5.3
[INFO] [stderr]    Compiling regex v1.11.1
[INFO] [stderr]    Compiling typenum v1.17.0
[INFO] [stderr]    Compiling rand_core v0.6.4
[INFO] [stderr]    Compiling generic-array v0.14.7
[INFO] [stderr]    Compiling semver v1.0.23
[INFO] [stderr]    Compiling arrayvec v0.7.6
[INFO] [stderr]    Compiling phf_shared v0.10.0
[INFO] [stderr]    Compiling rustversion v1.0.18
[INFO] [stderr]    Compiling crossbeam-utils v0.8.20
[INFO] [stderr]    Compiling idna v0.5.0
[INFO] [stderr]    Compiling fixedbitset v0.4.2
[INFO] [stderr]    Compiling camino v1.1.9
[INFO] [stderr]    Compiling atty v0.2.14
[INFO] [stderr]    Compiling syn v1.0.109
[INFO] [stderr]    Compiling pathdiff v0.2.2
[INFO] [stderr]    Compiling cpufeatures v0.2.14
[INFO] [stderr]    Compiling ryu-js v1.0.1
[INFO] [stderr]    Compiling base64 v0.21.7
[INFO] [stderr]    Compiling iana-time-zone v0.1.61
[INFO] [stderr]    Compiling adler2 v2.0.0
[INFO] [stderr]    Compiling regex-automata v0.4.8
[INFO] [stderr]    Compiling path-clean v0.1.0
[INFO] [stderr]    Compiling gimli v0.31.1
[INFO] [stderr]    Compiling rayon-core v1.12.1
[INFO] [stderr]    Compiling precomputed-hash v0.1.1
[INFO] [stderr]    Compiling minimal-lexical v0.2.1
[INFO] [stderr]    Compiling miniz_oxide v0.8.0
[INFO] [stderr]    Compiling chrono v0.4.38
[INFO] [stderr]    Compiling Inflector v0.11.4
[INFO] [stderr]    Compiling url v2.5.2
[INFO] [stderr]    Compiling itertools v0.12.1
[INFO] [stderr]    Compiling nom v7.1.3
[INFO] [stderr]    Compiling crossbeam-epoch v0.9.18
[INFO] [stderr]    Compiling object v0.36.5
[INFO] [stderr]    Compiling vergen v8.3.2
[INFO] [stderr]    Compiling is_ci v1.2.0
[INFO] [stderr]    Compiling crossbeam-deque v0.8.5
[INFO] [stderr]    Compiling unicode-linebreak v0.1.5
[INFO] [stderr]    Compiling smawk v0.3.2
[INFO] [stderr]    Compiling rustc-demangle v0.1.24
[INFO] [stderr]    Compiling supports-color v1.3.1
[INFO] [stderr]    Compiling supports-unicode v1.0.2
[INFO] [stderr]    Compiling textwrap v0.15.2
[INFO] [stderr]    Compiling supports-hyperlinks v1.2.0
[INFO] [stderr]    Compiling terminal_size v0.1.17
[INFO] [stderr]    Compiling owo-colors v3.5.0
[INFO] [stderr]    Compiling radix_fmt v1.0.0
[INFO] [stderr]    Compiling bytes v1.8.0
[INFO] [stderr]    Compiling block-buffer v0.10.4
[INFO] [stderr]    Compiling crypto-common v0.1.6
[INFO] [stderr]    Compiling jni-sys v0.3.0
[INFO] [stderr]    Compiling digest v0.10.7
[INFO] [stderr]    Compiling rayon v1.10.0
[INFO] [stderr]    Compiling cesu8 v1.1.0
[INFO] [stderr]    Compiling sha-1 v0.10.0
[INFO] [stderr]    Compiling addr2line v0.24.2
[INFO] [stderr]    Compiling combine v4.6.7
[INFO] [stderr]    Compiling miette-derive v4.7.1
[INFO] [stderr]    Compiling swc_macros_common v0.3.14
[INFO] [stderr]    Compiling serde_derive v1.0.214
[INFO] [stderr]    Compiling zerocopy-derive v0.7.35
[INFO] [stderr]    Compiling tracing-attributes v0.1.27
[INFO] [stderr]    Compiling swc_visit_macros v0.5.13
[INFO] [stderr]    Compiling from_variant v0.1.9
[INFO] [stderr]    Compiling swc_eq_ignore_macros v0.1.4
[INFO] [stderr]    Compiling ast_node v0.9.9
[INFO] [stderr]    Compiling is-macro v0.3.6
[INFO] [stderr]    Compiling string_enum v0.4.4
[INFO] [stderr]    Compiling swc_ecma_transforms_macros v0.5.5
[INFO] [stderr]    Compiling swc_trace_macro v0.1.3
[INFO] [stderr]    Compiling thiserror-impl v1.0.66
[INFO] [stderr]    Compiling swc_config_macro v0.1.4
[INFO] [stderr]    Compiling swc_ecma_codegen_macros v0.7.7
[INFO] [stderr]    Compiling static-map-macro v0.3.4
[INFO] [stderr]    Compiling auto_impl v1.2.0
[INFO] [stderr]    Compiling backtrace v0.3.74
[INFO] [stderr]    Compiling jni_fn v0.1.2
[INFO] [stderr]    Compiling st-map v0.2.4
[INFO] [stderr]    Compiling thiserror v1.0.66
[INFO] [stderr]    Compiling miette v4.7.1
[INFO] [stderr]    Compiling tracing v0.1.40
[INFO] [stderr]    Compiling swc_timer v0.21.22
[INFO] [stderr]    Compiling swc_visit v0.5.14
[INFO] [stderr]    Compiling ppv-lite86 v0.2.20
[INFO] [stderr]    Compiling rand_chacha v0.3.1
[INFO] [stderr]    Compiling rand v0.8.5
[INFO] [stderr]    Compiling jni v0.21.1
[INFO] [stderr]    Compiling phf_generator v0.11.2
[INFO] [stderr]    Compiling phf_generator v0.10.0
[INFO] [stderr]    Compiling phf_macros v0.11.2
[INFO] [stderr]    Compiling string_cache_codegen v0.5.2
[INFO] [stderr]    Compiling phf v0.11.2
[INFO] [stderr]    Compiling indexmap v2.6.0
[INFO] [stderr]    Compiling cargo-platform v0.1.8
[INFO] [stderr]    Compiling debugid v0.8.0
[INFO] [stderr]    Compiling triomphe v0.1.14
[INFO] [stderr]    Compiling num-bigint v0.4.6
[INFO] [stderr]    Compiling string_cache v0.8.7
[INFO] [stderr]    Compiling hstr v0.2.12
[INFO] [stderr]    Compiling swc_cached v0.3.20
[INFO] [stderr]    Compiling hashbrown v0.13.2
[INFO] [stderr]    Compiling swc_atoms v0.6.7
[INFO] [stderr]    Compiling sourcemap v8.0.1
[INFO] [stderr]    Compiling sourcemap v6.4.1
[INFO] [stderr]    Compiling jsonc-parser v0.21.1
[INFO] [stderr]    Compiling swc_config v0.1.15
[INFO] [stderr]    Compiling petgraph v0.6.5
[INFO] [stderr]    Compiling cargo_metadata v0.18.1
[INFO] [stderr]    Compiling lru v0.10.1
[INFO] [stderr]    Compiling browserslist-rs v0.15.0
[INFO] [stderr]    Compiling swc_common v0.33.26
[INFO] [stderr]    Compiling swc_core v0.87.28
[INFO] [stderr]    Compiling swc_ecma_ast v0.110.17
[INFO] [stderr]    Compiling swc_fast_graph v0.21.22
[INFO] [stderr]    Compiling swc_ecma_loader v0.45.28
[INFO] [stderr]    Compiling swc_error_reporters v0.17.20
[INFO] [stderr]    Compiling swc_node_comments v0.20.20
[INFO] [stderr]    Compiling swc_ecma_visit v0.96.17
[INFO] [stderr]    Compiling swc_ecma_parser v0.141.37
[INFO] [stderr]    Compiling swc_ecma_codegen v0.146.55
[INFO] [stderr]    Compiling preset_env_base v0.4.13
[INFO] [stderr]    Compiling swc_ecma_utils v0.125.4
[INFO] [stderr]    Compiling swc_ecma_transforms_base v0.135.12
[INFO] [stderr]    Compiling swc_ecma_compat_common v0.2.5
[INFO] [stderr]    Compiling swc_ecma_usage_analyzer v0.21.5
[INFO] [stderr]    Compiling swc_ecma_ext_transforms v0.111.4
[INFO] [stderr]    Compiling swc_ecma_lints v0.90.11
[INFO] [stderr]    Compiling swc_ecma_transforms_classes v0.124.12
[INFO] [stderr]    Compiling swc_ecma_transforms_optimization v0.196.19
[INFO] [stderr]    Compiling swc_ecma_compat_es2021 v0.2.12
[INFO] [stderr]    Compiling swc_ecma_compat_es2017 v0.2.13
[INFO] [stderr]    Compiling swc_ecma_transforms_react v0.181.19
[INFO] [stderr]    Compiling swc_ecma_compat_es2016 v0.2.12
[INFO] [stderr]    Compiling swc_ecma_compat_es2019 v0.2.13
[INFO] [stderr]    Compiling swc_ecma_compat_es3 v0.2.12
[INFO] [stderr]    Compiling swc_ecma_compat_es2018 v0.2.14
[INFO] [stderr]    Compiling swc_ecma_transforms_module v0.178.19
[INFO] [stderr]    Compiling swc_ecma_compat_es2015 v0.2.17
[INFO] [stderr]    Compiling swc_ecma_compat_es2022 v0.2.13
[INFO] [stderr]    Compiling swc_ecma_transforms_proposal v0.169.17
[INFO] [stdout] error[E0308]: mismatched types
[INFO] [stdout]    --> /opt/rustwide/cargo-home/registry/src/index.crates.io-6f17d22bba15001f/swc_ecma_transforms_module-0.178.19/src/path.rs:233:16
[INFO] [stdout]     |
[INFO] [stdout] 233 |         if let FileName::Real(resolved) = &target {
[INFO] [stdout]     |                ^^^^^^^^^^^^^^^^^^^^^^^^   ------- this expression has type `&Resolution`
[INFO] [stdout]     |                |
[INFO] [stdout]     |                expected `Resolution`, found `FileName`
[INFO] [stdout] 
[INFO] [stdout] 
[INFO] [stdout] error[E0308]: mismatched types
[INFO] [stdout]    --> /opt/rustwide/cargo-home/registry/src/index.crates.io-6f17d22bba15001f/swc_ecma_transforms_module-0.178.19/src/path.rs:235:26
[INFO] [stdout]     |
[INFO] [stdout] 222 |           let mut target = match target {
[INFO] [stdout]     |  __________________________-
[INFO] [stdout] 223 | |             Ok(v) => v,
[INFO] [stdout] 224 | |             Err(err) => {
[INFO] [stdout] 225 | |                 warn!("import rewriter: failed to resolve: {}", err);
[INFO] [stdout] 226 | |                 return Ok(module_specifier.into());
[INFO] [stdout] 227 | |             }
[INFO] [stdout] 228 | |         };
[INFO] [stdout]     | |_________- expected due to this value
[INFO] [stdout] ...
[INFO] [stdout] 235 |                   target = FileName::Real(orig);
[INFO] [stdout]     |                            ^^^^^^^^^^^^^^^^^^^^ expected `Resolution`, found `FileName`
[INFO] [stdout] 
[INFO] [stdout] 
[INFO] [stdout] error[E0277]: `Resolution` doesn't implement `std::fmt::Display`
[INFO] [stdout]    --> /opt/rustwide/cargo-home/registry/src/index.crates.io-6f17d22bba15001f/swc_ecma_transforms_module-0.178.19/src/path.rs:239:33
[INFO] [stdout]     |
[INFO] [stdout] 239 |         info!("Resolved to {}", target);
[INFO] [stdout]     |                                 ^^^^^^ `Resolution` cannot be formatted with the default formatter
[INFO] [stdout]     |
[INFO] [stdout]     = help: the trait `std::fmt::Display` is not implemented for `Resolution`
[INFO] [stdout]     = note: in format strings you may be able to use `{:?}` (or {:#?} for pretty-print) instead
[INFO] [stdout]     = note: this error originates in the macro `::core::format_args` which comes from the expansion of the macro `info` (in Nightly builds, run with -Z macro-backtrace for more info)
[INFO] [stdout] 
[INFO] [stdout] 
[INFO] [stdout] error[E0308]: mismatched types
[INFO] [stdout]    --> /opt/rustwide/cargo-home/registry/src/index.crates.io-6f17d22bba15001f/swc_ecma_transforms_module-0.178.19/src/path.rs:242:13
[INFO] [stdout]     |
[INFO] [stdout] 241 |         let mut target = match target {
[INFO] [stdout]     |                                ------ this expression has type `Resolution`
[INFO] [stdout] 242 |             FileName::Real(v) => {
[INFO] [stdout]     |             ^^^^^^^^^^^^^^^^^ expected `Resolution`, found `FileName`
[INFO] [stdout]     |
[INFO] [stdout] help: you might have meant to use field `filename` whose type is `FileName`
[INFO] [stdout]     |
[INFO] [stdout] 241 |         let mut target = match target.filename {
[INFO] [stdout]     |                                ~~~~~~~~~~~~~~~
[INFO] [stdout] 
[INFO] [stdout] 
[INFO] [stdout] error[E0308]: mismatched types
[INFO] [stdout]    --> /opt/rustwide/cargo-home/registry/src/index.crates.io-6f17d22bba15001f/swc_ecma_transforms_module-0.178.19/src/path.rs:250:13
[INFO] [stdout]     |
[INFO] [stdout] 241 |         let mut target = match target {
[INFO] [stdout]     |                                ------ this expression has type `Resolution`
[INFO] [stdout] ...
[INFO] [stdout] 250 |             FileName::Custom(s) => return Ok(self.to_specifier(s.into(), orig_filename)),
[INFO] [stdout]     |             ^^^^^^^^^^^^^^^^^^^ expected `Resolution`, found `FileName`
[INFO] [stdout]     |
[INFO] [stdout] help: you might have meant to use field `filename` whose type is `FileName`
[INFO] [stdout]     |
[INFO] [stdout] 241 |         let mut target = match target.filename {
[INFO] [stdout]     |                                ~~~~~~~~~~~~~~~
[INFO] [stdout] 
[INFO] [stdout] 
[INFO] [stderr]    Compiling swc_ecma_transforms_typescript v0.186.19
[INFO] [stderr]    Compiling swc_ecma_compat_es2020 v0.2.14
[INFO] [stdout] Some errors have detailed explanations: E0277, E0308.
[INFO] [stdout] 
[INFO] [stdout] For more information about an error, try `rustc --explain E0277`.
[INFO] [stdout] 
[INFO] [stderr] error: could not compile `swc_ecma_transforms_module` (lib) due to 5 previous errors
[INFO] [stderr] warning: build failed, waiting for other jobs to finish...
[INFO] running `Command { std: "docker" "inspect" "72dd8090e334977fe3cc8ae412a1fdb8f486f5da92c7bade02cdc337573197d8", kill_on_drop: false }`
[INFO] running `Command { std: "docker" "rm" "-f" "72dd8090e334977fe3cc8ae412a1fdb8f486f5da92c7bade02cdc337573197d8", kill_on_drop: false }`
[INFO] [stdout] 72dd8090e334977fe3cc8ae412a1fdb8f486f5da92c7bade02cdc337573197d8
