[INFO] fetching crate sway-core 0.66.2...
[INFO] testing sway-core-0.66.2 against nightly-2024-10-28+rustflags=-Zrandomize-layout for randomize-layout
[INFO] extracting crate sway-core 0.66.2 into /workspace/builds/worker-0-tc2/source
[INFO] validating manifest of crates.io crate sway-core 0.66.2 on toolchain nightly-2024-10-28
[INFO] running `Command { std: CARGO_HOME="/workspace/cargo-home" RUSTUP_HOME="/workspace/rustup-home" "/workspace/cargo-home/bin/cargo" "+nightly-2024-10-28" "metadata" "--manifest-path" "Cargo.toml" "--no-deps", kill_on_drop: false }`
[INFO] started tweaking crates.io crate sway-core 0.66.2
[INFO] finished tweaking crates.io crate sway-core 0.66.2
[INFO] tweaked toml for crates.io crate sway-core 0.66.2 written to /workspace/builds/worker-0-tc2/source/Cargo.toml
[INFO] running `Command { std: CARGO_HOME="/workspace/cargo-home" RUSTUP_HOME="/workspace/rustup-home" "/workspace/cargo-home/bin/cargo" "+nightly-2024-10-28" "generate-lockfile" "--manifest-path" "Cargo.toml", kill_on_drop: false }`
[INFO] [stderr]     Updating crates.io index
[INFO] [stderr]      Locking 326 packages to latest compatible versions
[INFO] [stderr]       Adding hashbrown v0.14.5 (available: v0.15.0)
[INFO] [stderr]       Adding rustc-hash v1.1.0 (available: v2.0.0)
[INFO] [stderr]       Adding sysinfo v0.29.11 (available: v0.32.0)
[INFO] [stderr]       Adding uint v0.9.5 (available: v0.10.0)
[INFO] running `Command { std: CARGO_HOME="/workspace/cargo-home" RUSTUP_HOME="/workspace/rustup-home" "/workspace/cargo-home/bin/cargo" "+nightly-2024-10-28" "fetch" "--manifest-path" "Cargo.toml", kill_on_drop: false }`
[INFO] running `Command { std: "docker" "create" "-v" "/var/lib/crater-agent-workspace/builds/worker-0-tc2/target:/opt/rustwide/target:rw,Z" "-v" "/var/lib/crater-agent-workspace/builds/worker-0-tc2/source:/opt/rustwide/workdir:ro,Z" "-v" "/var/lib/crater-agent-workspace/cargo-home:/opt/rustwide/cargo-home:ro,Z" "-v" "/var/lib/crater-agent-workspace/rustup-home:/opt/rustwide/rustup-home:ro,Z" "-e" "SOURCE_DIR=/opt/rustwide/workdir" "-e" "CARGO_TARGET_DIR=/opt/rustwide/target" "-e" "CARGO_HOME=/opt/rustwide/cargo-home" "-e" "RUSTUP_HOME=/opt/rustwide/rustup-home" "-w" "/opt/rustwide/workdir" "-m" "1610612736" "--user" "0:0" "--network" "none" "ghcr.io/rust-lang/crates-build-env/linux@sha256:4a844ea9eb2546a2d2c7022eacef16ef2e8229c7fbb2c7d4d55a9ceca922f72d" "/opt/rustwide/cargo-home/bin/cargo" "+nightly-2024-10-28" "metadata" "--no-deps" "--format-version=1", kill_on_drop: false }`
[INFO] [stdout] 6e0e5852c49c113b6f6a6c1434fb1985bb9c217b6c04ae5d45432e3fa74a78c0
[INFO] running `Command { std: "docker" "start" "-a" "6e0e5852c49c113b6f6a6c1434fb1985bb9c217b6c04ae5d45432e3fa74a78c0", kill_on_drop: false }`
[INFO] running `Command { std: "docker" "inspect" "6e0e5852c49c113b6f6a6c1434fb1985bb9c217b6c04ae5d45432e3fa74a78c0", kill_on_drop: false }`
[INFO] running `Command { std: "docker" "rm" "-f" "6e0e5852c49c113b6f6a6c1434fb1985bb9c217b6c04ae5d45432e3fa74a78c0", kill_on_drop: false }`
[INFO] [stdout] 6e0e5852c49c113b6f6a6c1434fb1985bb9c217b6c04ae5d45432e3fa74a78c0
[INFO] running `Command { std: "docker" "create" "-v" "/var/lib/crater-agent-workspace/builds/worker-0-tc2/target:/opt/rustwide/target:rw,Z" "-v" "/var/lib/crater-agent-workspace/builds/worker-0-tc2/source:/opt/rustwide/workdir:ro,Z" "-v" "/var/lib/crater-agent-workspace/cargo-home:/opt/rustwide/cargo-home:ro,Z" "-v" "/var/lib/crater-agent-workspace/rustup-home:/opt/rustwide/rustup-home:ro,Z" "-e" "SOURCE_DIR=/opt/rustwide/workdir" "-e" "CARGO_TARGET_DIR=/opt/rustwide/target" "-e" "CARGO_INCREMENTAL=0" "-e" "RUST_BACKTRACE=full" "-e" "RUSTFLAGS=--cap-lints=forbid -Zrandomize-layout" "-e" "RUSTDOCFLAGS=--cap-lints=forbid" "-e" "CARGO_HOME=/opt/rustwide/cargo-home" "-e" "RUSTUP_HOME=/opt/rustwide/rustup-home" "-w" "/opt/rustwide/workdir" "-m" "1610612736" "--user" "0:0" "--network" "none" "ghcr.io/rust-lang/crates-build-env/linux@sha256:4a844ea9eb2546a2d2c7022eacef16ef2e8229c7fbb2c7d4d55a9ceca922f72d" "/opt/rustwide/cargo-home/bin/cargo" "+nightly-2024-10-28" "build" "--frozen" "--message-format=json", kill_on_drop: false }`
[INFO] [stdout] 7e0ee7018977f12f03e0c894da33af0b02034a3f133c9066aed19c9249e0cf25
[INFO] running `Command { std: "docker" "start" "-a" "7e0ee7018977f12f03e0c894da33af0b02034a3f133c9066aed19c9249e0cf25", kill_on_drop: false }`
[INFO] [stderr]    Compiling syn v2.0.86
[INFO] [stderr]    Compiling const-oid v0.9.6
[INFO] [stderr]    Compiling subtle v2.6.1
[INFO] [stderr]    Compiling serde v1.0.214
[INFO] [stderr]    Compiling generic-array v0.14.7
[INFO] [stderr]    Compiling getrandom v0.2.15
[INFO] [stderr]    Compiling either v1.13.0
[INFO] [stderr]    Compiling semver v1.0.23
[INFO] [stderr]    Compiling cpufeatures v0.2.14
[INFO] [stderr]    Compiling rand_core v0.6.4
[INFO] [stderr]    Compiling syn v1.0.109
[INFO] [stderr]    Compiling foldhash v0.1.3
[INFO] [stderr]    Compiling base16ct v0.2.0
[INFO] [stderr]    Compiling rayon v1.10.0
[INFO] [stderr]    Compiling stable_deref_trait v1.2.0
[INFO] [stderr]    Compiling hashbrown v0.15.0
[INFO] [stderr]    Compiling ff v0.13.0
[INFO] [stderr]    Compiling rustversion v1.0.18
[INFO] [stderr]    Compiling group v0.13.0
[INFO] [stderr]    Compiling ahash v0.8.11
[INFO] [stderr]    Compiling rustc_version v0.4.1
[INFO] [stderr]    Compiling lock_api v0.4.12
[INFO] [stderr]    Compiling strsim v0.11.1
[INFO] [stderr]    Compiling radium v0.7.0
[INFO] [stderr]    Compiling scopeguard v1.2.0
[INFO] [stderr]    Compiling curve25519-dalek v4.1.3
[INFO] [stderr]    Compiling num-integer v0.1.46
[INFO] [stderr]    Compiling secp256k1-sys v0.10.1
[INFO] [stderr]    Compiling tap v1.0.1
[INFO] [stderr]    Compiling base64 v0.21.7
[INFO] [stderr]    Compiling bech32 v0.9.1
[INFO] [stderr]    Compiling wyz v0.5.1
[INFO] [stderr]    Compiling heapless v0.7.17
[INFO] [stderr]    Compiling funty v2.0.0
[INFO] [stderr]    Compiling spin v0.9.8
[INFO] [stderr]    Compiling hash32 v0.2.1
[INFO] [stderr]    Compiling itertools v0.10.5
[INFO] [stderr]    Compiling fuel-storage v0.58.2
[INFO] [stderr]    Compiling parking_lot_core v0.9.10
[INFO] [stderr]    Compiling allocator-api2 v0.2.18
[INFO] [stderr]    Compiling bitvec v1.0.1
[INFO] [stderr]    Compiling indexmap v2.6.0
[INFO] [stderr]    Compiling cobs v0.2.3
[INFO] [stderr]    Compiling smallvec v1.13.2
[INFO] [stderr]    Compiling same-file v1.0.6
[INFO] [stderr]    Compiling adler2 v2.0.0
[INFO] [stderr]    Compiling miniz_oxide v0.8.0
[INFO] [stderr]    Compiling walkdir v2.5.0
[INFO] [stderr]    Compiling twox-hash v1.6.3
[INFO] [stderr]    Compiling indexmap v1.9.3
[INFO] [stderr]    Compiling crc32fast v1.4.2
[INFO] [stderr]    Compiling utf8parse v0.2.2
[INFO] [stderr]    Compiling fnv v1.0.7
[INFO] [stderr]    Compiling ident_case v1.0.1
[INFO] [stderr]    Compiling fallible-iterator v0.3.0
[INFO] [stderr]    Compiling siphasher v0.3.11
[INFO] [stderr]    Compiling heck v0.5.0
[INFO] [stderr]    Compiling anstyle-parse v0.2.6
[INFO] [stderr]    Compiling ruzstd v0.7.2
[INFO] [stderr]    Compiling flate2 v1.0.34
[INFO] [stderr]    Compiling parking_lot v0.12.3
[INFO] [stderr]    Compiling gimli v0.31.1
[INFO] [stderr]    Compiling dirs-sys-next v0.1.2
[INFO] [stderr]    Compiling hashbrown v0.12.3
[INFO] [stderr]    Compiling is_terminal_polyfill v1.70.1
[INFO] [stderr]    Compiling anstyle-query v1.1.2
[INFO] [stderr]    Compiling bytecount v0.6.8
[INFO] [stderr]    Compiling paste v1.0.15
[INFO] [stderr]    Compiling colorchoice v1.0.3
[INFO] [stderr]    Compiling doc-comment v0.3.3
[INFO] [stderr]    Compiling anstyle v1.0.10
[INFO] [stderr]    Compiling rustc-hash v1.1.0
[INFO] [stderr]    Compiling synstructure v0.13.1
[INFO] [stderr]    Compiling darling_core v0.20.10
[INFO] [stderr]    Compiling anstream v0.6.17
[INFO] [stderr]    Compiling rand v0.8.5
[INFO] [stderr]    Compiling dirs-next v2.0.0
[INFO] [stderr]    Compiling object v0.36.5
[INFO] [stderr]    Compiling phf_shared v0.11.2
[INFO] [stderr]    Compiling num-bigint v0.4.6
[INFO] [stderr]    Compiling csv-core v0.1.11
[INFO] [stderr]    Compiling clap_lex v0.7.2
[INFO] [stderr]    Compiling rustc-demangle v0.1.24
[INFO] [stderr]    Compiling clap_builder v4.5.20
[INFO] [stderr]    Compiling phf_generator v0.11.2
[INFO] [stderr]    Compiling term v0.7.0
[INFO] [stderr]    Compiling strum_macros v0.24.3
[INFO] [stderr]    Compiling derivative v2.2.0
[INFO] [stderr]    Compiling zeroize_derive v1.4.2
[INFO] [stderr]    Compiling serde_derive v1.0.214
[INFO] [stderr]    Compiling zeroize v1.8.1
[INFO] [stderr]    Compiling zerocopy-derive v0.7.35
[INFO] [stderr]    Compiling thiserror-impl v1.0.66
[INFO] [stderr]    Compiling crypto-common v0.1.6
[INFO] [stderr]    Compiling block-buffer v0.10.4
[INFO] [stderr]    Compiling der v0.7.9
[INFO] [stderr]    Compiling digest v0.10.7
[INFO] [stderr]    Compiling sha2 v0.10.8
[INFO] [stderr]    Compiling hmac v0.12.1
[INFO] [stderr]    Compiling signature v2.2.0
[INFO] [stderr]    Compiling zerocopy v0.7.35
[INFO] [stderr]    Compiling crypto-bigint v0.5.5
[INFO] [stderr]    Compiling rfc6979 v0.4.0
[INFO] [stderr]    Compiling thiserror v1.0.66
[INFO] [stderr]    Compiling sha3 v0.10.8
[INFO] [stderr]    Compiling bs58 v0.5.1
[INFO] [stderr]    Compiling ripemd v0.1.3
[INFO] [stderr]    Compiling curve25519-dalek-derive v0.1.1
[INFO] [stderr]    Compiling ppv-lite86 v0.2.20
[INFO] [stderr]    Compiling spki v0.7.3
[INFO] [stderr]    Compiling pkcs8 v0.10.2
[INFO] [stderr]    Compiling sec1 v0.7.3
[INFO] [stderr]    Compiling rand_chacha v0.3.1
[INFO] [stderr]    Compiling elliptic-curve v0.13.8
[INFO] [stderr]    Compiling ecdsa v0.16.9
[INFO] [stderr]    Compiling fuel-derive v0.58.2
[INFO] [stderr]    Compiling primeorder v0.13.6
[INFO] [stderr]    Compiling k256 v0.13.4
[INFO] [stderr]    Compiling ed25519 v2.2.3
[INFO] [stderr]    Compiling pbkdf2 v0.12.2
[INFO] [stderr]    Compiling secp256k1 v0.29.1
[INFO] [stderr]    Compiling p256 v0.13.2
[INFO] [stderr]    Compiling ed25519-dalek v2.1.1
[INFO] [stderr]    Compiling hashbrown v0.13.2
[INFO] [stderr]    Compiling strum v0.24.1
[INFO] [stderr]    Compiling derive_more v0.99.18
[INFO] [stderr]    Compiling fixed-hash v0.8.0
[INFO] [stderr]    Compiling pest v2.7.14
[INFO] [stderr]    Compiling darling_macro v0.20.10
[INFO] [stderr]    Compiling addr2line v0.24.2
[INFO] [stderr]    Compiling enum-ordinalize v3.1.15
[INFO] [stderr]    Compiling clap_derive v4.5.18
[INFO] [stderr]    Compiling darling v0.20.10
[INFO] [stderr]    Compiling snafu-derive v0.7.5
[INFO] [stderr]    Compiling backtrace v0.3.74
[INFO] [stderr]    Compiling is-terminal v0.4.13
[INFO] [stderr]    Compiling slotmap v1.0.7
[INFO] [stderr]    Compiling pest_meta v2.7.14
[INFO] [stderr]    Compiling libm v0.2.11
[INFO] [stderr]    Compiling peg-runtime v0.8.3
[INFO] [stderr]    Compiling encode_unicode v1.0.0
[INFO] [stderr]    Compiling in_definite v1.0.0
[INFO] [stderr]    Compiling coins-core v0.8.7
[INFO] [stderr]    Compiling fuel-types v0.58.2
[INFO] [stderr]    Compiling bitflags v2.6.0
[INFO] [stderr]    Compiling coins-bip32 v0.8.7
[INFO] [stderr]    Compiling hashbrown v0.14.5
[INFO] [stderr]    Compiling postcard v1.0.10
[INFO] [stderr]    Compiling fuel-merkle v0.58.2
[INFO] [stderr]    Compiling fuel-asm v0.58.2
[INFO] [stderr]    Compiling coins-bip39 v0.8.7
[INFO] [stderr]    Compiling impl-serde v0.4.0
[INFO] [stderr]    Compiling sway-utils v0.66.3
[INFO] [stderr]    Compiling fuel-crypto v0.58.2
[INFO] [stderr]    Compiling toml v0.5.11
[INFO] [stderr]    Compiling primitive-types v0.12.2
[INFO] [stderr]    Compiling csv v1.3.0
[INFO] [stderr]    Compiling ethbloom v0.13.0
[INFO] [stderr]    Compiling snafu v0.7.5
[INFO] [stderr]    Compiling clap v4.5.20
[INFO] [stderr]    Compiling pest_generator v2.7.14
[INFO] [stderr]    Compiling prettytable-rs v0.10.0
[INFO] [stderr]    Compiling serde_json v1.0.132
[INFO] [stderr]    Compiling peg-macros v0.8.4
[INFO] [stderr]    Compiling fuel-etk-ops v0.3.1-dev
[INFO] [stderr]    Compiling itertools v0.13.0
[INFO] [stderr]    Compiling educe v0.4.23
[INFO] [stderr]    Compiling serde_with_macros v3.11.0
[INFO] [stderr]    Compiling extension-trait v1.0.2
[INFO] [stderr]    Compiling phf_macros v0.11.2
[INFO] [stderr]    Compiling fuel-tx v0.58.2
[INFO] [stderr]    Compiling bitmaps v2.1.0
[INFO] [stderr]    Compiling im v15.1.0
[INFO] [stderr]    Compiling option-ext v0.2.0
[INFO] [stderr]    Compiling fixedbitset v0.4.2
[INFO] [stderr]    Compiling dirs-sys v0.4.1
[INFO] [stderr]    Compiling phf v0.11.2
[INFO] [stderr]    Compiling petgraph v0.6.5
[INFO] [stderr]    Compiling peg v0.8.4
[INFO] [stderr]    Compiling prettydiff v0.7.0
[INFO] [stderr]    Compiling sway-ir-macros v0.66.3
[INFO] [stderr]    Compiling serde_with v3.11.0
[INFO] [stderr]    Compiling sized-chunks v0.6.5
[INFO] [stderr]    Compiling pest_derive v2.7.14
[INFO] [stderr]    Compiling ethereum-types v0.14.1
[INFO] [stderr]    Compiling sway-features v0.66.3
[INFO] [stderr]    Compiling filecheck v0.5.0
[INFO] [stderr]    Compiling async-trait v0.1.83
[INFO] [stderr]    Compiling strum_macros v0.26.4
[INFO] [stderr]    Compiling tracing-attributes v0.1.27
[INFO] [stderr]    Compiling rand_xoshiro v0.6.0
[INFO] [stderr]    Compiling unicode-xid v0.2.6
[INFO] [stderr]    Compiling unicode-bidi v0.3.17
[INFO] [stderr]    Compiling ethnum v1.5.0
[INFO] [stderr]    Compiling downcast-rs v1.2.1
[INFO] [stderr]    Compiling percent-encoding v2.3.1
[INFO] [stderr]    Compiling tracing v0.1.40
[INFO] [stderr]    Compiling graph-cycles v0.1.0
[INFO] [stderr]    Compiling fuel-ethabi v18.0.0
[INFO] [stderr]    Compiling dirs v5.0.1
[INFO] [stderr]    Compiling sysinfo v0.29.11
[INFO] [stderr]    Compiling fuel-abi-types v0.7.0
[INFO] [stderr]    Compiling strum v0.26.3
[INFO] [stderr]    Compiling vec1 v1.12.1
[INFO] [stderr]    Compiling fuel-etk-asm v0.3.1-dev
[INFO] [stderr]    Compiling sway-types v0.66.3
[INFO] [stderr]    Compiling fuel-vm v0.58.2
[INFO] [stderr]    Compiling sway-error v0.66.3
[INFO] [stderr]    Compiling sway-ir v0.66.3
[INFO] [stderr]    Compiling sway-ast v0.66.3
[INFO] [stderr]    Compiling sway-parse v0.66.3
[INFO] [stderr]    Compiling sway-core v0.66.2 (/opt/rustwide/workdir)
[INFO] [stdout] error[E0432]: unresolved import `sway_types::constants::CFG_EXPERIMENTAL_NEW_ENCODING`
[INFO] [stdout]   --> src/transform/attribute.rs:27:54
[INFO] [stdout]    |
[INFO] [stdout] 27 |         ALLOW_DEAD_CODE_NAME, ALLOW_DEPRECATED_NAME, CFG_EXPERIMENTAL_NEW_ENCODING,
[INFO] [stdout]    |                                                      ^^^^^^^^^^^^^^^^^^^^^^^^^^^^^ no `CFG_EXPERIMENTAL_NEW_ENCODING` in `constants`
[INFO] [stdout] 
[INFO] [stdout] 
[INFO] [stdout] error[E0432]: unresolved import `sway_types::constants::CFG_EXPERIMENTAL_NEW_ENCODING`
[INFO] [stdout]   --> src/transform/to_parsed_lang/convert_parse_tree.rs:34:51
[INFO] [stdout]    |
[INFO] [stdout] 34 |         ALLOW_ATTRIBUTE_NAME, CFG_ATTRIBUTE_NAME, CFG_EXPERIMENTAL_NEW_ENCODING,
[INFO] [stdout]    |                                                   ^^^^^^^^^^^^^^^^^^^^^^^^^^^^^ no `CFG_EXPERIMENTAL_NEW_ENCODING` in `constants`
[INFO] [stdout] 
[INFO] [stdout] 
[INFO] [stdout] error[E0422]: cannot find struct, variant or union type `ExperimentalFlags` in crate `sway_ir`
[INFO] [stdout]    --> src/ir_generation.rs:153:18
[INFO] [stdout]     |
[INFO] [stdout] 153 |         sway_ir::ExperimentalFlags {
[INFO] [stdout]     |                  ^^^^^^^^^^^^^^^^^ not found in `sway_ir`
[INFO] [stdout]     |
[INFO] [stdout] help: consider importing this struct through its public re-export
[INFO] [stdout]     |
[INFO] [stdout] 10  + use crate::ExperimentalFlags;
[INFO] [stdout]     |
[INFO] [stdout] help: if you import `ExperimentalFlags`, refer to it directly
[INFO] [stdout]     |
[INFO] [stdout] 153 -         sway_ir::ExperimentalFlags {
[INFO] [stdout] 153 +         ExperimentalFlags {
[INFO] [stdout]     |
[INFO] [stdout] 
[INFO] [stdout] 
[INFO] [stdout] error[E0422]: cannot find struct, variant or union type `ExperimentalFlags` in crate `sway_ir`
[INFO] [stdout]    --> src/lib.rs:666:18
[INFO] [stdout]     |
[INFO] [stdout] 666 |         sway_ir::ExperimentalFlags {
[INFO] [stdout]     |                  ^^^^^^^^^^^^^^^^^ not found in `sway_ir`
[INFO] [stdout]     |
[INFO] [stdout] help: consider importing this struct
[INFO] [stdout]     |
[INFO] [stdout] 27  + use crate::build_config::ExperimentalFlags;
[INFO] [stdout]     |
[INFO] [stdout] help: if you import `ExperimentalFlags`, refer to it directly
[INFO] [stdout]     |
[INFO] [stdout] 666 -         sway_ir::ExperimentalFlags {
[INFO] [stdout] 666 +         ExperimentalFlags {
[INFO] [stdout]     |
[INFO] [stdout] 
[INFO] [stdout] 
[INFO] [stdout] warning: elided lifetime has a name
[INFO] [stdout]    --> src/language/ty/module.rs:106:15
[INFO] [stdout]     |
[INFO] [stdout] 103 |     pub fn test_fns<'a: 'b, 'b>(
[INFO] [stdout]     |                             -- lifetime `'b` declared here
[INFO] [stdout] ...
[INFO] [stdout] 106 |     ) -> impl '_ + Iterator<Item = (Arc<TyFunctionDecl>, DeclRefFunction)> {
[INFO] [stdout]     |               ^^ this elided lifetime gets resolved as `'b`
[INFO] [stdout]     |
[INFO] [stdout]     = note: `#[warn(elided_named_lifetimes)]` on by default
[INFO] [stdout] 
[INFO] [stdout] 
[INFO] [stdout] warning: elided lifetime has a name
[INFO] [stdout]    --> src/language/ty/module.rs:126:15
[INFO] [stdout]     |
[INFO] [stdout] 123 |     pub fn contract_fns<'a: 'b, 'b>(
[INFO] [stdout]     |                                 -- lifetime `'b` declared here
[INFO] [stdout] ...
[INFO] [stdout] 126 |     ) -> impl '_ + Iterator<Item = DeclId<TyFunctionDecl>> {
[INFO] [stdout]     |               ^^ this elided lifetime gets resolved as `'b`
[INFO] [stdout] 
[INFO] [stdout] 
[INFO] [stdout] warning: elided lifetime has a name
[INFO] [stdout]    --> src/language/ty/module.rs:136:15
[INFO] [stdout]     |
[INFO] [stdout] 133 |     pub fn contract_supertrait_fns<'a: 'b, 'b>(
[INFO] [stdout]     |                                            -- lifetime `'b` declared here
[INFO] [stdout] ...
[INFO] [stdout] 136 |     ) -> impl '_ + Iterator<Item = DeclId<TyFunctionDecl>> {
[INFO] [stdout]     |               ^^ this elided lifetime gets resolved as `'b`
[INFO] [stdout] 
[INFO] [stdout] 
[INFO] [stdout] warning: elided lifetime has a name
[INFO] [stdout]    --> src/language/ty/program.rs:430:15
[INFO] [stdout]     |
[INFO] [stdout] 427 |     pub fn test_fns<'a: 'b, 'b>(
[INFO] [stdout]     |                             -- lifetime `'b` declared here
[INFO] [stdout] ...
[INFO] [stdout] 430 |     ) -> impl '_ + Iterator<Item = (Arc<TyFunctionDecl>, DeclRefFunction)> {
[INFO] [stdout]     |               ^^ this elided lifetime gets resolved as `'b`
[INFO] [stdout] 
[INFO] [stdout] 
[INFO] [stdout] error[E0308]: mismatched types
[INFO] [stdout]    --> src/asm_generation/fuel/fuel_asm_builder.rs:117:68
[INFO] [stdout]     |
[INFO] [stdout] 117 |                 let (decode_fn_label, _) = self.func_label_map.get(decode_fn).unwrap();
[INFO] [stdout]     |                                                                --- ^^^^^^^^^ expected `&Function`, found `&Cell<Function>`
[INFO] [stdout]     |                                                                |
[INFO] [stdout]     |                                                                arguments to this method are incorrect
[INFO] [stdout]     |
[INFO] [stdout]     = note: expected reference `&sway_ir::Function`
[INFO] [stdout]                found reference `&Cell<sway_ir::Function>`
[INFO] [stdout] note: method defined here
[INFO] [stdout]    --> /rustc/df4ca44d3fbc9301ee17f30f4d474e6ae4b05252/library/std/src/collections/hash/map.rs:875:12
[INFO] [stdout] 
[INFO] [stdout] 
[INFO] [stdout] error[E0308]: mismatched types
[INFO] [stdout]    --> src/ir_generation/compile.rs:362:25
[INFO] [stdout]     |
[INFO] [stdout] 362 |                         decode_fn,
[INFO] [stdout]     |                         ^^^^^^^^^ expected `Cell<Function>`, found `Function`
[INFO] [stdout]     |
[INFO] [stdout]     = note: expected struct `Cell<sway_ir::Function>`
[INFO] [stdout]                found struct `sway_ir::Function`
[INFO] [stdout] help: call `Into::into` on this expression to convert `sway_ir::Function` into `Cell<sway_ir::Function>`
[INFO] [stdout]     |
[INFO] [stdout] 362 |                         decode_fn: decode_fn.into(),
[INFO] [stdout]     |                         ++++++++++          +++++++
[INFO] [stdout] 
[INFO] [stdout] 
[INFO] [stdout] error[E0559]: variant `CompileError::MultipleApplicableItemsInScope` has no field named `type_name`
[INFO] [stdout]     --> src/semantic_analysis/namespace/trait_map.rs:1306:21
[INFO] [stdout]      |
[INFO] [stdout] 1306 |                     type_name: engines.help_out(type_id).to_string(),
[INFO] [stdout]      |                     ^^^^^^^^^ `CompileError::MultipleApplicableItemsInScope` does not have this field
[INFO] [stdout]      |
[INFO] [stdout]      = note: all struct fields are already assigned
[INFO] [stdout] 
[INFO] [stdout] 
[INFO] [stdout] error[E0308]: mismatched types
[INFO] [stdout]     --> src/semantic_analysis/namespace/trait_map.rs:1307:32
[INFO] [stdout]      |
[INFO] [stdout] 1307 |                       as_traits: candidates
[INFO] [stdout]      |  ________________________________^
[INFO] [stdout] 1308 | |                         .keys()
[INFO] [stdout] 1309 | |                         .map(|k| {
[INFO] [stdout] 1310 | |                             k.clone()
[INFO] [stdout] ...    |
[INFO] [stdout] 1316 | |                         })
[INFO] [stdout] 1317 | |                         .collect::<Vec<_>>(),
[INFO] [stdout]      | |____________________________________________^ expected `Vec<(String, String)>`, found `Vec<String>`
[INFO] [stdout]      |
[INFO] [stdout]      = note: expected struct `Vec<(std::string::String, std::string::String)>`
[INFO] [stdout]                 found struct `Vec<std::string::String>`
[INFO] [stdout] 
[INFO] [stdout] 
[INFO] [stdout] error[E0559]: variant `CompileError::MethodNotFound` has no field named `method_name`
[INFO] [stdout]     --> src/semantic_analysis/type_check_context.rs:1259:21
[INFO] [stdout]      |
[INFO] [stdout] 1259 |                     method_name: method_name.clone(),
[INFO] [stdout]      |                     ^^^^^^^^^^^ `CompileError::MethodNotFound` does not have this field
[INFO] [stdout]      |
[INFO] [stdout]      = note: available fields are: `method`, `matching_method_strings`
[INFO] [stdout] 
[INFO] [stdout] 
[INFO] [stdout] error[E0559]: variant `CompileError::MultipleApplicableItemsInScope` has no field named `type_name`
[INFO] [stdout]     --> src/semantic_analysis/type_check_context.rs:1423:33
[INFO] [stdout]      |
[INFO] [stdout] 1423 | ...                   type_name: self.engines.help_out(type_id).to_string(),
[INFO] [stdout]      |                       ^^^^^^^^^ `CompileError::MultipleApplicableItemsInScope` does not have this field
[INFO] [stdout]      |
[INFO] [stdout]      = note: all struct fields are already assigned
[INFO] [stdout] 
[INFO] [stdout] 
[INFO] [stdout] error[E0308]: mismatched types
[INFO] [stdout]     --> src/semantic_analysis/type_check_context.rs:1424:44
[INFO] [stdout]      |
[INFO] [stdout] 1424 | ...                   as_traits: trait_strings,
[INFO] [stdout]      |                                  ^^^^^^^^^^^^^ expected `Vec<(String, String)>`, found `Vec<String>`
[INFO] [stdout]      |
[INFO] [stdout]      = note: expected struct `Vec<(std::string::String, std::string::String)>`
[INFO] [stdout]                 found struct `Vec<std::string::String>`
[INFO] [stdout] 
[INFO] [stdout] 
[INFO] [stdout] error[E0559]: variant `CompileError::MethodNotFound` has no field named `method_name`
[INFO] [stdout]     --> src/semantic_analysis/type_check_context.rs:1482:17
[INFO] [stdout]      |
[INFO] [stdout] 1482 |                 method_name: method_name.clone(),
[INFO] [stdout]      |                 ^^^^^^^^^^^ `CompileError::MethodNotFound` does not have this field
[INFO] [stdout]      |
[INFO] [stdout]      = note: available fields are: `method`, `matching_method_strings`
[INFO] [stdout] 
[INFO] [stdout] 
[INFO] [stdout] error[E0599]: no variant named `ExpectedExperimentalNewEncodingArgValue` found for enum `ConvertParseTreeError`
[INFO] [stdout]     --> src/transform/to_parsed_lang/convert_parse_tree.rs:4938:56
[INFO] [stdout]      |
[INFO] [stdout] 4938 | ...                   ConvertParseTreeError::ExpectedExperimentalNewEncodingArgValue {
[INFO] [stdout]      |                                              ^^^^^^^^^^^^^^^^^^^^^^^^^^^^^^^^^^^^^^^ variant not found in `ConvertParseTreeError`
[INFO] [stdout] 
[INFO] [stdout] 
[INFO] [stdout] Some errors have detailed explanations: E0308, E0422, E0432, E0559, E0599.
[INFO] [stdout] 
[INFO] [stdout] For more information about an error, try `rustc --explain E0308`.
[INFO] [stdout] 
[INFO] [stderr] error: could not compile `sway-core` (lib) due to 13 previous errors; 4 warnings emitted
[INFO] running `Command { std: "docker" "inspect" "7e0ee7018977f12f03e0c894da33af0b02034a3f133c9066aed19c9249e0cf25", kill_on_drop: false }`
[INFO] running `Command { std: "docker" "rm" "-f" "7e0ee7018977f12f03e0c894da33af0b02034a3f133c9066aed19c9249e0cf25", kill_on_drop: false }`
[INFO] [stdout] 7e0ee7018977f12f03e0c894da33af0b02034a3f133c9066aed19c9249e0cf25
