[INFO] fetching crate swarmd_local_runtime 0.0.5...
[INFO] testing swarmd_local_runtime-0.0.5 against nightly-2024-10-28+rustflags=-Zrandomize-layout for randomize-layout
[INFO] extracting crate swarmd_local_runtime 0.0.5 into /workspace/builds/worker-7-tc2/source
[INFO] validating manifest of crates.io crate swarmd_local_runtime 0.0.5 on toolchain nightly-2024-10-28
[INFO] running `Command { std: CARGO_HOME="/workspace/cargo-home" RUSTUP_HOME="/workspace/rustup-home" "/workspace/cargo-home/bin/cargo" "+nightly-2024-10-28" "metadata" "--manifest-path" "Cargo.toml" "--no-deps", kill_on_drop: false }`
[INFO] started tweaking crates.io crate swarmd_local_runtime 0.0.5
[INFO] finished tweaking crates.io crate swarmd_local_runtime 0.0.5
[INFO] tweaked toml for crates.io crate swarmd_local_runtime 0.0.5 written to /workspace/builds/worker-7-tc2/source/Cargo.toml
[INFO] running `Command { std: CARGO_HOME="/workspace/cargo-home" RUSTUP_HOME="/workspace/rustup-home" "/workspace/cargo-home/bin/cargo" "+nightly-2024-10-28" "generate-lockfile" "--manifest-path" "Cargo.toml", kill_on_drop: false }`
[INFO] [stderr]     Updating crates.io index
[INFO] [stderr]      Locking 383 packages to latest compatible versions
[INFO] [stderr]       Adding aes v0.8.3 (available: v0.8.4)
[INFO] [stderr]       Adding ast_node v0.9.5 (available: v0.9.9)
[INFO] [stderr]       Adding data-url v0.3.0 (available: v0.3.1)
[INFO] [stderr]       Adding deno_ast v0.31.6 (available: v0.43.3)
[INFO] [stderr]       Adding deno_console v0.126.0 (available: v0.175.0)
[INFO] [stderr]       Adding deno_core v0.232.0 (available: v0.317.0)
[INFO] [stderr]       Adding deno_crypto v0.140.0 (available: v0.189.0)
[INFO] [stderr]       Adding deno_fetch v0.150.0 (available: v0.199.0)
[INFO] [stderr]       Adding deno_http v0.123.0 (available: v0.173.0)
[INFO] [stderr]       Adding deno_net v0.118.0 (available: v0.167.0)
[INFO] [stderr]       Adding deno_tls v0.113.0 (available: v0.162.0)
[INFO] [stderr]       Adding deno_url v0.126.0 (available: v0.175.0)
[INFO] [stderr]       Adding deno_web v0.157.0 (available: v0.206.0)
[INFO] [stderr]       Adding deno_webidl v0.126.0 (available: v0.175.0)
[INFO] [stderr]       Adding deno_websocket v0.131.0 (available: v0.180.0)
[INFO] [stderr]       Adding encoding_rs v0.8.33 (available: v0.8.35)
[INFO] [stderr]       Adding from_variant v0.1.6 (available: v0.1.9)
[INFO] [stderr]       Adding http-body v1.0.0-rc.2 (available: v1.0.1)
[INFO] [stderr]       Adding hyper v0.14.31 (available: v1.5.0)
[INFO] [stderr]       Adding hyper v1.0.0-rc.4 (available: v1.5.0)
[INFO] [stderr]       Adding log v0.4.20 (available: v0.4.22)
[INFO] [stderr]       Adding percent-encoding v2.3.0 (available: v2.3.1)
[INFO] [stderr]       Adding rustls-tokio-stream v0.2.16 (available: v0.2.24)
[INFO] [stderr]       Adding sha-1 v0.10.0 (available: v0.10.1)
[INFO] [stderr]       Adding string_enum v0.4.1 (available: v0.4.4)
[INFO] [stderr]       Adding swc_atoms v0.6.4 (available: v0.6.7)
[INFO] [stderr]       Adding swc_common v0.33.9 (available: v0.33.26)
[INFO] [stderr]       Adding swc_config v0.1.7 (available: v0.1.15)
[INFO] [stderr]       Adding swc_config_macro v0.1.2 (available: v0.1.4)
[INFO] [stderr]       Adding swc_ecma_ast v0.110.10 (available: v0.110.17)
[INFO] [stderr]       Adding swc_ecma_codegen v0.146.32 (available: v0.146.55)
[INFO] [stderr]       Adding swc_ecma_codegen_macros v0.7.3 (available: v0.7.7)
[INFO] [stderr]       Adding swc_ecma_loader v0.45.10 (available: v0.45.28)
[INFO] [stderr]       Adding swc_ecma_parser v0.141.26 (available: v0.141.37)
[INFO] [stderr]       Adding swc_ecma_transforms_base v0.134.42 (available: v0.134.58)
[INFO] [stderr]       Adding swc_ecma_transforms_classes v0.123.43 (available: v0.123.59)
[INFO] [stderr]       Adding swc_ecma_transforms_macros v0.5.3 (available: v0.5.5)
[INFO] [stderr]       Adding swc_ecma_transforms_proposal v0.168.52 (available: v0.168.71)
[INFO] [stderr]       Adding swc_ecma_transforms_react v0.180.52 (available: v0.180.72)
[INFO] [stderr]       Adding swc_ecma_transforms_typescript v0.185.52 (available: v0.185.72)
[INFO] [stderr]       Adding swc_ecma_utils v0.124.32 (available: v0.124.39)
[INFO] [stderr]       Adding swc_ecma_visit v0.96.10 (available: v0.96.17)
[INFO] [stderr]       Adding swc_eq_ignore_macros v0.1.2 (available: v0.1.4)
[INFO] [stderr]       Adding swc_macros_common v0.3.8 (available: v0.3.14)
[INFO] [stderr]       Adding swc_visit v0.5.7 (available: v0.5.14)
[INFO] [stderr]       Adding swc_visit_macros v0.5.8 (available: v0.5.13)
[INFO] [stderr]       Adding url v2.4.1 (available: v2.5.2)
[INFO] running `Command { std: CARGO_HOME="/workspace/cargo-home" RUSTUP_HOME="/workspace/rustup-home" "/workspace/cargo-home/bin/cargo" "+nightly-2024-10-28" "fetch" "--manifest-path" "Cargo.toml", kill_on_drop: false }`
[INFO] [stderr]     Blocking waiting for file lock on package cache
[INFO] running `Command { std: "docker" "create" "-v" "/var/lib/crater-agent-workspace/builds/worker-7-tc2/target:/opt/rustwide/target:rw,Z" "-v" "/var/lib/crater-agent-workspace/builds/worker-7-tc2/source:/opt/rustwide/workdir:ro,Z" "-v" "/var/lib/crater-agent-workspace/cargo-home:/opt/rustwide/cargo-home:ro,Z" "-v" "/var/lib/crater-agent-workspace/rustup-home:/opt/rustwide/rustup-home:ro,Z" "-e" "SOURCE_DIR=/opt/rustwide/workdir" "-e" "CARGO_TARGET_DIR=/opt/rustwide/target" "-e" "CARGO_HOME=/opt/rustwide/cargo-home" "-e" "RUSTUP_HOME=/opt/rustwide/rustup-home" "-w" "/opt/rustwide/workdir" "-m" "1610612736" "--user" "0:0" "--network" "none" "ghcr.io/rust-lang/crates-build-env/linux@sha256:4a844ea9eb2546a2d2c7022eacef16ef2e8229c7fbb2c7d4d55a9ceca922f72d" "/opt/rustwide/cargo-home/bin/cargo" "+nightly-2024-10-28" "metadata" "--no-deps" "--format-version=1", kill_on_drop: false }`
[INFO] [stdout] 232068d34625758f32965aac7a233779672529d56843b59b275132f3fb7c89c0
[INFO] running `Command { std: "docker" "start" "-a" "232068d34625758f32965aac7a233779672529d56843b59b275132f3fb7c89c0", kill_on_drop: false }`
[INFO] running `Command { std: "docker" "inspect" "232068d34625758f32965aac7a233779672529d56843b59b275132f3fb7c89c0", kill_on_drop: false }`
[INFO] running `Command { std: "docker" "rm" "-f" "232068d34625758f32965aac7a233779672529d56843b59b275132f3fb7c89c0", kill_on_drop: false }`
[INFO] [stdout] 232068d34625758f32965aac7a233779672529d56843b59b275132f3fb7c89c0
[INFO] running `Command { std: "docker" "create" "-v" "/var/lib/crater-agent-workspace/builds/worker-7-tc2/target:/opt/rustwide/target:rw,Z" "-v" "/var/lib/crater-agent-workspace/builds/worker-7-tc2/source:/opt/rustwide/workdir:ro,Z" "-v" "/var/lib/crater-agent-workspace/cargo-home:/opt/rustwide/cargo-home:ro,Z" "-v" "/var/lib/crater-agent-workspace/rustup-home:/opt/rustwide/rustup-home:ro,Z" "-e" "SOURCE_DIR=/opt/rustwide/workdir" "-e" "CARGO_TARGET_DIR=/opt/rustwide/target" "-e" "CARGO_INCREMENTAL=0" "-e" "RUST_BACKTRACE=full" "-e" "RUSTFLAGS=--cap-lints=forbid -Zrandomize-layout" "-e" "RUSTDOCFLAGS=--cap-lints=forbid" "-e" "CARGO_HOME=/opt/rustwide/cargo-home" "-e" "RUSTUP_HOME=/opt/rustwide/rustup-home" "-w" "/opt/rustwide/workdir" "-m" "1610612736" "--user" "0:0" "--network" "none" "ghcr.io/rust-lang/crates-build-env/linux@sha256:4a844ea9eb2546a2d2c7022eacef16ef2e8229c7fbb2c7d4d55a9ceca922f72d" "/opt/rustwide/cargo-home/bin/cargo" "+nightly-2024-10-28" "build" "--frozen" "--message-format=json", kill_on_drop: false }`
[INFO] [stdout] 7bf8198deb3e7a639a5304d7fb74961e10ef0ff202b6d6a7950c4d19b7f11cf3
[INFO] running `Command { std: "docker" "start" "-a" "7bf8198deb3e7a639a5304d7fb74961e10ef0ff202b6d6a7950c4d19b7f11cf3", kill_on_drop: false }`
[INFO] [stderr]    Compiling proc-macro2 v1.0.89
[INFO] [stderr]    Compiling memchr v2.7.4
[INFO] [stderr]    Compiling pin-project-lite v0.2.15
[INFO] [stderr]    Compiling byteorder v1.5.0
[INFO] [stderr]    Compiling smallvec v1.13.2
[INFO] [stderr]    Compiling libm v0.2.11
[INFO] [stderr]    Compiling libc v0.2.161
[INFO] [stderr]    Compiling spin v0.9.8
[INFO] [stderr]    Compiling num-traits v0.2.19
[INFO] [stderr]    Compiling form_urlencoded v1.2.1
[INFO] [stderr]    Compiling serde_json v1.0.132
[INFO] [stderr]    Compiling data-encoding v2.6.0
[INFO] [stderr]    Compiling idna v0.4.0
[INFO] [stderr]    Compiling parking_lot_core v0.9.10
[INFO] [stderr]    Compiling lock_api v0.4.12
[INFO] [stderr]    Compiling scopeguard v1.2.0
[INFO] [stderr]    Compiling if_chain v1.0.2
[INFO] [stderr]    Compiling bytes v1.8.0
[INFO] [stderr]    Compiling generic-array v0.14.7
[INFO] [stderr]    Compiling lazy_static v1.5.0
[INFO] [stderr]    Compiling futures-core v0.3.31
[INFO] [stderr]    Compiling futures-sink v0.3.31
[INFO] [stderr]    Compiling futures-task v0.3.31
[INFO] [stderr]    Compiling futures-io v0.3.31
[INFO] [stderr]    Compiling subtle v2.6.1
[INFO] [stderr]    Compiling phf_shared v0.11.2
[INFO] [stderr]    Compiling futures-channel v0.3.31
[INFO] [stderr]    Compiling const-oid v0.9.6
[INFO] [stderr]    Compiling stable_deref_trait v1.2.0
[INFO] [stderr]    Compiling hashbrown v0.14.5
[INFO] [stderr]    Compiling new_debug_unreachable v1.0.6
[INFO] [stderr]    Compiling linux-raw-sys v0.4.14
[INFO] [stderr]    Compiling unicode-id v0.3.5
[INFO] [stderr]    Compiling scoped-tls v1.0.1
[INFO] [stderr]    Compiling unicode-width v0.1.14
[INFO] [stderr]    Compiling tracing-core v0.1.32
[INFO] [stderr]    Compiling better_scoped_tls v0.1.2
[INFO] [stderr]    Compiling outref v0.1.0
[INFO] [stderr]    Compiling ring v0.17.8
[INFO] [stderr]    Compiling simd-abstraction v0.7.1
[INFO] [stderr]    Compiling unicode-id-start v1.3.1
[INFO] [stderr]    Compiling untrusted v0.9.0
[INFO] [stderr]    Compiling quote v1.0.37
[INFO] [stderr]    Compiling aho-corasick v1.1.3
[INFO] [stderr]    Compiling http v0.2.12
[INFO] [stderr]    Compiling psm v0.1.23
[INFO] [stderr]    Compiling getrandom v0.2.15
[INFO] [stderr]    Compiling syn v2.0.86
[INFO] [stderr]    Compiling rand_core v0.6.4
[INFO] [stderr]    Compiling signal-hook-registry v1.4.2
[INFO] [stderr]    Compiling socket2 v0.5.7
[INFO] [stderr]    Compiling mio v1.0.2
[INFO] [stderr]    Compiling rustix v0.38.38
[INFO] [stderr]    Compiling fslock v0.1.8
[INFO] [stderr]    Compiling parking_lot v0.12.3
[INFO] [stderr]    Compiling base64-simd v0.7.0
[INFO] [stderr]    Compiling stacker v0.1.17
[INFO] [stderr]    Compiling smartstring v1.0.1
[INFO] [stderr]    Compiling rustls v0.21.12
[INFO] [stderr]    Compiling want v0.3.1
[INFO] [stderr]    Compiling typed-arena v2.0.2
[INFO] [stderr]    Compiling base64ct v1.6.0
[INFO] [stderr]    Compiling http-body v0.4.6
[INFO] [stderr]    Compiling rustls-pemfile v1.0.4
[INFO] [stderr]    Compiling num_cpus v1.16.0
[INFO] [stderr]    Compiling ipnet v2.10.1
[INFO] [stderr]    Compiling tower-service v0.3.3
[INFO] [stderr]    Compiling syn v1.0.109
[INFO] [stderr]    Compiling webpki-roots v0.25.4
[INFO] [stderr]    Compiling alloc-no-stdlib v2.0.4
[INFO] [stderr]    Compiling flate2 v1.0.34
[INFO] [stderr]    Compiling rustls-native-certs v0.6.3
[INFO] [stderr]    Compiling alloc-stdlib v0.2.2
[INFO] [stderr]    Compiling match_cfg v0.1.0
[INFO] [stderr]    Compiling regex-automata v0.4.8
[INFO] [stderr]    Compiling pem-rfc7468 v0.7.0
[INFO] [stderr]    Compiling deno_native_certs v0.2.0
[INFO] [stderr]    Compiling num-integer v0.1.46
[INFO] [stderr]    Compiling bitflags v2.6.0
[INFO] [stderr]    Compiling hostname v0.3.1
[INFO] [stderr]    Compiling linked-hash-map v0.5.6
[INFO] [stderr]    Compiling quick-error v1.2.3
[INFO] [stderr]    Compiling brotli-decompressor v4.0.1
[INFO] [stderr]    Compiling ff v0.13.0
[INFO] [stderr]    Compiling resolv-conf v0.7.0
[INFO] [stderr]    Compiling lru-cache v0.1.2
[INFO] [stderr]    Compiling base16ct v0.2.0
[INFO] [stderr]    Compiling windows_x86_64_gnu v0.48.5
[INFO] [stderr]    Compiling group v0.13.0
[INFO] [stderr]    Compiling num-bigint-dig v0.8.4
[INFO] [stderr]    Compiling num-iter v0.1.45
[INFO] [stderr]    Compiling dashmap v5.5.3
[INFO] [stderr]    Compiling simdutf8 v0.1.5
[INFO] [stderr]    Compiling base64 v0.13.1
[INFO] [stderr]    Compiling utf-8 v0.7.6
[INFO] [stderr]    Compiling windows-targets v0.48.5
[INFO] [stderr]    Compiling curve25519-dalek v4.1.3
[INFO] [stderr]    Compiling outref v0.5.1
[INFO] [stderr]    Compiling data-url v0.3.0
[INFO] [stderr]    Compiling vsimd v0.8.0
[INFO] [stderr]    Compiling unic-common v0.9.0
[INFO] [stderr]    Compiling unic-char-range v0.9.0
[INFO] [stderr]    Compiling unic-ucd-version v0.9.0
[INFO] [stderr]    Compiling windows-sys v0.48.0
[INFO] [stderr]    Compiling http-body v1.0.0-rc.2
[INFO] [stderr]    Compiling bumpalo v3.16.0
[INFO] [stderr]    Compiling unic-char-property v0.9.0
[INFO] [stderr]    Compiling pathdiff v0.2.2
[INFO] [stderr]    Compiling ryu-js v1.0.1
[INFO] [stderr]    Compiling brotli-decompressor v2.5.1
[INFO] [stderr]    Compiling unic-ucd-ident v0.9.0
[INFO] [stderr]    Compiling dyn-clone v1.0.17
[INFO] [stderr]    Compiling cache_control v0.2.0
[INFO] [stderr]    Compiling memmem v0.1.1
[INFO] [stderr]    Compiling base64-simd v0.8.0
[INFO] [stderr]    Compiling which v4.4.2
[INFO] [stderr]    Compiling brotli v7.0.0
[INFO] [stderr]    Compiling v8 v0.81.0
[INFO] [stderr]    Compiling enum-as-inner v0.5.1
[INFO] [stderr]    Compiling brotli v3.5.0
[INFO] [stderr]    Compiling regex v1.11.1
[INFO] [stderr]    Compiling Inflector v0.11.4
[INFO] [stderr]    Compiling pmutil v0.6.1
[INFO] [stderr]    Compiling swc_macros_common v0.3.8
[INFO] [stderr]    Compiling sct v0.7.1
[INFO] [stderr]    Compiling rustls-webpki v0.101.7
[INFO] [stderr]    Compiling serde_derive v1.0.214
[INFO] [stderr]    Compiling zerocopy-derive v0.7.35
[INFO] [stderr]    Compiling zeroize_derive v1.4.2
[INFO] [stderr]    Compiling tracing-attributes v0.1.27
[INFO] [stderr]    Compiling tokio-macros v2.4.0
[INFO] [stderr]    Compiling futures-macro v0.3.31
[INFO] [stderr]    Compiling thiserror-impl v1.0.66
[INFO] [stderr]    Compiling swc_visit_macros v0.5.8
[INFO] [stderr]    Compiling from_variant v0.1.6
[INFO] [stderr]    Compiling ast_node v0.9.5
[INFO] [stderr]    Compiling swc_eq_ignore_macros v0.1.2
[INFO] [stderr]    Compiling derive_more v0.99.18
[INFO] [stderr]    Compiling pin-project-internal v1.1.7
[INFO] [stderr]    Compiling tokio v1.41.0
[INFO] [stderr]    Compiling zeroize v1.8.1
[INFO] [stderr]    Compiling proc-macro-rules-macros v0.4.0
[INFO] [stderr]    Compiling zerocopy v0.7.35
[INFO] [stderr]    Compiling futures-util v0.3.31
[INFO] [stderr]    Compiling string_enum v0.4.1
[INFO] [stderr] error: could not compile `brotli` (lib)
[INFO] [stderr] 
[INFO] [stderr] Caused by:
[INFO] [stderr]   process didn't exit successfully: `/opt/rustwide/rustup-home/toolchains/nightly-2024-10-28-x86_64-unknown-linux-gnu/bin/rustc --crate-name brotli --edition=2015 /opt/rustwide/cargo-home/registry/src/index.crates.io-6f17d22bba15001f/brotli-7.0.0/src/lib.rs --error-format=json --json=diagnostic-rendered-ansi,artifacts,future-incompat --crate-type lib --emit=dep-info,metadata,link -C embed-bitcode=no -C debuginfo=2 --cfg 'feature="alloc-stdlib"' --cfg 'feature="default"' --cfg 'feature="std"' --check-cfg 'cfg(docsrs)' --check-cfg 'cfg(feature, values("alloc-stdlib", "benchmark", "billing", "default", "disable-timer", "disallow_large_window_size", "external-literal-probability", "ffi-api", "float64", "floating_point_context_mixing", "no-stdlib-ffi-binding", "pass-through-ffi-panics", "seccomp", "sha2", "simd", "std", "validation", "vector_scratch_space"))' -C metadata=7b1275670d43bc27 -C extra-filename=-7b1275670d43bc27 --out-dir /opt/rustwide/target/debug/deps -L dependency=/opt/rustwide/target/debug/deps --extern alloc_no_stdlib=/opt/rustwide/target/debug/deps/liballoc_no_stdlib-26a5d660d0c8a7be.rmeta --extern alloc_stdlib=/opt/rustwide/target/debug/deps/liballoc_stdlib-c05b3c7dd2435eb2.rmeta --extern brotli_decompressor=/opt/rustwide/target/debug/deps/libbrotli_decompressor-165b72e347490b4e.rmeta --cap-lints allow --cap-lints=forbid -Zrandomize-layout` (signal: 9, SIGKILL: kill)
[INFO] [stderr] warning: build failed, waiting for other jobs to finish...
[INFO] [stderr] error: failed to run custom build command for `v8 v0.81.0`
[INFO] [stderr] note: To improve backtraces for build dependencies, set the CARGO_PROFILE_DEV_BUILD_OVERRIDE_DEBUG=true environment variable to enable debug information generation.
[INFO] [stderr] 
[INFO] [stderr] Caused by:
[INFO] [stderr]   process didn't exit successfully: `/opt/rustwide/target/debug/build/v8-b9f610e4a6c3d068/build-script-build` (exit status: 101)
[INFO] [stderr]   --- stdout
[INFO] [stderr]   cargo:rerun-if-changed=.gn
[INFO] [stderr]   cargo:rerun-if-changed=BUILD.gn
[INFO] [stderr]   cargo:rerun-if-changed=src/binding.cc
[INFO] [stderr]   cargo:rerun-if-env-changed=CCACHE
[INFO] [stderr]   cargo:rerun-if-env-changed=CLANG_BASE_PATH
[INFO] [stderr]   cargo:rerun-if-env-changed=CXXSTDLIB
[INFO] [stderr]   cargo:rerun-if-env-changed=DENO_TRYBUILD
[INFO] [stderr]   cargo:rerun-if-env-changed=DOCS_RS
[INFO] [stderr]   cargo:rerun-if-env-changed=GN
[INFO] [stderr]   cargo:rerun-if-env-changed=GN_ARGS
[INFO] [stderr]   cargo:rerun-if-env-changed=HOST
[INFO] [stderr]   cargo:rerun-if-env-changed=NINJA
[INFO] [stderr]   cargo:rerun-if-env-changed=OUT_DIR
[INFO] [stderr]   cargo:rerun-if-env-changed=RUSTY_V8_ARCHIVE
[INFO] [stderr]   cargo:rerun-if-env-changed=RUSTY_V8_MIRROR
[INFO] [stderr]   cargo:rerun-if-env-changed=SCCACHE
[INFO] [stderr]   cargo:rerun-if-env-changed=V8_FORCE_DEBUG
[INFO] [stderr]   cargo:rerun-if-env-changed=V8_FROM_SOURCE
[INFO] [stderr]   cargo:rerun-if-env-changed=PYTHON
[INFO] [stderr]   cargo:rerun-if-env-changed=DISABLE_CLANG
[INFO] [stderr]   cargo:rerun-if-env-changed=EXTRA_GN_ARGS
[INFO] [stderr]   cargo:rerun-if-env-changed=NO_PRINT_GN_ARGS
[INFO] [stderr]   cargo:rustc-link-lib=static=rusty_v8
[INFO] [stderr]   download lockfile: "/opt/rustwide/target/debug/build/lib_download.fslock"
[INFO] [stderr]   static lib URL: https://github.com/denoland/rusty_v8/releases/download/v0.81.0/librusty_v8_release_x86_64-unknown-linux-gnu.a
[INFO] [stderr]   cargo:rustc-link-search=/opt/rustwide/target/debug/gn_out/obj
[INFO] [stderr]   Downloading https://github.com/denoland/rusty_v8/releases/download/v0.81.0/librusty_v8_release_x86_64-unknown-linux-gnu.a
[INFO] [stderr]   Downloading https://github.com/denoland/rusty_v8/releases/download/v0.81.0/librusty_v8_release_x86_64-unknown-linux-gnu.a...
[INFO] [stderr]   <urlopen error [Errno -3] Temporary failure in name resolution>
[INFO] [stderr]   Retrying in 5 s ...
[INFO] [stderr]   Downloading https://github.com/denoland/rusty_v8/releases/download/v0.81.0/librusty_v8_release_x86_64-unknown-linux-gnu.a...
[INFO] [stderr]   <urlopen error [Errno -3] Temporary failure in name resolution>
[INFO] [stderr]   Retrying in 10 s ...
[INFO] [stderr]   Downloading https://github.com/denoland/rusty_v8/releases/download/v0.81.0/librusty_v8_release_x86_64-unknown-linux-gnu.a...
[INFO] [stderr]   <urlopen error [Errno -3] Temporary failure in name resolution>
[INFO] [stderr]   Retrying in 20 s ...
[INFO] [stderr]   Downloading https://github.com/denoland/rusty_v8/releases/download/v0.81.0/librusty_v8_release_x86_64-unknown-linux-gnu.a...
[INFO] [stderr]   <urlopen error [Errno -3] Temporary failure in name resolution>
[INFO] [stderr]   Python downloader failed, trying with curl.
[INFO] [stderr] 
[INFO] [stderr]   --- stderr
[INFO] [stderr]   Traceback (most recent call last):
[INFO] [stderr]     File "/usr/lib/python3.10/urllib/request.py", line 1348, in do_open
[INFO] [stderr]       h.request(req.get_method(), req.selector, req.data, headers,
[INFO] [stderr]     File "/usr/lib/python3.10/http/client.py", line 1283, in request
[INFO] [stderr]       self._send_request(method, url, body, headers, encode_chunked)
[INFO] [stderr]     File "/usr/lib/python3.10/http/client.py", line 1329, in _send_request
[INFO] [stderr]       self.endheaders(body, encode_chunked=encode_chunked)
[INFO] [stderr]     File "/usr/lib/python3.10/http/client.py", line 1278, in endheaders
[INFO] [stderr]       self._send_output(message_body, encode_chunked=encode_chunked)
[INFO] [stderr]     File "/usr/lib/python3.10/http/client.py", line 1038, in _send_output
[INFO] [stderr]       self.send(msg)
[INFO] [stderr]     File "/usr/lib/python3.10/http/client.py", line 976, in send
[INFO] [stderr]       self.connect()
[INFO] [stderr]     File "/usr/lib/python3.10/http/client.py", line 1448, in connect
[INFO] [stderr]       super().connect()
[INFO] [stderr]     File "/usr/lib/python3.10/http/client.py", line 942, in connect
[INFO] [stderr]       self.sock = self._create_connection(
[INFO] [stderr]     File "/usr/lib/python3.10/socket.py", line 824, in create_connection
[INFO] [stderr]       for res in getaddrinfo(host, port, 0, SOCK_STREAM):
[INFO] [stderr]     File "/usr/lib/python3.10/socket.py", line 955, in getaddrinfo
[INFO] [stderr]       for res in _socket.getaddrinfo(host, port, family, type, proto, flags):
[INFO] [stderr]   socket.gaierror: [Errno -3] Temporary failure in name resolution
[INFO] [stderr] 
[INFO] [stderr]   During handling of the above exception, another exception occurred:
[INFO] [stderr] 
[INFO] [stderr]   Traceback (most recent call last):
[INFO] [stderr]     File "/opt/rustwide/cargo-home/registry/src/index.crates.io-6f17d22bba15001f/v8-0.81.0/./tools/download_file.py", line 64, in <module>
[INFO] [stderr]       sys.exit(main())
[INFO] [stderr]     File "/opt/rustwide/cargo-home/registry/src/index.crates.io-6f17d22bba15001f/v8-0.81.0/./tools/download_file.py", line 59, in main
[INFO] [stderr]       DownloadUrl(args.url, f)
[INFO] [stderr]     File "/opt/rustwide/cargo-home/registry/src/index.crates.io-6f17d22bba15001f/v8-0.81.0/./tools/download_file.py", line 45, in DownloadUrl
[INFO] [stderr]       raise e
[INFO] [stderr]     File "/opt/rustwide/cargo-home/registry/src/index.crates.io-6f17d22bba15001f/v8-0.81.0/./tools/download_file.py", line 29, in DownloadUrl
[INFO] [stderr]       response = urlopen(url)
[INFO] [stderr]     File "/usr/lib/python3.10/urllib/request.py", line 216, in urlopen
[INFO] [stderr]       return opener.open(url, data, timeout)
[INFO] [stderr]     File "/usr/lib/python3.10/urllib/request.py", line 519, in open
[INFO] [stderr]       response = self._open(req, data)
[INFO] [stderr]     File "/usr/lib/python3.10/urllib/request.py", line 536, in _open
[INFO] [stderr]       result = self._call_chain(self.handle_open, protocol, protocol +
[INFO] [stderr]     File "/usr/lib/python3.10/urllib/request.py", line 496, in _call_chain
[INFO] [stderr]       result = func(*args)
[INFO] [stderr]     File "/usr/lib/python3.10/urllib/request.py", line 1391, in https_open
[INFO] [stderr]       return self.do_open(http.client.HTTPSConnection, req,
[INFO] [stderr]     File "/usr/lib/python3.10/urllib/request.py", line 1351, in do_open
[INFO] [stderr]       raise URLError(err)
[INFO] [stderr]   urllib.error.URLError: <urlopen error [Errno -3] Temporary failure in name resolution>
[INFO] [stderr]   thread 'main' panicked at /opt/rustwide/cargo-home/registry/src/index.crates.io-6f17d22bba15001f/v8-0.81.0/build.rs:431:3:
[INFO] [stderr]   assertion failed: status.success()
[INFO] [stderr]   stack backtrace:
[INFO] [stderr]      0:     0x5bac56fd2cfa - std::backtrace_rs::backtrace::libunwind::trace::h207520d6e9873551
[INFO] [stderr]                                  at /rustc/df4ca44d3fbc9301ee17f30f4d474e6ae4b05252/library/std/src/../../backtrace/src/backtrace/libunwind.rs:116:5
[INFO] [stderr]      1:     0x5bac56fd2cfa - std::backtrace_rs::backtrace::trace_unsynchronized::h2ed7433f370e3eca
[INFO] [stderr]                                  at /rustc/df4ca44d3fbc9301ee17f30f4d474e6ae4b05252/library/std/src/../../backtrace/src/backtrace/mod.rs:66:5
[INFO] [stderr]      2:     0x5bac56fd2cfa - std::sys::backtrace::_print_fmt::h916fac51166b18d7
[INFO] [stderr]                                  at /rustc/df4ca44d3fbc9301ee17f30f4d474e6ae4b05252/library/std/src/sys/backtrace.rs:66:9
[INFO] [stderr]      3:     0x5bac56fd2cfa - <std::sys::backtrace::BacktraceLock::print::DisplayBacktrace as core::fmt::Display>::fmt::ha0a4c9b8ce3802e6
[INFO] [stderr]                                  at /rustc/df4ca44d3fbc9301ee17f30f4d474e6ae4b05252/library/std/src/sys/backtrace.rs:39:26
[INFO] [stderr]      4:     0x5bac56ff4863 - core::fmt::rt::Argument::fmt::h4cfc8587d52b3eb5
[INFO] [stderr]                                  at /rustc/df4ca44d3fbc9301ee17f30f4d474e6ae4b05252/library/core/src/fmt/rt.rs:177:76
[INFO] [stderr]      5:     0x5bac56ff4863 - core::fmt::write::h522cc39e5b36ae9f
[INFO] [stderr]                                  at /rustc/df4ca44d3fbc9301ee17f30f4d474e6ae4b05252/library/core/src/fmt/mod.rs:1190:21
[INFO] [stderr]      6:     0x5bac56fcfb03 - std::io::Write::write_fmt::hf1c1dcc8cc1287f0
[INFO] [stderr]                                  at /rustc/df4ca44d3fbc9301ee17f30f4d474e6ae4b05252/library/std/src/io/mod.rs:1839:15
[INFO] [stderr]      7:     0x5bac56fd2b42 - std::sys::backtrace::BacktraceLock::print::h4b9e00b29e9c0942
[INFO] [stderr]                                  at /rustc/df4ca44d3fbc9301ee17f30f4d474e6ae4b05252/library/std/src/sys/backtrace.rs:42:9
[INFO] [stderr]      8:     0x5bac56fd3cbc - std::panicking::default_hook::{{closure}}::hb59b88280d0324d9
[INFO] [stderr]                                  at /rustc/df4ca44d3fbc9301ee17f30f4d474e6ae4b05252/library/std/src/panicking.rs:268:22
[INFO] [stderr]      9:     0x5bac56fd3b02 - std::panicking::default_hook::he1dd496665be4a29
[INFO] [stderr]                                  at /rustc/df4ca44d3fbc9301ee17f30f4d474e6ae4b05252/library/std/src/panicking.rs:295:9
[INFO] [stderr]     10:     0x5bac56fd42b7 - std::panicking::rust_panic_with_hook::h2ff17fe8f26dfcf8
[INFO] [stderr]                                  at /rustc/df4ca44d3fbc9301ee17f30f4d474e6ae4b05252/library/std/src/panicking.rs:801:13
[INFO] [stderr]     11:     0x5bac56fd4116 - std::panicking::begin_panic_handler::{{closure}}::h4fad77951c07e101
[INFO] [stderr]                                  at /rustc/df4ca44d3fbc9301ee17f30f4d474e6ae4b05252/library/std/src/panicking.rs:667:13
[INFO] [stderr]     12:     0x5bac56fd31d9 - std::sys::backtrace::__rust_end_short_backtrace::hb1a25b3da5d0ea08
[INFO] [stderr]                                  at /rustc/df4ca44d3fbc9301ee17f30f4d474e6ae4b05252/library/std/src/sys/backtrace.rs:170:18
[INFO] [stderr]     13:     0x5bac56fd3ddc - rust_begin_unwind
[INFO] [stderr]                                  at /rustc/df4ca44d3fbc9301ee17f30f4d474e6ae4b05252/library/std/src/panicking.rs:665:5
[INFO] [stderr]     14:     0x5bac56ff3a10 - core::panicking::panic_fmt::ha9db07b529f9b256
[INFO] [stderr]                                  at /rustc/df4ca44d3fbc9301ee17f30f4d474e6ae4b05252/library/core/src/panicking.rs:75:14
[INFO] [stderr]     15:     0x5bac56ff3a9c - core::panicking::panic::h993086813d94accc
[INFO] [stderr]                                  at /rustc/df4ca44d3fbc9301ee17f30f4d474e6ae4b05252/library/core/src/panicking.rs:152:5
[INFO] [stderr]     16:     0x5bac56f891c6 - build_script_build::download_file::hf0bd4555c054dd7d
[INFO] [stderr]     17:     0x5bac56f89b1f - build_script_build::download_static_lib_binaries::he2a12a4236cdccc5
[INFO] [stderr]     18:     0x5bac56f848aa - build_script_build::main::h1e15a32e5468f3e5
[INFO] [stderr]     19:     0x5bac56f826b3 - core::ops::function::FnOnce::call_once::he8300ee280155fa7
[INFO] [stderr]     20:     0x5bac56f948c6 - std::sys::backtrace::__rust_begin_short_backtrace::h7dcab7d62c13a032
[INFO] [stderr]     21:     0x5bac56f9c4a9 - std::rt::lang_start::{{closure}}::h7990e72dc96a7abe
[INFO] [stderr]     22:     0x5bac56fcb4c7 - core::ops::function::impls::<impl core::ops::function::FnOnce<A> for &F>::call_once::hd87d66b906e0ccaf
[INFO] [stderr]                                  at /rustc/df4ca44d3fbc9301ee17f30f4d474e6ae4b05252/library/core/src/ops/function.rs:284:13
[INFO] [stderr]     23:     0x5bac56fcb4c7 - std::panicking::try::do_call::hae3703de71fc9e3a
[INFO] [stderr]                                  at /rustc/df4ca44d3fbc9301ee17f30f4d474e6ae4b05252/library/std/src/panicking.rs:557:40
[INFO] [stderr]     24:     0x5bac56fcb4c7 - std::panicking::try::h1178330e9a2b2645
[INFO] [stderr]                                  at /rustc/df4ca44d3fbc9301ee17f30f4d474e6ae4b05252/library/std/src/panicking.rs:520:19
[INFO] [stderr]     25:     0x5bac56fcb4c7 - std::panic::catch_unwind::h0acf49d2305d32ad
[INFO] [stderr]                                  at /rustc/df4ca44d3fbc9301ee17f30f4d474e6ae4b05252/library/std/src/panic.rs:358:14
[INFO] [stderr]     26:     0x5bac56fcb4c7 - std::rt::lang_start_internal::{{closure}}::h2d95182d798177be
[INFO] [stderr]                                  at /rustc/df4ca44d3fbc9301ee17f30f4d474e6ae4b05252/library/std/src/rt.rs:174:48
[INFO] [stderr]     27:     0x5bac56fcb4c7 - std::panicking::try::do_call::hb506f5bfe11fd30c
[INFO] [stderr]                                  at /rustc/df4ca44d3fbc9301ee17f30f4d474e6ae4b05252/library/std/src/panicking.rs:557:40
[INFO] [stderr]     28:     0x5bac56fcb4c7 - std::panicking::try::h54d825c46bd0fa95
[INFO] [stderr]                                  at /rustc/df4ca44d3fbc9301ee17f30f4d474e6ae4b05252/library/std/src/panicking.rs:520:19
[INFO] [stderr]     29:     0x5bac56fcb4c7 - std::panic::catch_unwind::hffbb0ad20c4e9fac
[INFO] [stderr]                                  at /rustc/df4ca44d3fbc9301ee17f30f4d474e6ae4b05252/library/std/src/panic.rs:358:14
[INFO] [stderr]     30:     0x5bac56fcb4c7 - std::rt::lang_start_internal::h52c291ef1962c925
[INFO] [stderr]                                  at /rustc/df4ca44d3fbc9301ee17f30f4d474e6ae4b05252/library/std/src/rt.rs:174:20
[INFO] [stderr]     31:     0x5bac56f9c487 - std::rt::lang_start::hc25b3e2725ad54c0
[INFO] [stderr]     32:     0x5bac56f8e6c5 - main
[INFO] [stderr]     33:     0x736c634ced90 - <unknown>
[INFO] [stderr]     34:     0x736c634cee40 - __libc_start_main
[INFO] [stderr]     35:     0x5bac56f7e3e5 - _start
[INFO] [stderr]     36:                0x0 - <unknown>
[INFO] running `Command { std: "docker" "inspect" "7bf8198deb3e7a639a5304d7fb74961e10ef0ff202b6d6a7950c4d19b7f11cf3", kill_on_drop: false }`
[INFO] running `Command { std: "docker" "rm" "-f" "7bf8198deb3e7a639a5304d7fb74961e10ef0ff202b6d6a7950c4d19b7f11cf3", kill_on_drop: false }`
[INFO] [stdout] 7bf8198deb3e7a639a5304d7fb74961e10ef0ff202b6d6a7950c4d19b7f11cf3
