[INFO] fetching crate swarm-host 0.1.0...
[INFO] testing swarm-host-0.1.0 against nightly-2024-10-28 for randomize-layout
[INFO] extracting crate swarm-host 0.1.0 into /workspace/builds/worker-3-tc1/source
[INFO] validating manifest of crates.io crate swarm-host 0.1.0 on toolchain nightly-2024-10-28
[INFO] running `Command { std: CARGO_HOME="/workspace/cargo-home" RUSTUP_HOME="/workspace/rustup-home" "/workspace/cargo-home/bin/cargo" "+nightly-2024-10-28" "metadata" "--manifest-path" "Cargo.toml" "--no-deps", kill_on_drop: false }`
[INFO] started tweaking crates.io crate swarm-host 0.1.0
[INFO] finished tweaking crates.io crate swarm-host 0.1.0
[INFO] tweaked toml for crates.io crate swarm-host 0.1.0 written to /workspace/builds/worker-3-tc1/source/Cargo.toml
[INFO] crate crates.io crate swarm-host 0.1.0 already has a lockfile, it will not be regenerated
[INFO] running `Command { std: CARGO_HOME="/workspace/cargo-home" RUSTUP_HOME="/workspace/rustup-home" "/workspace/cargo-home/bin/cargo" "+nightly-2024-10-28" "fetch" "--manifest-path" "Cargo.toml", kill_on_drop: false }`
[INFO] [stderr]     Updating crates.io index
[INFO] [stderr]  Downloading crates ...
[INFO] [stderr]   Downloaded futures-macro v0.3.26
[INFO] [stderr]   Downloaded slab v0.4.7
[INFO] [stderr]   Downloaded wasm-timer v0.2.5
[INFO] [stderr]   Downloaded futures-io v0.3.26
[INFO] [stderr]   Downloaded futures-executor v0.3.26
[INFO] [stderr]   Downloaded half v1.8.2
[INFO] [stderr]   Downloaded sp-api v4.0.0
[INFO] [stderr]   Downloaded rustc-demangle v0.1.21
[INFO] [stderr]   Downloaded sp-runtime-interface-proc-macro v7.0.0
[INFO] [stderr]   Downloaded ryu v1.0.12
[INFO] [stderr]   Downloaded time-core v0.1.1
[INFO] [stderr]   Downloaded sp-weights v4.0.0
[INFO] [stderr]   Downloaded memory-db v0.30.0
[INFO] [stderr]   Downloaded sp-io v20.0.0
[INFO] [stderr]   Downloaded data-encoding-macro v0.1.12
[INFO] [stderr]   Downloaded sc-block-builder v0.10.0
[INFO] [stderr]   Downloaded sp-std v6.0.0
[INFO] [stderr]   Downloaded sp-version-proc-macro v5.0.0
[INFO] [stderr]   Downloaded prometheus-client-derive-text-encode v0.3.0
[INFO] [stderr]   Downloaded dtoa v1.0.5
[INFO] [stderr]   Downloaded slice-group-by v0.3.0
[INFO] [stderr]   Downloaded file-per-thread-logger v0.1.6
[INFO] [stderr]   Downloaded array-bytes v6.0.0
[INFO] [stderr]   Downloaded sp-wasm-interface v8.0.0
[INFO] [stderr]   Downloaded target-lexicon v0.12.5
[INFO] [stderr]   Downloaded cranelift-entity v0.88.2
[INFO] [stderr]   Downloaded libp2p-mplex v0.38.0
[INFO] [stderr]   Downloaded derive_builder_core v0.11.2
[INFO] [stderr]   Downloaded crossbeam-deque v0.8.2
[INFO] [stderr]   Downloaded crossbeam-epoch v0.9.13
[INFO] [stderr]   Downloaded prometheus-client v0.18.1
[INFO] [stderr]   Downloaded linux-raw-sys v0.0.46
[INFO] [stderr]   Downloaded sp-externalities v0.14.0
[INFO] [stderr]   Downloaded sp-application-crypto v7.0.0
[INFO] [stderr]   Downloaded sp-std v7.0.0
[INFO] [stderr]   Downloaded sp-weights v17.0.0
[INFO] [stderr]   Downloaded sp-runtime v21.0.0
[INFO] [stderr]   Downloaded object v0.30.3
[INFO] [stderr]   Downloaded prost-codec v0.3.0
[INFO] [stderr]   Downloaded multiaddr v0.17.1
[INFO] [stderr]   Downloaded if-watch v3.0.1
[INFO] [stderr]   Downloaded gimli v0.27.1
[INFO] [stderr]   Downloaded fiat-crypto v0.1.20
[INFO] [stderr]   Downloaded libp2p-core v0.39.1
[INFO] [stderr]   Downloaded chacha20poly1305 v0.9.1
[INFO] [stderr]   Downloaded sp-inherents v4.0.0
[INFO] [stderr]   Downloaded platforms v3.0.2
[INFO] [stderr]   Downloaded sp-blockchain v4.0.0
[INFO] [stderr]   Downloaded libp2p-noise v0.42.0
[INFO] [stderr]   Downloaded sp-database v4.0.0
[INFO] [stderr]   Downloaded packed_simd_2 v0.3.8
[INFO] [stderr]   Downloaded libm v0.1.4
[INFO] [stderr]   Downloaded wasmparser v0.89.1
[INFO] [stderr]   Downloaded sp-application-crypto v8.0.0
[INFO] [stderr]   Downloaded sp-core-hashing v6.0.0
[INFO] [stderr]   Downloaded sp-io v8.0.0
[INFO] [stderr]   Downloaded tiny-bip39 v1.0.0
[INFO] [stderr]   Downloaded sp-runtime-interface v15.0.0
[INFO] [stderr]   Downloaded sp-storage v12.0.0
[INFO] [stderr]   Downloaded sp-state-machine v0.14.0
[INFO] [stderr]   Downloaded sp-core v18.0.0
[INFO] [stderr]   Downloaded sp-arithmetic v7.0.0
[INFO] [stderr]   Downloaded sp-debug-derive v7.0.0
[INFO] [stderr]   Downloaded sp-keystore v0.14.0
[INFO] [stderr]   Downloaded sp-panic-handler v6.0.0
[INFO] [stderr]   Downloaded curve25519-dalek v4.0.0-rc.1
[INFO] [stderr]   Downloaded poly1305 v0.7.2
[INFO] [stderr]   Downloaded wasmtime-runtime v1.0.2
[INFO] [stderr]   Downloaded wasmtime v6.0.2
[INFO] [stderr]   Downloaded snow v0.9.2
[INFO] [stderr]   Downloaded pyo3 v0.18.1
[INFO] [stderr]   Downloaded wasmtime-jit-debug v1.0.2
[INFO] [stderr]   Downloaded cranelift-entity v0.93.2
[INFO] [stderr]   Downloaded wasmparser v0.100.0
[INFO] [stderr]   Downloaded wasmtime-environ v6.0.2
[INFO] [stderr]   Downloaded sp-state-machine v0.25.0
[INFO] [stderr]   Downloaded async-trait v0.1.64
[INFO] [stderr]   Downloaded sp-keystore v0.13.0
[INFO] [stderr]   Downloaded addr2line v0.19.0
[INFO] [stderr]   Downloaded cranelift-native v0.88.2
[INFO] [stderr]   Downloaded wasmtime-jit-debug v6.0.2
[INFO] [stderr]   Downloaded sp-wasm-interface v12.0.0
[INFO] [stderr]   Downloaded wasmtime v1.0.2
[INFO] [stderr]   Downloaded sp-runtime-interface v8.0.0
[INFO] [stderr]   Downloaded sp-storage v8.0.0
[INFO] [stderr]   Downloaded sp-panic-handler v7.0.0
[INFO] [stderr]   Downloaded schnellru v0.2.1
[INFO] [stderr]   Downloaded trie-db v0.26.0
[INFO] [stderr]   Downloaded bounded-collections v0.1.5
[INFO] [stderr]   Downloaded mach v0.3.2
[INFO] [stderr]   Downloaded memfd v0.6.2
[INFO] [stderr]   Downloaded ip_network v0.4.1
[INFO] [stderr]   Downloaded ccm v0.3.0
[INFO] [stderr]   Downloaded p384 v0.11.2
[INFO] [stderr]   Downloaded sp-consensus-grandpa v4.0.0
[INFO] [stderr]   Downloaded paste v1.0.11
[INFO] [stderr]   Downloaded libp2p-identity v0.1.2
[INFO] [stderr]   Downloaded wasmtime-environ v1.0.2
[INFO] [stderr]   Downloaded fallible-iterator v0.2.0
[INFO] [stderr]   Downloaded jsonrpsee-server v0.16.2
[INFO] [stderr]   Downloaded trust-dns-proto v0.22.0
[INFO] [stderr]   Downloaded aes-gcm v0.9.4
[INFO] [stderr]   Downloaded webrtc v0.6.0
[INFO] [stderr]   Downloaded libp2p-mdns v0.42.0
[INFO] [stderr]   Downloaded chacha20 v0.8.2
[INFO] [stderr]   Downloaded sp-tracing v7.0.0
[INFO] [stderr]   Downloaded wasmtime-cache v1.0.2
[INFO] [stderr]   Downloaded wasmtime-types v1.0.2
[INFO] [stderr]   Downloaded io-lifetimes v0.7.5
[INFO] [stderr]   Downloaded jsonrpsee-http-client v0.16.2
[INFO] [stderr]   Downloaded libp2p-dns v0.38.0
[INFO] [stderr]   Downloaded crossbeam-channel v0.5.6
[INFO] [stderr]   Downloaded zstd-sys v2.0.8+zstd.1.5.5
[INFO] [stderr]   Downloaded libp2p-kad v0.42.1
[INFO] [stderr]   Downloaded aes v0.8.2
[INFO] [stderr]   Downloaded aes-gcm v0.10.1
[INFO] [stderr]   Downloaded time v0.3.21
[INFO] [stderr]   Downloaded webrtc-dtls v0.7.1
[INFO] [stderr]   Downloaded turn v0.6.1
[INFO] [stderr]   Downloaded webrtc-ice v0.9.1
[INFO] [stderr]   Downloaded webrtc-sctp v0.7.0
[INFO] [stderr]   Downloaded webrtc-util v0.7.0
[INFO] [stderr]   Downloaded libp2p v0.49.0
[INFO] [stderr]   Downloaded crossbeam-utils v0.8.14
[INFO] [stderr]   Downloaded rayon v1.6.1
[INFO] [stderr]   Downloaded libp2p v0.50.0
[INFO] [stderr]   Downloaded directories-next v2.0.0
[INFO] [stderr]   Downloaded libp2p-tls v0.1.0-alpha.2
[INFO] [stderr]   Downloaded quinn-proto v0.9.3
[INFO] [stderr]   Downloaded libp2p-swarm v0.41.1
[INFO] [stderr]   Downloaded async-io v1.13.0
[INFO] [stderr]   Downloaded x25519-dalek v2.0.0-pre.1
[INFO] [stderr]   Downloaded der-parser v7.0.0
[INFO] [stderr]   Downloaded asn1-rs v0.3.1
[INFO] [stderr]   Downloaded x509-parser v0.13.2
[INFO] [stderr]   Downloaded stun v0.4.4
[INFO] [stderr]   Downloaded webrtc-mdns v0.5.2
[INFO] [stderr]   Downloaded webrtc-media v0.5.1
[INFO] [stderr]   Downloaded rtcp v0.7.2
[INFO] [stderr]   Downloaded rtp v0.6.8
[INFO] [stderr]   Downloaded webrtc-srtp v0.9.1
[INFO] [stderr]   Downloaded libp2p-core v0.38.0
[INFO] [stderr]   Downloaded pyo3-ffi v0.18.1
[INFO] [stderr]   Downloaded libp2p-core v0.37.0
[INFO] [stderr]   Downloaded libp2p-swarm v0.40.1
[INFO] [stderr]   Downloaded libp2p-identify v0.41.1
[INFO] [stderr]   Downloaded gloo-net v0.2.6
[INFO] [stderr]   Downloaded jsonrpsee-client-transport v0.16.2
[INFO] [stderr]   Downloaded multihash v0.17.0
[INFO] [stderr]   Downloaded sdp v0.5.3
[INFO] [stderr]   Downloaded webrtc-data v0.6.0
[INFO] [stderr]   Downloaded uuid v1.3.2
[INFO] [stderr]   Downloaded libp2p-webrtc v0.4.0-alpha.4
[INFO] [stderr]   Downloaded flate2 v1.0.26
[INFO] [stderr]   Downloaded const-oid v0.9.1
[INFO] [stderr]   Downloaded pem-rfc7468 v0.6.0
[INFO] [stderr]   Downloaded pyo3-build-config v0.18.1
[INFO] [stderr]   Downloaded pyo3-macros-backend v0.18.1
[INFO] [stderr]   Downloaded sc-executor v0.10.0
[INFO] [stderr]   Downloaded prettyplease v0.1.23
[INFO] [stderr]   Downloaded sc-executor-wasmtime v0.10.0
[INFO] [stderr]   Downloaded sc-client-api v4.0.0
[INFO] [stderr]   Downloaded prost-build v0.11.6
[INFO] [stderr]   Downloaded multihash v0.16.3
[INFO] [stderr]   Downloaded sc-allocator v4.1.0
[INFO] [stderr]   Downloaded libp2p-noise v0.41.0
[INFO] [stderr]   Downloaded libp2p-request-response v0.23.0
[INFO] [stderr]   Downloaded libp2p-tcp v0.38.0
[INFO] [stderr]   Downloaded polling v2.7.0
[INFO] [stderr]   Downloaded if-addrs v0.7.0
[INFO] [stderr]   Downloaded system-configuration v0.5.0
[INFO] [stderr]   Downloaded cranelift-codegen v0.88.2
[INFO] [stderr]   Downloaded rustix v0.35.13
[INFO] [stderr]   Downloaded cranelift-bforest v0.88.2
[INFO] [stderr]   Downloaded cranelift-codegen-shared v0.88.2
[INFO] [stderr]   Downloaded cranelift-isle v0.88.2
[INFO] [stderr]   Downloaded cranelift-wasm v0.88.2
[INFO] [stderr]   Downloaded wasmtime-types v6.0.2
[INFO] [stderr]   Downloaded wasmtime-runtime v6.0.2
[INFO] [stderr]   Downloaded memory-db v0.31.0
[INFO] [stderr]   Downloaded object v0.29.0
[INFO] [stderr]   Downloaded regalloc2 v0.3.2
[INFO] [stderr]   Downloaded wasmtime-cranelift v1.0.2
[INFO] [stderr]   Downloaded gimli v0.26.2
[INFO] [stderr]   Downloaded sp-core v8.0.0
[INFO] [stderr]   Downloaded sp-trie v19.0.0
[INFO] [stderr]   Downloaded sp-core-hashing v7.0.0
[INFO] [stderr]   Downloaded wasmtime-asm-macros v6.0.2
[INFO] [stderr]   Downloaded rustix v0.37.3
[INFO] [stderr]   Downloaded windows_aarch64_msvc v0.34.0
[INFO] [stderr]   Downloaded windows_i686_gnu v0.34.0
[INFO] [stderr]   Downloaded windows_i686_msvc v0.34.0
[INFO] [stderr]   Downloaded windows_x86_64_gnu v0.34.0
[INFO] [stderr]   Downloaded windows_x86_64_msvc v0.34.0
[INFO] [stderr]   Downloaded jsonrpsee-proc-macros v0.16.2
[INFO] [stderr]   Downloaded enum-as-inner v0.5.1
[INFO] [stderr]   Downloaded rayon-core v1.10.2
[INFO] [stderr]   Downloaded async-lock v2.6.0
[INFO] [stderr]   Downloaded wasmtime-jit v1.0.2
[INFO] [stderr]   Downloaded sp-externalities v0.18.0
[INFO] [stderr]   Downloaded sp-tracing v9.0.0
[INFO] [stderr]   Downloaded addr2line v0.17.0
[INFO] [stderr]   Downloaded wasmtime-jit-icache-coherence v6.0.2
[INFO] [stderr]   Downloaded wasmtime-jit v6.0.2
[INFO] [stderr]   Downloaded derive_builder v0.11.2
[INFO] [stderr]   Downloaded polyval v0.6.0
[INFO] [stderr]   Downloaded block-modes v0.7.0
[INFO] [stderr]   Downloaded time-macros v0.2.9
[INFO] [stderr]   Downloaded futures-rustls v0.22.2
[INFO] [stderr]   Downloaded base64ct v1.5.3
[INFO] [stderr]   Downloaded yamux v0.10.2
[INFO] [stderr]   Downloaded multiaddr v0.16.0
[INFO] [stderr]   Downloaded prost-derive v0.11.6
[INFO] [stderr]   Downloaded prost v0.11.6
[INFO] [stderr]   Downloaded prost-types v0.11.6
[INFO] [stderr]   Downloaded wasm-instrument v0.3.0
[INFO] [stderr]   Downloaded sc-executor-common v0.10.0
[INFO] [stderr]   Downloaded sc-consensus v0.10.0
[INFO] [stderr]   Downloaded cxx v1.0.89
[INFO] [stderr]   Downloaded schnorrkel v0.9.1
[INFO] [stderr]   Downloaded tokio v1.25.0
[INFO] [stderr]   Downloaded libp2p-metrics v0.11.0
[INFO] [stderr]   Downloaded libp2p-ping v0.41.0
[INFO] [stderr]   Downloaded libp2p-quic v0.7.0-alpha.2
[INFO] [stderr]   Downloaded libp2p-swarm-derive v0.31.0
[INFO] [stderr]   Downloaded netlink-sys v0.8.5
[INFO] [stderr]   Downloaded cranelift-codegen-meta v0.88.2
[INFO] [stderr]   Downloaded cranelift-frontend v0.88.2
[INFO] [stderr]   Downloaded wasmtime-asm-macros v1.0.2
[INFO] [stderr]   Downloaded jsonrpsee-wasm-client v0.16.2
[INFO] [stderr]   Downloaded gloo-utils v0.1.6
[INFO] [stderr]   Downloaded quick-protobuf-codec v0.1.0
[INFO] [stderr]   Downloaded displaydoc v0.2.4
[INFO] [stderr]   Downloaded oid-registry v0.4.0
[INFO] [stderr]   Downloaded atomic-waker v1.1.1
[INFO] [stderr]   Downloaded ghash v0.4.4
[INFO] [stderr]   Downloaded quicksink v0.1.2
[INFO] [stderr]   Downloaded libp2p-websocket v0.40.0
[INFO] [stderr]   Downloaded asn1_der v0.7.5
[INFO] [stderr]   Downloaded multistream-select v0.12.1
[INFO] [stderr]   Downloaded fastrand v1.8.0
[INFO] [stderr]   Downloaded sp-runtime-interface-proc-macro v10.0.0
[INFO] [stderr]   Downloaded cpp_demangle v0.3.5
[INFO] [stderr]   Downloaded jsonrpsee-core v0.16.2
[INFO] [stderr]   Downloaded jsonrpsee-types v0.16.2
[INFO] [stderr]   Downloaded jsonrpsee-ws-client v0.16.2
[INFO] [stderr]   Downloaded jsonrpsee v0.16.2
[INFO] [stderr]   Downloaded ipconfig v0.3.1
[INFO] [stderr]   Downloaded trust-dns-resolver v0.22.0
[INFO] [stderr]   Downloaded sp-debug-derive v6.0.0
[INFO] [stderr]   Downloaded derive_builder_macro v0.11.2
[INFO] [stderr]   Downloaded universal-hash v0.5.0
[INFO] [stderr]   Downloaded ghash v0.5.0
[INFO] [stderr]   Downloaded asn1-rs-derive v0.1.0
[INFO] [stderr]   Downloaded waitgroup v0.1.2
[INFO] [stderr]   Downloaded data-encoding-macro-internal v0.1.10
[INFO] [stderr]   Downloaded indoc v1.0.9
[INFO] [stderr]   Downloaded sp-block-builder v4.0.0
[INFO] [stderr]   Downloaded libp2p-swarm-derive v0.30.1
[INFO] [stderr]   Downloaded multiaddr v0.14.0
[INFO] [stderr]   Downloaded curve25519-dalek v2.1.3
[INFO] [stderr]   Downloaded finality-grandpa v0.16.2
[INFO] [stderr]   Downloaded libp2p-yamux v0.42.0
[INFO] [stderr]   Downloaded sc-transaction-pool-api v4.0.0
[INFO] [stderr]   Downloaded sc-utils v4.0.0
[INFO] [stderr]   Downloaded interceptor v0.8.2
[INFO] [stderr]   Downloaded substring v1.4.5
[INFO] [stderr]   Downloaded sp-weights v5.0.0
[INFO] [stderr]   Downloaded sp-runtime v8.0.0
[INFO] [stderr]   Downloaded sp-version v6.0.0
[INFO] [stderr]   Downloaded futures-timer v3.0.2
[INFO] [stderr]   Downloaded sp-api-proc-macro v5.0.0
[INFO] [stderr]   Downloaded sp-api v17.0.0
[INFO] [stderr]   Downloaded sp-keystore v0.24.0
[INFO] [stderr]   Downloaded md-5 v0.10.5
[INFO] [stderr]   Downloaded pyo3-macros v0.18.1
[INFO] [stderr]   Downloaded multihash-derive v0.8.0
[INFO] [stderr]   Downloaded sp-maybe-compressed-blob v4.1.0
[INFO] [stderr]   Downloaded chrono v0.4.23
[INFO] [stderr]   Downloaded hyper v0.14.24
[INFO] [stderr]   Downloaded tracing-subscriber v0.3.16
[INFO] [stderr]   Downloaded sp-core-hashing-proc-macro v7.0.0
[INFO] [stderr]   Downloaded sp-version v19.0.0
[INFO] [stderr]   Downloaded sp-application-crypto v20.0.0
[INFO] [stderr]   Downloaded unindent v0.1.11
[INFO] [stderr]   Downloaded backtrace v0.3.67
[INFO] [stderr]   Downloaded trie-db v0.24.0
[INFO] [stderr]   Downloaded impl-serde v0.4.0
[INFO] [stderr]   Downloaded nom8 v0.2.0
[INFO] [stderr]   Downloaded toml_edit v0.18.1
[INFO] [stderr]   Downloaded parity-wasm v0.45.0
[INFO] [stderr]   Downloaded sp-core v7.0.0
[INFO] [stderr]   Downloaded sp-runtime v7.0.0
[INFO] [stderr]   Downloaded serde v1.0.152
[INFO] [stderr]   Downloaded h2 v0.3.15
[INFO] [stderr]   Downloaded prometheus v0.13.3
[INFO] [stderr]   Downloaded mio v0.8.5
[INFO] [stderr]   Downloaded tokio-util v0.7.4
[INFO] [stderr]   Downloaded sp-consensus v0.10.0
[INFO] [stderr]   Downloaded sp-version-proc-macro v7.0.0
[INFO] [stderr]   Downloaded sp-arithmetic v14.0.0
[INFO] [stderr]   Downloaded sp-arithmetic v6.0.0
[INFO] [stderr]   Downloaded parity-scale-codec v3.4.0
[INFO] [stderr]   Downloaded anyhow v1.0.69
[INFO] [stderr]   Downloaded unicode-bidi v0.3.10
[INFO] [stderr]   Downloaded sp-arithmetic v15.0.0
[INFO] [stderr]   Downloaded sp-api-proc-macro v4.0.0
[INFO] [stderr]   Downloaded sp-trie v8.0.0
[INFO] [stderr]   Downloaded sp-trie v7.0.0
[INFO] [stderr]   Downloaded ed25519-zebra v3.1.0
[INFO] [stderr]   Downloaded itoa v1.0.5
[INFO] [stderr]   Downloaded cpufeatures v0.2.5
[INFO] [stderr]   Downloaded tokio-tungstenite v0.18.0
[INFO] [stderr]   Downloaded sc-executor-wasmi v0.10.0
[INFO] [stderr]   Downloaded concurrent-queue v2.1.0
[INFO] [stderr]   Downloaded lru v0.8.1
[INFO] [stderr]   Downloaded sp-io v7.0.0
[INFO] [stderr]   Downloaded array-bytes v4.2.0
[INFO] [stderr]   Downloaded scale-info-derive v2.6.0
[INFO] [stderr]   Downloaded environmental v1.1.4
[INFO] [stderr]   Downloaded sp-runtime-interface-proc-macro v6.0.0
[INFO] [stderr]   Downloaded scratch v1.0.3
[INFO] [stderr]   Downloaded cxx-build v1.0.89
[INFO] [stderr]   Downloaded iana-time-zone v0.1.53
[INFO] [stderr]   Downloaded sp-tracing v6.0.0
[INFO] [stderr]   Downloaded sp-runtime-interface v7.0.0
[INFO] [stderr]   Downloaded parity-scale-codec-derive v3.1.4
[INFO] [stderr]   Downloaded ref-cast v1.0.14
[INFO] [stderr]   Downloaded ss58-registry v1.38.0
[INFO] [stderr]   Downloaded merlin v2.0.1
[INFO] [stderr]   Downloaded generic-array v0.14.6
[INFO] [stderr]   Downloaded thiserror v1.0.38
[INFO] [stderr]   Downloaded asynchronous-codec v0.6.1
[INFO] [stderr]   Downloaded kvdb v0.13.0
[INFO] [stderr]   Downloaded sp-core-hashing-proc-macro v6.0.0
[INFO] [stderr]   Downloaded sp-panic-handler v5.0.0
[INFO] [stderr]   Downloaded parity-util-mem-derive v0.1.0
[INFO] [stderr]   Downloaded dyn-clonable-impl v0.9.0
[INFO] [stderr]   Downloaded dyn-clonable v0.9.0
[INFO] [stderr]   Downloaded toml_datetime v0.5.1
[INFO] [stderr]   Downloaded arrayref v0.3.6
[INFO] [stderr]   Downloaded memory_units v0.4.0
[INFO] [stderr]   Downloaded wasmi_core v0.2.1
[INFO] [stderr]   Downloaded sp-debug-derive v5.0.0
[INFO] [stderr]   Downloaded hash256-std-hasher v0.15.2
[INFO] [stderr]   Downloaded sp-core-hashing v5.0.0
[INFO] [stderr]   Downloaded primitive-types v0.12.1
[INFO] [stderr]   Downloaded cxxbridge-flags v1.0.89
[INFO] [stderr]   Downloaded tracing-serde v0.1.3
[INFO] [stderr]   Downloaded sp-storage v7.0.0
[INFO] [stderr]   Downloaded rw-stream-sink v0.3.0
[INFO] [stderr]   Downloaded async-channel v1.8.0
[INFO] [stderr]   Downloaded sc-utils v7.0.0
[INFO] [stderr]   Downloaded sp-state-machine v0.13.0
[INFO] [stderr]   Downloaded scale-info v2.6.0
[INFO] [stderr]   Downloaded cxxbridge-macro v1.0.89
[INFO] [stderr]   Downloaded wasmi v0.13.2
[INFO] [stderr]   Downloaded serde_derive v1.0.152
[INFO] [stderr]   Downloaded tungstenite v0.18.0
[INFO] [stderr]   Downloaded socket2 v0.4.7
[INFO] [stderr]   Downloaded parity-util-mem v0.12.0
[INFO] [stderr]   Downloaded twox-hash v1.6.3
[INFO] [stderr]   Downloaded jobserver v0.1.25
[INFO] [stderr]   Downloaded proc-macro-crate v1.3.0
[INFO] [stderr]   Downloaded thiserror-impl v1.0.38
[INFO] [stderr]   Downloaded block-buffer v0.10.3
[INFO] [stderr]   Downloaded futures v0.3.26
[INFO] [stderr]   Downloaded trie-root v0.17.0
[INFO] [stderr]   Downloaded integer-sqrt v0.1.5
[INFO] [stderr]   Downloaded base58 v0.2.0
[INFO] [stderr]   Downloaded dyn-clone v1.0.10
[INFO] [stderr]   Downloaded hash-db v0.15.2
[INFO] [stderr]   Downloaded sp-externalities v0.13.0
[INFO] [stderr]   Downloaded matchers v0.0.1
[INFO] [stderr]   Downloaded sp-wasm-interface v7.0.0
[INFO] [stderr]   Downloaded ref-cast-impl v1.0.14
[INFO] [stderr]   Downloaded pbkdf2 v0.8.0
[INFO] [stderr]   Downloaded substrate-bip39 v0.4.4
[INFO] [stderr]   Downloaded wasmi-validation v0.5.0
[INFO] [stderr]   Downloaded sp-std v5.0.0
[INFO] [stderr]   Downloaded substrate-prometheus-endpoint v0.10.0
[INFO] [stderr]   Downloaded unsigned-varint v0.7.1
[INFO] [stderr]   Downloaded zeroize_derive v1.3.3
[INFO] [stderr]   Downloaded windows v0.34.0
[INFO] running `Command { std: "docker" "create" "-v" "/var/lib/crater-agent-workspace/builds/worker-3-tc1/target:/opt/rustwide/target:rw,Z" "-v" "/var/lib/crater-agent-workspace/builds/worker-3-tc1/source:/opt/rustwide/workdir:ro,Z" "-v" "/var/lib/crater-agent-workspace/cargo-home:/opt/rustwide/cargo-home:ro,Z" "-v" "/var/lib/crater-agent-workspace/rustup-home:/opt/rustwide/rustup-home:ro,Z" "-e" "SOURCE_DIR=/opt/rustwide/workdir" "-e" "CARGO_TARGET_DIR=/opt/rustwide/target" "-e" "CARGO_HOME=/opt/rustwide/cargo-home" "-e" "RUSTUP_HOME=/opt/rustwide/rustup-home" "-w" "/opt/rustwide/workdir" "-m" "1610612736" "--user" "0:0" "--network" "none" "ghcr.io/rust-lang/crates-build-env/linux@sha256:4a844ea9eb2546a2d2c7022eacef16ef2e8229c7fbb2c7d4d55a9ceca922f72d" "/opt/rustwide/cargo-home/bin/cargo" "+nightly-2024-10-28" "metadata" "--no-deps" "--format-version=1", kill_on_drop: false }`
[INFO] [stdout] edea9175b312b93a130e282c0e57cde5d5ca6b3ed9c5791bbed84d1ce6803fc3
[INFO] running `Command { std: "docker" "start" "-a" "edea9175b312b93a130e282c0e57cde5d5ca6b3ed9c5791bbed84d1ce6803fc3", kill_on_drop: false }`
[INFO] running `Command { std: "docker" "inspect" "edea9175b312b93a130e282c0e57cde5d5ca6b3ed9c5791bbed84d1ce6803fc3", kill_on_drop: false }`
[INFO] running `Command { std: "docker" "rm" "-f" "edea9175b312b93a130e282c0e57cde5d5ca6b3ed9c5791bbed84d1ce6803fc3", kill_on_drop: false }`
[INFO] [stdout] edea9175b312b93a130e282c0e57cde5d5ca6b3ed9c5791bbed84d1ce6803fc3
[INFO] running `Command { std: "docker" "create" "-v" "/var/lib/crater-agent-workspace/builds/worker-3-tc1/target:/opt/rustwide/target:rw,Z" "-v" "/var/lib/crater-agent-workspace/builds/worker-3-tc1/source:/opt/rustwide/workdir:ro,Z" "-v" "/var/lib/crater-agent-workspace/cargo-home:/opt/rustwide/cargo-home:ro,Z" "-v" "/var/lib/crater-agent-workspace/rustup-home:/opt/rustwide/rustup-home:ro,Z" "-e" "SOURCE_DIR=/opt/rustwide/workdir" "-e" "CARGO_TARGET_DIR=/opt/rustwide/target" "-e" "CARGO_INCREMENTAL=0" "-e" "RUST_BACKTRACE=full" "-e" "RUSTFLAGS=--cap-lints=forbid" "-e" "RUSTDOCFLAGS=--cap-lints=forbid" "-e" "CARGO_HOME=/opt/rustwide/cargo-home" "-e" "RUSTUP_HOME=/opt/rustwide/rustup-home" "-w" "/opt/rustwide/workdir" "-m" "1610612736" "--user" "0:0" "--network" "none" "ghcr.io/rust-lang/crates-build-env/linux@sha256:4a844ea9eb2546a2d2c7022eacef16ef2e8229c7fbb2c7d4d55a9ceca922f72d" "/opt/rustwide/cargo-home/bin/cargo" "+nightly-2024-10-28" "build" "--frozen" "--message-format=json", kill_on_drop: false }`
[INFO] [stdout] 28dd6c5968e7fd3b9a068a234fd0301e9a09f7c1b8f3b40158c0f7a731f34534
[INFO] running `Command { std: "docker" "start" "-a" "28dd6c5968e7fd3b9a068a234fd0301e9a09f7c1b8f3b40158c0f7a731f34534", kill_on_drop: false }`
[INFO] [stderr]    Compiling proc-macro2 v1.0.56
[INFO] [stderr]    Compiling unicode-ident v1.0.6
[INFO] [stderr]    Compiling quote v1.0.26
[INFO] [stderr]    Compiling syn v1.0.107
[INFO] [stderr]    Compiling cfg-if v1.0.0
[INFO] [stderr]    Compiling autocfg v1.1.0
[INFO] [stderr]    Compiling libc v0.2.139
[INFO] [stderr]    Compiling memchr v2.5.0
[INFO] [stderr]    Compiling version_check v0.9.4
[INFO] [stderr]    Compiling serde_derive v1.0.152
[INFO] [stderr]    Compiling serde v1.0.152
[INFO] [stderr]    Compiling typenum v1.16.0
[INFO] [stderr]    Compiling once_cell v1.17.1
[INFO] [stderr]    Compiling log v0.4.17
[INFO] [stderr]    Compiling bytes v1.4.0
[INFO] [stderr]    Compiling hashbrown v0.12.3
[INFO] [stderr]    Compiling smallvec v1.10.0
[INFO] [stderr]    Compiling pin-project-lite v0.2.9
[INFO] [stderr]    Compiling futures-core v0.3.26
[INFO] [stderr]    Compiling anyhow v1.0.69
[INFO] [stderr]    Compiling regex-syntax v0.6.28
[INFO] [stderr]    Compiling toml_datetime v0.5.1
[INFO] [stderr]    Compiling indexmap v1.9.2
[INFO] [stderr]    Compiling thiserror v1.0.38
[INFO] [stderr]    Compiling generic-array v0.14.6
[INFO] [stderr]    Compiling ppv-lite86 v0.2.17
[INFO] [stdout] error[E0422]: cannot find struct, variant or union type `LineColumn` in crate `proc_macro`
[INFO] [stdout]    --> /opt/rustwide/cargo-home/registry/src/index.crates.io-6f17d22bba15001f/proc-macro2-1.0.56/src/wrapper.rs:475:33
[INFO] [stdout]     |
[INFO] [stdout] 475 |                 let proc_macro::LineColumn { line, column } = s.start();
[INFO] [stdout]     |                                 ^^^^^^^^^^ not found in `proc_macro`
[INFO] [stdout]     |
[INFO] [stdout] help: consider importing this struct through its public re-export
[INFO] [stdout]     |
[INFO] [stdout] 1   + use crate::LineColumn;
[INFO] [stdout]     |
[INFO] [stdout] help: if you import `LineColumn`, refer to it directly
[INFO] [stdout]     |
[INFO] [stdout] 475 -                 let proc_macro::LineColumn { line, column } = s.start();
[INFO] [stdout] 475 +                 let LineColumn { line, column } = s.start();
[INFO] [stdout]     |
[INFO] [stdout] 
[INFO] [stdout] 
[INFO] [stdout] error[E0422]: cannot find struct, variant or union type `LineColumn` in crate `proc_macro`
[INFO] [stdout]    --> /opt/rustwide/cargo-home/registry/src/index.crates.io-6f17d22bba15001f/proc-macro2-1.0.56/src/wrapper.rs:489:33
[INFO] [stdout]     |
[INFO] [stdout] 489 |                 let proc_macro::LineColumn { line, column } = s.end();
[INFO] [stdout]     |                                 ^^^^^^^^^^ not found in `proc_macro`
[INFO] [stdout]     |
[INFO] [stdout] help: consider importing this struct through its public re-export
[INFO] [stdout]     |
[INFO] [stdout] 1   + use crate::LineColumn;
[INFO] [stdout]     |
[INFO] [stdout] help: if you import `LineColumn`, refer to it directly
[INFO] [stdout]     |
[INFO] [stdout] 489 -                 let proc_macro::LineColumn { line, column } = s.end();
[INFO] [stdout] 489 +                 let LineColumn { line, column } = s.end();
[INFO] [stdout]     |
[INFO] [stdout] 
[INFO] [stdout] 
[INFO] [stderr]    Compiling scopeguard v1.1.0
[INFO] [stdout] error[E0635]: unknown feature `proc_macro_span_shrink`
[INFO] [stdout]   --> /opt/rustwide/cargo-home/registry/src/index.crates.io-6f17d22bba15001f/proc-macro2-1.0.56/src/lib.rs:92:30
[INFO] [stdout]    |
[INFO] [stdout] 92 |     feature(proc_macro_span, proc_macro_span_shrink)
[INFO] [stdout]    |                              ^^^^^^^^^^^^^^^^^^^^^^
[INFO] [stdout] 
[INFO] [stdout] 
[INFO] [stderr]    Compiling futures-sink v0.3.26
[INFO] [stderr]    Compiling futures-channel v0.3.26
[INFO] [stderr]    Compiling byteorder v1.4.3
[INFO] [stderr]    Compiling futures-io v0.3.26
[INFO] [stderr]    Compiling lazy_static v1.4.0
[INFO] [stderr]    Compiling slab v0.4.7
[INFO] [stderr]    Compiling futures-task v0.3.26
[INFO] [stderr]    Compiling nom8 v0.2.0
[INFO] [stderr]    Compiling aho-corasick v0.7.20
[INFO] [stdout] Some errors have detailed explanations: E0422, E0635.
[INFO] [stdout] 
[INFO] [stderr]    Compiling lock_api v0.4.9
[INFO] [stdout] For more information about an error, try `rustc --explain E0422`.
[INFO] [stdout] 
[INFO] [stderr] error: could not compile `proc-macro2` (lib) due to 3 previous errors
[INFO] [stderr] warning: build failed, waiting for other jobs to finish...
[INFO] running `Command { std: "docker" "inspect" "28dd6c5968e7fd3b9a068a234fd0301e9a09f7c1b8f3b40158c0f7a731f34534", kill_on_drop: false }`
[INFO] running `Command { std: "docker" "rm" "-f" "28dd6c5968e7fd3b9a068a234fd0301e9a09f7c1b8f3b40158c0f7a731f34534", kill_on_drop: false }`
[INFO] [stdout] 28dd6c5968e7fd3b9a068a234fd0301e9a09f7c1b8f3b40158c0f7a731f34534
