[INFO] fetching crate sval_flatten 2.13.2...
[INFO] testing sval_flatten-2.13.2 against nightly-2024-10-28+rustflags=-Zrandomize-layout for randomize-layout
[INFO] extracting crate sval_flatten 2.13.2 into /workspace/builds/worker-2-tc2/source
[INFO] validating manifest of crates.io crate sval_flatten 2.13.2 on toolchain nightly-2024-10-28
[INFO] running `Command { std: CARGO_HOME="/workspace/cargo-home" RUSTUP_HOME="/workspace/rustup-home" "/workspace/cargo-home/bin/cargo" "+nightly-2024-10-28" "metadata" "--manifest-path" "Cargo.toml" "--no-deps", kill_on_drop: false }`
[INFO] started tweaking crates.io crate sval_flatten 2.13.2
[INFO] finished tweaking crates.io crate sval_flatten 2.13.2
[INFO] tweaked toml for crates.io crate sval_flatten 2.13.2 written to /workspace/builds/worker-2-tc2/source/Cargo.toml
[INFO] running `Command { std: CARGO_HOME="/workspace/cargo-home" RUSTUP_HOME="/workspace/rustup-home" "/workspace/cargo-home/bin/cargo" "+nightly-2024-10-28" "generate-lockfile" "--manifest-path" "Cargo.toml", kill_on_drop: false }`
[INFO] [stderr]     Updating crates.io index
[INFO] [stderr]      Locking 5 packages to latest compatible versions
[INFO] running `Command { std: CARGO_HOME="/workspace/cargo-home" RUSTUP_HOME="/workspace/rustup-home" "/workspace/cargo-home/bin/cargo" "+nightly-2024-10-28" "fetch" "--manifest-path" "Cargo.toml", kill_on_drop: false }`
[INFO] running `Command { std: "docker" "create" "-v" "/var/lib/crater-agent-workspace/builds/worker-2-tc2/target:/opt/rustwide/target:rw,Z" "-v" "/var/lib/crater-agent-workspace/builds/worker-2-tc2/source:/opt/rustwide/workdir:ro,Z" "-v" "/var/lib/crater-agent-workspace/cargo-home:/opt/rustwide/cargo-home:ro,Z" "-v" "/var/lib/crater-agent-workspace/rustup-home:/opt/rustwide/rustup-home:ro,Z" "-e" "SOURCE_DIR=/opt/rustwide/workdir" "-e" "CARGO_TARGET_DIR=/opt/rustwide/target" "-e" "CARGO_HOME=/opt/rustwide/cargo-home" "-e" "RUSTUP_HOME=/opt/rustwide/rustup-home" "-w" "/opt/rustwide/workdir" "-m" "1610612736" "--user" "0:0" "--network" "none" "ghcr.io/rust-lang/crates-build-env/linux@sha256:4a844ea9eb2546a2d2c7022eacef16ef2e8229c7fbb2c7d4d55a9ceca922f72d" "/opt/rustwide/cargo-home/bin/cargo" "+nightly-2024-10-28" "metadata" "--no-deps" "--format-version=1", kill_on_drop: false }`
[INFO] [stdout] 38794fe96bf0f63063b92368ba394f2b84d00b178d53d8ba61534ef6606360e6
[INFO] running `Command { std: "docker" "start" "-a" "38794fe96bf0f63063b92368ba394f2b84d00b178d53d8ba61534ef6606360e6", kill_on_drop: false }`
[INFO] running `Command { std: "docker" "inspect" "38794fe96bf0f63063b92368ba394f2b84d00b178d53d8ba61534ef6606360e6", kill_on_drop: false }`
[INFO] running `Command { std: "docker" "rm" "-f" "38794fe96bf0f63063b92368ba394f2b84d00b178d53d8ba61534ef6606360e6", kill_on_drop: false }`
[INFO] [stdout] 38794fe96bf0f63063b92368ba394f2b84d00b178d53d8ba61534ef6606360e6
[INFO] running `Command { std: "docker" "create" "-v" "/var/lib/crater-agent-workspace/builds/worker-2-tc2/target:/opt/rustwide/target:rw,Z" "-v" "/var/lib/crater-agent-workspace/builds/worker-2-tc2/source:/opt/rustwide/workdir:ro,Z" "-v" "/var/lib/crater-agent-workspace/cargo-home:/opt/rustwide/cargo-home:ro,Z" "-v" "/var/lib/crater-agent-workspace/rustup-home:/opt/rustwide/rustup-home:ro,Z" "-e" "SOURCE_DIR=/opt/rustwide/workdir" "-e" "CARGO_TARGET_DIR=/opt/rustwide/target" "-e" "CARGO_INCREMENTAL=0" "-e" "RUST_BACKTRACE=full" "-e" "RUSTFLAGS=--cap-lints=forbid -Zrandomize-layout" "-e" "RUSTDOCFLAGS=--cap-lints=forbid" "-e" "CARGO_HOME=/opt/rustwide/cargo-home" "-e" "RUSTUP_HOME=/opt/rustwide/rustup-home" "-w" "/opt/rustwide/workdir" "-m" "1610612736" "--user" "0:0" "--network" "none" "ghcr.io/rust-lang/crates-build-env/linux@sha256:4a844ea9eb2546a2d2c7022eacef16ef2e8229c7fbb2c7d4d55a9ceca922f72d" "/opt/rustwide/cargo-home/bin/cargo" "+nightly-2024-10-28" "build" "--frozen" "--message-format=json", kill_on_drop: false }`
[INFO] [stdout] f8a7460b657f88eec7b61aea520b4691b3adf30061fdb1f1d6ca4e2c6542d8a6
[INFO] running `Command { std: "docker" "start" "-a" "f8a7460b657f88eec7b61aea520b4691b3adf30061fdb1f1d6ca4e2c6542d8a6", kill_on_drop: false }`
[INFO] [stderr]    Compiling sval v2.13.2
[INFO] [stderr]    Compiling sval_ref v2.13.2
[INFO] [stderr]    Compiling sval_buffer v2.13.2
[INFO] [stderr]    Compiling sval_flatten v2.13.2 (/opt/rustwide/workdir)
[INFO] [stderr]     Finished `dev` profile [unoptimized + debuginfo] target(s) in 0.84s
[INFO] running `Command { std: "docker" "inspect" "f8a7460b657f88eec7b61aea520b4691b3adf30061fdb1f1d6ca4e2c6542d8a6", kill_on_drop: false }`
[INFO] running `Command { std: "docker" "rm" "-f" "f8a7460b657f88eec7b61aea520b4691b3adf30061fdb1f1d6ca4e2c6542d8a6", kill_on_drop: false }`
[INFO] [stdout] f8a7460b657f88eec7b61aea520b4691b3adf30061fdb1f1d6ca4e2c6542d8a6
[INFO] running `Command { std: "docker" "create" "-v" "/var/lib/crater-agent-workspace/builds/worker-2-tc2/target:/opt/rustwide/target:rw,Z" "-v" "/var/lib/crater-agent-workspace/builds/worker-2-tc2/source:/opt/rustwide/workdir:ro,Z" "-v" "/var/lib/crater-agent-workspace/cargo-home:/opt/rustwide/cargo-home:ro,Z" "-v" "/var/lib/crater-agent-workspace/rustup-home:/opt/rustwide/rustup-home:ro,Z" "-e" "SOURCE_DIR=/opt/rustwide/workdir" "-e" "CARGO_TARGET_DIR=/opt/rustwide/target" "-e" "CARGO_INCREMENTAL=0" "-e" "RUST_BACKTRACE=full" "-e" "RUSTFLAGS=--cap-lints=forbid -Zrandomize-layout" "-e" "RUSTDOCFLAGS=--cap-lints=forbid" "-e" "CARGO_HOME=/opt/rustwide/cargo-home" "-e" "RUSTUP_HOME=/opt/rustwide/rustup-home" "-w" "/opt/rustwide/workdir" "-m" "1610612736" "--user" "0:0" "--network" "none" "ghcr.io/rust-lang/crates-build-env/linux@sha256:4a844ea9eb2546a2d2c7022eacef16ef2e8229c7fbb2c7d4d55a9ceca922f72d" "/opt/rustwide/cargo-home/bin/cargo" "+nightly-2024-10-28" "test" "--frozen" "--no-run" "--message-format=json", kill_on_drop: false }`
[INFO] [stdout] a57fadd26a56c99c34aae17b2d7af895abe3105564389aa92b91bb2e3a74815f
[INFO] running `Command { std: "docker" "start" "-a" "a57fadd26a56c99c34aae17b2d7af895abe3105564389aa92b91bb2e3a74815f", kill_on_drop: false }`
[INFO] [stderr]    Compiling sval_flatten v2.13.2 (/opt/rustwide/workdir)
[INFO] [stdout] error[E0432]: unresolved import `sval_derive_macros`
[INFO] [stdout]    --> src/map.rs:360:9
[INFO] [stdout]     |
[INFO] [stdout] 360 |     use sval_derive_macros::*;
[INFO] [stdout]     |         ^^^^^^^^^^^^^^^^^^ use of undeclared crate or module `sval_derive_macros`
[INFO] [stdout] 
[INFO] [stdout] 
[INFO] [stdout] error[E0432]: unresolved import `sval_derive_macros`
[INFO] [stdout]   --> src/record_tuple.rs:71:9
[INFO] [stdout]    |
[INFO] [stdout] 71 |     use sval_derive_macros::*;
[INFO] [stdout]    |         ^^^^^^^^^^^^^^^^^^ use of undeclared crate or module `sval_derive_macros`
[INFO] [stdout] 
[INFO] [stdout] 
[INFO] [stdout] error[E0432]: unresolved import `sval_derive_macros`
[INFO] [stdout]   --> src/seq.rs:57:9
[INFO] [stdout]    |
[INFO] [stdout] 57 |     use sval_derive_macros::*;
[INFO] [stdout]    |         ^^^^^^^^^^^^^^^^^^ use of undeclared crate or module `sval_derive_macros`
[INFO] [stdout] 
[INFO] [stdout] 
[INFO] [stdout] error[E0433]: failed to resolve: use of undeclared crate or module `sval_test`
[INFO] [stdout]    --> src/map.rs:420:21
[INFO] [stdout]     |
[INFO] [stdout] 420 |                 use sval_test::Token::*;
[INFO] [stdout]     |                     ^^^^^^^^^ use of undeclared crate or module `sval_test`
[INFO] [stdout] 
[INFO] [stdout] 
[INFO] [stdout] error[E0433]: failed to resolve: use of undeclared crate or module `sval_test`
[INFO] [stdout]    --> src/map.rs:471:21
[INFO] [stdout]     |
[INFO] [stdout] 471 |                 use sval_test::Token::*;
[INFO] [stdout]     |                     ^^^^^^^^^ use of undeclared crate or module `sval_test`
[INFO] [stdout] 
[INFO] [stdout] 
[INFO] [stdout] error[E0433]: failed to resolve: use of undeclared crate or module `sval_test`
[INFO] [stdout]    --> src/map.rs:522:21
[INFO] [stdout]     |
[INFO] [stdout] 522 |                 use sval_test::Token::*;
[INFO] [stdout]     |                     ^^^^^^^^^ use of undeclared crate or module `sval_test`
[INFO] [stdout] 
[INFO] [stdout] 
[INFO] [stdout] error[E0433]: failed to resolve: use of undeclared crate or module `sval_test`
[INFO] [stdout]    --> src/map.rs:573:21
[INFO] [stdout]     |
[INFO] [stdout] 573 |                 use sval_test::Token::*;
[INFO] [stdout]     |                     ^^^^^^^^^ use of undeclared crate or module `sval_test`
[INFO] [stdout] 
[INFO] [stdout] 
[INFO] [stdout] error[E0433]: failed to resolve: use of undeclared crate or module `sval_test`
[INFO] [stdout]    --> src/map.rs:624:21
[INFO] [stdout]     |
[INFO] [stdout] 624 |                 use sval_test::Token::*;
[INFO] [stdout]     |                     ^^^^^^^^^ use of undeclared crate or module `sval_test`
[INFO] [stdout] 
[INFO] [stdout] 
[INFO] [stdout] error[E0433]: failed to resolve: use of undeclared crate or module `sval_test`
[INFO] [stdout]    --> src/map.rs:703:21
[INFO] [stdout]     |
[INFO] [stdout] 703 |                 use sval_test::Token::*;
[INFO] [stdout]     |                     ^^^^^^^^^ use of undeclared crate or module `sval_test`
[INFO] [stdout] 
[INFO] [stdout] 
[INFO] [stdout] error[E0433]: failed to resolve: use of undeclared crate or module `sval_test`
[INFO] [stdout]    --> src/map.rs:765:21
[INFO] [stdout]     |
[INFO] [stdout] 765 |                 use sval_test::Token::*;
[INFO] [stdout]     |                     ^^^^^^^^^ use of undeclared crate or module `sval_test`
[INFO] [stdout] 
[INFO] [stdout] 
[INFO] [stdout] error[E0433]: failed to resolve: use of undeclared crate or module `sval_test`
[INFO] [stdout]    --> src/map.rs:805:21
[INFO] [stdout]     |
[INFO] [stdout] 805 |                 use sval_test::Token::*;
[INFO] [stdout]     |                     ^^^^^^^^^ use of undeclared crate or module `sval_test`
[INFO] [stdout] 
[INFO] [stdout] 
[INFO] [stdout] error[E0433]: failed to resolve: use of undeclared crate or module `sval_test`
[INFO] [stdout]    --> src/map.rs:853:21
[INFO] [stdout]     |
[INFO] [stdout] 853 |                 use sval_test::Token::*;
[INFO] [stdout]     |                     ^^^^^^^^^ use of undeclared crate or module `sval_test`
[INFO] [stdout] 
[INFO] [stdout] 
[INFO] [stdout] error[E0433]: failed to resolve: use of undeclared crate or module `sval_test`
[INFO] [stdout]    --> src/record_tuple.rs:158:21
[INFO] [stdout]     |
[INFO] [stdout] 158 |                 use sval_test::Token::*;
[INFO] [stdout]     |                     ^^^^^^^^^ use of undeclared crate or module `sval_test`
[INFO] [stdout] 
[INFO] [stdout] 
[INFO] [stdout] error[E0433]: failed to resolve: use of undeclared crate or module `sval_test`
[INFO] [stdout]    --> src/record_tuple.rs:189:21
[INFO] [stdout]     |
[INFO] [stdout] 189 |                 use sval_test::Token::*;
[INFO] [stdout]     |                     ^^^^^^^^^ use of undeclared crate or module `sval_test`
[INFO] [stdout] 
[INFO] [stdout] 
[INFO] [stdout] error[E0433]: failed to resolve: use of undeclared crate or module `sval_test`
[INFO] [stdout]    --> src/record_tuple.rs:220:21
[INFO] [stdout]     |
[INFO] [stdout] 220 |                 use sval_test::Token::*;
[INFO] [stdout]     |                     ^^^^^^^^^ use of undeclared crate or module `sval_test`
[INFO] [stdout] 
[INFO] [stdout] 
[INFO] [stdout] error[E0433]: failed to resolve: use of undeclared crate or module `sval_test`
[INFO] [stdout]    --> src/record_tuple.rs:251:21
[INFO] [stdout]     |
[INFO] [stdout] 251 |                 use sval_test::Token::*;
[INFO] [stdout]     |                     ^^^^^^^^^ use of undeclared crate or module `sval_test`
[INFO] [stdout] 
[INFO] [stdout] 
[INFO] [stdout] error[E0433]: failed to resolve: use of undeclared crate or module `sval_test`
[INFO] [stdout]    --> src/record_tuple.rs:288:21
[INFO] [stdout]     |
[INFO] [stdout] 288 |                 use sval_test::Token::*;
[INFO] [stdout]     |                     ^^^^^^^^^ use of undeclared crate or module `sval_test`
[INFO] [stdout] 
[INFO] [stdout] 
[INFO] [stdout] error[E0433]: failed to resolve: use of undeclared crate or module `sval_test`
[INFO] [stdout]    --> src/record_tuple.rs:330:21
[INFO] [stdout]     |
[INFO] [stdout] 330 |                 use sval_test::Token::*;
[INFO] [stdout]     |                     ^^^^^^^^^ use of undeclared crate or module `sval_test`
[INFO] [stdout] 
[INFO] [stdout] 
[INFO] [stdout] error[E0433]: failed to resolve: use of undeclared crate or module `sval_test`
[INFO] [stdout]    --> src/record_tuple.rs:355:21
[INFO] [stdout]     |
[INFO] [stdout] 355 |                 use sval_test::Token::*;
[INFO] [stdout]     |                     ^^^^^^^^^ use of undeclared crate or module `sval_test`
[INFO] [stdout] 
[INFO] [stdout] 
[INFO] [stdout] error[E0433]: failed to resolve: use of undeclared crate or module `sval_test`
[INFO] [stdout]    --> src/record_tuple.rs:383:21
[INFO] [stdout]     |
[INFO] [stdout] 383 |                 use sval_test::Token::*;
[INFO] [stdout]     |                     ^^^^^^^^^ use of undeclared crate or module `sval_test`
[INFO] [stdout] 
[INFO] [stdout] 
[INFO] [stdout] error[E0433]: failed to resolve: use of undeclared crate or module `sval_test`
[INFO] [stdout]    --> src/record_tuple.rs:440:21
[INFO] [stdout]     |
[INFO] [stdout] 440 |                 use sval_test::Token::*;
[INFO] [stdout]     |                     ^^^^^^^^^ use of undeclared crate or module `sval_test`
[INFO] [stdout] 
[INFO] [stdout] 
[INFO] [stdout] error[E0433]: failed to resolve: use of undeclared crate or module `sval_test`
[INFO] [stdout]    --> src/record_tuple.rs:496:21
[INFO] [stdout]     |
[INFO] [stdout] 496 |                 use sval_test::Token::*;
[INFO] [stdout]     |                     ^^^^^^^^^ use of undeclared crate or module `sval_test`
[INFO] [stdout] 
[INFO] [stdout] 
[INFO] [stdout] error[E0433]: failed to resolve: use of undeclared crate or module `sval_test`
[INFO] [stdout]    --> src/record_tuple.rs:556:21
[INFO] [stdout]     |
[INFO] [stdout] 556 |                 use sval_test::Token::*;
[INFO] [stdout]     |                     ^^^^^^^^^ use of undeclared crate or module `sval_test`
[INFO] [stdout] 
[INFO] [stdout] 
[INFO] [stdout] error[E0433]: failed to resolve: use of undeclared crate or module `sval_test`
[INFO] [stdout]    --> src/record_tuple.rs:600:21
[INFO] [stdout]     |
[INFO] [stdout] 600 |                 use sval_test::Token::*;
[INFO] [stdout]     |                     ^^^^^^^^^ use of undeclared crate or module `sval_test`
[INFO] [stdout] 
[INFO] [stdout] 
[INFO] [stdout] error[E0433]: failed to resolve: use of undeclared crate or module `sval_test`
[INFO] [stdout]    --> src/record_tuple.rs:665:21
[INFO] [stdout]     |
[INFO] [stdout] 665 |                 use sval_test::Token::*;
[INFO] [stdout]     |                     ^^^^^^^^^ use of undeclared crate or module `sval_test`
[INFO] [stdout] 
[INFO] [stdout] 
[INFO] [stdout] error[E0433]: failed to resolve: use of undeclared crate or module `sval_test`
[INFO] [stdout]    --> src/record_tuple.rs:693:21
[INFO] [stdout]     |
[INFO] [stdout] 693 |                 use sval_test::Token::*;
[INFO] [stdout]     |                     ^^^^^^^^^ use of undeclared crate or module `sval_test`
[INFO] [stdout] 
[INFO] [stdout] 
[INFO] [stdout] error[E0433]: failed to resolve: use of undeclared crate or module `sval_test`
[INFO] [stdout]    --> src/record_tuple.rs:734:21
[INFO] [stdout]     |
[INFO] [stdout] 734 |                 use sval_test::Token::*;
[INFO] [stdout]     |                     ^^^^^^^^^ use of undeclared crate or module `sval_test`
[INFO] [stdout] 
[INFO] [stdout] 
[INFO] [stdout] error[E0433]: failed to resolve: use of undeclared crate or module `sval_test`
[INFO] [stdout]    --> src/record_tuple.rs:808:21
[INFO] [stdout]     |
[INFO] [stdout] 808 |                 use sval_test::Token::*;
[INFO] [stdout]     |                     ^^^^^^^^^ use of undeclared crate or module `sval_test`
[INFO] [stdout] 
[INFO] [stdout] 
[INFO] [stdout] error[E0433]: failed to resolve: use of undeclared crate or module `sval_test`
[INFO] [stdout]    --> src/record_tuple.rs:848:21
[INFO] [stdout]     |
[INFO] [stdout] 848 |                 use sval_test::Token::*;
[INFO] [stdout]     |                     ^^^^^^^^^ use of undeclared crate or module `sval_test`
[INFO] [stdout] 
[INFO] [stdout] 
[INFO] [stdout] error[E0433]: failed to resolve: use of undeclared crate or module `sval_test`
[INFO] [stdout]    --> src/record_tuple.rs:910:21
[INFO] [stdout]     |
[INFO] [stdout] 910 |                 use sval_test::Token::*;
[INFO] [stdout]     |                     ^^^^^^^^^ use of undeclared crate or module `sval_test`
[INFO] [stdout] 
[INFO] [stdout] 
[INFO] [stdout] error[E0433]: failed to resolve: use of undeclared crate or module `sval_test`
[INFO] [stdout]    --> src/record_tuple.rs:935:21
[INFO] [stdout]     |
[INFO] [stdout] 935 |                 use sval_test::Token::*;
[INFO] [stdout]     |                     ^^^^^^^^^ use of undeclared crate or module `sval_test`
[INFO] [stdout] 
[INFO] [stdout] 
[INFO] [stdout] error[E0433]: failed to resolve: use of undeclared crate or module `sval_test`
[INFO] [stdout]    --> src/record_tuple.rs:957:21
[INFO] [stdout]     |
[INFO] [stdout] 957 |                 use sval_test::Token::*;
[INFO] [stdout]     |                     ^^^^^^^^^ use of undeclared crate or module `sval_test`
[INFO] [stdout] 
[INFO] [stdout] 
[INFO] [stdout] error[E0433]: failed to resolve: use of undeclared crate or module `sval_test`
[INFO] [stdout]    --> src/record_tuple.rs:979:21
[INFO] [stdout]     |
[INFO] [stdout] 979 |                 use sval_test::Token::*;
[INFO] [stdout]     |                     ^^^^^^^^^ use of undeclared crate or module `sval_test`
[INFO] [stdout] 
[INFO] [stdout] 
[INFO] [stdout] error[E0433]: failed to resolve: use of undeclared crate or module `sval_test`
[INFO] [stdout]     --> src/record_tuple.rs:1001:21
[INFO] [stdout]      |
[INFO] [stdout] 1001 |                 use sval_test::Token::*;
[INFO] [stdout]      |                     ^^^^^^^^^ use of undeclared crate or module `sval_test`
[INFO] [stdout] 
[INFO] [stdout] 
[INFO] [stdout] error[E0433]: failed to resolve: use of undeclared crate or module `sval_test`
[INFO] [stdout]     --> src/record_tuple.rs:1023:21
[INFO] [stdout]      |
[INFO] [stdout] 1023 |                 use sval_test::Token::*;
[INFO] [stdout]      |                     ^^^^^^^^^ use of undeclared crate or module `sval_test`
[INFO] [stdout] 
[INFO] [stdout] 
[INFO] [stdout] error[E0433]: failed to resolve: use of undeclared crate or module `sval_test`
[INFO] [stdout]     --> src/record_tuple.rs:1045:21
[INFO] [stdout]      |
[INFO] [stdout] 1045 |                 use sval_test::Token::*;
[INFO] [stdout]      |                     ^^^^^^^^^ use of undeclared crate or module `sval_test`
[INFO] [stdout] 
[INFO] [stdout] 
[INFO] [stdout] error[E0433]: failed to resolve: use of undeclared crate or module `sval_test`
[INFO] [stdout]   --> src/seq.rs:91:17
[INFO] [stdout]    |
[INFO] [stdout] 91 |             use sval_test::Token::*;
[INFO] [stdout]    |                 ^^^^^^^^^ use of undeclared crate or module `sval_test`
[INFO] [stdout] 
[INFO] [stdout] 
[INFO] [stdout] error[E0433]: failed to resolve: use of undeclared crate or module `sval_test`
[INFO] [stdout]    --> src/seq.rs:115:17
[INFO] [stdout]     |
[INFO] [stdout] 115 |             use sval_test::Token::*;
[INFO] [stdout]     |                 ^^^^^^^^^ use of undeclared crate or module `sval_test`
[INFO] [stdout] 
[INFO] [stdout] 
[INFO] [stdout] error[E0433]: failed to resolve: use of undeclared crate or module `sval_test`
[INFO] [stdout]    --> src/seq.rs:139:17
[INFO] [stdout]     |
[INFO] [stdout] 139 |             use sval_test::Token::*;
[INFO] [stdout]     |                 ^^^^^^^^^ use of undeclared crate or module `sval_test`
[INFO] [stdout] 
[INFO] [stdout] 
[INFO] [stdout] error[E0433]: failed to resolve: use of undeclared crate or module `sval_test`
[INFO] [stdout]    --> src/seq.rs:170:21
[INFO] [stdout]     |
[INFO] [stdout] 170 |                 use sval_test::Token::*;
[INFO] [stdout]     |                     ^^^^^^^^^ use of undeclared crate or module `sval_test`
[INFO] [stdout] 
[INFO] [stdout] 
[INFO] [stdout] error[E0433]: failed to resolve: use of undeclared crate or module `sval_test`
[INFO] [stdout]    --> src/seq.rs:201:17
[INFO] [stdout]     |
[INFO] [stdout] 201 |             use sval_test::Token::*;
[INFO] [stdout]     |                 ^^^^^^^^^ use of undeclared crate or module `sval_test`
[INFO] [stdout] 
[INFO] [stdout] 
[INFO] [stdout] error[E0433]: failed to resolve: use of undeclared crate or module `sval_test`
[INFO] [stdout]    --> src/seq.rs:236:17
[INFO] [stdout]     |
[INFO] [stdout] 236 |             use sval_test::Token::*;
[INFO] [stdout]     |                 ^^^^^^^^^ use of undeclared crate or module `sval_test`
[INFO] [stdout] 
[INFO] [stdout] 
[INFO] [stdout] error[E0433]: failed to resolve: use of undeclared crate or module `sval_test`
[INFO] [stdout]    --> src/seq.rs:254:17
[INFO] [stdout]     |
[INFO] [stdout] 254 |             use sval_test::Token::*;
[INFO] [stdout]     |                 ^^^^^^^^^ use of undeclared crate or module `sval_test`
[INFO] [stdout] 
[INFO] [stdout] 
[INFO] [stdout] error[E0433]: failed to resolve: use of undeclared crate or module `sval_test`
[INFO] [stdout]    --> src/seq.rs:275:17
[INFO] [stdout]     |
[INFO] [stdout] 275 |             use sval_test::Token::*;
[INFO] [stdout]     |                 ^^^^^^^^^ use of undeclared crate or module `sval_test`
[INFO] [stdout] 
[INFO] [stdout] 
[INFO] [stdout] error[E0433]: failed to resolve: use of undeclared crate or module `sval_test`
[INFO] [stdout]    --> src/tuple.rs:117:17
[INFO] [stdout]     |
[INFO] [stdout] 117 |             use sval_test::Token::*;
[INFO] [stdout]     |                 ^^^^^^^^^ use of undeclared crate or module `sval_test`
[INFO] [stdout] 
[INFO] [stdout] 
[INFO] [stdout] error[E0433]: failed to resolve: use of undeclared crate or module `sval_test`
[INFO] [stdout]    --> src/tuple.rs:141:17
[INFO] [stdout]     |
[INFO] [stdout] 141 |             use sval_test::Token::*;
[INFO] [stdout]     |                 ^^^^^^^^^ use of undeclared crate or module `sval_test`
[INFO] [stdout] 
[INFO] [stdout] 
[INFO] [stdout] error[E0433]: failed to resolve: use of undeclared crate or module `sval_test`
[INFO] [stdout]    --> src/tuple.rs:165:17
[INFO] [stdout]     |
[INFO] [stdout] 165 |             use sval_test::Token::*;
[INFO] [stdout]     |                 ^^^^^^^^^ use of undeclared crate or module `sval_test`
[INFO] [stdout] 
[INFO] [stdout] 
[INFO] [stdout] error[E0433]: failed to resolve: use of undeclared crate or module `sval_test`
[INFO] [stdout]    --> src/tuple.rs:195:21
[INFO] [stdout]     |
[INFO] [stdout] 195 |                 use sval_test::Token::*;
[INFO] [stdout]     |                     ^^^^^^^^^ use of undeclared crate or module `sval_test`
[INFO] [stdout] 
[INFO] [stdout] 
[INFO] [stdout] error[E0433]: failed to resolve: use of undeclared crate or module `sval_test`
[INFO] [stdout]    --> src/tuple.rs:226:17
[INFO] [stdout]     |
[INFO] [stdout] 226 |             use sval_test::Token::*;
[INFO] [stdout]     |                 ^^^^^^^^^ use of undeclared crate or module `sval_test`
[INFO] [stdout] 
[INFO] [stdout] 
[INFO] [stdout] error[E0433]: failed to resolve: use of undeclared crate or module `sval_test`
[INFO] [stdout]    --> src/tuple.rs:261:17
[INFO] [stdout]     |
[INFO] [stdout] 261 |             use sval_test::Token::*;
[INFO] [stdout]     |                 ^^^^^^^^^ use of undeclared crate or module `sval_test`
[INFO] [stdout] 
[INFO] [stdout] 
[INFO] [stdout] error[E0433]: failed to resolve: use of undeclared crate or module `sval_test`
[INFO] [stdout]    --> src/tuple.rs:279:17
[INFO] [stdout]     |
[INFO] [stdout] 279 |             use sval_test::Token::*;
[INFO] [stdout]     |                 ^^^^^^^^^ use of undeclared crate or module `sval_test`
[INFO] [stdout] 
[INFO] [stdout] 
[INFO] [stdout] error[E0433]: failed to resolve: use of undeclared crate or module `sval_test`
[INFO] [stdout]    --> src/tuple.rs:300:17
[INFO] [stdout]     |
[INFO] [stdout] 300 |             use sval_test::Token::*;
[INFO] [stdout]     |                 ^^^^^^^^^ use of undeclared crate or module `sval_test`
[INFO] [stdout] 
[INFO] [stdout] 
[INFO] [stdout] error[E0432]: unresolved import `sval_derive_macros`
[INFO] [stdout]   --> src/tuple.rs:66:9
[INFO] [stdout]    |
[INFO] [stdout] 66 |     use sval_derive_macros::*;
[INFO] [stdout]    |         ^^^^^^^^^^^^^^^^^^ use of undeclared crate or module `sval_derive_macros`
[INFO] [stdout] 
[INFO] [stdout] 
[INFO] [stdout] error: cannot find derive macro `Value` in this scope
[INFO] [stdout]    --> src/map.rs:406:18
[INFO] [stdout]     |
[INFO] [stdout] 406 |         #[derive(Value)]
[INFO] [stdout]     |                  ^^^^^
[INFO] [stdout]     |
[INFO] [stdout] note: `Value` is imported here, but it is only a trait, without a derive macro
[INFO] [stdout]    --> src/map.rs:362:9
[INFO] [stdout]     |
[INFO] [stdout] 362 |     use super::*;
[INFO] [stdout]     |         ^^^^^^^^
[INFO] [stdout] 
[INFO] [stdout] 
[INFO] [stdout] error: cannot find attribute `sval` in this scope
[INFO] [stdout]    --> src/map.rs:407:11
[INFO] [stdout]     |
[INFO] [stdout] 407 |         #[sval(unindexed_fields)]
[INFO] [stdout]     |           ^^^^
[INFO] [stdout]     |
[INFO] [stdout]     = note: `sval` is in scope, but it is a crate, not an attribute
[INFO] [stdout] 
[INFO] [stdout] 
[INFO] [stdout] error: cannot find derive macro `Value` in this scope
[INFO] [stdout]    --> src/map.rs:690:18
[INFO] [stdout]     |
[INFO] [stdout] 690 |         #[derive(Value)]
[INFO] [stdout]     |                  ^^^^^
[INFO] [stdout]     |
[INFO] [stdout] note: `Value` is imported here, but it is only a trait, without a derive macro
[INFO] [stdout]    --> src/map.rs:362:9
[INFO] [stdout]     |
[INFO] [stdout] 362 |     use super::*;
[INFO] [stdout]     |         ^^^^^^^^
[INFO] [stdout] 
[INFO] [stdout] 
[INFO] [stdout] error: cannot find derive macro `Value` in this scope
[INFO] [stdout]    --> src/map.rs:747:18
[INFO] [stdout]     |
[INFO] [stdout] 747 |         #[derive(Value)]
[INFO] [stdout]     |                  ^^^^^
[INFO] [stdout]     |
[INFO] [stdout] note: `Value` is imported here, but it is only a trait, without a derive macro
[INFO] [stdout]    --> src/map.rs:362:9
[INFO] [stdout]     |
[INFO] [stdout] 362 |     use super::*;
[INFO] [stdout]     |         ^^^^^^^^
[INFO] [stdout] 
[INFO] [stdout] 
[INFO] [stdout] error: cannot find attribute `sval` in this scope
[INFO] [stdout]    --> src/map.rs:749:15
[INFO] [stdout]     |
[INFO] [stdout] 749 |             #[sval(label = "b")]
[INFO] [stdout]     |               ^^^^
[INFO] [stdout]     |
[INFO] [stdout]     = note: `sval` is in scope, but it is a crate, not an attribute
[INFO] [stdout] 
[INFO] [stdout] 
[INFO] [stdout] error: cannot find derive macro `Value` in this scope
[INFO] [stdout]    --> src/record_tuple.rs:144:18
[INFO] [stdout]     |
[INFO] [stdout] 144 |         #[derive(Value)]
[INFO] [stdout]     |                  ^^^^^
[INFO] [stdout] 
[INFO] [stdout] 
[INFO] [stdout] error: cannot find attribute `sval` in this scope
[INFO] [stdout]    --> src/record_tuple.rs:145:11
[INFO] [stdout]     |
[INFO] [stdout] 145 |         #[sval(unindexed_fields)]
[INFO] [stdout]     |           ^^^^
[INFO] [stdout]     |
[INFO] [stdout]     = note: `sval` is in scope, but it is a crate, not an attribute
[INFO] [stdout] 
[INFO] [stdout] 
[INFO] [stdout] error: cannot find derive macro `Value` in this scope
[INFO] [stdout]    --> src/record_tuple.rs:275:18
[INFO] [stdout]     |
[INFO] [stdout] 275 |         #[derive(Value)]
[INFO] [stdout]     |                  ^^^^^
[INFO] [stdout] 
[INFO] [stdout] 
[INFO] [stdout] error: cannot find derive macro `Value` in this scope
[INFO] [stdout]    --> src/record_tuple.rs:312:18
[INFO] [stdout]     |
[INFO] [stdout] 312 |         #[derive(Value)]
[INFO] [stdout]     |                  ^^^^^
[INFO] [stdout] 
[INFO] [stdout] 
[INFO] [stdout] error: cannot find attribute `sval` in this scope
[INFO] [stdout]    --> src/record_tuple.rs:314:15
[INFO] [stdout]     |
[INFO] [stdout] 314 |             #[sval(label = "b")]
[INFO] [stdout]     |               ^^^^
[INFO] [stdout]     |
[INFO] [stdout]     = note: `sval` is in scope, but it is a crate, not an attribute
[INFO] [stdout] 
[INFO] [stdout] 
[INFO] [stdout] error: cannot find derive macro `Value` in this scope
[INFO] [stdout]    --> src/record_tuple.rs:407:18
[INFO] [stdout]     |
[INFO] [stdout] 407 |         #[derive(Value)]
[INFO] [stdout]     |                  ^^^^^
[INFO] [stdout] 
[INFO] [stdout] 
[INFO] [stdout] error: cannot find derive macro `Value` in this scope
[INFO] [stdout]    --> src/record_tuple.rs:412:18
[INFO] [stdout]     |
[INFO] [stdout] 412 |         #[derive(Value)]
[INFO] [stdout]     |                  ^^^^^
[INFO] [stdout] 
[INFO] [stdout] 
[INFO] [stdout] error: cannot find derive macro `Value` in this scope
[INFO] [stdout]    --> src/record_tuple.rs:417:18
[INFO] [stdout]     |
[INFO] [stdout] 417 |         #[derive(Value)]
[INFO] [stdout]     |                  ^^^^^
[INFO] [stdout] 
[INFO] [stdout] 
[INFO] [stdout] error: cannot find attribute `sval` in this scope
[INFO] [stdout]    --> src/record_tuple.rs:420:15
[INFO] [stdout]     |
[INFO] [stdout] 420 |             #[sval(label = "b")]
[INFO] [stdout]     |               ^^^^
[INFO] [stdout]     |
[INFO] [stdout]     = note: `sval` is in scope, but it is a crate, not an attribute
[INFO] [stdout] 
[INFO] [stdout] 
[INFO] [stdout] error: cannot find derive macro `Value` in this scope
[INFO] [stdout]    --> src/record_tuple.rs:474:18
[INFO] [stdout]     |
[INFO] [stdout] 474 |         #[derive(Value)]
[INFO] [stdout]     |                  ^^^^^
[INFO] [stdout] 
[INFO] [stdout] 
[INFO] [stdout] error: cannot find derive macro `Value` in this scope
[INFO] [stdout]    --> src/record_tuple.rs:480:18
[INFO] [stdout]     |
[INFO] [stdout] 480 |         #[derive(Value)]
[INFO] [stdout]     |                  ^^^^^
[INFO] [stdout] 
[INFO] [stdout] 
[INFO] [stdout] error: cannot find derive macro `Value` in this scope
[INFO] [stdout]    --> src/record_tuple.rs:534:18
[INFO] [stdout]     |
[INFO] [stdout] 534 |         #[derive(Value)]
[INFO] [stdout]     |                  ^^^^^
[INFO] [stdout] 
[INFO] [stdout] 
[INFO] [stdout] error: cannot find derive macro `Value` in this scope
[INFO] [stdout]    --> src/record_tuple.rs:539:18
[INFO] [stdout]     |
[INFO] [stdout] 539 |         #[derive(Value)]
[INFO] [stdout]     |                  ^^^^^
[INFO] [stdout] 
[INFO] [stdout] 
[INFO] [stdout] error: cannot find derive macro `Value` in this scope
[INFO] [stdout]    --> src/record_tuple.rs:544:18
[INFO] [stdout]     |
[INFO] [stdout] 544 |         #[derive(Value)]
[INFO] [stdout]     |                  ^^^^^
[INFO] [stdout] 
[INFO] [stdout] 
[INFO] [stdout] error: cannot find derive macro `Value` in this scope
[INFO] [stdout]    --> src/record_tuple.rs:577:18
[INFO] [stdout]     |
[INFO] [stdout] 577 |         #[derive(Value)]
[INFO] [stdout]     |                  ^^^^^
[INFO] [stdout] 
[INFO] [stdout] 
[INFO] [stdout] error: cannot find attribute `sval` in this scope
[INFO] [stdout]    --> src/record_tuple.rs:579:15
[INFO] [stdout]     |
[INFO] [stdout] 579 |             #[sval(index = -4)]
[INFO] [stdout]     |               ^^^^
[INFO] [stdout]     |
[INFO] [stdout]     = note: `sval` is in scope, but it is a crate, not an attribute
[INFO] [stdout] 
[INFO] [stdout] 
[INFO] [stdout] error: cannot find derive macro `Value` in this scope
[INFO] [stdout]    --> src/record_tuple.rs:583:18
[INFO] [stdout]     |
[INFO] [stdout] 583 |         #[derive(Value)]
[INFO] [stdout]     |                  ^^^^^
[INFO] [stdout] 
[INFO] [stdout] 
[INFO] [stdout] error: cannot find derive macro `Value` in this scope
[INFO] [stdout]    --> src/record_tuple.rs:588:18
[INFO] [stdout]     |
[INFO] [stdout] 588 |         #[derive(Value)]
[INFO] [stdout]     |                  ^^^^^
[INFO] [stdout] 
[INFO] [stdout] 
[INFO] [stdout] error: cannot find derive macro `Value` in this scope
[INFO] [stdout]    --> src/record_tuple.rs:653:18
[INFO] [stdout]     |
[INFO] [stdout] 653 |         #[derive(Value)]
[INFO] [stdout]     |                  ^^^^^
[INFO] [stdout] 
[INFO] [stdout] 
[INFO] [stdout] error: cannot find derive macro `Value` in this scope
[INFO] [stdout]    --> src/record_tuple.rs:683:18
[INFO] [stdout]     |
[INFO] [stdout] 683 |         #[derive(Value)]
[INFO] [stdout]     |                  ^^^^^
[INFO] [stdout] 
[INFO] [stdout] 
[INFO] [stdout] error: cannot find attribute `sval` in this scope
[INFO] [stdout]    --> src/record_tuple.rs:684:24
[INFO] [stdout]     |
[INFO] [stdout] 684 |         struct Inner(#[sval(index = 3)] i32, #[sval(index = 4)] i32);
[INFO] [stdout]     |                        ^^^^
[INFO] [stdout]     |
[INFO] [stdout]     = note: `sval` is in scope, but it is a crate, not an attribute
[INFO] [stdout] 
[INFO] [stdout] 
[INFO] [stdout] error: cannot find attribute `sval` in this scope
[INFO] [stdout]    --> src/record_tuple.rs:684:48
[INFO] [stdout]     |
[INFO] [stdout] 684 |         struct Inner(#[sval(index = 3)] i32, #[sval(index = 4)] i32);
[INFO] [stdout]     |                                                ^^^^
[INFO] [stdout]     |
[INFO] [stdout]     = note: `sval` is in scope, but it is a crate, not an attribute
[INFO] [stdout] 
[INFO] [stdout] 
[INFO] [stdout] error: cannot find derive macro `Value` in this scope
[INFO] [stdout]    --> src/record_tuple.rs:717:18
[INFO] [stdout]     |
[INFO] [stdout] 717 |         #[derive(Value)]
[INFO] [stdout]     |                  ^^^^^
[INFO] [stdout] 
[INFO] [stdout] 
[INFO] [stdout] error: cannot find attribute `sval` in this scope
[INFO] [stdout]    --> src/record_tuple.rs:720:19
[INFO] [stdout]     |
[INFO] [stdout] 720 |                 #[sval(index = 4)]
[INFO] [stdout]     |                   ^^^^
[INFO] [stdout]     |
[INFO] [stdout]     = note: `sval` is in scope, but it is a crate, not an attribute
[INFO] [stdout] 
[INFO] [stdout] 
[INFO] [stdout] error: cannot find attribute `sval` in this scope
[INFO] [stdout]    --> src/record_tuple.rs:722:19
[INFO] [stdout]     |
[INFO] [stdout] 722 |                 #[sval(index = 6)]
[INFO] [stdout]     |                   ^^^^
[INFO] [stdout]     |
[INFO] [stdout]     = note: `sval` is in scope, but it is a crate, not an attribute
[INFO] [stdout] 
[INFO] [stdout] 
[INFO] [stdout] error: cannot find derive macro `Value` in this scope
[INFO] [stdout]   --> src/seq.rs:83:18
[INFO] [stdout]    |
[INFO] [stdout] 83 |         #[derive(Value)]
[INFO] [stdout]    |                  ^^^^^
[INFO] [stdout] 
[INFO] [stdout] 
[INFO] [stdout] error: cannot find attribute `sval` in this scope
[INFO] [stdout]   --> src/seq.rs:84:11
[INFO] [stdout]    |
[INFO] [stdout] 84 |         #[sval(unindexed_fields)]
[INFO] [stdout]    |           ^^^^
[INFO] [stdout]    |
[INFO] [stdout]    = note: `sval` is in scope, but it is a crate, not an attribute
[INFO] [stdout] 
[INFO] [stdout] 
[INFO] [stdout] error: cannot find derive macro `Value` in this scope
[INFO] [stdout]    --> src/seq.rs:194:18
[INFO] [stdout]     |
[INFO] [stdout] 194 |         #[derive(Value)]
[INFO] [stdout]     |                  ^^^^^
[INFO] [stdout] 
[INFO] [stdout] 
[INFO] [stdout] error: cannot find derive macro `Value` in this scope
[INFO] [stdout]    --> src/seq.rs:224:18
[INFO] [stdout]     |
[INFO] [stdout] 224 |         #[derive(Value)]
[INFO] [stdout]     |                  ^^^^^
[INFO] [stdout] 
[INFO] [stdout] 
[INFO] [stdout] error: cannot find attribute `sval` in this scope
[INFO] [stdout]    --> src/seq.rs:226:15
[INFO] [stdout]     |
[INFO] [stdout] 226 |             #[sval(label = "b")]
[INFO] [stdout]     |               ^^^^
[INFO] [stdout]     |
[INFO] [stdout]     = note: `sval` is in scope, but it is a crate, not an attribute
[INFO] [stdout] 
[INFO] [stdout] 
[INFO] [stdout] error: cannot find derive macro `Value` in this scope
[INFO] [stdout]    --> src/tuple.rs:109:18
[INFO] [stdout]     |
[INFO] [stdout] 109 |         #[derive(Value)]
[INFO] [stdout]     |                  ^^^^^
[INFO] [stdout] 
[INFO] [stdout] 
[INFO] [stdout] error: cannot find attribute `sval` in this scope
[INFO] [stdout]    --> src/tuple.rs:110:11
[INFO] [stdout]     |
[INFO] [stdout] 110 |         #[sval(unindexed_fields)]
[INFO] [stdout]     |           ^^^^
[INFO] [stdout]     |
[INFO] [stdout]     = note: `sval` is in scope, but it is a crate, not an attribute
[INFO] [stdout] 
[INFO] [stdout] 
[INFO] [stdout] error: cannot find derive macro `Value` in this scope
[INFO] [stdout]    --> src/tuple.rs:219:18
[INFO] [stdout]     |
[INFO] [stdout] 219 |         #[derive(Value)]
[INFO] [stdout]     |                  ^^^^^
[INFO] [stdout] 
[INFO] [stdout] 
[INFO] [stdout] error: cannot find derive macro `Value` in this scope
[INFO] [stdout]    --> src/tuple.rs:249:18
[INFO] [stdout]     |
[INFO] [stdout] 249 |         #[derive(Value)]
[INFO] [stdout]     |                  ^^^^^
[INFO] [stdout] 
[INFO] [stdout] 
[INFO] [stdout] error: cannot find attribute `sval` in this scope
[INFO] [stdout]    --> src/tuple.rs:251:15
[INFO] [stdout]     |
[INFO] [stdout] 251 |             #[sval(label = "b")]
[INFO] [stdout]     |               ^^^^
[INFO] [stdout]     |
[INFO] [stdout]     = note: `sval` is in scope, but it is a crate, not an attribute
[INFO] [stdout] 
[INFO] [stdout] 
[INFO] [stdout] Some errors have detailed explanations: E0432, E0433.
[INFO] [stdout] 
[INFO] [stdout] For more information about an error, try `rustc --explain E0432`.
[INFO] [stdout] 
[INFO] [stderr] error: could not compile `sval_flatten` (lib test) due to 93 previous errors
[INFO] running `Command { std: "docker" "inspect" "a57fadd26a56c99c34aae17b2d7af895abe3105564389aa92b91bb2e3a74815f", kill_on_drop: false }`
[INFO] running `Command { std: "docker" "rm" "-f" "a57fadd26a56c99c34aae17b2d7af895abe3105564389aa92b91bb2e3a74815f", kill_on_drop: false }`
[INFO] [stdout] a57fadd26a56c99c34aae17b2d7af895abe3105564389aa92b91bb2e3a74815f
