[INFO] fetching crate susydev-jsonrpc-client 11.0.0...
[INFO] testing susydev-jsonrpc-client-11.0.0 against nightly-2024-10-28+rustflags=-Zrandomize-layout for randomize-layout
[INFO] extracting crate susydev-jsonrpc-client 11.0.0 into /workspace/builds/worker-6-tc2/source
[INFO] validating manifest of crates.io crate susydev-jsonrpc-client 11.0.0 on toolchain nightly-2024-10-28
[INFO] running `Command { std: CARGO_HOME="/workspace/cargo-home" RUSTUP_HOME="/workspace/rustup-home" "/workspace/cargo-home/bin/cargo" "+nightly-2024-10-28" "metadata" "--manifest-path" "Cargo.toml" "--no-deps", kill_on_drop: false }`
[INFO] started tweaking crates.io crate susydev-jsonrpc-client 11.0.0
[INFO] finished tweaking crates.io crate susydev-jsonrpc-client 11.0.0
[INFO] tweaked toml for crates.io crate susydev-jsonrpc-client 11.0.0 written to /workspace/builds/worker-6-tc2/source/Cargo.toml
[INFO] running `Command { std: CARGO_HOME="/workspace/cargo-home" RUSTUP_HOME="/workspace/rustup-home" "/workspace/cargo-home/bin/cargo" "+nightly-2024-10-28" "generate-lockfile" "--manifest-path" "Cargo.toml", kill_on_drop: false }`
[INFO] [stderr]     Updating crates.io index
[INFO] [stderr]      Locking 89 packages to latest compatible versions
[INFO] [stderr]       Adding futures v0.1.31 (available: v0.3.31)
[INFO] [stderr]       Adding tokio v0.1.22 (available: v1.41.0)
[INFO] running `Command { std: CARGO_HOME="/workspace/cargo-home" RUSTUP_HOME="/workspace/rustup-home" "/workspace/cargo-home/bin/cargo" "+nightly-2024-10-28" "fetch" "--manifest-path" "Cargo.toml", kill_on_drop: false }`
[INFO] running `Command { std: "docker" "create" "-v" "/var/lib/crater-agent-workspace/builds/worker-6-tc2/target:/opt/rustwide/target:rw,Z" "-v" "/var/lib/crater-agent-workspace/builds/worker-6-tc2/source:/opt/rustwide/workdir:ro,Z" "-v" "/var/lib/crater-agent-workspace/cargo-home:/opt/rustwide/cargo-home:ro,Z" "-v" "/var/lib/crater-agent-workspace/rustup-home:/opt/rustwide/rustup-home:ro,Z" "-e" "SOURCE_DIR=/opt/rustwide/workdir" "-e" "CARGO_TARGET_DIR=/opt/rustwide/target" "-e" "CARGO_HOME=/opt/rustwide/cargo-home" "-e" "RUSTUP_HOME=/opt/rustwide/rustup-home" "-w" "/opt/rustwide/workdir" "-m" "1610612736" "--user" "0:0" "--network" "none" "ghcr.io/rust-lang/crates-build-env/linux@sha256:4a844ea9eb2546a2d2c7022eacef16ef2e8229c7fbb2c7d4d55a9ceca922f72d" "/opt/rustwide/cargo-home/bin/cargo" "+nightly-2024-10-28" "metadata" "--no-deps" "--format-version=1", kill_on_drop: false }`
[INFO] [stdout] afa34e4dcc4d8369dd2e0e6009464ccbccbf6442966c26de659521211f8880d6
[INFO] running `Command { std: "docker" "start" "-a" "afa34e4dcc4d8369dd2e0e6009464ccbccbf6442966c26de659521211f8880d6", kill_on_drop: false }`
[INFO] running `Command { std: "docker" "inspect" "afa34e4dcc4d8369dd2e0e6009464ccbccbf6442966c26de659521211f8880d6", kill_on_drop: false }`
[INFO] running `Command { std: "docker" "rm" "-f" "afa34e4dcc4d8369dd2e0e6009464ccbccbf6442966c26de659521211f8880d6", kill_on_drop: false }`
[INFO] [stdout] afa34e4dcc4d8369dd2e0e6009464ccbccbf6442966c26de659521211f8880d6
[INFO] running `Command { std: "docker" "create" "-v" "/var/lib/crater-agent-workspace/builds/worker-6-tc2/target:/opt/rustwide/target:rw,Z" "-v" "/var/lib/crater-agent-workspace/builds/worker-6-tc2/source:/opt/rustwide/workdir:ro,Z" "-v" "/var/lib/crater-agent-workspace/cargo-home:/opt/rustwide/cargo-home:ro,Z" "-v" "/var/lib/crater-agent-workspace/rustup-home:/opt/rustwide/rustup-home:ro,Z" "-e" "SOURCE_DIR=/opt/rustwide/workdir" "-e" "CARGO_TARGET_DIR=/opt/rustwide/target" "-e" "CARGO_INCREMENTAL=0" "-e" "RUST_BACKTRACE=full" "-e" "RUSTFLAGS=--cap-lints=forbid -Zrandomize-layout" "-e" "RUSTDOCFLAGS=--cap-lints=forbid" "-e" "CARGO_HOME=/opt/rustwide/cargo-home" "-e" "RUSTUP_HOME=/opt/rustwide/rustup-home" "-w" "/opt/rustwide/workdir" "-m" "1610612736" "--user" "0:0" "--network" "none" "ghcr.io/rust-lang/crates-build-env/linux@sha256:4a844ea9eb2546a2d2c7022eacef16ef2e8229c7fbb2c7d4d55a9ceca922f72d" "/opt/rustwide/cargo-home/bin/cargo" "+nightly-2024-10-28" "build" "--frozen" "--message-format=json", kill_on_drop: false }`
[INFO] [stdout] af6406bf7bd1eb50387560a38a6e8b179ab83c6f896c2a8144d3a9220c6ad256
[INFO] running `Command { std: "docker" "start" "-a" "af6406bf7bd1eb50387560a38a6e8b179ab83c6f896c2a8144d3a9220c6ad256", kill_on_drop: false }`
[INFO] [stderr]    Compiling proc-macro2 v1.0.89
[INFO] [stderr]    Compiling unicode-ident v1.0.13
[INFO] [stderr]    Compiling memchr v2.7.4
[INFO] [stderr]    Compiling syn v1.0.109
[INFO] [stderr]    Compiling libc v0.2.161
[INFO] [stderr]    Compiling serde v1.0.214
[INFO] [stderr]    Compiling adler2 v2.0.0
[INFO] [stderr]    Compiling gimli v0.31.1
[INFO] [stderr]    Compiling failure_derive v0.1.8
[INFO] [stderr]    Compiling serde_json v1.0.132
[INFO] [stderr]    Compiling unicode-xid v0.2.6
[INFO] [stderr]    Compiling ryu v1.0.18
[INFO] [stderr]    Compiling cfg-if v1.0.0
[INFO] [stderr]    Compiling rustc-demangle v0.1.24
[INFO] [stderr]    Compiling itoa v1.0.11
[INFO] [stderr]    Compiling futures v0.1.31
[INFO] [stderr]    Compiling log v0.4.22
[INFO] [stderr]    Compiling miniz_oxide v0.8.0
[INFO] [stderr]    Compiling object v0.36.5
[INFO] [stderr]    Compiling quote v1.0.37
[INFO] [stderr]    Compiling syn v2.0.86
[INFO] [stderr]    Compiling addr2line v0.24.2
[INFO] [stderr]    Compiling serde_derive v1.0.214
[INFO] [stderr]    Compiling synstructure v0.12.6
[INFO] [stderr]    Compiling backtrace v0.3.74
[INFO] [stderr]    Compiling failure v0.1.8
[INFO] [stderr]    Compiling susydev-jsonrpc-core v11.0.0
[INFO] [stderr]    Compiling susydev-jsonrpc-client v11.0.0 (/opt/rustwide/workdir)
[INFO] [stdout] warning: non-local `impl` definition, `impl` blocks should be written at the same level as their item
[INFO] [stdout]   --> src/lib.rs:14:17
[INFO] [stdout]    |
[INFO] [stdout] 14 | #[derive(Debug, Fail)]
[INFO] [stdout]    |                 ^---
[INFO] [stdout]    |                 |
[INFO] [stdout]    |                 `Fail` is not local
[INFO] [stdout]    |                 move the `impl` block outside of this constant `_DERIVE_failure_Fail_FOR_RpcError`
[INFO] [stdout] 15 | pub enum RpcError {
[INFO] [stdout]    |          -------- `RpcError` is not local
[INFO] [stdout]    |
[INFO] [stdout]    = note: the derive macro `Fail` defines the non-local `impl`, and may need to be changed
[INFO] [stdout]    = note: the derive macro `Fail` may come from an old version of the `failure_derive` crate, try updating your dependency with `cargo update -p failure_derive`
[INFO] [stdout]    = note: an `impl` is never scoped, even when it is nested inside an item, as it may impact type checking outside of that item, which can be the case if neither the trait or the self type are at the same nesting level as the `impl`
[INFO] [stdout]    = note: items in an anonymous const item (`const _: () = { ... }`) are treated as in the same scope as the anonymous const's declaration for the purpose of this lint
[INFO] [stdout]    = note: `#[warn(non_local_definitions)]` on by default
[INFO] [stdout]    = note: this warning originates in the derive macro `Fail` (in Nightly builds, run with -Z macro-backtrace for more info)
[INFO] [stdout] 
[INFO] [stdout] 
[INFO] [stdout] warning: non-local `impl` definition, `impl` blocks should be written at the same level as their item
[INFO] [stdout]   --> src/lib.rs:14:17
[INFO] [stdout]    |
[INFO] [stdout] 14 | #[derive(Debug, Fail)]
[INFO] [stdout]    |                 ^---
[INFO] [stdout]    |                 |
[INFO] [stdout]    |                 `Display` is not local
[INFO] [stdout]    |                 move the `impl` block outside of this constant `_DERIVE_failure_core_fmt_Display_FOR_RpcError`
[INFO] [stdout] 15 | pub enum RpcError {
[INFO] [stdout]    |          -------- `RpcError` is not local
[INFO] [stdout]    |
[INFO] [stdout]    = note: the derive macro `Fail` defines the non-local `impl`, and may need to be changed
[INFO] [stdout]    = note: the derive macro `Fail` may come from an old version of the `failure_derive` crate, try updating your dependency with `cargo update -p failure_derive`
[INFO] [stdout]    = note: an `impl` is never scoped, even when it is nested inside an item, as it may impact type checking outside of that item, which can be the case if neither the trait or the self type are at the same nesting level as the `impl`
[INFO] [stdout]    = note: items in an anonymous const item (`const _: () = { ... }`) are treated as in the same scope as the anonymous const's declaration for the purpose of this lint
[INFO] [stdout]    = note: this warning originates in the derive macro `Fail` (in Nightly builds, run with -Z macro-backtrace for more info)
[INFO] [stdout] 
[INFO] [stdout] 
[INFO] [stderr]     Finished `dev` profile [unoptimized + debuginfo] target(s) in 6.01s
[INFO] running `Command { std: "docker" "inspect" "af6406bf7bd1eb50387560a38a6e8b179ab83c6f896c2a8144d3a9220c6ad256", kill_on_drop: false }`
[INFO] running `Command { std: "docker" "rm" "-f" "af6406bf7bd1eb50387560a38a6e8b179ab83c6f896c2a8144d3a9220c6ad256", kill_on_drop: false }`
[INFO] [stdout] af6406bf7bd1eb50387560a38a6e8b179ab83c6f896c2a8144d3a9220c6ad256
[INFO] running `Command { std: "docker" "create" "-v" "/var/lib/crater-agent-workspace/builds/worker-6-tc2/target:/opt/rustwide/target:rw,Z" "-v" "/var/lib/crater-agent-workspace/builds/worker-6-tc2/source:/opt/rustwide/workdir:ro,Z" "-v" "/var/lib/crater-agent-workspace/cargo-home:/opt/rustwide/cargo-home:ro,Z" "-v" "/var/lib/crater-agent-workspace/rustup-home:/opt/rustwide/rustup-home:ro,Z" "-e" "SOURCE_DIR=/opt/rustwide/workdir" "-e" "CARGO_TARGET_DIR=/opt/rustwide/target" "-e" "CARGO_INCREMENTAL=0" "-e" "RUST_BACKTRACE=full" "-e" "RUSTFLAGS=--cap-lints=forbid -Zrandomize-layout" "-e" "RUSTDOCFLAGS=--cap-lints=forbid" "-e" "CARGO_HOME=/opt/rustwide/cargo-home" "-e" "RUSTUP_HOME=/opt/rustwide/rustup-home" "-w" "/opt/rustwide/workdir" "-m" "1610612736" "--user" "0:0" "--network" "none" "ghcr.io/rust-lang/crates-build-env/linux@sha256:4a844ea9eb2546a2d2c7022eacef16ef2e8229c7fbb2c7d4d55a9ceca922f72d" "/opt/rustwide/cargo-home/bin/cargo" "+nightly-2024-10-28" "test" "--frozen" "--no-run" "--message-format=json", kill_on_drop: false }`
[INFO] [stdout] 7155f3ab29383107daf6455cfd09d19aaa7e6d3c26c22dfe68949829fe4ca2b8
[INFO] running `Command { std: "docker" "start" "-a" "7155f3ab29383107daf6455cfd09d19aaa7e6d3c26c22dfe68949829fe4ca2b8", kill_on_drop: false }`
[INFO] [stderr]    Compiling autocfg v1.4.0
[INFO] [stderr]    Compiling cfg-if v0.1.10
[INFO] [stderr]    Compiling maybe-uninit v2.0.0
[INFO] [stderr]    Compiling lazy_static v1.5.0
[INFO] [stderr]    Compiling semver-parser v0.7.0
[INFO] [stderr]    Compiling scopeguard v1.2.0
[INFO] [stderr]    Compiling byteorder v1.5.0
[INFO] [stderr]    Compiling fnv v1.0.7
[INFO] [stderr]    Compiling iovec v0.1.4
[INFO] [stderr]    Compiling num_cpus v1.16.0
[INFO] [stdout] warning: non-local `impl` definition, `impl` blocks should be written at the same level as their item
[INFO] [stdout]   --> src/lib.rs:14:17
[INFO] [stdout]    |
[INFO] [stdout] 14 | #[derive(Debug, Fail)]
[INFO] [stdout]    |                 ^---
[INFO] [stdout]    |                 |
[INFO] [stdout]    |                 `Fail` is not local
[INFO] [stdout]    |                 move the `impl` block outside of this constant `_DERIVE_failure_Fail_FOR_RpcError`
[INFO] [stdout] 15 | pub enum RpcError {
[INFO] [stdout]    |          -------- `RpcError` is not local
[INFO] [stdout]    |
[INFO] [stdout]    = note: the derive macro `Fail` defines the non-local `impl`, and may need to be changed
[INFO] [stdout]    = note: the derive macro `Fail` may come from an old version of the `failure_derive` crate, try updating your dependency with `cargo update -p failure_derive`
[INFO] [stdout]    = note: an `impl` is never scoped, even when it is nested inside an item, as it may impact type checking outside of that item, which can be the case if neither the trait or the self type are at the same nesting level as the `impl`
[INFO] [stdout]    = note: items in an anonymous const item (`const _: () = { ... }`) are treated as in the same scope as the anonymous const's declaration for the purpose of this lint
[INFO] [stdout]    = note: `#[warn(non_local_definitions)]` on by default
[INFO] [stdout]    = note: this warning originates in the derive macro `Fail` (in Nightly builds, run with -Z macro-backtrace for more info)
[INFO] [stdout] 
[INFO] [stdout] 
[INFO] [stdout] warning: non-local `impl` definition, `impl` blocks should be written at the same level as their item
[INFO] [stdout]   --> src/lib.rs:14:17
[INFO] [stdout]    |
[INFO] [stdout] 14 | #[derive(Debug, Fail)]
[INFO] [stdout]    |                 ^---
[INFO] [stdout]    |                 |
[INFO] [stdout]    |                 `Display` is not local
[INFO] [stdout]    |                 move the `impl` block outside of this constant `_DERIVE_failure_core_fmt_Display_FOR_RpcError`
[INFO] [stdout] 15 | pub enum RpcError {
[INFO] [stdout]    |          -------- `RpcError` is not local
[INFO] [stdout]    |
[INFO] [stdout]    = note: the derive macro `Fail` defines the non-local `impl`, and may need to be changed
[INFO] [stdout]    = note: the derive macro `Fail` may come from an old version of the `failure_derive` crate, try updating your dependency with `cargo update -p failure_derive`
[INFO] [stdout]    = note: an `impl` is never scoped, even when it is nested inside an item, as it may impact type checking outside of that item, which can be the case if neither the trait or the self type are at the same nesting level as the `impl`
[INFO] [stdout]    = note: items in an anonymous const item (`const _: () = { ... }`) are treated as in the same scope as the anonymous const's declaration for the purpose of this lint
[INFO] [stdout]    = note: this warning originates in the derive macro `Fail` (in Nightly builds, run with -Z macro-backtrace for more info)
[INFO] [stdout] 
[INFO] [stdout] 
[INFO] [stderr]    Compiling net2 v0.2.39
[INFO] [stderr]    Compiling tokio-sync v0.1.8
[INFO] [stderr]    Compiling lock_api v0.3.4
[INFO] [stderr]    Compiling bytes v0.4.12
[INFO] [stderr]    Compiling semver v0.9.0
[INFO] [stderr]    Compiling crossbeam-utils v0.7.2
[INFO] [stderr]    Compiling slab v0.4.9
[INFO] [stderr]    Compiling memoffset v0.5.6
[INFO] [stderr]    Compiling crossbeam-epoch v0.8.2
[INFO] [stderr]    Compiling smallvec v0.6.14
[INFO] [stderr]    Compiling rustc_version v0.2.3
[INFO] [stderr]    Compiling tokio-io v0.1.13
[INFO] [stderr]    Compiling parking_lot_core v0.6.3
[INFO] [stderr]    Compiling parking_lot v0.9.0
[INFO] [stderr]    Compiling mio v0.6.23
[INFO] [stderr]    Compiling tokio-codec v0.1.2
[INFO] [stderr]    Compiling tokio-executor v0.1.10
[INFO] [stderr]    Compiling crossbeam-queue v0.2.3
[INFO] [stderr]    Compiling tokio-timer v0.2.13
[INFO] [stderr]    Compiling tokio-current-thread v0.1.7
[INFO] [stderr]    Compiling crossbeam-deque v0.7.4
[INFO] [stderr]    Compiling tokio-reactor v0.1.12
[INFO] [stderr]    Compiling mio-uds v0.6.8
[INFO] [stderr]    Compiling tokio-threadpool v0.1.18
[INFO] [stderr]    Compiling tokio-uds v0.2.7
[INFO] [stderr]    Compiling tokio-udp v0.1.6
[INFO] [stderr]    Compiling tokio-tcp v0.1.4
[INFO] [stderr]    Compiling tokio-fs v0.1.7
[INFO] [stderr]    Compiling tokio v0.1.22
[INFO] [stderr]    Compiling susydev-jsonrpc-client v11.0.0 (/opt/rustwide/workdir)
[INFO] [stdout] error[E0432]: unresolved import `susydev_jsonrpc_client`
[INFO] [stdout]    --> src/lib.rs:288:6
[INFO] [stdout]     |
[INFO] [stdout] 288 |     use susydev_jsonrpc_client::local;
[INFO] [stdout]     |         ^^^^^^^^^^^^^^^^^^^^^^ use of undeclared crate or module `susydev_jsonrpc_client`
[INFO] [stdout]     |
[INFO] [stdout] help: there is a crate or module with a similar name
[INFO] [stdout]     |
[INFO] [stdout] 288 |     use susydev_jsonrpc_core::local;
[INFO] [stdout]     |         ~~~~~~~~~~~~~~~~~~~~
[INFO] [stdout] 
[INFO] [stdout] 
[INFO] [stdout] error[E0432]: unresolved import `susydev_jsonrpc_derive`
[INFO] [stdout]    --> src/lib.rs:290:6
[INFO] [stdout]     |
[INFO] [stdout] 290 |     use susydev_jsonrpc_derive::rpc;
[INFO] [stdout]     |         ^^^^^^^^^^^^^^^^^^^^^^ use of undeclared crate or module `susydev_jsonrpc_derive`
[INFO] [stdout]     |
[INFO] [stdout] help: there is a crate or module with a similar name
[INFO] [stdout]     |
[INFO] [stdout] 290 |     use susydev_jsonrpc_core::rpc;
[INFO] [stdout]     |         ~~~~~~~~~~~~~~~~~~~~
[INFO] [stdout] 
[INFO] [stdout] 
[INFO] [stdout] error[E0599]: no method named `to_delegate` found for struct `RpcServer` in the current scope
[INFO] [stdout]    --> src/lib.rs:309:33
[INFO] [stdout]     |
[INFO] [stdout] 298 |     struct RpcServer;
[INFO] [stdout]     |     ---------------- method `to_delegate` not found for this struct
[INFO] [stdout] ...
[INFO] [stdout] 309 |         handler.extend_with(RpcServer.to_delegate());
[INFO] [stdout]     |                                       ^^^^^^^^^^^ method not found in `RpcServer`
[INFO] [stdout] 
[INFO] [stdout] 
[INFO] [stdout] error[E0433]: failed to resolve: use of undeclared crate or module `gen_client`
[INFO] [stdout]    --> src/lib.rs:310:47
[INFO] [stdout]     |
[INFO] [stdout] 310 |         let (client, rpc_client) = local::connect::<gen_client::Client, _, _>(handler);
[INFO] [stdout]     |                                                     ^^^^^^^^^^ use of undeclared crate or module `gen_client`
[INFO] [stdout] 
[INFO] [stdout] 
[INFO] [stdout] Some errors have detailed explanations: E0432, E0433, E0599.
[INFO] [stdout] 
[INFO] [stdout] For more information about an error, try `rustc --explain E0432`.
[INFO] [stdout] 
[INFO] [stderr] error: could not compile `susydev-jsonrpc-client` (lib test) due to 4 previous errors
[INFO] running `Command { std: "docker" "inspect" "7155f3ab29383107daf6455cfd09d19aaa7e6d3c26c22dfe68949829fe4ca2b8", kill_on_drop: false }`
[INFO] running `Command { std: "docker" "rm" "-f" "7155f3ab29383107daf6455cfd09d19aaa7e6d3c26c22dfe68949829fe4ca2b8", kill_on_drop: false }`
[INFO] [stdout] 7155f3ab29383107daf6455cfd09d19aaa7e6d3c26c22dfe68949829fe4ca2b8
