[INFO] fetching crate superviseur 0.1.0-alpha.13...
[INFO] testing superviseur-0.1.0-alpha.13 against nightly-2024-10-28 for randomize-layout
[INFO] extracting crate superviseur 0.1.0-alpha.13 into /workspace/builds/worker-6-tc1/source
[INFO] validating manifest of crates.io crate superviseur 0.1.0-alpha.13 on toolchain nightly-2024-10-28
[INFO] running `Command { std: CARGO_HOME="/workspace/cargo-home" RUSTUP_HOME="/workspace/rustup-home" "/workspace/cargo-home/bin/cargo" "+nightly-2024-10-28" "metadata" "--manifest-path" "Cargo.toml" "--no-deps", kill_on_drop: false }`
[INFO] started tweaking crates.io crate superviseur 0.1.0-alpha.13
[INFO] finished tweaking crates.io crate superviseur 0.1.0-alpha.13
[INFO] tweaked toml for crates.io crate superviseur 0.1.0-alpha.13 written to /workspace/builds/worker-6-tc1/source/Cargo.toml
[INFO] crate crates.io crate superviseur 0.1.0-alpha.13 already has a lockfile, it will not be regenerated
[INFO] running `Command { std: CARGO_HOME="/workspace/cargo-home" RUSTUP_HOME="/workspace/rustup-home" "/workspace/cargo-home/bin/cargo" "+nightly-2024-10-28" "fetch" "--manifest-path" "Cargo.toml", kill_on_drop: false }`
[INFO] [stderr]     Updating crates.io index
[INFO] [stderr]  Downloading crates ...
[INFO] [stderr]   Downloaded tabled_derive v0.5.0
[INFO] [stderr]   Downloaded rust-embed-impl v6.5.0
[INFO] [stderr]   Downloaded superviseur-core v0.1.0
[INFO] [stderr]   Downloaded superviseur-provider v0.1.0
[INFO] [stderr]   Downloaded superviseur-macros v0.1.0
[INFO] [stderr]   Downloaded prost-derive v0.11.8
[INFO] [stderr]   Downloaded multer v2.0.4
[INFO] [stderr]   Downloaded superviseur-log v0.1.0
[INFO] [stderr]   Downloaded rust-embed-utils v7.5.0
[INFO] [stderr]   Downloaded open v3.4.0
[INFO] [stderr]   Downloaded notify v5.1.0
[INFO] [stderr]   Downloaded tonic-web v0.4.0
[INFO] [stderr]   Downloaded colored_json v3.2.0
[INFO] [stderr]   Downloaded actix-cors v0.6.4
[INFO] [stderr]   Downloaded bollard-buildkit-proto v0.1.0
[INFO] [stderr]   Downloaded security-framework v2.9.0
[INFO] [stderr]   Downloaded toml_edit v0.19.4
[INFO] [stderr]   Downloaded pest v2.5.5
[INFO] [stderr]   Downloaded hcl-rs v0.12.3
[INFO] [stderr]   Downloaded tabled v0.10.0
[INFO] [stderr]   Downloaded axum v0.6.9
[INFO] [stderr]   Downloaded actix v0.13.0
[INFO] [stderr]   Downloaded handlebars v4.3.6
[INFO] [stderr]   Downloaded async-graphql v5.0.6
[INFO] [stderr]   Downloaded prost-types v0.11.8
[INFO] [stderr]   Downloaded rustix v0.37.3
[INFO] [stderr]   Downloaded winnow v0.3.3
[INFO] [stderr]   Downloaded async-graphql-derive v5.0.6
[INFO] [stderr]   Downloaded pest_meta v2.5.5
[INFO] [stderr]   Downloaded generator v0.7.4
[INFO] [stderr]   Downloaded superviseur-drivers v0.1.0
[INFO] [stderr]   Downloaded async-graphql-parser v5.0.6
[INFO] [stderr]   Downloaded async-graphql-value v5.0.6
[INFO] [stderr]   Downloaded prost-build v0.11.8
[INFO] [stderr]   Downloaded superviseur-server v0.1.0
[INFO] [stderr]   Downloaded pest_derive v2.5.5
[INFO] [stderr]   Downloaded serde_repr v0.1.12
[INFO] [stderr]   Downloaded zstd-safe v6.0.4+zstd.1.5.4
[INFO] [stderr]   Downloaded actix-web-actors v4.2.0
[INFO] [stderr]   Downloaded superviseur-graphql v0.1.0
[INFO] [stderr]   Downloaded vecmap-rs v0.1.9
[INFO] [stderr]   Downloaded oneshot v0.1.5
[INFO] [stderr]   Downloaded rust-embed v6.6.0
[INFO] [stderr]   Downloaded prost v0.11.8
[INFO] [stderr]   Downloaded local-ip-addr v0.1.1
[INFO] [stderr]   Downloaded papergrid v0.7.1
[INFO] [stderr]   Downloaded superviseur-util v0.1.0
[INFO] [stderr]   Downloaded async-graphql-actix-web v5.0.6
[INFO] [stderr]   Downloaded superviseur-types v0.1.0
[INFO] [stderr]   Downloaded scratch v1.0.4
[INFO] [stderr]   Downloaded pest_generator v2.5.5
[INFO] [stderr]   Downloaded superviseur-webui v0.1.0
[INFO] running `Command { std: "docker" "create" "-v" "/var/lib/crater-agent-workspace/builds/worker-6-tc1/target:/opt/rustwide/target:rw,Z" "-v" "/var/lib/crater-agent-workspace/builds/worker-6-tc1/source:/opt/rustwide/workdir:ro,Z" "-v" "/var/lib/crater-agent-workspace/cargo-home:/opt/rustwide/cargo-home:ro,Z" "-v" "/var/lib/crater-agent-workspace/rustup-home:/opt/rustwide/rustup-home:ro,Z" "-e" "SOURCE_DIR=/opt/rustwide/workdir" "-e" "CARGO_TARGET_DIR=/opt/rustwide/target" "-e" "CARGO_HOME=/opt/rustwide/cargo-home" "-e" "RUSTUP_HOME=/opt/rustwide/rustup-home" "-w" "/opt/rustwide/workdir" "-m" "1610612736" "--user" "0:0" "--network" "none" "ghcr.io/rust-lang/crates-build-env/linux@sha256:4a844ea9eb2546a2d2c7022eacef16ef2e8229c7fbb2c7d4d55a9ceca922f72d" "/opt/rustwide/cargo-home/bin/cargo" "+nightly-2024-10-28" "metadata" "--no-deps" "--format-version=1", kill_on_drop: false }`
[INFO] [stdout] fe48ec39ffdc7d8fa997d2ba433d248fd6ce5a257226d0ea926e3860566d936f
[INFO] running `Command { std: "docker" "start" "-a" "fe48ec39ffdc7d8fa997d2ba433d248fd6ce5a257226d0ea926e3860566d936f", kill_on_drop: false }`
[INFO] running `Command { std: "docker" "inspect" "fe48ec39ffdc7d8fa997d2ba433d248fd6ce5a257226d0ea926e3860566d936f", kill_on_drop: false }`
[INFO] running `Command { std: "docker" "rm" "-f" "fe48ec39ffdc7d8fa997d2ba433d248fd6ce5a257226d0ea926e3860566d936f", kill_on_drop: false }`
[INFO] [stdout] fe48ec39ffdc7d8fa997d2ba433d248fd6ce5a257226d0ea926e3860566d936f
[INFO] running `Command { std: "docker" "create" "-v" "/var/lib/crater-agent-workspace/builds/worker-6-tc1/target:/opt/rustwide/target:rw,Z" "-v" "/var/lib/crater-agent-workspace/builds/worker-6-tc1/source:/opt/rustwide/workdir:ro,Z" "-v" "/var/lib/crater-agent-workspace/cargo-home:/opt/rustwide/cargo-home:ro,Z" "-v" "/var/lib/crater-agent-workspace/rustup-home:/opt/rustwide/rustup-home:ro,Z" "-e" "SOURCE_DIR=/opt/rustwide/workdir" "-e" "CARGO_TARGET_DIR=/opt/rustwide/target" "-e" "CARGO_INCREMENTAL=0" "-e" "RUST_BACKTRACE=full" "-e" "RUSTFLAGS=--cap-lints=forbid" "-e" "RUSTDOCFLAGS=--cap-lints=forbid" "-e" "CARGO_HOME=/opt/rustwide/cargo-home" "-e" "RUSTUP_HOME=/opt/rustwide/rustup-home" "-w" "/opt/rustwide/workdir" "-m" "1610612736" "--user" "0:0" "--network" "none" "ghcr.io/rust-lang/crates-build-env/linux@sha256:4a844ea9eb2546a2d2c7022eacef16ef2e8229c7fbb2c7d4d55a9ceca922f72d" "/opt/rustwide/cargo-home/bin/cargo" "+nightly-2024-10-28" "build" "--frozen" "--message-format=json", kill_on_drop: false }`
[INFO] [stdout] 020bf9cd2e146abec1b8e3de4054dafbf3026045a6a3c18af192e2deb438758d
[INFO] running `Command { std: "docker" "start" "-a" "020bf9cd2e146abec1b8e3de4054dafbf3026045a6a3c18af192e2deb438758d", kill_on_drop: false }`
[INFO] [stderr]    Compiling proc-macro2 v1.0.54
[INFO] [stderr]    Compiling unicode-ident v1.0.6
[INFO] [stderr]    Compiling quote v1.0.26
[INFO] [stderr]    Compiling libc v0.2.139
[INFO] [stderr]    Compiling syn v1.0.109
[INFO] [stderr]    Compiling serde v1.0.163
[INFO] [stderr]    Compiling once_cell v1.17.1
[INFO] [stderr]    Compiling log v0.4.17
[INFO] [stderr]    Compiling scopeguard v1.1.0
[INFO] [stderr]    Compiling itoa v1.0.5
[INFO] [stderr]    Compiling futures-core v0.3.26
[INFO] [stderr]    Compiling ahash v0.7.6
[INFO] [stderr]    Compiling indexmap v1.9.2
[INFO] [stderr]    Compiling smallvec v1.10.0
[INFO] [stderr]    Compiling lock_api v0.4.9
[INFO] [stderr]    Compiling parking_lot_core v0.9.7
[INFO] [stderr]    Compiling futures-sink v0.3.26
[INFO] [stderr]    Compiling slab v0.4.8
[INFO] [stderr]    Compiling futures-task v0.3.26
[INFO] [stderr]    Compiling futures-channel v0.3.26
[INFO] [stderr]    Compiling tokio v1.26.0
[INFO] [stderr]    Compiling futures-util v0.3.26
[INFO] [stderr]    Compiling futures-io v0.3.26
[INFO] [stderr]    Compiling tracing-core v0.1.30
[INFO] [stderr]    Compiling ppv-lite86 v0.2.17
[INFO] [stderr]    Compiling regex-syntax v0.6.28
[INFO] [stderr]    Compiling aho-corasick v0.7.20
[INFO] [stderr]    Compiling either v1.8.1
[INFO] [stderr]    Compiling ryu v1.0.12
[INFO] [stderr]    Compiling anyhow v1.0.69
[INFO] [stderr]    Compiling serde_json v1.0.96
[INFO] [stderr]    Compiling thiserror v1.0.38
[INFO] [stderr]    Compiling percent-encoding v2.2.0
[INFO] [stdout] error[E0422]: cannot find struct, variant or union type `LineColumn` in crate `proc_macro`
[INFO] [stdout]    --> /opt/rustwide/cargo-home/registry/src/index.crates.io-6f17d22bba15001f/proc-macro2-1.0.54/src/wrapper.rs:475:33
[INFO] [stdout]     |
[INFO] [stdout] 475 |                 let proc_macro::LineColumn { line, column } = s.start();
[INFO] [stdout]     |                                 ^^^^^^^^^^ not found in `proc_macro`
[INFO] [stdout]     |
[INFO] [stdout] help: consider importing this struct through its public re-export
[INFO] [stdout]     |
[INFO] [stdout] 1   + use crate::LineColumn;
[INFO] [stdout]     |
[INFO] [stdout] help: if you import `LineColumn`, refer to it directly
[INFO] [stdout]     |
[INFO] [stdout] 475 -                 let proc_macro::LineColumn { line, column } = s.start();
[INFO] [stdout] 475 +                 let LineColumn { line, column } = s.start();
[INFO] [stdout]     |
[INFO] [stdout] 
[INFO] [stdout] 
[INFO] [stdout] error[E0422]: cannot find struct, variant or union type `LineColumn` in crate `proc_macro`
[INFO] [stdout]    --> /opt/rustwide/cargo-home/registry/src/index.crates.io-6f17d22bba15001f/proc-macro2-1.0.54/src/wrapper.rs:489:33
[INFO] [stdout]     |
[INFO] [stdout] 489 |                 let proc_macro::LineColumn { line, column } = s.end();
[INFO] [stdout]     |                                 ^^^^^^^^^^ not found in `proc_macro`
[INFO] [stdout]     |
[INFO] [stdout] help: consider importing this struct through its public re-export
[INFO] [stdout]     |
[INFO] [stdout] 1   + use crate::LineColumn;
[INFO] [stdout]     |
[INFO] [stdout] help: if you import `LineColumn`, refer to it directly
[INFO] [stdout]     |
[INFO] [stdout] 489 -                 let proc_macro::LineColumn { line, column } = s.end();
[INFO] [stdout] 489 +                 let LineColumn { line, column } = s.end();
[INFO] [stdout]     |
[INFO] [stdout] 
[INFO] [stdout] 
[INFO] [stderr]    Compiling itertools v0.10.5
[INFO] [stderr]    Compiling crossbeam-utils v0.8.15
[INFO] [stdout] error[E0635]: unknown feature `proc_macro_span_shrink`
[INFO] [stdout]   --> /opt/rustwide/cargo-home/registry/src/index.crates.io-6f17d22bba15001f/proc-macro2-1.0.54/src/lib.rs:92:30
[INFO] [stdout]    |
[INFO] [stdout] 92 |     feature(proc_macro_span, proc_macro_span_shrink)
[INFO] [stdout]    |                              ^^^^^^^^^^^^^^^^^^^^^^
[INFO] [stdout] 
[INFO] [stdout] 
[INFO] [stderr]    Compiling io-lifetimes v1.0.5
[INFO] [stderr]    Compiling num-traits v0.2.15
[INFO] [stderr]    Compiling typenum v1.16.0
[INFO] [stderr]    Compiling mime v0.3.16
[INFO] [stderr]    Compiling httpdate v1.0.2
[INFO] [stderr]    Compiling generic-array v0.14.6
[INFO] [stderr]    Compiling async-trait v0.1.68
[INFO] [stdout] Some errors have detailed explanations: E0422, E0635.
[INFO] [stdout] 
[INFO] [stdout] For more information about an error, try `rustc --explain E0422`.
[INFO] [stdout] 
[INFO] [stderr] error: could not compile `proc-macro2` (lib) due to 3 previous errors
[INFO] [stderr] warning: build failed, waiting for other jobs to finish...
[INFO] running `Command { std: "docker" "inspect" "020bf9cd2e146abec1b8e3de4054dafbf3026045a6a3c18af192e2deb438758d", kill_on_drop: false }`
[INFO] running `Command { std: "docker" "rm" "-f" "020bf9cd2e146abec1b8e3de4054dafbf3026045a6a3c18af192e2deb438758d", kill_on_drop: false }`
[INFO] [stdout] 020bf9cd2e146abec1b8e3de4054dafbf3026045a6a3c18af192e2deb438758d
