[INFO] fetching crate supermodel 0.1.0...
[INFO] testing supermodel-0.1.0 against nightly-2024-10-28+rustflags=-Zrandomize-layout for randomize-layout
[INFO] extracting crate supermodel 0.1.0 into /workspace/builds/worker-1-tc2/source
[INFO] validating manifest of crates.io crate supermodel 0.1.0 on toolchain nightly-2024-10-28
[INFO] running `Command { std: CARGO_HOME="/workspace/cargo-home" RUSTUP_HOME="/workspace/rustup-home" "/workspace/cargo-home/bin/cargo" "+nightly-2024-10-28" "metadata" "--manifest-path" "Cargo.toml" "--no-deps", kill_on_drop: false }`
[INFO] started tweaking crates.io crate supermodel 0.1.0
[INFO] finished tweaking crates.io crate supermodel 0.1.0
[INFO] tweaked toml for crates.io crate supermodel 0.1.0 written to /workspace/builds/worker-1-tc2/source/Cargo.toml
[INFO] crate crates.io crate supermodel 0.1.0 already has a lockfile, it will not be regenerated
[INFO] running `Command { std: CARGO_HOME="/workspace/cargo-home" RUSTUP_HOME="/workspace/rustup-home" "/workspace/cargo-home/bin/cargo" "+nightly-2024-10-28" "fetch" "--manifest-path" "Cargo.toml", kill_on_drop: false }`
[INFO] running `Command { std: "docker" "create" "-v" "/var/lib/crater-agent-workspace/builds/worker-1-tc2/target:/opt/rustwide/target:rw,Z" "-v" "/var/lib/crater-agent-workspace/builds/worker-1-tc2/source:/opt/rustwide/workdir:ro,Z" "-v" "/var/lib/crater-agent-workspace/cargo-home:/opt/rustwide/cargo-home:ro,Z" "-v" "/var/lib/crater-agent-workspace/rustup-home:/opt/rustwide/rustup-home:ro,Z" "-e" "SOURCE_DIR=/opt/rustwide/workdir" "-e" "CARGO_TARGET_DIR=/opt/rustwide/target" "-e" "CARGO_HOME=/opt/rustwide/cargo-home" "-e" "RUSTUP_HOME=/opt/rustwide/rustup-home" "-w" "/opt/rustwide/workdir" "-m" "1610612736" "--user" "0:0" "--network" "none" "ghcr.io/rust-lang/crates-build-env/linux@sha256:4a844ea9eb2546a2d2c7022eacef16ef2e8229c7fbb2c7d4d55a9ceca922f72d" "/opt/rustwide/cargo-home/bin/cargo" "+nightly-2024-10-28" "metadata" "--no-deps" "--format-version=1", kill_on_drop: false }`
[INFO] [stdout] db760d8284b3f304f33621ad29c7df6a7ca1f4eb9e83b37a471329e90207b6c7
[INFO] running `Command { std: "docker" "start" "-a" "db760d8284b3f304f33621ad29c7df6a7ca1f4eb9e83b37a471329e90207b6c7", kill_on_drop: false }`
[INFO] running `Command { std: "docker" "inspect" "db760d8284b3f304f33621ad29c7df6a7ca1f4eb9e83b37a471329e90207b6c7", kill_on_drop: false }`
[INFO] running `Command { std: "docker" "rm" "-f" "db760d8284b3f304f33621ad29c7df6a7ca1f4eb9e83b37a471329e90207b6c7", kill_on_drop: false }`
[INFO] [stdout] db760d8284b3f304f33621ad29c7df6a7ca1f4eb9e83b37a471329e90207b6c7
[INFO] running `Command { std: "docker" "create" "-v" "/var/lib/crater-agent-workspace/builds/worker-1-tc2/target:/opt/rustwide/target:rw,Z" "-v" "/var/lib/crater-agent-workspace/builds/worker-1-tc2/source:/opt/rustwide/workdir:ro,Z" "-v" "/var/lib/crater-agent-workspace/cargo-home:/opt/rustwide/cargo-home:ro,Z" "-v" "/var/lib/crater-agent-workspace/rustup-home:/opt/rustwide/rustup-home:ro,Z" "-e" "SOURCE_DIR=/opt/rustwide/workdir" "-e" "CARGO_TARGET_DIR=/opt/rustwide/target" "-e" "CARGO_INCREMENTAL=0" "-e" "RUST_BACKTRACE=full" "-e" "RUSTFLAGS=--cap-lints=forbid -Zrandomize-layout" "-e" "RUSTDOCFLAGS=--cap-lints=forbid" "-e" "CARGO_HOME=/opt/rustwide/cargo-home" "-e" "RUSTUP_HOME=/opt/rustwide/rustup-home" "-w" "/opt/rustwide/workdir" "-m" "1610612736" "--user" "0:0" "--network" "none" "ghcr.io/rust-lang/crates-build-env/linux@sha256:4a844ea9eb2546a2d2c7022eacef16ef2e8229c7fbb2c7d4d55a9ceca922f72d" "/opt/rustwide/cargo-home/bin/cargo" "+nightly-2024-10-28" "build" "--frozen" "--message-format=json", kill_on_drop: false }`
[INFO] [stdout] 19b300154be0fa108c93df5959d4270eca9c4470695e82b885602795c0f47c62
[INFO] running `Command { std: "docker" "start" "-a" "19b300154be0fa108c93df5959d4270eca9c4470695e82b885602795c0f47c62", kill_on_drop: false }`
[INFO] [stderr]    Compiling supermodel v0.1.0 (/opt/rustwide/workdir)
[INFO] [stderr]     Finished `dev` profile [unoptimized + debuginfo] target(s) in 0.19s
[INFO] running `Command { std: "docker" "inspect" "19b300154be0fa108c93df5959d4270eca9c4470695e82b885602795c0f47c62", kill_on_drop: false }`
[INFO] running `Command { std: "docker" "rm" "-f" "19b300154be0fa108c93df5959d4270eca9c4470695e82b885602795c0f47c62", kill_on_drop: false }`
[INFO] [stdout] 19b300154be0fa108c93df5959d4270eca9c4470695e82b885602795c0f47c62
[INFO] running `Command { std: "docker" "create" "-v" "/var/lib/crater-agent-workspace/builds/worker-1-tc2/target:/opt/rustwide/target:rw,Z" "-v" "/var/lib/crater-agent-workspace/builds/worker-1-tc2/source:/opt/rustwide/workdir:ro,Z" "-v" "/var/lib/crater-agent-workspace/cargo-home:/opt/rustwide/cargo-home:ro,Z" "-v" "/var/lib/crater-agent-workspace/rustup-home:/opt/rustwide/rustup-home:ro,Z" "-e" "SOURCE_DIR=/opt/rustwide/workdir" "-e" "CARGO_TARGET_DIR=/opt/rustwide/target" "-e" "CARGO_INCREMENTAL=0" "-e" "RUST_BACKTRACE=full" "-e" "RUSTFLAGS=--cap-lints=forbid -Zrandomize-layout" "-e" "RUSTDOCFLAGS=--cap-lints=forbid" "-e" "CARGO_HOME=/opt/rustwide/cargo-home" "-e" "RUSTUP_HOME=/opt/rustwide/rustup-home" "-w" "/opt/rustwide/workdir" "-m" "1610612736" "--user" "0:0" "--network" "none" "ghcr.io/rust-lang/crates-build-env/linux@sha256:4a844ea9eb2546a2d2c7022eacef16ef2e8229c7fbb2c7d4d55a9ceca922f72d" "/opt/rustwide/cargo-home/bin/cargo" "+nightly-2024-10-28" "test" "--frozen" "--no-run" "--message-format=json", kill_on_drop: false }`
[INFO] [stdout] 14f86a97d20573ae57caed012f03bd03182bb19475d5837ed0aab683e3580a6d
[INFO] running `Command { std: "docker" "start" "-a" "14f86a97d20573ae57caed012f03bd03182bb19475d5837ed0aab683e3580a6d", kill_on_drop: false }`
[INFO] [stderr]    Compiling proc-macro2 v1.0.78
[INFO] [stderr]    Compiling unicode-ident v1.0.12
[INFO] [stderr]    Compiling libc v0.2.153
[INFO] [stderr]    Compiling pin-project-lite v0.2.13
[INFO] [stderr]    Compiling dotenvy v0.15.7
[INFO] [stderr]    Compiling quote v1.0.35
[INFO] [stderr]    Compiling syn v2.0.48
[INFO] [stderr]    Compiling num_cpus v1.16.0
[INFO] [stderr]    Compiling tokio-macros v2.2.0
[INFO] [stderr]    Compiling tokio v1.36.0
[INFO] [stderr]    Compiling supermodel v0.1.0 (/opt/rustwide/workdir)
[INFO] [stdout] error[E0432]: unresolved import `supermodel::model::utils::ModelUtils`
[INFO] [stdout]  --> examples/basic_model.rs:3:5
[INFO] [stdout]   |
[INFO] [stdout] 3 | use supermodel::model::utils::ModelUtils;
[INFO] [stdout]   |     ^^^^^^^^^^^^^^^^^^^^^^^^^^^^^^^^^^^^ no `ModelUtils` in `model::utils`
[INFO] [stdout] 
[INFO] [stdout] 
[INFO] [stdout] error[E0433]: failed to resolve: use of undeclared crate or module `supermodel_sqlx`
[INFO] [stdout]  --> examples/basic_model.rs:6:5
[INFO] [stdout]   |
[INFO] [stdout] 6 | use supermodel_sqlx::postgres::Postgres;
[INFO] [stdout]   |     ^^^^^^^^^^^^^^^ use of undeclared crate or module `supermodel_sqlx`
[INFO] [stdout]   |
[INFO] [stdout] help: there is a crate or module with a similar name
[INFO] [stdout]   |
[INFO] [stdout] 6 | use supermodel::postgres::Postgres;
[INFO] [stdout]   |     ~~~~~~~~~~
[INFO] [stdout] 
[INFO] [stdout] 
[INFO] [stdout] error[E0432]: unresolved import `supermodel_macros`
[INFO] [stdout]  --> examples/basic_model.rs:5:5
[INFO] [stdout]   |
[INFO] [stdout] 5 | use supermodel_macros::model;
[INFO] [stdout]   |     ^^^^^^^^^^^^^^^^^ use of undeclared crate or module `supermodel_macros`
[INFO] [stdout] 
[INFO] [stdout] 
[INFO] [stdout] error: cannot find attribute `name` in this scope
[INFO] [stdout]  --> examples/basic_model.rs:9:3
[INFO] [stdout]   |
[INFO] [stdout] 9 | #[name = "users"]
[INFO] [stdout]   |   ^^^^
[INFO] [stdout] 
[INFO] [stdout] 
[INFO] [stdout] error[E0603]: module `utils` is private
[INFO] [stdout]  --> examples/basic_model.rs:3:24
[INFO] [stdout]   |
[INFO] [stdout] 3 | use supermodel::model::utils::ModelUtils;
[INFO] [stdout]   |                        ^^^^^ private module
[INFO] [stdout]   |
[INFO] [stdout] note: the module `utils` is defined here
[INFO] [stdout]  --> /opt/rustwide/workdir/src/model/mod.rs:6:1
[INFO] [stdout]   |
[INFO] [stdout] 6 | mod utils;
[INFO] [stdout]   | ^^^^^^^^^
[INFO] [stdout] 
[INFO] [stdout] 
[INFO] [stdout] error[E0603]: module `utils` is private
[INFO] [stdout]   --> examples/basic_model.rs:4:28
[INFO] [stdout]    |
[INFO] [stdout] 4  | use supermodel::operation::utils::Utils;
[INFO] [stdout]    |                            ^^^^^ private module
[INFO] [stdout]    |
[INFO] [stdout] note: the module `utils` is defined here
[INFO] [stdout]   --> /opt/rustwide/workdir/src/operation/mod.rs:10:1
[INFO] [stdout]    |
[INFO] [stdout] 10 | mod utils;
[INFO] [stdout]    | ^^^^^^^^^
[INFO] [stdout] help: consider importing this trait instead
[INFO] [stdout]    |
[INFO] [stdout] 4  | use supermodel::operation::Utils;
[INFO] [stdout]    |     ~~~~~~~~~~~~~~~~~~~~~~~~~~~~
[INFO] [stdout] 
[INFO] [stdout] 
[INFO] [stdout] error[E0599]: no function or associated item named `register` found for struct `User` in the current scope
[INFO] [stdout]   --> examples/basic_model.rs:22:11
[INFO] [stdout]    |
[INFO] [stdout] 10 | pub struct User {
[INFO] [stdout]    | --------------- function or associated item `register` not found for this struct
[INFO] [stdout] ...
[INFO] [stdout] 22 |     User::register().execute(&mut connection).await?;
[INFO] [stdout]    |           ^^^^^^^^ function or associated item not found in `User`
[INFO] [stdout]    |
[INFO] [stdout]    = help: items from traits can only be used if the trait is implemented and in scope
[INFO] [stdout]    = note: the following trait defines an item `register`, perhaps you need to implement it:
[INFO] [stdout]            candidate #1: `supermodel::model::Utils`
[INFO] [stdout] 
[INFO] [stdout] 
[INFO] [stdout] Some errors have detailed explanations: E0432, E0433, E0599, E0603.
[INFO] [stdout] 
[INFO] [stdout] For more information about an error, try `rustc --explain E0432`.
[INFO] [stdout] 
[INFO] [stderr] error: could not compile `supermodel` (example "basic_model") due to 7 previous errors
[INFO] [stderr] warning: build failed, waiting for other jobs to finish...
[INFO] running `Command { std: "docker" "inspect" "14f86a97d20573ae57caed012f03bd03182bb19475d5837ed0aab683e3580a6d", kill_on_drop: false }`
[INFO] running `Command { std: "docker" "rm" "-f" "14f86a97d20573ae57caed012f03bd03182bb19475d5837ed0aab683e3580a6d", kill_on_drop: false }`
[INFO] [stdout] 14f86a97d20573ae57caed012f03bd03182bb19475d5837ed0aab683e3580a6d
