[INFO] fetching crate summa-publisher 0.1.6...
[INFO] testing summa-publisher-0.1.6 against nightly-2024-10-28 for randomize-layout
[INFO] extracting crate summa-publisher 0.1.6 into /workspace/builds/worker-4-tc1/source
[INFO] validating manifest of crates.io crate summa-publisher 0.1.6 on toolchain nightly-2024-10-28
[INFO] running `Command { std: CARGO_HOME="/workspace/cargo-home" RUSTUP_HOME="/workspace/rustup-home" "/workspace/cargo-home/bin/cargo" "+nightly-2024-10-28" "metadata" "--manifest-path" "Cargo.toml" "--no-deps", kill_on_drop: false }`
[INFO] started tweaking crates.io crate summa-publisher 0.1.6
[INFO] finished tweaking crates.io crate summa-publisher 0.1.6
[INFO] tweaked toml for crates.io crate summa-publisher 0.1.6 written to /workspace/builds/worker-4-tc1/source/Cargo.toml
[INFO] crate crates.io crate summa-publisher 0.1.6 already has a lockfile, it will not be regenerated
[INFO] running `Command { std: CARGO_HOME="/workspace/cargo-home" RUSTUP_HOME="/workspace/rustup-home" "/workspace/cargo-home/bin/cargo" "+nightly-2024-10-28" "fetch" "--manifest-path" "Cargo.toml", kill_on_drop: false }`
[INFO] [stderr] warning: `default_features` is deprecated in favor of `default-features` and will not work in the 2024 edition
[INFO] [stderr] (in the `tokio` dependency)
[INFO] [stderr]     Updating crates.io index
[INFO] [stderr]  Downloading crates ...
[INFO] [stderr]   Downloaded prettyplease v0.1.23
[INFO] [stderr]   Downloaded prost v0.11.6
[INFO] [stderr]   Downloaded cxxbridge-flags v1.0.88
[INFO] [stderr]   Downloaded libipld-json v0.15.0
[INFO] [stderr]   Downloaded prost-types v0.11.6
[INFO] [stderr]   Downloaded prost-derive v0.11.6
[INFO] [stderr]   Downloaded libipld-pb v0.15.0
[INFO] [stderr]   Downloaded iroh-rpc-types v0.2.0
[INFO] [stderr]   Downloaded prost-build v0.11.6
[INFO] [stderr]   Downloaded async-recursion v1.0.2
[INFO] [stderr]   Downloaded pest_generator v2.5.4
[INFO] [stderr]   Downloaded libipld-macro v0.15.0
[INFO] [stderr]   Downloaded iroh-rpc-client v0.2.0
[INFO] [stderr]   Downloaded fastmurmur3 v0.1.2
[INFO] [stderr]   Downloaded axum-core v0.3.2
[INFO] [stderr]   Downloaded quic-rpc v0.3.2
[INFO] [stderr]   Downloaded libipld-core v0.15.0
[INFO] [stderr]   Downloaded opentelemetry-proto v0.1.0
[INFO] [stderr]   Downloaded cxx-build v1.0.88
[INFO] [stderr]   Downloaded pest v2.5.4
[INFO] [stderr]   Downloaded axum v0.6.4
[INFO] [stderr]   Downloaded libp2p-kad v0.42.1
[INFO] [stderr]   Downloaded opentelemetry-otlp v0.11.0
[INFO] [stderr]   Downloaded cxxbridge-macro v1.0.88
[INFO] [stderr]   Downloaded blake2s_simd v1.0.0
[INFO] [stderr]   Downloaded summa-unixfs v0.2.1
[INFO] [stderr]   Downloaded iroh-metrics v0.2.0
[INFO] [stderr]   Downloaded pest_meta v2.5.4
[INFO] [stderr]   Downloaded libipld-cbor-derive v0.15.0
[INFO] [stderr]   Downloaded iroh-util v0.2.0
[INFO] [stderr]   Downloaded blake2b_simd v1.0.0
[INFO] [stderr]   Downloaded pest_derive v2.5.4
[INFO] [stderr]   Downloaded libipld-cbor v0.15.0
[INFO] [stderr]   Downloaded serde_bytes v0.11.8
[INFO] [stderr]   Downloaded dtoa v1.0.5
[INFO] [stderr]   Downloaded libipld v0.15.0
[INFO] [stderr]   Downloaded parking_lot_core v0.9.6
[INFO] [stderr]   Downloaded cxx v1.0.88
[INFO] [stderr]   Downloaded gimli v0.27.1
[INFO] running `Command { std: "docker" "create" "-v" "/var/lib/crater-agent-workspace/builds/worker-4-tc1/target:/opt/rustwide/target:rw,Z" "-v" "/var/lib/crater-agent-workspace/builds/worker-4-tc1/source:/opt/rustwide/workdir:ro,Z" "-v" "/var/lib/crater-agent-workspace/cargo-home:/opt/rustwide/cargo-home:ro,Z" "-v" "/var/lib/crater-agent-workspace/rustup-home:/opt/rustwide/rustup-home:ro,Z" "-e" "SOURCE_DIR=/opt/rustwide/workdir" "-e" "CARGO_TARGET_DIR=/opt/rustwide/target" "-e" "CARGO_HOME=/opt/rustwide/cargo-home" "-e" "RUSTUP_HOME=/opt/rustwide/rustup-home" "-w" "/opt/rustwide/workdir" "-m" "1610612736" "--user" "0:0" "--network" "none" "ghcr.io/rust-lang/crates-build-env/linux@sha256:4a844ea9eb2546a2d2c7022eacef16ef2e8229c7fbb2c7d4d55a9ceca922f72d" "/opt/rustwide/cargo-home/bin/cargo" "+nightly-2024-10-28" "metadata" "--no-deps" "--format-version=1", kill_on_drop: false }`
[INFO] [stdout] 8ce5113e330d8c2f14c940219783d4883270ec10543335971674f28698876d82
[INFO] running `Command { std: "docker" "start" "-a" "8ce5113e330d8c2f14c940219783d4883270ec10543335971674f28698876d82", kill_on_drop: false }`
[INFO] running `Command { std: "docker" "inspect" "8ce5113e330d8c2f14c940219783d4883270ec10543335971674f28698876d82", kill_on_drop: false }`
[INFO] running `Command { std: "docker" "rm" "-f" "8ce5113e330d8c2f14c940219783d4883270ec10543335971674f28698876d82", kill_on_drop: false }`
[INFO] [stdout] 8ce5113e330d8c2f14c940219783d4883270ec10543335971674f28698876d82
[INFO] running `Command { std: "docker" "create" "-v" "/var/lib/crater-agent-workspace/builds/worker-4-tc1/target:/opt/rustwide/target:rw,Z" "-v" "/var/lib/crater-agent-workspace/builds/worker-4-tc1/source:/opt/rustwide/workdir:ro,Z" "-v" "/var/lib/crater-agent-workspace/cargo-home:/opt/rustwide/cargo-home:ro,Z" "-v" "/var/lib/crater-agent-workspace/rustup-home:/opt/rustwide/rustup-home:ro,Z" "-e" "SOURCE_DIR=/opt/rustwide/workdir" "-e" "CARGO_TARGET_DIR=/opt/rustwide/target" "-e" "CARGO_INCREMENTAL=0" "-e" "RUST_BACKTRACE=full" "-e" "RUSTFLAGS=--cap-lints=forbid" "-e" "RUSTDOCFLAGS=--cap-lints=forbid" "-e" "CARGO_HOME=/opt/rustwide/cargo-home" "-e" "RUSTUP_HOME=/opt/rustwide/rustup-home" "-w" "/opt/rustwide/workdir" "-m" "1610612736" "--user" "0:0" "--network" "none" "ghcr.io/rust-lang/crates-build-env/linux@sha256:4a844ea9eb2546a2d2c7022eacef16ef2e8229c7fbb2c7d4d55a9ceca922f72d" "/opt/rustwide/cargo-home/bin/cargo" "+nightly-2024-10-28" "build" "--frozen" "--message-format=json", kill_on_drop: false }`
[INFO] [stdout] c642743d0bf47746471cb022cfff24105d9163ca60003c20ab39135e53603bed
[INFO] running `Command { std: "docker" "start" "-a" "c642743d0bf47746471cb022cfff24105d9163ca60003c20ab39135e53603bed", kill_on_drop: false }`
[INFO] [stderr] warning: `default_features` is deprecated in favor of `default-features` and will not work in the 2024 edition
[INFO] [stderr] (in the `tokio` dependency)
[INFO] [stderr]    Compiling proc-macro2 v1.0.50
[INFO] [stderr]    Compiling syn v1.0.107
[INFO] [stderr]    Compiling libc v0.2.139
[INFO] [stderr]    Compiling pin-project-lite v0.2.9
[INFO] [stderr]    Compiling futures-core v0.3.26
[INFO] [stderr]    Compiling once_cell v1.17.0
[INFO] [stderr]    Compiling futures-sink v0.3.26
[INFO] [stderr]    Compiling futures-channel v0.3.26
[INFO] [stderr]    Compiling futures-task v0.3.26
[INFO] [stderr]    Compiling futures-util v0.3.26
[INFO] [stderr]    Compiling futures-io v0.3.26
[INFO] [stderr]    Compiling log v0.4.17
[INFO] [stderr]    Compiling lock_api v0.4.9
[INFO] [stderr]    Compiling smallvec v1.10.0
[INFO] [stderr]    Compiling parking_lot_core v0.9.6
[INFO] [stderr]    Compiling either v1.8.1
[INFO] [stderr]    Compiling generic-array v0.14.6
[INFO] [stderr]    Compiling cc v1.0.79
[INFO] [stderr]    Compiling anyhow v1.0.68
[INFO] [stderr]    Compiling unicode-xid v0.2.4
[INFO] [stderr]    Compiling ahash v0.7.6
[INFO] [stderr]    Compiling itertools v0.10.5
[INFO] [stderr]    Compiling serde v1.0.152
[INFO] [stderr]    Compiling lazy_static v1.4.0
[INFO] [stderr]    Compiling tokio v1.25.0
[INFO] [stderr]    Compiling tracing-core v0.1.30
[INFO] [stderr]    Compiling indexmap v1.9.2
[INFO] [stderr]    Compiling hashbrown v0.12.3
[INFO] [stdout] error[E0422]: cannot find struct, variant or union type `LineColumn` in crate `proc_macro`
[INFO] [stdout]    --> /opt/rustwide/cargo-home/registry/src/index.crates.io-6f17d22bba15001f/proc-macro2-1.0.50/src/wrapper.rs:475:33
[INFO] [stdout]     |
[INFO] [stdout] 475 |                 let proc_macro::LineColumn { line, column } = s.start();
[INFO] [stdout]     |                                 ^^^^^^^^^^ not found in `proc_macro`
[INFO] [stdout]     |
[INFO] [stdout] help: consider importing this struct through its public re-export
[INFO] [stdout]     |
[INFO] [stdout] 1   + use crate::LineColumn;
[INFO] [stdout]     |
[INFO] [stdout] help: if you import `LineColumn`, refer to it directly
[INFO] [stdout]     |
[INFO] [stdout] 475 -                 let proc_macro::LineColumn { line, column } = s.start();
[INFO] [stdout] 475 +                 let LineColumn { line, column } = s.start();
[INFO] [stdout]     |
[INFO] [stdout] 
[INFO] [stdout] 
[INFO] [stdout] error[E0422]: cannot find struct, variant or union type `LineColumn` in crate `proc_macro`
[INFO] [stdout]    --> /opt/rustwide/cargo-home/registry/src/index.crates.io-6f17d22bba15001f/proc-macro2-1.0.50/src/wrapper.rs:489:33
[INFO] [stdout]     |
[INFO] [stdout] 489 |                 let proc_macro::LineColumn { line, column } = s.end();
[INFO] [stdout]     |                                 ^^^^^^^^^^ not found in `proc_macro`
[INFO] [stdout]     |
[INFO] [stdout] help: consider importing this struct through its public re-export
[INFO] [stdout]     |
[INFO] [stdout] 1   + use crate::LineColumn;
[INFO] [stdout]     |
[INFO] [stdout] help: if you import `LineColumn`, refer to it directly
[INFO] [stdout]     |
[INFO] [stdout] 489 -                 let proc_macro::LineColumn { line, column } = s.end();
[INFO] [stdout] 489 +                 let LineColumn { line, column } = s.end();
[INFO] [stdout]     |
[INFO] [stdout] 
[INFO] [stdout] 
[INFO] [stdout] error[E0635]: unknown feature `proc_macro_span_shrink`
[INFO] [stdout]   --> /opt/rustwide/cargo-home/registry/src/index.crates.io-6f17d22bba15001f/proc-macro2-1.0.50/src/lib.rs:92:30
[INFO] [stdout]    |
[INFO] [stdout] 92 |     feature(proc_macro_span, proc_macro_span_shrink)
[INFO] [stdout]    |                              ^^^^^^^^^^^^^^^^^^^^^^
[INFO] [stdout] 
[INFO] [stdout] 
[INFO] [stderr]    Compiling bytes v1.3.0
[INFO] [stderr]    Compiling prettyplease v0.1.23
[INFO] [stderr]    Compiling remove_dir_all v0.5.3
[INFO] [stderr]    Compiling regex-syntax v0.6.28
[INFO] [stderr]    Compiling arrayref v0.3.6
[INFO] [stderr]    Compiling fixedbitset v0.4.2
[INFO] [stderr]    Compiling data-encoding v2.3.3
[INFO] [stderr]    Compiling heck v0.4.0
[INFO] [stdout] Some errors have detailed explanations: E0422, E0635.
[INFO] [stdout] 
[INFO] [stdout] For more information about an error, try `rustc --explain E0422`.
[INFO] [stdout] 
[INFO] [stderr] error: could not compile `proc-macro2` (lib) due to 3 previous errors
[INFO] [stderr] warning: build failed, waiting for other jobs to finish...
[INFO] running `Command { std: "docker" "inspect" "c642743d0bf47746471cb022cfff24105d9163ca60003c20ab39135e53603bed", kill_on_drop: false }`
[INFO] running `Command { std: "docker" "rm" "-f" "c642743d0bf47746471cb022cfff24105d9163ca60003c20ab39135e53603bed", kill_on_drop: false }`
[INFO] [stdout] c642743d0bf47746471cb022cfff24105d9163ca60003c20ab39135e53603bed
