[INFO] fetching crate substreams-helper 0.0.2...
[INFO] testing substreams-helper-0.0.2 against nightly-2024-10-28 for randomize-layout
[INFO] extracting crate substreams-helper 0.0.2 into /workspace/builds/worker-7-tc1/source
[INFO] validating manifest of crates.io crate substreams-helper 0.0.2 on toolchain nightly-2024-10-28
[INFO] running `Command { std: CARGO_HOME="/workspace/cargo-home" RUSTUP_HOME="/workspace/rustup-home" "/workspace/cargo-home/bin/cargo" "+nightly-2024-10-28" "metadata" "--manifest-path" "Cargo.toml" "--no-deps", kill_on_drop: false }`
[INFO] removed /workspace/builds/worker-7-tc1/source/rust-toolchain.toml
[INFO] started tweaking crates.io crate substreams-helper 0.0.2
[INFO] finished tweaking crates.io crate substreams-helper 0.0.2
[INFO] tweaked toml for crates.io crate substreams-helper 0.0.2 written to /workspace/builds/worker-7-tc1/source/Cargo.toml
[INFO] running `Command { std: CARGO_HOME="/workspace/cargo-home" RUSTUP_HOME="/workspace/rustup-home" "/workspace/cargo-home/bin/cargo" "+nightly-2024-10-28" "generate-lockfile" "--manifest-path" "Cargo.toml", kill_on_drop: false }`
[INFO] [stderr]     Updating crates.io index
[INFO] [stderr]      Locking 130 packages to latest compatible versions
[INFO] [stderr]       Adding bigdecimal v0.3.1 (available: v0.4.6)
[INFO] [stderr]       Adding ethabi v17.2.0 (available: v18.0.0)
[INFO] [stderr]       Adding hex-literal v0.3.4 (available: v0.4.1)
[INFO] [stderr]       Adding prost v0.10.4 (available: v0.13.3)
[INFO] [stderr]       Adding substreams-ethereum v0.1.9 (available: v0.10.0)
[INFO] running `Command { std: CARGO_HOME="/workspace/cargo-home" RUSTUP_HOME="/workspace/rustup-home" "/workspace/cargo-home/bin/cargo" "+nightly-2024-10-28" "fetch" "--manifest-path" "Cargo.toml", kill_on_drop: false }`
[INFO] [stderr]  Downloading crates ...
[INFO] [stderr]   Downloaded substreams-macro v0.0.21
[INFO] [stderr]   Downloaded substreams-ethereum v0.1.9
[INFO] [stderr]   Downloaded substreams-ethereum-abigen v0.1.9
[INFO] [stderr]   Downloaded substreams-ethereum-core v0.1.9
[INFO] [stderr]   Downloaded substreams v0.0.21
[INFO] [stderr]   Downloaded ethereum-types v0.13.1
[INFO] [stderr]   Downloaded ethbloom v0.12.1
[INFO] [stderr]   Downloaded ethabi v17.2.0
[INFO] [stderr]   Downloaded prost-types v0.10.1
[INFO] [stderr]   Downloaded prost-build v0.10.4
[INFO] [stderr]   Downloaded substreams-ethereum-derive v0.1.9
[INFO] running `Command { std: "docker" "create" "-v" "/var/lib/crater-agent-workspace/builds/worker-7-tc1/target:/opt/rustwide/target:rw,Z" "-v" "/var/lib/crater-agent-workspace/builds/worker-7-tc1/source:/opt/rustwide/workdir:ro,Z" "-v" "/var/lib/crater-agent-workspace/cargo-home:/opt/rustwide/cargo-home:ro,Z" "-v" "/var/lib/crater-agent-workspace/rustup-home:/opt/rustwide/rustup-home:ro,Z" "-e" "SOURCE_DIR=/opt/rustwide/workdir" "-e" "CARGO_TARGET_DIR=/opt/rustwide/target" "-e" "CARGO_HOME=/opt/rustwide/cargo-home" "-e" "RUSTUP_HOME=/opt/rustwide/rustup-home" "-w" "/opt/rustwide/workdir" "-m" "1610612736" "--user" "0:0" "--network" "none" "ghcr.io/rust-lang/crates-build-env/linux@sha256:4a844ea9eb2546a2d2c7022eacef16ef2e8229c7fbb2c7d4d55a9ceca922f72d" "/opt/rustwide/cargo-home/bin/cargo" "+nightly-2024-10-28" "metadata" "--no-deps" "--format-version=1", kill_on_drop: false }`
[INFO] [stdout] 7fa480f16e456569df5a831ffe5980917c1bdf10c9de589b131872a21cc6ff54
[INFO] running `Command { std: "docker" "start" "-a" "7fa480f16e456569df5a831ffe5980917c1bdf10c9de589b131872a21cc6ff54", kill_on_drop: false }`
[INFO] running `Command { std: "docker" "inspect" "7fa480f16e456569df5a831ffe5980917c1bdf10c9de589b131872a21cc6ff54", kill_on_drop: false }`
[INFO] running `Command { std: "docker" "rm" "-f" "7fa480f16e456569df5a831ffe5980917c1bdf10c9de589b131872a21cc6ff54", kill_on_drop: false }`
[INFO] [stdout] 7fa480f16e456569df5a831ffe5980917c1bdf10c9de589b131872a21cc6ff54
[INFO] running `Command { std: "docker" "create" "-v" "/var/lib/crater-agent-workspace/builds/worker-7-tc1/target:/opt/rustwide/target:rw,Z" "-v" "/var/lib/crater-agent-workspace/builds/worker-7-tc1/source:/opt/rustwide/workdir:ro,Z" "-v" "/var/lib/crater-agent-workspace/cargo-home:/opt/rustwide/cargo-home:ro,Z" "-v" "/var/lib/crater-agent-workspace/rustup-home:/opt/rustwide/rustup-home:ro,Z" "-e" "SOURCE_DIR=/opt/rustwide/workdir" "-e" "CARGO_TARGET_DIR=/opt/rustwide/target" "-e" "CARGO_INCREMENTAL=0" "-e" "RUST_BACKTRACE=full" "-e" "RUSTFLAGS=--cap-lints=forbid" "-e" "RUSTDOCFLAGS=--cap-lints=forbid" "-e" "CARGO_HOME=/opt/rustwide/cargo-home" "-e" "RUSTUP_HOME=/opt/rustwide/rustup-home" "-w" "/opt/rustwide/workdir" "-m" "1610612736" "--user" "0:0" "--network" "none" "ghcr.io/rust-lang/crates-build-env/linux@sha256:4a844ea9eb2546a2d2c7022eacef16ef2e8229c7fbb2c7d4d55a9ceca922f72d" "/opt/rustwide/cargo-home/bin/cargo" "+nightly-2024-10-28" "build" "--frozen" "--message-format=json", kill_on_drop: false }`
[INFO] [stdout] b561c6600c17ad43fa5f5e17d70922f936adf39495e8df4f3c957744ce54e0f5
[INFO] running `Command { std: "docker" "start" "-a" "b561c6600c17ad43fa5f5e17d70922f936adf39495e8df4f3c957744ce54e0f5", kill_on_drop: false }`
[INFO] [stderr]    Compiling substreams-helper v0.0.2 (/opt/rustwide/workdir)
[INFO] [stdout] error[E0433]: failed to resolve: use of undeclared crate or module `substreams_ethereum`
[INFO] [stdout]  --> src/erc20.rs:2:5
[INFO] [stdout]   |
[INFO] [stdout] 2 | use substreams_ethereum::pb::eth as ethpb;
[INFO] [stdout]   |     ^^^^^^^^^^^^^^^^^^^ use of undeclared crate or module `substreams_ethereum`
[INFO] [stdout] 
[INFO] [stdout] 
[INFO] [stdout] error[E0432]: unresolved import `bigdecimal`
[INFO] [stdout]  --> src/erc20.rs:3:5
[INFO] [stdout]   |
[INFO] [stdout] 3 | use bigdecimal::{BigDecimal};
[INFO] [stdout]   |     ^^^^^^^^^^ use of undeclared crate or module `bigdecimal`
[INFO] [stdout] 
[INFO] [stdout] 
[INFO] [stdout] error[E0432]: unresolved import `num_bigint`
[INFO] [stdout]  --> src/erc20.rs:4:5
[INFO] [stdout]   |
[INFO] [stdout] 4 | use num_bigint::{BigInt};
[INFO] [stdout]   |     ^^^^^^^^^^ use of undeclared crate or module `num_bigint`
[INFO] [stdout] 
[INFO] [stdout] 
[INFO] [stdout] error[E0432]: unresolved import `bigdecimal`
[INFO] [stdout]  --> src/math.rs:1:5
[INFO] [stdout]   |
[INFO] [stdout] 1 | use bigdecimal::{BigDecimal, One, Zero};
[INFO] [stdout]   |     ^^^^^^^^^^ use of undeclared crate or module `bigdecimal`
[INFO] [stdout] 
[INFO] [stdout] 
[INFO] [stdout] error[E0432]: unresolved import `num_bigint`
[INFO] [stdout]  --> src/math.rs:2:5
[INFO] [stdout]   |
[INFO] [stdout] 2 | use num_bigint::{BigInt, BigUint};
[INFO] [stdout]   |     ^^^^^^^^^^ use of undeclared crate or module `num_bigint`
[INFO] [stdout] 
[INFO] [stdout] 
[INFO] [stdout] error[E0432]: unresolved import `pad`
[INFO] [stdout]  --> src/math.rs:3:5
[INFO] [stdout]   |
[INFO] [stdout] 3 | use pad::PadStr;
[INFO] [stdout]   |     ^^^ use of undeclared crate or module `pad`
[INFO] [stdout] 
[INFO] [stdout] 
[INFO] [stdout] error[E0433]: failed to resolve: use of undeclared crate or module `substreams_ethereum`
[INFO] [stdout]   --> src/erc20.rs:16:9
[INFO] [stdout]    |
[INFO] [stdout] 16 |         substreams_ethereum::rpc::eth_call(&rpc_calls);
[INFO] [stdout]    |         ^^^^^^^^^^^^^^^^^^^ use of undeclared crate or module `substreams_ethereum`
[INFO] [stdout] 
[INFO] [stdout] 
[INFO] [stdout] warning: unused import: `math`
[INFO] [stdout]  --> src/erc20.rs:1:20
[INFO] [stdout]   |
[INFO] [stdout] 1 | use crate::{utils, math};
[INFO] [stdout]   |                    ^^^^
[INFO] [stdout]   |
[INFO] [stdout]   = note: `#[warn(unused_imports)]` on by default
[INFO] [stdout] 
[INFO] [stdout] 
[INFO] [stdout] warning: unused import: `std::str::FromStr`
[INFO] [stdout]  --> src/math.rs:5:5
[INFO] [stdout]   |
[INFO] [stdout] 5 | use std::str::FromStr;
[INFO] [stdout]   |     ^^^^^^^^^^^^^^^^^
[INFO] [stdout] 
[INFO] [stdout] 
[INFO] [stdout] error[E0433]: failed to resolve: use of undeclared crate or module `hex`
[INFO] [stdout]   --> src/erc20.rs:14:39
[INFO] [stdout]    |
[INFO] [stdout] 14 |     let rpc_calls = create_rpc_calls(&hex::decode(token_address).unwrap());
[INFO] [stdout]    |                                       ^^^ use of undeclared crate or module `hex`
[INFO] [stdout] 
[INFO] [stdout] 
[INFO] [stdout] error[E0433]: failed to resolve: use of undeclared crate or module `hex`
[INFO] [stdout]   --> src/erc20.rs:77:20
[INFO] [stdout]    |
[INFO] [stdout] 77 |     let decimals = hex::decode("313ce567").unwrap();
[INFO] [stdout]    |                    ^^^ use of undeclared crate or module `hex`
[INFO] [stdout] 
[INFO] [stdout] 
[INFO] [stdout] error[E0433]: failed to resolve: use of undeclared crate or module `hex`
[INFO] [stdout]   --> src/erc20.rs:78:16
[INFO] [stdout]    |
[INFO] [stdout] 78 |     let name = hex::decode("06fdde03").unwrap();
[INFO] [stdout]    |                ^^^ use of undeclared crate or module `hex`
[INFO] [stdout] 
[INFO] [stdout] 
[INFO] [stdout] error[E0433]: failed to resolve: use of undeclared crate or module `hex`
[INFO] [stdout]   --> src/erc20.rs:79:18
[INFO] [stdout]    |
[INFO] [stdout] 79 |     let symbol = hex::decode("95d89b41").unwrap();
[INFO] [stdout]    |                  ^^^ use of undeclared crate or module `hex`
[INFO] [stdout] 
[INFO] [stdout] 
[INFO] [stdout] error[E0599]: no method named `pad_to_width_with_char` found for reference `&'static str` in the current scope
[INFO] [stdout]   --> src/math.rs:45:13
[INFO] [stdout]    |
[INFO] [stdout] 45 |         "1".pad_to_width_with_char((decimals + 1) as usize, '0')
[INFO] [stdout]    |             ^^^^^^^^^^^^^^^^^^^^^^ method not found in `&str`
[INFO] [stdout] 
[INFO] [stdout] 
[INFO] [stdout] warning: unused variable: `token`
[INFO] [stdout]    --> src/erc20.rs:150:18
[INFO] [stdout]     |
[INFO] [stdout] 150 | pub fn log_token(token: &Erc20Token, index: u64) {
[INFO] [stdout]     |                  ^^^^^ help: if this is intentional, prefix it with an underscore: `_token`
[INFO] [stdout]     |
[INFO] [stdout]     = note: `#[warn(unused_variables)]` on by default
[INFO] [stdout] 
[INFO] [stdout] 
[INFO] [stdout] warning: unused variable: `index`
[INFO] [stdout]    --> src/erc20.rs:150:38
[INFO] [stdout]     |
[INFO] [stdout] 150 | pub fn log_token(token: &Erc20Token, index: u64) {
[INFO] [stdout]     |                                      ^^^^^ help: if this is intentional, prefix it with an underscore: `_index`
[INFO] [stdout] 
[INFO] [stdout] 
[INFO] [stdout] Some errors have detailed explanations: E0432, E0433, E0599.
[INFO] [stdout] 
[INFO] [stdout] For more information about an error, try `rustc --explain E0432`.
[INFO] [stdout] 
[INFO] [stderr] error: could not compile `substreams-helper` (lib) due to 12 previous errors; 4 warnings emitted
[INFO] running `Command { std: "docker" "inspect" "b561c6600c17ad43fa5f5e17d70922f936adf39495e8df4f3c957744ce54e0f5", kill_on_drop: false }`
[INFO] running `Command { std: "docker" "rm" "-f" "b561c6600c17ad43fa5f5e17d70922f936adf39495e8df4f3c957744ce54e0f5", kill_on_drop: false }`
[INFO] [stdout] b561c6600c17ad43fa5f5e17d70922f936adf39495e8df4f3c957744ce54e0f5
