[INFO] fetching crate stylo 0.1.0...
[INFO] testing stylo-0.1.0 against nightly-2024-10-28+rustflags=-Zrandomize-layout for randomize-layout
[INFO] extracting crate stylo 0.1.0 into /workspace/builds/worker-6-tc2/source
[INFO] validating manifest of crates.io crate stylo 0.1.0 on toolchain nightly-2024-10-28
[INFO] running `Command { std: CARGO_HOME="/workspace/cargo-home" RUSTUP_HOME="/workspace/rustup-home" "/workspace/cargo-home/bin/cargo" "+nightly-2024-10-28" "metadata" "--manifest-path" "Cargo.toml" "--no-deps", kill_on_drop: false }`
[INFO] started tweaking crates.io crate stylo 0.1.0
[INFO] finished tweaking crates.io crate stylo 0.1.0
[INFO] tweaked toml for crates.io crate stylo 0.1.0 written to /workspace/builds/worker-6-tc2/source/Cargo.toml
[INFO] running `Command { std: CARGO_HOME="/workspace/cargo-home" RUSTUP_HOME="/workspace/rustup-home" "/workspace/cargo-home/bin/cargo" "+nightly-2024-10-28" "generate-lockfile" "--manifest-path" "Cargo.toml", kill_on_drop: false }`
[INFO] [stderr]     Updating crates.io index
[INFO] [stderr]      Locking 183 packages to latest compatible versions
[INFO] [stderr]       Adding bindgen v0.69.5 (available: v0.70.1)
[INFO] [stderr]       Adding derive_more v0.99.18 (available: v1.0.0)
[INFO] [stderr]       Adding itertools v0.10.5 (available: v0.13.0)
[INFO] [stderr]       Adding toml v0.5.11 (available: v0.8.19)
[INFO] running `Command { std: CARGO_HOME="/workspace/cargo-home" RUSTUP_HOME="/workspace/rustup-home" "/workspace/cargo-home/bin/cargo" "+nightly-2024-10-28" "fetch" "--manifest-path" "Cargo.toml", kill_on_drop: false }`
[INFO] running `Command { std: "docker" "create" "-v" "/var/lib/crater-agent-workspace/builds/worker-6-tc2/target:/opt/rustwide/target:rw,Z" "-v" "/var/lib/crater-agent-workspace/builds/worker-6-tc2/source:/opt/rustwide/workdir:ro,Z" "-v" "/var/lib/crater-agent-workspace/cargo-home:/opt/rustwide/cargo-home:ro,Z" "-v" "/var/lib/crater-agent-workspace/rustup-home:/opt/rustwide/rustup-home:ro,Z" "-e" "SOURCE_DIR=/opt/rustwide/workdir" "-e" "CARGO_TARGET_DIR=/opt/rustwide/target" "-e" "CARGO_HOME=/opt/rustwide/cargo-home" "-e" "RUSTUP_HOME=/opt/rustwide/rustup-home" "-w" "/opt/rustwide/workdir" "-m" "1610612736" "--user" "0:0" "--network" "none" "ghcr.io/rust-lang/crates-build-env/linux@sha256:4a844ea9eb2546a2d2c7022eacef16ef2e8229c7fbb2c7d4d55a9ceca922f72d" "/opt/rustwide/cargo-home/bin/cargo" "+nightly-2024-10-28" "metadata" "--no-deps" "--format-version=1", kill_on_drop: false }`
[INFO] [stdout] ee4c037e2b0b1d27402c781220518cab8721413eb038583bc2bc32e25d33623d
[INFO] running `Command { std: "docker" "start" "-a" "ee4c037e2b0b1d27402c781220518cab8721413eb038583bc2bc32e25d33623d", kill_on_drop: false }`
[INFO] running `Command { std: "docker" "inspect" "ee4c037e2b0b1d27402c781220518cab8721413eb038583bc2bc32e25d33623d", kill_on_drop: false }`
[INFO] running `Command { std: "docker" "rm" "-f" "ee4c037e2b0b1d27402c781220518cab8721413eb038583bc2bc32e25d33623d", kill_on_drop: false }`
[INFO] [stdout] ee4c037e2b0b1d27402c781220518cab8721413eb038583bc2bc32e25d33623d
[INFO] running `Command { std: "docker" "create" "-v" "/var/lib/crater-agent-workspace/builds/worker-6-tc2/target:/opt/rustwide/target:rw,Z" "-v" "/var/lib/crater-agent-workspace/builds/worker-6-tc2/source:/opt/rustwide/workdir:ro,Z" "-v" "/var/lib/crater-agent-workspace/cargo-home:/opt/rustwide/cargo-home:ro,Z" "-v" "/var/lib/crater-agent-workspace/rustup-home:/opt/rustwide/rustup-home:ro,Z" "-e" "SOURCE_DIR=/opt/rustwide/workdir" "-e" "CARGO_TARGET_DIR=/opt/rustwide/target" "-e" "CARGO_INCREMENTAL=0" "-e" "RUST_BACKTRACE=full" "-e" "RUSTFLAGS=--cap-lints=forbid -Zrandomize-layout" "-e" "RUSTDOCFLAGS=--cap-lints=forbid" "-e" "CARGO_HOME=/opt/rustwide/cargo-home" "-e" "RUSTUP_HOME=/opt/rustwide/rustup-home" "-w" "/opt/rustwide/workdir" "-m" "1610612736" "--user" "0:0" "--network" "none" "ghcr.io/rust-lang/crates-build-env/linux@sha256:4a844ea9eb2546a2d2c7022eacef16ef2e8229c7fbb2c7d4d55a9ceca922f72d" "/opt/rustwide/cargo-home/bin/cargo" "+nightly-2024-10-28" "build" "--frozen" "--message-format=json", kill_on_drop: false }`
[INFO] [stdout] b0c64e3bb981a8bb015f2c211fa185612219b3960a535988469c915d219d502b
[INFO] running `Command { std: "docker" "start" "-a" "b0c64e3bb981a8bb015f2c211fa185612219b3960a535988469c915d219d502b", kill_on_drop: false }`
[INFO] [stderr]    Compiling proc-macro2 v1.0.89
[INFO] [stderr]    Compiling unicode-ident v1.0.13
[INFO] [stderr]    Compiling cfg-if v1.0.0
[INFO] [stderr]    Compiling libc v0.2.161
[INFO] [stderr]    Compiling siphasher v0.3.11
[INFO] [stderr]    Compiling byteorder v1.5.0
[INFO] [stderr]    Compiling serde v1.0.214
[INFO] [stderr]    Compiling autocfg v1.4.0
[INFO] [stderr]    Compiling parking_lot_core v0.9.10
[INFO] [stderr]    Compiling smallvec v1.13.2
[INFO] [stderr]    Compiling stable_deref_trait v1.2.0
[INFO] [stderr]    Compiling scopeguard v1.2.0
[INFO] [stderr]    Compiling typenum v1.17.0
[INFO] [stderr]    Compiling new_debug_unreachable v1.0.6
[INFO] [stderr]    Compiling version_check v0.9.5
[INFO] [stderr]    Compiling fnv v1.0.7
[INFO] [stderr]    Compiling once_cell v1.20.2
[INFO] [stderr]    Compiling crossbeam-utils v0.8.20
[INFO] [stderr]    Compiling ident_case v1.0.1
[INFO] [stderr]    Compiling precomputed-hash v0.1.1
[INFO] [stderr]    Compiling tinyvec_macros v0.1.1
[INFO] [stderr]    Compiling dtoa v1.0.9
[INFO] [stderr]    Compiling phf_shared v0.11.2
[INFO] [stderr]    Compiling phf_shared v0.10.0
[INFO] [stderr]    Compiling tinyvec v1.8.0
[INFO] [stderr]    Compiling itoa v1.0.11
[INFO] [stderr]    Compiling mac v0.1.1
[INFO] [stderr]    Compiling futf v0.1.5
[INFO] [stderr]    Compiling dtoa-short v0.3.5
[INFO] [stderr]    Compiling gimli v0.31.1
[INFO] [stderr]    Compiling unicode-bidi v0.3.17
[INFO] [stderr]    Compiling generic-array v0.14.7
[INFO] [stderr]    Compiling memchr v2.7.4
[INFO] [stderr]    Compiling adler2 v2.0.0
[INFO] [stderr]    Compiling regex-syntax v0.8.5
[INFO] [stderr]    Compiling log v0.4.22
[INFO] [stderr]    Compiling utf-8 v0.7.6
[INFO] [stderr]    Compiling percent-encoding v2.3.1
[INFO] [stderr]    Compiling miniz_oxide v0.8.0
[INFO] [stderr]    Compiling lock_api v0.4.12
[INFO] [stderr]    Compiling num-traits v0.2.19
[INFO] [stderr]    Compiling tendril v0.4.3
[INFO] [stderr]    Compiling form_urlencoded v1.2.1
[INFO] [stderr]    Compiling rayon-core v1.12.1
[INFO] [stderr]    Compiling quote v1.0.37
[INFO] [stderr]    Compiling syn v2.0.86
[INFO] [stderr]    Compiling object v0.36.5
[INFO] [stderr]    Compiling smallbitvec v2.5.3
[INFO] [stderr]    Compiling getrandom v0.2.15
[INFO] [stderr]    Compiling unicode-normalization v0.1.24
[INFO] [stderr]    Compiling rustc-demangle v0.1.24
[INFO] [stderr]    Compiling lazy_static v1.5.0
[INFO] [stderr]    Compiling thin-vec v0.2.13
[INFO] [stderr]    Compiling cpufeatures v0.2.14
[INFO] [stderr]    Compiling rand_core v0.6.4
[INFO] [stderr]    Compiling libm v0.2.11
[INFO] [stderr]    Compiling crossbeam-epoch v0.9.18
[INFO] [stderr]    Compiling equivalent v1.0.1
[INFO] [stderr]    Compiling litemap v0.7.3
[INFO] [stderr]    Compiling parking_lot v0.12.3
[INFO] [stderr]    Compiling unicode-segmentation v1.12.0
[INFO] [stderr]    Compiling hashbrown v0.15.0
[INFO] [stderr]    Compiling same-file v1.0.6
[INFO] [stderr]    Compiling fxhash v0.2.1
[INFO] [stderr]    Compiling bytes v1.8.0
[INFO] [stderr]    Compiling writeable v0.5.5
[INFO] [stderr]    Compiling idna v0.5.0
[INFO] [stderr]    Compiling base64 v0.21.7
[INFO] [stderr]    Compiling pin-project-lite v0.2.15
[INFO] [stderr]    Compiling crossbeam-deque v0.8.5
[INFO] [stderr]    Compiling tokio v1.41.0
[INFO] [stderr]    Compiling regex-automata v0.4.8
[INFO] [stderr]    Compiling walkdir v2.5.0
[INFO] [stderr]    Compiling http v0.2.12
[INFO] [stderr]    Compiling crossbeam-channel v0.5.13
[INFO] [stderr]    Compiling block-buffer v0.10.4
[INFO] [stderr]    Compiling crypto-common v0.1.6
[INFO] [stderr]    Compiling indexmap v2.6.0
[INFO] [stderr]    Compiling either v1.13.0
[INFO] [stderr]    Compiling void v1.0.2
[INFO] [stderr]    Compiling digest v0.10.7
[INFO] [stderr]    Compiling uuid v1.11.0
[INFO] [stderr]    Compiling stylo v0.1.0 (/opt/rustwide/workdir)
[INFO] [stderr]    Compiling sha2 v0.10.8
[INFO] [stderr]    Compiling core_maths v0.1.0
[INFO] [stderr]    Compiling icu_segmenter_data v1.5.0
[INFO] [stderr]    Compiling arrayvec v0.7.6
[INFO] [stderr]    Compiling addr2line v0.24.2
[INFO] [stderr]    Compiling utf8_iter v1.0.4
[INFO] [stderr]    Compiling uluru v3.1.0
[INFO] [stderr]    Compiling rayon v1.10.0
[INFO] [stderr]    Compiling itertools v0.10.5
[INFO] [stderr]    Compiling num-integer v0.1.46
[INFO] [stderr]    Compiling stylo_config v0.1.0
[INFO] [stderr]    Compiling num_cpus v1.16.0
[INFO] [stderr]    Compiling encoding_rs v0.8.35
[INFO] [stderr]    Compiling atomic_refcell v0.1.13
[INFO] [stderr]    Compiling mime v0.3.17
[INFO] [stderr]    Compiling matches v0.1.10
[INFO] [stderr]    Compiling stylo_static_prefs v0.1.0
[INFO] [stderr]    Compiling static_assertions v1.1.0
[INFO] [stderr]    Compiling regex v1.11.1
[INFO] [stderr]    Compiling backtrace v0.3.74
[INFO] [stderr]    Compiling synstructure v0.13.1
[INFO] [stderr]    Compiling darling_core v0.20.10
[INFO] [stderr]    Compiling accountable-refcell v0.2.1
[INFO] [stderr]    Compiling zerocopy-derive v0.7.35
[INFO] [stderr]    Compiling serde_derive v1.0.214
[INFO] [stderr]    Compiling zerofrom-derive v0.1.4
[INFO] [stderr]    Compiling yoke-derive v0.7.4
[INFO] [stderr]    Compiling cssparser-macros v0.6.1
[INFO] [stderr]    Compiling displaydoc v0.2.5
[INFO] [stderr]    Compiling zerovec-derive v0.10.3
[INFO] [stderr]    Compiling derive_more v0.99.18
[INFO] [stderr]    Compiling icu_provider_macros v1.5.0
[INFO] [stderr]    Compiling malloc_size_of_derive v0.1.3
[INFO] [stderr]    Compiling num-derive v0.4.2
[INFO] [stderr]    Compiling zerocopy v0.7.35
[INFO] [stderr]    Compiling tinystr v0.7.6
[INFO] [stderr]    Compiling zerofrom v0.1.4
[INFO] [stderr]    Compiling yoke v0.7.4
[INFO] [stderr]    Compiling icu_locid v1.5.0
[INFO] [stderr]    Compiling darling_macro v0.20.10
[INFO] [stderr]    Compiling zerovec v0.10.4
[INFO] [stderr]    Compiling darling v0.20.10
[INFO] [stderr]    Compiling stylo_to_shmem_derive v0.1.0
[INFO] [stderr]    Compiling stylo_derive v0.1.0
[INFO] [stderr]    Compiling ppv-lite86 v0.2.20
[INFO] [stderr]    Compiling rand_chacha v0.3.1
[INFO] [stderr]    Compiling icu_provider v1.5.0
[INFO] [stderr]    Compiling icu_collections v1.5.0
[INFO] [stderr]    Compiling rand v0.8.5
[INFO] [stderr]    Compiling icu_segmenter v1.5.0
[INFO] [stderr]    Compiling phf_generator v0.11.2
[INFO] [stderr]    Compiling phf_generator v0.10.0
[INFO] [stderr]    Compiling phf_codegen v0.11.2
[INFO] [stderr]    Compiling phf_macros v0.11.2
[INFO] [stderr]    Compiling string_cache_codegen v0.5.2
[INFO] [stderr]    Compiling stylo_selectors v0.26.0
[INFO] [stderr]    Compiling markup5ever v0.14.0
[INFO] [stderr]    Compiling stylo_atoms v0.1.0
[INFO] [stderr]    Compiling phf v0.11.2
[INFO] [stderr]    Compiling string_cache v0.8.7
[INFO] [stderr]    Compiling bitflags v2.6.0
[INFO] [stderr]    Compiling stylo_arc v0.4.0
[INFO] [stderr]    Compiling cssparser v0.34.0
[INFO] [stderr]    Compiling url v2.5.2
[INFO] [stderr]    Compiling euclid v0.22.11
[INFO] [stderr]    Compiling serde_bytes v0.11.15
[INFO] [stderr]    Compiling app_units v0.7.6
[INFO] [stderr]    Compiling keyboard-types v0.7.0
[INFO] [stderr]    Compiling stylo_dom v0.1.0
[INFO] [stderr]    Compiling content-security-policy v0.5.2
[INFO] [stderr]    Compiling stylo_to_shmem v0.1.0
[INFO] [stderr]    Compiling xml5ever v0.20.0
[INFO] [stderr]    Compiling stylo_malloc_size_of v0.1.1
[INFO] [stderr]    Compiling stylo_traits v0.1.0
[INFO] [stdout] error[E0080]: evaluation of constant value failed
[INFO] [stdout]    --> applicable_declarations.rs:277:1
[INFO] [stdout]     |
[INFO] [stdout] 277 | size_of_test!(ApplicableDeclarationBlock, 24);
[INFO] [stdout]     | ^^^^^^^^^^^^^^^^^^^^^^^^^^^^^^^^^^^^^^^^^^^^^ attempt to compute `0_usize - 1_usize`, which would overflow
[INFO] [stdout]     |
[INFO] [stdout]     = note: this error originates in the macro `const_assert` which comes from the expansion of the macro `size_of_test` (in Nightly builds, run with -Z macro-backtrace for more info)
[INFO] [stdout] 
[INFO] [stdout] 
[INFO] [stdout] error[E0080]: evaluation of constant value failed
[INFO] [stdout]    --> data.rs:269:1
[INFO] [stdout]     |
[INFO] [stdout] 269 | size_of_test!(ElementData, 24);
[INFO] [stdout]     | ^^^^^^^^^^^^^^^^^^^^^^^^^^^^^^ attempt to compute `0_usize - 1_usize`, which would overflow
[INFO] [stdout]     |
[INFO] [stdout]     = note: this error originates in the macro `const_assert` which comes from the expansion of the macro `size_of_test` (in Nightly builds, run with -Z macro-backtrace for more info)
[INFO] [stdout] 
[INFO] [stdout] 
[INFO] [stdout] error[E0080]: evaluation of constant value failed
[INFO] [stdout]     --> stylist.rs:4158:1
[INFO] [stdout]      |
[INFO] [stdout] 4158 | size_of_test!(Rule, 40);
[INFO] [stdout]      | ^^^^^^^^^^^^^^^^^^^^^^^ attempt to compute `0_usize - 1_usize`, which would overflow
[INFO] [stdout]      |
[INFO] [stdout]      = note: this error originates in the macro `const_assert` which comes from the expansion of the macro `size_of_test` (in Nightly builds, run with -Z macro-backtrace for more info)
[INFO] [stdout] 
[INFO] [stdout] 
[INFO] [stdout] error[E0080]: evaluation of constant value failed
[INFO] [stdout]      --> /opt/rustwide/target/debug/build/stylo-4806b8b1c9df0af7/out/properties.rs:85075:1
[INFO] [stdout]       |
[INFO] [stdout] 85075 | size_of_test!(ComputedValues, 208);
[INFO] [stdout]       | ^^^^^^^^^^^^^^^^^^^^^^^^^^^^^^^^^^ attempt to compute `0_usize - 1_usize`, which would overflow
[INFO] [stdout]       |
[INFO] [stdout]       = note: this error originates in the macro `const_assert` which comes from the expansion of the macro `size_of_test` (in Nightly builds, run with -Z macro-backtrace for more info)
[INFO] [stdout] 
[INFO] [stdout] 
[INFO] [stdout] For more information about this error, try `rustc --explain E0080`.
[INFO] [stdout] 
[INFO] [stderr] error: could not compile `stylo` (lib) due to 4 previous errors
[INFO] running `Command { std: "docker" "inspect" "b0c64e3bb981a8bb015f2c211fa185612219b3960a535988469c915d219d502b", kill_on_drop: false }`
[INFO] running `Command { std: "docker" "rm" "-f" "b0c64e3bb981a8bb015f2c211fa185612219b3960a535988469c915d219d502b", kill_on_drop: false }`
[INFO] [stdout] b0c64e3bb981a8bb015f2c211fa185612219b3960a535988469c915d219d502b
