[INFO] fetching crate struqture-py 1.9.2...
[INFO] testing struqture-py-1.9.2 against nightly-2024-10-28+rustflags=-Zrandomize-layout for randomize-layout
[INFO] extracting crate struqture-py 1.9.2 into /workspace/builds/worker-3-tc2/source
[INFO] validating manifest of crates.io crate struqture-py 1.9.2 on toolchain nightly-2024-10-28
[INFO] running `Command { std: CARGO_HOME="/workspace/cargo-home" RUSTUP_HOME="/workspace/rustup-home" "/workspace/cargo-home/bin/cargo" "+nightly-2024-10-28" "metadata" "--manifest-path" "Cargo.toml" "--no-deps", kill_on_drop: false }`
[INFO] started tweaking crates.io crate struqture-py 1.9.2
[INFO] finished tweaking crates.io crate struqture-py 1.9.2
[INFO] tweaked toml for crates.io crate struqture-py 1.9.2 written to /workspace/builds/worker-3-tc2/source/Cargo.toml
[INFO] running `Command { std: CARGO_HOME="/workspace/cargo-home" RUSTUP_HOME="/workspace/rustup-home" "/workspace/cargo-home/bin/cargo" "+nightly-2024-10-28" "generate-lockfile" "--manifest-path" "Cargo.toml", kill_on_drop: false }`
[INFO] [stderr]     Blocking waiting for file lock on package cache
[INFO] [stderr]     Updating crates.io index
[INFO] [stderr]      Locking 88 packages to latest compatible versions
[INFO] [stderr]       Adding ndarray v0.15.6 (available: v0.16.1)
[INFO] [stderr]       Adding numpy v0.21.0 (available: v0.22.1)
[INFO] [stderr]       Adding pyo3 v0.21.2 (available: v0.22.5)
[INFO] [stderr]       Adding pyo3-build-config v0.21.2 (available: v0.22.5)
[INFO] [stderr]       Adding qoqo_calculator v1.2.4 (available: v1.3.0)
[INFO] [stderr]       Adding qoqo_calculator_pyo3 v1.2.4 (available: v1.3.0)
[INFO] running `Command { std: CARGO_HOME="/workspace/cargo-home" RUSTUP_HOME="/workspace/rustup-home" "/workspace/cargo-home/bin/cargo" "+nightly-2024-10-28" "fetch" "--manifest-path" "Cargo.toml", kill_on_drop: false }`
[INFO] running `Command { std: "docker" "create" "-v" "/var/lib/crater-agent-workspace/builds/worker-3-tc2/target:/opt/rustwide/target:rw,Z" "-v" "/var/lib/crater-agent-workspace/builds/worker-3-tc2/source:/opt/rustwide/workdir:ro,Z" "-v" "/var/lib/crater-agent-workspace/cargo-home:/opt/rustwide/cargo-home:ro,Z" "-v" "/var/lib/crater-agent-workspace/rustup-home:/opt/rustwide/rustup-home:ro,Z" "-e" "SOURCE_DIR=/opt/rustwide/workdir" "-e" "CARGO_TARGET_DIR=/opt/rustwide/target" "-e" "CARGO_HOME=/opt/rustwide/cargo-home" "-e" "RUSTUP_HOME=/opt/rustwide/rustup-home" "-w" "/opt/rustwide/workdir" "-m" "1610612736" "--user" "0:0" "--network" "none" "ghcr.io/rust-lang/crates-build-env/linux@sha256:4a844ea9eb2546a2d2c7022eacef16ef2e8229c7fbb2c7d4d55a9ceca922f72d" "/opt/rustwide/cargo-home/bin/cargo" "+nightly-2024-10-28" "metadata" "--no-deps" "--format-version=1", kill_on_drop: false }`
[INFO] [stdout] 0508fc8b2e0ec2ad176c4e5e0cb52ca50b95c0e1cb4d7600081c9599760dd479
[INFO] running `Command { std: "docker" "start" "-a" "0508fc8b2e0ec2ad176c4e5e0cb52ca50b95c0e1cb4d7600081c9599760dd479", kill_on_drop: false }`
[INFO] running `Command { std: "docker" "inspect" "0508fc8b2e0ec2ad176c4e5e0cb52ca50b95c0e1cb4d7600081c9599760dd479", kill_on_drop: false }`
[INFO] running `Command { std: "docker" "rm" "-f" "0508fc8b2e0ec2ad176c4e5e0cb52ca50b95c0e1cb4d7600081c9599760dd479", kill_on_drop: false }`
[INFO] [stdout] 0508fc8b2e0ec2ad176c4e5e0cb52ca50b95c0e1cb4d7600081c9599760dd479
[INFO] running `Command { std: "docker" "create" "-v" "/var/lib/crater-agent-workspace/builds/worker-3-tc2/target:/opt/rustwide/target:rw,Z" "-v" "/var/lib/crater-agent-workspace/builds/worker-3-tc2/source:/opt/rustwide/workdir:ro,Z" "-v" "/var/lib/crater-agent-workspace/cargo-home:/opt/rustwide/cargo-home:ro,Z" "-v" "/var/lib/crater-agent-workspace/rustup-home:/opt/rustwide/rustup-home:ro,Z" "-e" "SOURCE_DIR=/opt/rustwide/workdir" "-e" "CARGO_TARGET_DIR=/opt/rustwide/target" "-e" "CARGO_INCREMENTAL=0" "-e" "RUST_BACKTRACE=full" "-e" "RUSTFLAGS=--cap-lints=forbid -Zrandomize-layout" "-e" "RUSTDOCFLAGS=--cap-lints=forbid" "-e" "CARGO_HOME=/opt/rustwide/cargo-home" "-e" "RUSTUP_HOME=/opt/rustwide/rustup-home" "-w" "/opt/rustwide/workdir" "-m" "1610612736" "--user" "0:0" "--network" "none" "ghcr.io/rust-lang/crates-build-env/linux@sha256:4a844ea9eb2546a2d2c7022eacef16ef2e8229c7fbb2c7d4d55a9ceca922f72d" "/opt/rustwide/cargo-home/bin/cargo" "+nightly-2024-10-28" "build" "--frozen" "--message-format=json", kill_on_drop: false }`
[INFO] [stdout] d619c4b8a8c34a900ae62e126304b2a5135d17c80911fb1e3f3d411e7038ac3c
[INFO] running `Command { std: "docker" "start" "-a" "d619c4b8a8c34a900ae62e126304b2a5135d17c80911fb1e3f3d411e7038ac3c", kill_on_drop: false }`
[INFO] [stderr]    Compiling proc-macro2 v1.0.89
[INFO] [stderr]    Compiling autocfg v1.4.0
[INFO] [stderr]    Compiling unicode-ident v1.0.13
[INFO] [stderr]    Compiling target-lexicon v0.12.16
[INFO] [stderr]    Compiling once_cell v1.20.2
[INFO] [stderr]    Compiling serde v1.0.214
[INFO] [stderr]    Compiling cfg-if v1.0.0
[INFO] [stderr]    Compiling libc v0.2.161
[INFO] [stderr]    Compiling memchr v2.7.4
[INFO] [stderr]    Compiling parking_lot_core v0.9.10
[INFO] [stderr]    Compiling heck v0.4.1
[INFO] [stderr]    Compiling portable-atomic v1.9.0
[INFO] [stderr]    Compiling smallvec v1.13.2
[INFO] [stderr]    Compiling scopeguard v1.2.0
[INFO] [stderr]    Compiling indoc v2.0.5
[INFO] [stderr]    Compiling serde_json v1.0.132
[INFO] [stderr]    Compiling unindent v0.2.3
[INFO] [stderr]    Compiling ryu v1.0.18
[INFO] [stderr]    Compiling itoa v1.0.11
[INFO] [stderr]    Compiling thiserror v1.0.66
[INFO] [stderr]    Compiling schemars v0.8.21
[INFO] [stderr]    Compiling dyn-clone v1.0.17
[INFO] [stderr]    Compiling rawpointer v0.2.1
[INFO] [stderr]    Compiling regex-syntax v0.8.5
[INFO] [stderr]    Compiling inventory v0.3.15
[INFO] [stderr]    Compiling either v1.13.0
[INFO] [stderr]    Compiling hashbrown v0.15.0
[INFO] [stderr]    Compiling tinyvec_macros v0.1.1
[INFO] [stderr]    Compiling equivalent v1.0.1
[INFO] [stderr]    Compiling rustc-hash v1.1.0
[INFO] [stderr]    Compiling aho-corasick v1.1.3
[INFO] [stderr]    Compiling num-traits v0.2.19
[INFO] [stderr]    Compiling lock_api v0.4.12
[INFO] [stderr]    Compiling memoffset v0.9.1
[INFO] [stderr]    Compiling matrixmultiply v0.3.9
[INFO] [stderr]    Compiling itertools v0.13.0
[INFO] [stderr]    Compiling quote v1.0.37
[INFO] [stderr]    Compiling pyo3-build-config v0.21.2
[INFO] [stderr]    Compiling syn v2.0.86
[INFO] [stderr]    Compiling indexmap v2.6.0
[INFO] [stderr]    Compiling parking_lot v0.12.3
[INFO] [stderr]    Compiling num-complex v0.4.6
[INFO] [stderr]    Compiling num-integer v0.1.46
[INFO] [stderr]    Compiling regex-automata v0.4.8
[INFO] [stderr]    Compiling pyo3-ffi v0.21.2
[INFO] [stderr]    Compiling pyo3 v0.21.2
[INFO] [stderr]    Compiling pyo3-macros-backend v0.21.2
[INFO] [stderr]    Compiling serde_derive_internals v0.29.1
[INFO] [stderr]    Compiling test-case-core v3.3.1
[INFO] [stderr]    Compiling regex v1.11.1
[INFO] [stderr]    Compiling serde_derive v1.0.214
[INFO] [stderr]    Compiling thiserror-impl v1.0.66
[INFO] [stderr]    Compiling struqture-py-macros v1.9.2
[INFO] [stderr]    Compiling schemars_derive v0.8.21
[INFO] [stderr]    Compiling test-case-macros v3.3.1
[INFO] [stderr]    Compiling test-case v3.3.1
[INFO] [stderr]    Compiling pyo3-macros v0.21.2
[INFO] [stderr]    Compiling tinyvec v1.8.0
[INFO] [stderr]    Compiling bincode v1.3.3
[INFO] [stderr]    Compiling ndarray v0.15.6
[INFO] [stderr]    Compiling struqture-py v1.9.2 (/opt/rustwide/workdir)
[INFO] [stderr]    Compiling qoqo_calculator v1.2.4
[INFO] [stderr]    Compiling struqture v1.9.2
[INFO] [stderr]    Compiling numpy v0.21.0
[INFO] [stderr]    Compiling qoqo_calculator_pyo3 v1.2.4
[INFO] [stderr]     Finished `dev` profile [unoptimized + debuginfo] target(s) in 33.21s
[INFO] running `Command { std: "docker" "inspect" "d619c4b8a8c34a900ae62e126304b2a5135d17c80911fb1e3f3d411e7038ac3c", kill_on_drop: false }`
[INFO] running `Command { std: "docker" "rm" "-f" "d619c4b8a8c34a900ae62e126304b2a5135d17c80911fb1e3f3d411e7038ac3c", kill_on_drop: false }`
[INFO] [stdout] d619c4b8a8c34a900ae62e126304b2a5135d17c80911fb1e3f3d411e7038ac3c
[INFO] running `Command { std: "docker" "create" "-v" "/var/lib/crater-agent-workspace/builds/worker-3-tc2/target:/opt/rustwide/target:rw,Z" "-v" "/var/lib/crater-agent-workspace/builds/worker-3-tc2/source:/opt/rustwide/workdir:ro,Z" "-v" "/var/lib/crater-agent-workspace/cargo-home:/opt/rustwide/cargo-home:ro,Z" "-v" "/var/lib/crater-agent-workspace/rustup-home:/opt/rustwide/rustup-home:ro,Z" "-e" "SOURCE_DIR=/opt/rustwide/workdir" "-e" "CARGO_TARGET_DIR=/opt/rustwide/target" "-e" "CARGO_INCREMENTAL=0" "-e" "RUST_BACKTRACE=full" "-e" "RUSTFLAGS=--cap-lints=forbid -Zrandomize-layout" "-e" "RUSTDOCFLAGS=--cap-lints=forbid" "-e" "CARGO_HOME=/opt/rustwide/cargo-home" "-e" "RUSTUP_HOME=/opt/rustwide/rustup-home" "-w" "/opt/rustwide/workdir" "-m" "1610612736" "--user" "0:0" "--network" "none" "ghcr.io/rust-lang/crates-build-env/linux@sha256:4a844ea9eb2546a2d2c7022eacef16ef2e8229c7fbb2c7d4d55a9ceca922f72d" "/opt/rustwide/cargo-home/bin/cargo" "+nightly-2024-10-28" "test" "--frozen" "--no-run" "--message-format=json", kill_on_drop: false }`
[INFO] [stdout] 50f4e2443dbd85606d9cb2f745b829a97fefb296164a60a6b161446c8e046b05
[INFO] running `Command { std: "docker" "start" "-a" "50f4e2443dbd85606d9cb2f745b829a97fefb296164a60a6b161446c8e046b05", kill_on_drop: false }`
[INFO] [stderr]    Compiling matrixmultiply v0.3.9
[INFO] [stderr]    Compiling num-integer v0.1.46
[INFO] [stderr]    Compiling bytemuck v1.19.0
[INFO] [stderr]    Compiling paste v1.0.15
[INFO] [stderr]    Compiling typenum v1.17.0
[INFO] [stderr]    Compiling approx v0.5.1
[INFO] [stderr]    Compiling nalgebra-macros v0.2.2
[INFO] [stderr]    Compiling safe_arch v0.7.2
[INFO] [stderr]    Compiling num-rational v0.4.2
[INFO] [stderr]    Compiling wide v0.7.28
[INFO] [stderr]    Compiling ndarray v0.15.6
[INFO] [stderr]    Compiling simba v0.9.0
[INFO] [stderr]    Compiling struqture v1.9.2
[INFO] [stderr]    Compiling numpy v0.21.0
[INFO] [stderr]    Compiling nalgebra v0.33.2
[INFO] [stderr]    Compiling struqture-py v1.9.2 (/opt/rustwide/workdir)
[INFO] [stdout] error: linking with `cc` failed: exit status: 1
[INFO] [stdout]   |
[INFO] [stdout]   = note: LC_ALL="C" PATH="/opt/rustwide/rustup-home/toolchains/nightly-2024-10-28-x86_64-unknown-linux-gnu/lib/rustlib/x86_64-unknown-linux-gnu/bin:/opt/rustwide/rustup-home/toolchains/nightly-2024-10-28-x86_64-unknown-linux-gnu/lib/rustlib/x86_64-unknown-linux-gnu/bin/self-contained:/opt/rustwide/cargo-home/bin:/usr/local/sbin:/usr/local/bin:/usr/sbin:/usr/bin:/sbin:/bin" VSLANG="1033" "cc" "-m64" "/tmp/rustcS3MPNh/symbols.o" "/opt/rustwide/target/debug/deps/struqture_py-4ac2aa3cc3a1c7d6.struqture_py.3e8269ec8852f1a0-cgu.00.rcgu.o" "/opt/rustwide/target/debug/deps/struqture_py-4ac2aa3cc3a1c7d6.struqture_py.3e8269ec8852f1a0-cgu.01.rcgu.o" "/opt/rustwide/target/debug/deps/struqture_py-4ac2aa3cc3a1c7d6.struqture_py.3e8269ec8852f1a0-cgu.02.rcgu.o" "/opt/rustwide/target/debug/deps/struqture_py-4ac2aa3cc3a1c7d6.struqture_py.3e8269ec8852f1a0-cgu.03.rcgu.o" "/opt/rustwide/target/debug/deps/struqture_py-4ac2aa3cc3a1c7d6.struqture_py.3e8269ec8852f1a0-cgu.04.rcgu.o" "/opt/rustwide/target/debug/deps/struqture_py-4ac2aa3cc3a1c7d6.struqture_py.3e8269ec8852f1a0-cgu.05.rcgu.o" "/opt/rustwide/target/debug/deps/struqture_py-4ac2aa3cc3a1c7d6.struqture_py.3e8269ec8852f1a0-cgu.06.rcgu.o" "/opt/rustwide/target/debug/deps/struqture_py-4ac2aa3cc3a1c7d6.struqture_py.3e8269ec8852f1a0-cgu.07.rcgu.o" "/opt/rustwide/target/debug/deps/struqture_py-4ac2aa3cc3a1c7d6.struqture_py.3e8269ec8852f1a0-cgu.08.rcgu.o" "/opt/rustwide/target/debug/deps/struqture_py-4ac2aa3cc3a1c7d6.struqture_py.3e8269ec8852f1a0-cgu.09.rcgu.o" "/opt/rustwide/target/debug/deps/struqture_py-4ac2aa3cc3a1c7d6.struqture_py.3e8269ec8852f1a0-cgu.10.rcgu.o" "/opt/rustwide/target/debug/deps/struqture_py-4ac2aa3cc3a1c7d6.struqture_py.3e8269ec8852f1a0-cgu.11.rcgu.o" "/opt/rustwide/target/debug/deps/struqture_py-4ac2aa3cc3a1c7d6.struqture_py.3e8269ec8852f1a0-cgu.12.rcgu.o" "/opt/rustwide/target/debug/deps/struqture_py-4ac2aa3cc3a1c7d6.struqture_py.3e8269ec8852f1a0-cgu.13.rcgu.o" "/opt/rustwide/target/debug/deps/struqture_py-4ac2aa3cc3a1c7d6.struqture_py.3e8269ec8852f1a0-cgu.14.rcgu.o" "/opt/rustwide/target/debug/deps/struqture_py-4ac2aa3cc3a1c7d6.struqture_py.3e8269ec8852f1a0-cgu.15.rcgu.o" "/opt/rustwide/target/debug/deps/struqture_py-4ac2aa3cc3a1c7d6.194eevygyk5zf3h1b0m493xdo.rcgu.o" "-Wl,--as-needed" "-Wl,-Bstatic" "/opt/rustwide/rustup-home/toolchains/nightly-2024-10-28-x86_64-unknown-linux-gnu/lib/rustlib/x86_64-unknown-linux-gnu/lib/libtest-a09fad3b5321e7d6.rlib" "/opt/rustwide/rustup-home/toolchains/nightly-2024-10-28-x86_64-unknown-linux-gnu/lib/rustlib/x86_64-unknown-linux-gnu/lib/libgetopts-f9c3dff41ad42661.rlib" "/opt/rustwide/rustup-home/toolchains/nightly-2024-10-28-x86_64-unknown-linux-gnu/lib/rustlib/x86_64-unknown-linux-gnu/lib/libunicode_width-ad2aef31af6addd3.rlib" "/opt/rustwide/rustup-home/toolchains/nightly-2024-10-28-x86_64-unknown-linux-gnu/lib/rustlib/x86_64-unknown-linux-gnu/lib/librustc_std_workspace_std-e3f907dc03deb913.rlib" "/opt/rustwide/target/debug/deps/libnumpy-0c8eb985c180e663.rlib" "/opt/rustwide/target/debug/deps/librustc_hash-449b4f68ddd88550.rlib" "/opt/rustwide/target/debug/deps/libndarray-6a49ec559589e671.rlib" "/opt/rustwide/target/debug/deps/libmatrixmultiply-f4ef83edbd5be4df.rlib" "/opt/rustwide/target/debug/deps/libnum_integer-d775e63dfa3bce90.rlib" "/opt/rustwide/target/debug/deps/librawpointer-9a82b3d0237eca24.rlib" "/opt/rustwide/target/debug/deps/libqoqo_calculator_pyo3-9278f303d255e0cd.rlib" "/opt/rustwide/target/debug/deps/libbincode-90dafe0f7e4a179c.rlib" "/opt/rustwide/target/debug/deps/libstruqture-9e200f70d763e260.rlib" "/opt/rustwide/target/debug/deps/libitertools-606cceed5b988775.rlib" "/opt/rustwide/target/debug/deps/libeither-386a0ff0e76518e4.rlib" "/opt/rustwide/target/debug/deps/libindexmap-dc95a38cbf6415fa.rlib" "/opt/rustwide/target/debug/deps/libequivalent-9e89cbd86631a94f.rlib" "/opt/rustwide/target/debug/deps/libhashbrown-29cea3b674da82b3.rlib" "/opt/rustwide/target/debug/deps/libtinyvec-dc87cfbb7a1a94d7.rlib" "/opt/rustwide/target/debug/deps/libtinyvec_macros-66661c55905090ec.rlib" "/opt/rustwide/target/debug/deps/libqoqo_calculator-ec744f25c6cf2a6f.rlib" "/opt/rustwide/target/debug/deps/libthiserror-bd4dc20d74d8d012.rlib" "/opt/rustwide/target/debug/deps/libschemars-d7ea8f5c052fec0c.rlib" "/opt/rustwide/target/debug/deps/libdyn_clone-199529a542abdc70.rlib" "/opt/rustwide/target/debug/deps/libserde_json-ce163c53f8b5b0c7.rlib" "/opt/rustwide/target/debug/deps/libmemchr-34eb650b64c0b1fd.rlib" "/opt/rustwide/target/debug/deps/libitoa-add5260810035b6e.rlib" "/opt/rustwide/target/debug/deps/libryu-2ae7af5af0bb88e0.rlib" "/opt/rustwide/target/debug/deps/libpyo3-d72a60e57e2a5021.rlib" "/opt/rustwide/target/debug/deps/libmemoffset-2a36707ba2ee8ddf.rlib" "/opt/rustwide/target/debug/deps/libportable_atomic-3fc6fe1a5f5af45f.rlib" "/opt/rustwide/target/debug/deps/libparking_lot-48105096751b50b5.rlib" "/opt/rustwide/target/debug/deps/libparking_lot_core-065241234d420790.rlib" "/opt/rustwide/target/debug/deps/libcfg_if-57bf25c23e31efdb.rlib" "/opt/rustwide/target/debug/deps/libsmallvec-756ee87804f0eec5.rlib" "/opt/rustwide/target/debug/deps/liblock_api-e2cb0d427dfba242.rlib" "/opt/rustwide/target/debug/deps/libscopeguard-003ee3b9b09cebdb.rlib" "/opt/rustwide/target/debug/deps/libpyo3_ffi-ff6980f5662977ca.rlib" "/opt/rustwide/target/debug/deps/liblibc-663f09ba3db1840e.rlib" "/opt/rustwide/target/debug/deps/libnum_complex-1e08d1ce4e91468b.rlib" "/opt/rustwide/target/debug/deps/libserde-cbbb8e15f0d458b7.rlib" "/opt/rustwide/target/debug/deps/libnum_traits-f4156d1e802a5c62.rlib" "/opt/rustwide/target/debug/deps/libinventory-1f923eb2f657efbc.rlib" "/opt/rustwide/target/debug/deps/libunindent-d4a81d586b9d0458.rlib" "/opt/rustwide/rustup-home/toolchains/nightly-2024-10-28-x86_64-unknown-linux-gnu/lib/rustlib/x86_64-unknown-linux-gnu/lib/libstd-fb8c387236db3c10.rlib" "/opt/rustwide/rustup-home/toolchains/nightly-2024-10-28-x86_64-unknown-linux-gnu/lib/rustlib/x86_64-unknown-linux-gnu/lib/libpanic_unwind-b251837809b2f64b.rlib" "/opt/rustwide/rustup-home/toolchains/nightly-2024-10-28-x86_64-unknown-linux-gnu/lib/rustlib/x86_64-unknown-linux-gnu/lib/libobject-cbef83eaa4e01f04.rlib" "/opt/rustwide/rustup-home/toolchains/nightly-2024-10-28-x86_64-unknown-linux-gnu/lib/rustlib/x86_64-unknown-linux-gnu/lib/libmemchr-12a772286de2fca7.rlib" "/opt/rustwide/rustup-home/toolchains/nightly-2024-10-28-x86_64-unknown-linux-gnu/lib/rustlib/x86_64-unknown-linux-gnu/lib/libaddr2line-023bbe5ada7abfc3.rlib" "/opt/rustwide/rustup-home/toolchains/nightly-2024-10-28-x86_64-unknown-linux-gnu/lib/rustlib/x86_64-unknown-linux-gnu/lib/libgimli-de2bcdf10ec69c2b.rlib" "/opt/rustwide/rustup-home/toolchains/nightly-2024-10-28-x86_64-unknown-linux-gnu/lib/rustlib/x86_64-unknown-linux-gnu/lib/librustc_demangle-8e1754df350800fd.rlib" "/opt/rustwide/rustup-home/toolchains/nightly-2024-10-28-x86_64-unknown-linux-gnu/lib/rustlib/x86_64-unknown-linux-gnu/lib/libstd_detect-06c2ab7b9c32e037.rlib" "/opt/rustwide/rustup-home/toolchains/nightly-2024-10-28-x86_64-unknown-linux-gnu/lib/rustlib/x86_64-unknown-linux-gnu/lib/libhashbrown-51d2621fc57a281b.rlib" "/opt/rustwide/rustup-home/toolchains/nightly-2024-10-28-x86_64-unknown-linux-gnu/lib/rustlib/x86_64-unknown-linux-gnu/lib/librustc_std_workspace_alloc-54a930408793772f.rlib" "/opt/rustwide/rustup-home/toolchains/nightly-2024-10-28-x86_64-unknown-linux-gnu/lib/rustlib/x86_64-unknown-linux-gnu/lib/libminiz_oxide-0c7d01cba400dcb2.rlib" "/opt/rustwide/rustup-home/toolchains/nightly-2024-10-28-x86_64-unknown-linux-gnu/lib/rustlib/x86_64-unknown-linux-gnu/lib/libadler-b9f84d69e331b75b.rlib" "/opt/rustwide/rustup-home/toolchains/nightly-2024-10-28-x86_64-unknown-linux-gnu/lib/rustlib/x86_64-unknown-linux-gnu/lib/libunwind-eec95493246aae39.rlib" "/opt/rustwide/rustup-home/toolchains/nightly-2024-10-28-x86_64-unknown-linux-gnu/lib/rustlib/x86_64-unknown-linux-gnu/lib/libcfg_if-6f6676c475e08ab0.rlib" "/opt/rustwide/rustup-home/toolchains/nightly-2024-10-28-x86_64-unknown-linux-gnu/lib/rustlib/x86_64-unknown-linux-gnu/lib/liblibc-799d520624f8b2e0.rlib" "/opt/rustwide/rustup-home/toolchains/nightly-2024-10-28-x86_64-unknown-linux-gnu/lib/rustlib/x86_64-unknown-linux-gnu/lib/liballoc-fcf93d4842acd9a9.rlib" "/opt/rustwide/rustup-home/toolchains/nightly-2024-10-28-x86_64-unknown-linux-gnu/lib/rustlib/x86_64-unknown-linux-gnu/lib/librustc_std_workspace_core-395a38b8e0851c9b.rlib" "/opt/rustwide/rustup-home/toolchains/nightly-2024-10-28-x86_64-unknown-linux-gnu/lib/rustlib/x86_64-unknown-linux-gnu/lib/libcore-d453bab70303062c.rlib" "/opt/rustwide/rustup-home/toolchains/nightly-2024-10-28-x86_64-unknown-linux-gnu/lib/rustlib/x86_64-unknown-linux-gnu/lib/libcompiler_builtins-0e6386368b0a24e8.rlib" "-Wl,-Bdynamic" "-lgcc_s" "-lutil" "-lrt" "-lpthread" "-lm" "-ldl" "-lc" "-B/opt/rustwide/rustup-home/toolchains/nightly-2024-10-28-x86_64-unknown-linux-gnu/lib/rustlib/x86_64-unknown-linux-gnu/bin/gcc-ld" "-fuse-ld=lld" "-Wl,--eh-frame-hdr" "-Wl,-z,noexecstack" "-L" "/opt/rustwide/rustup-home/toolchains/nightly-2024-10-28-x86_64-unknown-linux-gnu/lib/rustlib/x86_64-unknown-linux-gnu/lib" "-o" "/opt/rustwide/target/debug/deps/struqture_py-4ac2aa3cc3a1c7d6" "-Wl,--gc-sections" "-pie" "-Wl,-z,relro,-z,now" "-nodefaultlibs"
[INFO] [stdout]   = note: rust-lld: error: undefined symbol: PyList_New
[INFO] [stdout]           >>> referenced by list.rs:33 (/opt/rustwide/cargo-home/registry/src/index.crates.io-6f17d22bba15001f/pyo3-0.21.2/src/types/list.rs:33)
[INFO] [stdout]           >>>               /opt/rustwide/target/debug/deps/struqture_py-4ac2aa3cc3a1c7d6.struqture_py.3e8269ec8852f1a0-cgu.04.rcgu.o:(pyo3::types::list::new_from_iter::h98825af30d9857b3)
[INFO] [stdout]           
[INFO] [stdout]           rust-lld: error: undefined symbol: PyTuple_New
[INFO] [stdout]           >>> referenced by tuple.rs:718 (/opt/rustwide/cargo-home/registry/src/index.crates.io-6f17d22bba15001f/pyo3-0.21.2/src/types/tuple.rs:718)
[INFO] [stdout]           >>>               /opt/rustwide/target/debug/deps/struqture_py-4ac2aa3cc3a1c7d6.struqture_py.3e8269ec8852f1a0-cgu.05.rcgu.o:(pyo3::types::tuple::array_into_tuple::h24281f82c8319f44)
[INFO] [stdout]           >>> referenced by tuple.rs:718 (src/types/tuple.rs:718)
[INFO] [stdout]           >>>               pyo3-d72a60e57e2a5021.pyo3.47e4bb050626c297-cgu.12.rcgu.o:(pyo3::types::tuple::array_into_tuple::h7bd26a1ae5a706c6) in archive /opt/rustwide/target/debug/deps/libpyo3-d72a60e57e2a5021.rlib
[INFO] [stdout]           >>> referenced by tuple.rs:718 (src/types/tuple.rs:718)
[INFO] [stdout]           >>>               pyo3-d72a60e57e2a5021.pyo3.47e4bb050626c297-cgu.12.rcgu.o:(pyo3::types::tuple::array_into_tuple::hf426f27e47fb8c04) in archive /opt/rustwide/target/debug/deps/libpyo3-d72a60e57e2a5021.rlib
[INFO] [stdout]           
[INFO] [stdout]           rust-lld: error: undefined symbol: _Py_Dealloc
[INFO] [stdout]           >>> referenced by object.rs:633 (/opt/rustwide/cargo-home/registry/src/index.crates.io-6f17d22bba15001f/pyo3-ffi-0.21.2/src/object.rs:633)
[INFO] [stdout]           >>>               /opt/rustwide/target/debug/deps/struqture_py-4ac2aa3cc3a1c7d6.struqture_py.3e8269ec8852f1a0-cgu.03.rcgu.o:(struqture_py::fermions::hermitian_fermion_product::_::__INVENTORY::__wrap::_$u7b$$u7b$closure$u7d$$u7d$::hf00cb2167e018b73)
[INFO] [stdout]           >>> referenced by object.rs:633 (/opt/rustwide/cargo-home/registry/src/index.crates.io-6f17d22bba15001f/pyo3-ffi-0.21.2/src/object.rs:633)
[INFO] [stdout]           >>>               /opt/rustwide/target/debug/deps/struqture_py-4ac2aa3cc3a1c7d6.struqture_py.3e8269ec8852f1a0-cgu.03.rcgu.o:(struqture_py::mixed_systems::mixed_system::_::__INVENTORY::__wrap::_$u7b$$u7b$closure$u7d$$u7d$::hbbc2cf116e97f470)
[INFO] [stdout]           >>> referenced by object.rs:633 (/opt/rustwide/cargo-home/registry/src/index.crates.io-6f17d22bba15001f/pyo3-ffi-0.21.2/src/object.rs:633)
[INFO] [stdout]           >>>               /opt/rustwide/target/debug/deps/struqture_py-4ac2aa3cc3a1c7d6.struqture_py.3e8269ec8852f1a0-cgu.03.rcgu.o:(struqture_py::mixed_systems::mixed_system::_::__INVENTORY::__wrap::_$u7b$$u7b$closure$u7d$$u7d$::hf62deed088e9d28c)
[INFO] [stdout]           >>> referenced 121 more times
[INFO] [stdout]           
[INFO] [stdout]           rust-lld: error: undefined symbol: PySequence_Check
[INFO] [stdout]           >>> referenced by sequence.rs:504 (/opt/rustwide/cargo-home/registry/src/index.crates.io-6f17d22bba15001f/pyo3-0.21.2/src/types/sequence.rs:504)
[INFO] [stdout]           >>>               /opt/rustwide/target/debug/deps/struqture_py-4ac2aa3cc3a1c7d6.struqture_py.3e8269ec8852f1a0-cgu.02.rcgu.o:(pyo3::types::sequence::extract_sequence::h3926c6b21edd7277)
[INFO] [stdout]           >>> referenced by sequence.rs:504 (/opt/rustwide/cargo-home/registry/src/index.crates.io-6f17d22bba15001f/pyo3-0.21.2/src/types/sequence.rs:504)
[INFO] [stdout]           >>>               /opt/rustwide/target/debug/deps/struqture_py-4ac2aa3cc3a1c7d6.struqture_py.3e8269ec8852f1a0-cgu.02.rcgu.o:(pyo3::types::sequence::extract_sequence::h8777967de4053055)
[INFO] [stdout]           >>> referenced by sequence.rs:504 (/opt/rustwide/cargo-home/registry/src/index.crates.io-6f17d22bba15001f/pyo3-0.21.2/src/types/sequence.rs:504)
[INFO] [stdout]           >>>               /opt/rustwide/target/debug/deps/struqture_py-4ac2aa3cc3a1c7d6.struqture_py.3e8269ec8852f1a0-cgu.02.rcgu.o:(pyo3::types::sequence::extract_sequence::hf09af411d858a6a5)
[INFO] [stdout]           >>> referenced 2 more times
[INFO] [stdout]           
[INFO] [stdout]           rust-lld: error: undefined symbol: PySequence_Size
[INFO] [stdout]           >>> referenced by sequence.rs:295 (/opt/rustwide/cargo-home/registry/src/index.crates.io-6f17d22bba15001f/pyo3-0.21.2/src/types/sequence.rs:295)
[INFO] [stdout]           >>>               /opt/rustwide/target/debug/deps/struqture_py-4ac2aa3cc3a1c7d6.struqture_py.3e8269ec8852f1a0-cgu.06.rcgu.o:(_$LT$pyo3..instance..Bound$LT$pyo3..types..sequence..PySequence$GT$$u20$as$u20$pyo3..types..sequence..PySequenceMethods$GT$::len::h07d0a8e482de5382)
[INFO] [stdout]           >>> referenced by sequence.rs:295 (/opt/rustwide/cargo-home/registry/src/index.crates.io-6f17d22bba15001f/pyo3-0.21.2/src/types/sequence.rs:295)
[INFO] [stdout]           >>>               numpy-0c8eb985c180e663.numpy.2c84ec7a72c4f86-cgu.5.rcgu.o:(_$LT$pyo3..instance..Bound$LT$pyo3..types..sequence..PySequence$GT$$u20$as$u20$pyo3..types..sequence..PySequenceMethods$GT$::len::h2ff544eb544c46be) in archive /opt/rustwide/target/debug/deps/libnumpy-0c8eb985c180e663.rlib
[INFO] [stdout]           
[INFO] [stdout]           rust-lld: error: undefined symbol: PyObject_GC_UnTrack
[INFO] [stdout]           >>> referenced by pyclass.rs:1125 (/opt/rustwide/cargo-home/registry/src/index.crates.io-6f17d22bba15001f/pyo3-0.21.2/src/impl_/pyclass.rs:1125)
[INFO] [stdout]           >>>               /opt/rustwide/target/debug/deps/struqture_py-4ac2aa3cc3a1c7d6.struqture_py.3e8269ec8852f1a0-cgu.14.rcgu.o:(pyo3::impl_::pyclass::tp_dealloc_with_gc::h0950c80f7b55ce24)
[INFO] [stdout]           >>> referenced by pyclass.rs:1125 (/opt/rustwide/cargo-home/registry/src/index.crates.io-6f17d22bba15001f/pyo3-0.21.2/src/impl_/pyclass.rs:1125)
[INFO] [stdout]           >>>               /opt/rustwide/target/debug/deps/struqture_py-4ac2aa3cc3a1c7d6.struqture_py.3e8269ec8852f1a0-cgu.14.rcgu.o:(pyo3::impl_::pyclass::tp_dealloc_with_gc::h122d892518901a56)
[INFO] [stdout]           >>> referenced by pyclass.rs:1125 (/opt/rustwide/cargo-home/registry/src/index.crates.io-6f17d22bba15001f/pyo3-0.21.2/src/impl_/pyclass.rs:1125)
[INFO] [stdout]           >>>               /opt/rustwide/target/debug/deps/struqture_py-4ac2aa3cc3a1c7d6.struqture_py.3e8269ec8852f1a0-cgu.14.rcgu.o:(pyo3::impl_::pyclass::tp_dealloc_with_gc::h24f9341324b0418b)
[INFO] [stdout]           >>> referenced 31 more times
[INFO] [stdout]           
[INFO] [stdout]           rust-lld: error: undefined symbol: PyDict_Next
[INFO] [stdout]           >>> referenced by dict.rs:631 (/opt/rustwide/cargo-home/registry/src/index.crates.io-6f17d22bba15001f/pyo3-0.21.2/src/types/dict.rs:631)
[INFO] [stdout]           >>>               /opt/rustwide/target/debug/deps/struqture_py-4ac2aa3cc3a1c7d6.struqture_py.3e8269ec8852f1a0-cgu.15.rcgu.o:(_$LT$pyo3..types..dict..BoundDictIterator$u20$as$u20$core..iter..traits..iterator..Iterator$GT$::next::hdf3fd755af0807fd)
[INFO] [stdout]           >>> referenced by dict.rs:712 (/opt/rustwide/cargo-home/registry/src/index.crates.io-6f17d22bba15001f/pyo3-0.21.2/src/types/dict.rs:712)
[INFO] [stdout]           >>>               qoqo_calculator_pyo3-9278f303d255e0cd.qoqo_calculator_pyo3.32681e279481ef63-cgu.09.rcgu.o:(_$LT$pyo3..types..dict..borrowed_iter..BorrowedDictIter$u20$as$u20$core..iter..traits..iterator..Iterator$GT$::next::h6986679f3e56566c) in archive /opt/rustwide/target/debug/deps/libqoqo_calculator_pyo3-9278f303d255e0cd.rlib
[INFO] [stdout]           
[INFO] [stdout]           rust-lld: error: undefined symbol: _Py_NotImplementedStruct
[INFO] [stdout]           >>> referenced by object.rs:738 (/opt/rustwide/cargo-home/registry/src/index.crates.io-6f17d22bba15001f/pyo3-ffi-0.21.2/src/object.rs:738)
[INFO] [stdout]           >>>               /opt/rustwide/target/debug/deps/struqture_py-4ac2aa3cc3a1c7d6.struqture_py.3e8269ec8852f1a0-cgu.10.rcgu.o:(pyo3_ffi::object::Py_NotImplemented::h1e10c53f53049a04)
[INFO] [stdout]           >>> referenced by object.rs:738 (/opt/rustwide/cargo-home/registry/src/index.crates.io-6f17d22bba15001f/pyo3-ffi-0.21.2/src/object.rs:738)
[INFO] [stdout]           >>>               qoqo_calculator_pyo3-9278f303d255e0cd.qoqo_calculator_pyo3.32681e279481ef63-cgu.05.rcgu.o:(pyo3_ffi::object::Py_NotImplemented::h26e358c55fd2cff4) in archive /opt/rustwide/target/debug/deps/libqoqo_calculator_pyo3-9278f303d255e0cd.rlib
[INFO] [stdout]           
[INFO] [stdout]           rust-lld: error: undefined symbol: PyType_IsSubtype
[INFO] [stdout]           >>> referenced by object.rs:287 (/opt/rustwide/cargo-home/registry/src/index.crates.io-6f17d22bba15001f/pyo3-ffi-0.21.2/src/object.rs:287)
[INFO] [stdout]           >>>               /opt/rustwide/target/debug/deps/struqture_py-4ac2aa3cc3a1c7d6.struqture_py.3e8269ec8852f1a0-cgu.10.rcgu.o:(pyo3_ffi::object::PyObject_TypeCheck::h8848aa4bbb9baca4)
[INFO] [stdout]           >>> referenced by object.rs:287 (/opt/rustwide/cargo-home/registry/src/index.crates.io-6f17d22bba15001f/pyo3-ffi-0.21.2/src/object.rs:287)
[INFO] [stdout]           >>>               qoqo_calculator_pyo3-9278f303d255e0cd.qoqo_calculator_pyo3.32681e279481ef63-cgu.05.rcgu.o:(pyo3_ffi::object::PyObject_TypeCheck::h79728731bd59c3af) in archive /opt/rustwide/target/debug/deps/libqoqo_calculator_pyo3-9278f303d255e0cd.rlib
[INFO] [stdout]           >>> referenced by object.rs:287 (/opt/rustwide/cargo-home/registry/src/index.crates.io-6f17d22bba15001f/pyo3-ffi-0.21.2/src/object.rs:287)
[INFO] [stdout]           >>>               pyo3-d72a60e57e2a5021.pyo3.47e4bb050626c297-cgu.15.rcgu.o:(pyo3_ffi::object::PyObject_TypeCheck::hd79530784d1be671) in archive /opt/rustwide/target/debug/deps/libpyo3-d72a60e57e2a5021.rlib
[INFO] [stdout]           
[INFO] [stdout]           rust-lld: error: undefined symbol: _Py_NoneStruct
[INFO] [stdout]           >>> referenced by object.rs:713 (/opt/rustwide/cargo-home/registry/src/index.crates.io-6f17d22bba15001f/pyo3-ffi-0.21.2/src/object.rs:713)
[INFO] [stdout]           >>>               /opt/rustwide/target/debug/deps/struqture_py-4ac2aa3cc3a1c7d6.struqture_py.3e8269ec8852f1a0-cgu.10.rcgu.o:(pyo3_ffi::object::Py_None::h1f1b9cf7bd229941)
[INFO] [stdout]           >>> referenced by object.rs:713 (/opt/rustwide/cargo-home/registry/src/index.crates.io-6f17d22bba15001f/pyo3-ffi-0.21.2/src/object.rs:713)
[INFO] [stdout]           >>>               qoqo_calculator_pyo3-9278f303d255e0cd.qoqo_calculator_pyo3.32681e279481ef63-cgu.05.rcgu.o:(pyo3_ffi::object::Py_None::he6a8ff4133ab70ad) in archive /opt/rustwide/target/debug/deps/libqoqo_calculator_pyo3-9278f303d255e0cd.rlib
[INFO] [stdout]           >>> referenced by object.rs:713 (/opt/rustwide/cargo-home/registry/src/index.crates.io-6f17d22bba15001f/pyo3-ffi-0.21.2/src/object.rs:713)
[INFO] [stdout]           >>>               pyo3-d72a60e57e2a5021.pyo3.47e4bb050626c297-cgu.15.rcgu.o:(pyo3_ffi::object::Py_None::h30cec3a97bc76514) in archive /opt/rustwide/target/debug/deps/libpyo3-d72a60e57e2a5021.rlib
[INFO] [stdout]           
[INFO] [stdout]           rust-lld: error: undefined symbol: PyBaseObject_Type
[INFO] [stdout]           >>> referenced by impl_.rs:223 (/opt/rustwide/cargo-home/registry/src/index.crates.io-6f17d22bba15001f/pyo3-0.21.2/src/pycell/impl_.rs:223)
[INFO] [stdout]           >>>               numpy-0c8eb985c180e663.numpy.2c84ec7a72c4f86-cgu.2.rcgu.o:(_$LT$pyo3..pycell..impl_..PyClassObjectBase$LT$U$GT$$u20$as$u20$pyo3..pycell..impl_..PyClassObjectLayout$LT$T$GT$$GT$::tp_dealloc::h60521549fa5bbb04) in archive /opt/rustwide/target/debug/deps/libnumpy-0c8eb985c180e663.rlib
[INFO] [stdout]           >>> referenced by mod.rs:226 (/opt/rustwide/cargo-home/registry/src/index.crates.io-6f17d22bba15001f/pyo3-0.21.2/src/types/mod.rs:226)
[INFO] [stdout]           >>>               numpy-0c8eb985c180e663.numpy.2c84ec7a72c4f86-cgu.3.rcgu.o:(_$LT$pyo3..types..any..PyAny$u20$as$u20$pyo3..type_object..PyTypeInfo$GT$::type_object_raw::_$u7b$$u7b$closure$u7d$$u7d$::h20b38e9d05e090d1) in archive /opt/rustwide/target/debug/deps/libnumpy-0c8eb985c180e663.rlib
[INFO] [stdout]           >>> referenced by impl_.rs:223 (/opt/rustwide/cargo-home/registry/src/index.crates.io-6f17d22bba15001f/pyo3-0.21.2/src/pycell/impl_.rs:223)
[INFO] [stdout]           >>>               qoqo_calculator_pyo3-9278f303d255e0cd.qoqo_calculator_pyo3.32681e279481ef63-cgu.05.rcgu.o:(_$LT$pyo3..pycell..impl_..PyClassObjectBase$LT$U$GT$$u20$as$u20$pyo3..pycell..impl_..PyClassObjectLayout$LT$T$GT$$GT$::tp_dealloc::h9a183dd357e82ad8) in archive /opt/rustwide/target/debug/deps/libqoqo_calculator_pyo3-9278f303d255e0cd.rlib
[INFO] [stdout]           >>> referenced 2 more times
[INFO] [stdout]           
[INFO] [stdout]           rust-lld: error: undefined symbol: PyObject_GC_Track
[INFO] [stdout]           >>> referenced by impl_.rs:236 (/opt/rustwide/cargo-home/registry/src/index.crates.io-6f17d22bba15001f/pyo3-0.21.2/src/pycell/impl_.rs:236)
[INFO] [stdout]           >>>               numpy-0c8eb985c180e663.numpy.2c84ec7a72c4f86-cgu.2.rcgu.o:(_$LT$pyo3..pycell..impl_..PyClassObjectBase$LT$U$GT$$u20$as$u20$pyo3..pycell..impl_..PyClassObjectLayout$LT$T$GT$$GT$::tp_dealloc::h60521549fa5bbb04) in archive /opt/rustwide/target/debug/deps/libnumpy-0c8eb985c180e663.rlib
[INFO] [stdout]           >>> referenced by impl_.rs:236 (/opt/rustwide/cargo-home/registry/src/index.crates.io-6f17d22bba15001f/pyo3-0.21.2/src/pycell/impl_.rs:236)
[INFO] [stdout]           >>>               qoqo_calculator_pyo3-9278f303d255e0cd.qoqo_calculator_pyo3.32681e279481ef63-cgu.05.rcgu.o:(_$LT$pyo3..pycell..impl_..PyClassObjectBase$LT$U$GT$$u20$as$u20$pyo3..pycell..impl_..PyClassObjectLayout$LT$T$GT$$GT$::tp_dealloc::h9a183dd357e82ad8) in archive /opt/rustwide/target/debug/deps/libqoqo_calculator_pyo3-9278f303d255e0cd.rlib
[INFO] [stdout]           
[INFO] [stdout]           rust-lld: error: undefined symbol: PyErr_WriteUnraisable
[INFO] [stdout]           >>> referenced by mod.rs:721 (/opt/rustwide/cargo-home/registry/src/index.crates.io-6f17d22bba15001f/pyo3-0.21.2/src/err/mod.rs:721)
[INFO] [stdout]           >>>               numpy-0c8eb985c180e663.numpy.2c84ec7a72c4f86-cgu.4.rcgu.o:(pyo3::err::PyErr::write_unraisable_bound::he92145fac7de65db) in archive /opt/rustwide/target/debug/deps/libnumpy-0c8eb985c180e663.rlib
[INFO] [stdout]           >>> referenced by mod.rs:721 (/opt/rustwide/cargo-home/registry/src/index.crates.io-6f17d22bba15001f/pyo3-0.21.2/src/err/mod.rs:721)
[INFO] [stdout]           >>>               qoqo_calculator_pyo3-9278f303d255e0cd.qoqo_calculator_pyo3.32681e279481ef63-cgu.09.rcgu.o:(pyo3::err::PyErr::write_unraisable_bound::h5425f5afc45fc1ad) in archive /opt/rustwide/target/debug/deps/libqoqo_calculator_pyo3-9278f303d255e0cd.rlib
[INFO] [stdout]           >>> referenced by mod.rs:721 (src/err/mod.rs:721)
[INFO] [stdout]           >>>               pyo3-d72a60e57e2a5021.pyo3.47e4bb050626c297-cgu.13.rcgu.o:(pyo3::err::PyErr::write_unraisable_bound::h49696a9e3d85d837) in archive /opt/rustwide/target/debug/deps/libpyo3-d72a60e57e2a5021.rlib
[INFO] [stdout]           
[INFO] [stdout]           rust-lld: error: undefined symbol: PyCapsule_Type
[INFO] [stdout]           >>> referenced by pycapsule.rs:15 (/opt/rustwide/cargo-home/registry/src/index.crates.io-6f17d22bba15001f/pyo3-ffi-0.21.2/src/pycapsule.rs:15)
[INFO] [stdout]           >>>               numpy-0c8eb985c180e663.numpy.2c84ec7a72c4f86-cgu.4.rcgu.o:(pyo3_ffi::pycapsule::PyCapsule_CheckExact::h5af138c2a9fd4d35) in archive /opt/rustwide/target/debug/deps/libnumpy-0c8eb985c180e663.rlib
[INFO] [stdout]           
[INFO] [stdout]           rust-lld: error: undefined symbol: PyObject_VectorcallMethod
[INFO] [stdout]           >>> referenced by abstract_.rs:206 (/opt/rustwide/cargo-home/registry/src/index.crates.io-6f17d22bba15001f/pyo3-ffi-0.21.2/src/cpython/abstract_.rs:206)
[INFO] [stdout]           >>>               qoqo_calculator_pyo3-9278f303d255e0cd.qoqo_calculator_pyo3.32681e279481ef63-cgu.07.rcgu.o:(_$LT$pyo3..instance..Bound$LT$pyo3..types..any..PyAny$GT$$u20$as$u20$pyo3..types..any..PyAnyMethods$GT$::call_method0::ha4bdd63e94c1839a) in archive /opt/rustwide/target/debug/deps/libqoqo_calculator_pyo3-9278f303d255e0cd.rlib
[INFO] [stdout]           
[INFO] [stdout]           rust-lld: error: undefined symbol: _Py_TrueStruct
[INFO] [stdout]           >>> referenced by boolobject.rs:47 (/opt/rustwide/cargo-home/registry/src/index.crates.io-6f17d22bba15001f/pyo3-ffi-0.21.2/src/boolobject.rs:47)
[INFO] [stdout]           >>>               qoqo_calculator_pyo3-9278f303d255e0cd.qoqo_calculator_pyo3.32681e279481ef63-cgu.08.rcgu.o:(pyo3_ffi::boolobject::Py_True::h6b3e4b6d0e9b5b19) in archive /opt/rustwide/target/debug/deps/libqoqo_calculator_pyo3-9278f303d255e0cd.rlib
[INFO] [stdout]           
[INFO] [stdout]           rust-lld: error: undefined symbol: _Py_FalseStruct
[INFO] [stdout]           >>> referenced by boolobject.rs:39 (/opt/rustwide/cargo-home/registry/src/index.crates.io-6f17d22bba15001f/pyo3-ffi-0.21.2/src/boolobject.rs:39)
[INFO] [stdout]           >>>               qoqo_calculator_pyo3-9278f303d255e0cd.qoqo_calculator_pyo3.32681e279481ef63-cgu.08.rcgu.o:(pyo3_ffi::boolobject::Py_False::h59e4042fed4e882d) in archive /opt/rustwide/target/debug/deps/libqoqo_calculator_pyo3-9278f303d255e0cd.rlib
[INFO] [stdout]           
[INFO] [stdout]           rust-lld: error: undefined symbol: PyExc_ZeroDivisionError
[INFO] [stdout]           >>> referenced by exceptions.rs:305 (/opt/rustwide/cargo-home/registry/src/index.crates.io-6f17d22bba15001f/pyo3-0.21.2/src/exceptions.rs:305)
[INFO] [stdout]           >>>               qoqo_calculator_pyo3-9278f303d255e0cd.qoqo_calculator_pyo3.32681e279481ef63-cgu.09.rcgu.o:(_$LT$pyo3..exceptions..PyZeroDivisionError$u20$as$u20$pyo3..type_object..PyTypeInfo$GT$::type_object_raw::_$u7b$$u7b$closure$u7d$$u7d$::h65440f846a2df67e) in archive /opt/rustwide/target/debug/deps/libqoqo_calculator_pyo3-9278f303d255e0cd.rlib
[INFO] [stdout]           
[INFO] [stdout]           rust-lld: error: undefined symbol: PyExc_NotImplementedError
[INFO] [stdout]           >>> referenced by exceptions.rs:305 (/opt/rustwide/cargo-home/registry/src/index.crates.io-6f17d22bba15001f/pyo3-0.21.2/src/exceptions.rs:305)
[INFO] [stdout]           >>>               qoqo_calculator_pyo3-9278f303d255e0cd.qoqo_calculator_pyo3.32681e279481ef63-cgu.09.rcgu.o:(_$LT$pyo3..exceptions..PyNotImplementedError$u20$as$u20$pyo3..type_object..PyTypeInfo$GT$::type_object_raw::_$u7b$$u7b$closure$u7d$$u7d$::h9ee25719b1ac26ad) in archive /opt/rustwide/target/debug/deps/libqoqo_calculator_pyo3-9278f303d255e0cd.rlib
[INFO] [stdout]           
[INFO] [stdout]           rust-lld: error: undefined symbol: PyExc_BaseException
[INFO] [stdout]           >>> referenced by exceptions.rs:305 (src/exceptions.rs:305)
[INFO] [stdout]           >>>               pyo3-d72a60e57e2a5021.pyo3.47e4bb050626c297-cgu.00.rcgu.o:(_$LT$pyo3..exceptions..PyBaseException$u20$as$u20$pyo3..type_object..PyTypeInfo$GT$::type_object_raw::_$u7b$$u7b$closure$u7d$$u7d$::h0a85b0a0ecafd58f) in archive /opt/rustwide/target/debug/deps/libpyo3-d72a60e57e2a5021.rlib
[INFO] [stdout]           
[INFO] [stdout]           rust-lld: error: too many errors emitted, stopping now (use --error-limit=0 to see all errors)
[INFO] [stdout]           collect2: error: ld returned 1 exit status
[INFO] [stdout]           
[INFO] [stdout] 
[INFO] [stdout] 
[INFO] [stderr] error: could not compile `struqture-py` (lib test) due to 1 previous error
[INFO] running `Command { std: "docker" "inspect" "50f4e2443dbd85606d9cb2f745b829a97fefb296164a60a6b161446c8e046b05", kill_on_drop: false }`
[INFO] running `Command { std: "docker" "rm" "-f" "50f4e2443dbd85606d9cb2f745b829a97fefb296164a60a6b161446c8e046b05", kill_on_drop: false }`
[INFO] [stdout] 50f4e2443dbd85606d9cb2f745b829a97fefb296164a60a6b161446c8e046b05
