[INFO] fetching crate strict_encoding_derive 2.7.0...
[INFO] testing strict_encoding_derive-2.7.0 against nightly-2024-10-28 for randomize-layout
[INFO] extracting crate strict_encoding_derive 2.7.0 into /workspace/builds/worker-1-tc1/source
[INFO] validating manifest of crates.io crate strict_encoding_derive 2.7.0 on toolchain nightly-2024-10-28
[INFO] running `Command { std: CARGO_HOME="/workspace/cargo-home" RUSTUP_HOME="/workspace/rustup-home" "/workspace/cargo-home/bin/cargo" "+nightly-2024-10-28" "metadata" "--manifest-path" "Cargo.toml" "--no-deps", kill_on_drop: false }`
[INFO] started tweaking crates.io crate strict_encoding_derive 2.7.0
[INFO] removed 0 missing tests
[INFO] finished tweaking crates.io crate strict_encoding_derive 2.7.0
[INFO] tweaked toml for crates.io crate strict_encoding_derive 2.7.0 written to /workspace/builds/worker-1-tc1/source/Cargo.toml
[INFO] running `Command { std: CARGO_HOME="/workspace/cargo-home" RUSTUP_HOME="/workspace/rustup-home" "/workspace/cargo-home/bin/cargo" "+nightly-2024-10-28" "generate-lockfile" "--manifest-path" "Cargo.toml", kill_on_drop: false }`
[INFO] [stderr]     Updating crates.io index
[INFO] [stderr]      Locking 79 packages to latest compatible versions
[INFO] [stderr]       Adding syn v1.0.109 (available: v2.0.86)
[INFO] running `Command { std: CARGO_HOME="/workspace/cargo-home" RUSTUP_HOME="/workspace/rustup-home" "/workspace/cargo-home/bin/cargo" "+nightly-2024-10-28" "fetch" "--manifest-path" "Cargo.toml", kill_on_drop: false }`
[INFO] running `Command { std: "docker" "create" "-v" "/var/lib/crater-agent-workspace/builds/worker-1-tc1/target:/opt/rustwide/target:rw,Z" "-v" "/var/lib/crater-agent-workspace/builds/worker-1-tc1/source:/opt/rustwide/workdir:ro,Z" "-v" "/var/lib/crater-agent-workspace/cargo-home:/opt/rustwide/cargo-home:ro,Z" "-v" "/var/lib/crater-agent-workspace/rustup-home:/opt/rustwide/rustup-home:ro,Z" "-e" "SOURCE_DIR=/opt/rustwide/workdir" "-e" "CARGO_TARGET_DIR=/opt/rustwide/target" "-e" "CARGO_HOME=/opt/rustwide/cargo-home" "-e" "RUSTUP_HOME=/opt/rustwide/rustup-home" "-w" "/opt/rustwide/workdir" "-m" "1610612736" "--user" "0:0" "--network" "none" "ghcr.io/rust-lang/crates-build-env/linux@sha256:4a844ea9eb2546a2d2c7022eacef16ef2e8229c7fbb2c7d4d55a9ceca922f72d" "/opt/rustwide/cargo-home/bin/cargo" "+nightly-2024-10-28" "metadata" "--no-deps" "--format-version=1", kill_on_drop: false }`
[INFO] [stdout] ff9fe6ec8cc208268b718ff91fc51037534b0ff0dd23380757447400d0a9ee0a
[INFO] running `Command { std: "docker" "start" "-a" "ff9fe6ec8cc208268b718ff91fc51037534b0ff0dd23380757447400d0a9ee0a", kill_on_drop: false }`
[INFO] running `Command { std: "docker" "inspect" "ff9fe6ec8cc208268b718ff91fc51037534b0ff0dd23380757447400d0a9ee0a", kill_on_drop: false }`
[INFO] running `Command { std: "docker" "rm" "-f" "ff9fe6ec8cc208268b718ff91fc51037534b0ff0dd23380757447400d0a9ee0a", kill_on_drop: false }`
[INFO] [stdout] ff9fe6ec8cc208268b718ff91fc51037534b0ff0dd23380757447400d0a9ee0a
[INFO] running `Command { std: "docker" "create" "-v" "/var/lib/crater-agent-workspace/builds/worker-1-tc1/target:/opt/rustwide/target:rw,Z" "-v" "/var/lib/crater-agent-workspace/builds/worker-1-tc1/source:/opt/rustwide/workdir:ro,Z" "-v" "/var/lib/crater-agent-workspace/cargo-home:/opt/rustwide/cargo-home:ro,Z" "-v" "/var/lib/crater-agent-workspace/rustup-home:/opt/rustwide/rustup-home:ro,Z" "-e" "SOURCE_DIR=/opt/rustwide/workdir" "-e" "CARGO_TARGET_DIR=/opt/rustwide/target" "-e" "CARGO_INCREMENTAL=0" "-e" "RUST_BACKTRACE=full" "-e" "RUSTFLAGS=--cap-lints=forbid" "-e" "RUSTDOCFLAGS=--cap-lints=forbid" "-e" "CARGO_HOME=/opt/rustwide/cargo-home" "-e" "RUSTUP_HOME=/opt/rustwide/rustup-home" "-w" "/opt/rustwide/workdir" "-m" "1610612736" "--user" "0:0" "--network" "none" "ghcr.io/rust-lang/crates-build-env/linux@sha256:4a844ea9eb2546a2d2c7022eacef16ef2e8229c7fbb2c7d4d55a9ceca922f72d" "/opt/rustwide/cargo-home/bin/cargo" "+nightly-2024-10-28" "build" "--frozen" "--message-format=json", kill_on_drop: false }`
[INFO] [stdout] ba7b9788f73ee38d2da98dd685c1b98711ea383c28f05d3b00a55ddc1b54f752
[INFO] running `Command { std: "docker" "start" "-a" "ba7b9788f73ee38d2da98dd685c1b98711ea383c28f05d3b00a55ddc1b54f752", kill_on_drop: false }`
[INFO] [stderr]    Compiling proc-macro2 v1.0.89
[INFO] [stderr]    Compiling unicode-ident v1.0.13
[INFO] [stderr]    Compiling syn v1.0.109
[INFO] [stderr]    Compiling heck v0.5.0
[INFO] [stderr]    Compiling quote v1.0.37
[INFO] [stderr]    Compiling amplify_syn v2.0.1
[INFO] [stderr]    Compiling strict_encoding_derive v2.7.0 (/opt/rustwide/workdir)
[INFO] [stderr]     Finished `dev` profile [unoptimized + debuginfo] target(s) in 6.40s
[INFO] running `Command { std: "docker" "inspect" "ba7b9788f73ee38d2da98dd685c1b98711ea383c28f05d3b00a55ddc1b54f752", kill_on_drop: false }`
[INFO] running `Command { std: "docker" "rm" "-f" "ba7b9788f73ee38d2da98dd685c1b98711ea383c28f05d3b00a55ddc1b54f752", kill_on_drop: false }`
[INFO] [stdout] ba7b9788f73ee38d2da98dd685c1b98711ea383c28f05d3b00a55ddc1b54f752
[INFO] running `Command { std: "docker" "create" "-v" "/var/lib/crater-agent-workspace/builds/worker-1-tc1/target:/opt/rustwide/target:rw,Z" "-v" "/var/lib/crater-agent-workspace/builds/worker-1-tc1/source:/opt/rustwide/workdir:ro,Z" "-v" "/var/lib/crater-agent-workspace/cargo-home:/opt/rustwide/cargo-home:ro,Z" "-v" "/var/lib/crater-agent-workspace/rustup-home:/opt/rustwide/rustup-home:ro,Z" "-e" "SOURCE_DIR=/opt/rustwide/workdir" "-e" "CARGO_TARGET_DIR=/opt/rustwide/target" "-e" "CARGO_INCREMENTAL=0" "-e" "RUST_BACKTRACE=full" "-e" "RUSTFLAGS=--cap-lints=forbid" "-e" "RUSTDOCFLAGS=--cap-lints=forbid" "-e" "CARGO_HOME=/opt/rustwide/cargo-home" "-e" "RUSTUP_HOME=/opt/rustwide/rustup-home" "-w" "/opt/rustwide/workdir" "-m" "1610612736" "--user" "0:0" "--network" "none" "ghcr.io/rust-lang/crates-build-env/linux@sha256:4a844ea9eb2546a2d2c7022eacef16ef2e8229c7fbb2c7d4d55a9ceca922f72d" "/opt/rustwide/cargo-home/bin/cargo" "+nightly-2024-10-28" "test" "--frozen" "--no-run" "--message-format=json", kill_on_drop: false }`
[INFO] [stdout] 7ad7fcac68615a9e4b4e5770c1b4e20640933726aa32f109bf49f48e0fbd9a85
[INFO] running `Command { std: "docker" "start" "-a" "7ad7fcac68615a9e4b4e5770c1b4e20640933726aa32f109bf49f48e0fbd9a85", kill_on_drop: false }`
[INFO] [stderr]    Compiling proc-macro2 v1.0.89
[INFO] [stderr]    Compiling unicode-ident v1.0.13
[INFO] [stderr]    Compiling libc v0.2.161
[INFO] [stderr]    Compiling memchr v2.7.4
[INFO] [stderr]    Compiling cfg-if v1.0.0
[INFO] [stderr]    Compiling serde v1.0.214
[INFO] [stderr]    Compiling thiserror v1.0.66
[INFO] [stderr]    Compiling syn v1.0.109
[INFO] [stderr]    Compiling serde_json v1.0.132
[INFO] [stderr]    Compiling once_cell v1.20.2
[INFO] [stderr]    Compiling regex-syntax v0.8.5
[INFO] [stderr]    Compiling pin-project-lite v0.2.15
[INFO] [stderr]    Compiling tracing-core v0.1.32
[INFO] [stderr]    Compiling unicode-width v0.1.14
[INFO] [stderr]    Compiling itoa v1.0.11
[INFO] [stderr]    Compiling ryu v1.0.18
[INFO] [stderr]    Compiling compiletest_rs v0.11.1
[INFO] [stderr]    Compiling aho-corasick v1.1.3
[INFO] [stderr]    Compiling quote v1.0.37
[INFO] [stderr]    Compiling getopts v0.2.21
[INFO] [stderr]    Compiling syn v2.0.86
[INFO] [stderr]    Compiling dirs-sys-next v0.1.2
[INFO] [stderr]    Compiling num_cpus v1.16.0
[INFO] [stderr]    Compiling tracing v0.1.40
[INFO] [stderr]    Compiling filetime v0.2.25
[INFO] [stderr]    Compiling dirs-next v2.0.0
[INFO] [stderr]    Compiling term v0.7.0
[INFO] [stderr]    Compiling heck v0.5.0
[INFO] [stderr]    Compiling amplify_num v0.5.3
[INFO] [stderr]    Compiling ascii v1.1.0
[INFO] [stderr]    Compiling log v0.4.22
[INFO] [stderr]    Compiling tester v0.9.1
[INFO] [stderr]    Compiling diff v0.1.13
[INFO] [stderr]    Compiling regex-automata v0.4.8
[INFO] [stderr]    Compiling lazy_static v1.5.0
[INFO] [stderr]    Compiling serde_derive v1.0.214
[INFO] [stderr]    Compiling thiserror-impl v1.0.66
[INFO] [stderr]    Compiling amplify_syn v2.0.1
[INFO] [stderr]    Compiling regex v1.11.1
[INFO] [stderr]    Compiling amplify_derive v4.0.1
[INFO] [stderr]    Compiling strict_encoding_derive v2.7.0 (/opt/rustwide/workdir)
[INFO] [stderr]    Compiling amplify v4.7.0
[INFO] [stderr]    Compiling rustfix v0.8.6
[INFO] [stdout] error[E0432]: unresolved import `strict_encoding`
[INFO] [stdout]   --> tests/common/mod.rs:27:5
[INFO] [stdout]    |
[INFO] [stdout] 27 | use strict_encoding::{StrictDecode, StrictEncode};
[INFO] [stdout]    |     ^^^^^^^^^^^^^^^ use of undeclared crate or module `strict_encoding`
[INFO] [stdout] 
[INFO] [stdout] 
[INFO] [stdout] error[E0432]: unresolved import `strict_encoding_test`
[INFO] [stdout]   --> tests/common/mod.rs:28:5
[INFO] [stdout]    |
[INFO] [stdout] 28 | use strict_encoding_test::DataEncodingTestFailure;
[INFO] [stdout]    |     ^^^^^^^^^^^^^^^^^^^^ use of undeclared crate or module `strict_encoding_test`
[INFO] [stdout]    |
[INFO] [stdout] help: there is a crate or module with a similar name
[INFO] [stdout]    |
[INFO] [stdout] 28 | use strict_encoding_derive::DataEncodingTestFailure;
[INFO] [stdout]    |     ~~~~~~~~~~~~~~~~~~~~~~
[INFO] [stdout] 
[INFO] [stdout] 
[INFO] [stdout] error[E0432]: unresolved import `strict_encoding`
[INFO] [stdout]   --> tests/dumb.rs:31:5
[INFO] [stdout]    |
[INFO] [stdout] 31 | use strict_encoding::{StrictDecode, StrictDumb, StrictEncode, StrictType};
[INFO] [stdout]    |     ^^^^^^^^^^^^^^^ use of undeclared crate or module `strict_encoding`
[INFO] [stdout] 
[INFO] [stdout] 
[INFO] [stdout] error[E0432]: unresolved import `strict_encoding`
[INFO] [stdout]   --> tests/common/mod.rs:27:5
[INFO] [stdout]    |
[INFO] [stdout] 27 | use strict_encoding::{StrictDecode, StrictEncode};
[INFO] [stdout]    |     ^^^^^^^^^^^^^^^ use of undeclared crate or module `strict_encoding`
[INFO] [stdout] 
[INFO] [stdout] 
[INFO] [stdout] error[E0432]: unresolved import `strict_encoding_test`
[INFO] [stdout]   --> tests/common/mod.rs:28:5
[INFO] [stdout]    |
[INFO] [stdout] 28 | use strict_encoding_test::DataEncodingTestFailure;
[INFO] [stdout]    |     ^^^^^^^^^^^^^^^^^^^^ use of undeclared crate or module `strict_encoding_test`
[INFO] [stdout]    |
[INFO] [stdout] help: there is a crate or module with a similar name
[INFO] [stdout]    |
[INFO] [stdout] 28 | use strict_encoding_derive::DataEncodingTestFailure;
[INFO] [stdout]    |     ~~~~~~~~~~~~~~~~~~~~~~
[INFO] [stdout] 
[INFO] [stdout] 
[INFO] [stdout] error[E0432]: unresolved import `strict_encoding`
[INFO] [stdout]   --> tests/type.rs:32:5
[INFO] [stdout]    |
[INFO] [stdout] 32 | use strict_encoding::{
[INFO] [stdout]    |     ^^^^^^^^^^^^^^^ use of undeclared crate or module `strict_encoding`
[INFO] [stdout] 
[INFO] [stdout] 
[INFO] [stdout] error[E0432]: unresolved import `strict_encoding`
[INFO] [stdout]    --> tests/type.rs:121:26
[INFO] [stdout]     |
[INFO] [stdout] 121 |     #[derive(StrictType, StrictEncode, StrictDecode)]
[INFO] [stdout]     |                          ^^^^^^^^^^^^ use of undeclared crate or module `strict_encoding`
[INFO] [stdout]     |
[INFO] [stdout]     = note: this error originates in the derive macro `StrictEncode` (in Nightly builds, run with -Z macro-backtrace for more info)
[INFO] [stdout] 
[INFO] [stdout] 
[INFO] [stdout] error[E0432]: unresolved import `strict_encoding`
[INFO] [stdout]    --> tests/type.rs:121:40
[INFO] [stdout]     |
[INFO] [stdout] 121 |     #[derive(StrictType, StrictEncode, StrictDecode)]
[INFO] [stdout]     |                                        ^^^^^^^^^^^^ use of undeclared crate or module `strict_encoding`
[INFO] [stdout]     |
[INFO] [stdout]     = note: this error originates in the derive macro `StrictDecode` (in Nightly builds, run with -Z macro-backtrace for more info)
[INFO] [stdout] 
[INFO] [stdout] 
[INFO] [stdout] error[E0432]: unresolved import `strict_encoding`
[INFO] [stdout]   --> tests/common/mod.rs:27:5
[INFO] [stdout]    |
[INFO] [stdout] 27 | use strict_encoding::{StrictDecode, StrictEncode};
[INFO] [stdout]    |     ^^^^^^^^^^^^^^^ use of undeclared crate or module `strict_encoding`
[INFO] [stdout] 
[INFO] [stdout] 
[INFO] [stdout] error[E0432]: unresolved import `strict_encoding_test`
[INFO] [stdout]   --> tests/common/mod.rs:28:5
[INFO] [stdout]    |
[INFO] [stdout] 28 | use strict_encoding_test::DataEncodingTestFailure;
[INFO] [stdout]    |     ^^^^^^^^^^^^^^^^^^^^ use of undeclared crate or module `strict_encoding_test`
[INFO] [stdout]    |
[INFO] [stdout] help: there is a crate or module with a similar name
[INFO] [stdout]    |
[INFO] [stdout] 28 | use strict_encoding_derive::DataEncodingTestFailure;
[INFO] [stdout]    |     ~~~~~~~~~~~~~~~~~~~~~~
[INFO] [stdout] 
[INFO] [stdout] 
[INFO] [stdout] error[E0432]: unresolved import `strict_encoding`
[INFO] [stdout]   --> tests/base.rs:31:5
[INFO] [stdout]    |
[INFO] [stdout] 31 | use strict_encoding::{
[INFO] [stdout]    |     ^^^^^^^^^^^^^^^ use of undeclared crate or module `strict_encoding`
[INFO] [stdout] 
[INFO] [stdout] 
[INFO] [stdout] error: cannot find attribute `strict_type` in this scope
[INFO] [stdout]   --> tests/dumb.rs:39:7
[INFO] [stdout]    |
[INFO] [stdout] 39 |     #[strict_type(lib = TEST_LIB)]
[INFO] [stdout]    |       ^^^^^^^^^^^
[INFO] [stdout] 
[INFO] [stdout] 
[INFO] [stdout] error: cannot find attribute `strict_type` in this scope
[INFO] [stdout]   --> tests/type.rs:42:7
[INFO] [stdout]    |
[INFO] [stdout] 42 |     #[strict_type(lib = TEST_LIB)]
[INFO] [stdout]    |       ^^^^^^^^^^^
[INFO] [stdout] 
[INFO] [stdout] 
[INFO] [stdout] error: cannot find attribute `strict_type` in this scope
[INFO] [stdout]   --> tests/dumb.rs:57:7
[INFO] [stdout]    |
[INFO] [stdout] 57 |     #[strict_type(lib = TEST_LIB, tags = repr, into_u8, try_from_u8)]
[INFO] [stdout]    |       ^^^^^^^^^^^
[INFO] [stdout] 
[INFO] [stdout] 
[INFO] [stdout] error: cannot find attribute `strict_type` in this scope
[INFO] [stdout]   --> tests/dumb.rs:76:7
[INFO] [stdout]    |
[INFO] [stdout] 76 |     #[strict_type(lib = TEST_LIB)]
[INFO] [stdout]    |       ^^^^^^^^^^^
[INFO] [stdout] 
[INFO] [stdout] 
[INFO] [stdout] error: cannot find attribute `strict_type` in this scope
[INFO] [stdout]   --> tests/type.rs:54:7
[INFO] [stdout]    |
[INFO] [stdout] 54 |     #[strict_type(lib = TEST_LIB, rename = "ShortLen")]
[INFO] [stdout]    |       ^^^^^^^^^^^
[INFO] [stdout] 
[INFO] [stdout] 
[INFO] [stdout] error: cannot find attribute `strict_type` in this scope
[INFO] [stdout]   --> tests/type.rs:67:7
[INFO] [stdout]    |
[INFO] [stdout] 67 |     #[strict_type(lib = TEST_LIB)]
[INFO] [stdout]    |       ^^^^^^^^^^^
[INFO] [stdout] 
[INFO] [stdout] 
[INFO] [stdout] error: cannot find attribute `strict_type` in this scope
[INFO] [stdout]   --> tests/type.rs:81:7
[INFO] [stdout]    |
[INFO] [stdout] 81 |     #[strict_type(lib = TEST_LIB, tags = repr, into_u8, try_from_u8)]
[INFO] [stdout]    |       ^^^^^^^^^^^
[INFO] [stdout] 
[INFO] [stdout] 
[INFO] [stdout] error: cannot find attribute `strict_type` in this scope
[INFO] [stdout]   --> tests/dumb.rs:81:11
[INFO] [stdout]    |
[INFO] [stdout] 81 |         #[strict_type(dumb)]
[INFO] [stdout]    |           ^^^^^^^^^^^
[INFO] [stdout] 
[INFO] [stdout] 
[INFO] [stdout] error: cannot find attribute `strict_type` in this scope
[INFO] [stdout]   --> tests/dumb.rs:94:7
[INFO] [stdout]    |
[INFO] [stdout] 94 |     #[strict_type(lib = TEST_LIB, dumb = ShortLen(u16::MAX))]
[INFO] [stdout]    |       ^^^^^^^^^^^
[INFO] [stdout] 
[INFO] [stdout] 
[INFO] [stdout] error: cannot find attribute `strict_type` in this scope
[INFO] [stdout]    --> tests/dumb.rs:105:7
[INFO] [stdout]     |
[INFO] [stdout] 105 |     #[strict_type(lib = TEST_LIB)]
[INFO] [stdout]     |       ^^^^^^^^^^^
[INFO] [stdout] 
[INFO] [stdout] 
[INFO] [stdout] error: cannot find attribute `strict_type` in this scope
[INFO] [stdout]    --> tests/type.rs:105:7
[INFO] [stdout]     |
[INFO] [stdout] 105 |     #[strict_type(lib = TEST_LIB)]
[INFO] [stdout]     |       ^^^^^^^^^^^
[INFO] [stdout] 
[INFO] [stdout] 
[INFO] [stdout] error: cannot find attribute `strict_type` in this scope
[INFO] [stdout]    --> tests/type.rs:109:11
[INFO] [stdout]     |
[INFO] [stdout] 109 |         #[strict_type(rename = "correctName")]
[INFO] [stdout]     |           ^^^^^^^^^^^
[INFO] [stdout] 
[INFO] [stdout] 
[INFO] [stdout] error: cannot find attribute `strict_type` in this scope
[INFO] [stdout]    --> tests/type.rs:152:7
[INFO] [stdout]     |
[INFO] [stdout] 152 |     #[strict_type(lib = TEST_LIB, tags = repr, into_u8, try_from_u8)]
[INFO] [stdout]     |       ^^^^^^^^^^^
[INFO] [stdout] 
[INFO] [stdout] 
[INFO] [stdout] error: cannot find attribute `strict_type` in this scope
[INFO] [stdout]    --> tests/dumb.rs:106:23
[INFO] [stdout]     |
[INFO] [stdout] 106 |     struct ShortLen(#[strict_type(dumb = 1)] u16);
[INFO] [stdout]     |                       ^^^^^^^^^^^
[INFO] [stdout] 
[INFO] [stdout] 
[INFO] [stdout] error: cannot find attribute `strict_type` in this scope
[INFO] [stdout]    --> tests/dumb.rs:116:7
[INFO] [stdout]     |
[INFO] [stdout] 116 |     #[strict_type(lib = TEST_LIB, dumb = ShortLen(u16::MAX))]
[INFO] [stdout]     |       ^^^^^^^^^^^
[INFO] [stdout] 
[INFO] [stdout] 
[INFO] [stdout] error: cannot find attribute `strict_type` in this scope
[INFO] [stdout]    --> tests/type.rs:157:11
[INFO] [stdout]     |
[INFO] [stdout] 157 |         #[strict_type(rename = "correctName")]
[INFO] [stdout]     |           ^^^^^^^^^^^
[INFO] [stdout] 
[INFO] [stdout] 
[INFO] [stdout] error: cannot find attribute `strict_type` in this scope
[INFO] [stdout]    --> tests/dumb.rs:117:23
[INFO] [stdout]     |
[INFO] [stdout] 117 |     struct ShortLen(#[strict_type(dumb = 1)] u16);
[INFO] [stdout]     |                       ^^^^^^^^^^^
[INFO] [stdout] 
[INFO] [stdout] 
[INFO] [stdout] error: cannot find attribute `strict_type` in this scope
[INFO] [stdout]    --> tests/dumb.rs:128:7
[INFO] [stdout]     |
[INFO] [stdout] 128 |     #[strict_type(lib = TEST_LIB, tags = order, dumb = Dumb::new())]
[INFO] [stdout]     |       ^^^^^^^^^^^
[INFO] [stdout] 
[INFO] [stdout] 
[INFO] [stdout] error: cannot find attribute `strict_type` in this scope
[INFO] [stdout]    --> tests/dumb.rs:156:7
[INFO] [stdout]     |
[INFO] [stdout] 156 |     #[strict_type(lib = TEST_LIB, tags = order, dumb = { Assoc::Variant { field: 0 } })]
[INFO] [stdout]     |       ^^^^^^^^^^^
[INFO] [stdout] 
[INFO] [stdout] 
[INFO] [stdout] error: cannot find attribute `strict_type` in this scope
[INFO] [stdout]    --> tests/dumb.rs:170:7
[INFO] [stdout]     |
[INFO] [stdout] 170 |     #[strict_type(lib = TEST_LIB, dumb = NamedFields(Confined::with(T::strict_dumb())))]
[INFO] [stdout]     |       ^^^^^^^^^^^
[INFO] [stdout] 
[INFO] [stdout] 
[INFO] [stdout] For more information about this error, try `rustc --explain E0432`.
[INFO] [stdout] 
[INFO] [stderr] error: could not compile `strict_encoding_derive` (test "dumb") due to 15 previous errors
[INFO] [stderr] warning: build failed, waiting for other jobs to finish...
[INFO] [stdout] error[E0433]: failed to resolve: use of undeclared crate or module `strict_encoding`
[INFO] [stdout]   --> tests/type.rs:89:14
[INFO] [stdout]    |
[INFO] [stdout] 89 |     #[derive(StrictDumb, StrictType)]
[INFO] [stdout]    |              ^^^^^^^^^^ use of undeclared crate or module `strict_encoding`
[INFO] [stdout]    |
[INFO] [stdout]    = note: this error originates in the derive macro `StrictDumb` (in Nightly builds, run with -Z macro-backtrace for more info)
[INFO] [stdout] 
[INFO] [stdout] 
[INFO] [stdout] error[E0433]: failed to resolve: use of undeclared crate or module `strict_encoding`
[INFO] [stdout]    --> tests/type.rs:121:26
[INFO] [stdout]     |
[INFO] [stdout] 121 |     #[derive(StrictType, StrictEncode, StrictDecode)]
[INFO] [stdout]     |                          ^^^^^^^^^^^^ use of undeclared crate or module `strict_encoding`
[INFO] [stdout]     |
[INFO] [stdout]     = note: this error originates in the derive macro `StrictEncode` (in Nightly builds, run with -Z macro-backtrace for more info)
[INFO] [stdout] 
[INFO] [stdout] 
[INFO] [stdout] error[E0433]: failed to resolve: use of undeclared crate or module `strict_encoding`
[INFO] [stdout]    --> tests/type.rs:121:40
[INFO] [stdout]     |
[INFO] [stdout] 121 |     #[derive(StrictType, StrictEncode, StrictDecode)]
[INFO] [stdout]     |                                        ^^^^^^^^^^^^ use of undeclared crate or module `strict_encoding`
[INFO] [stdout]     |
[INFO] [stdout]     = note: this error originates in the derive macro `StrictDecode` (in Nightly builds, run with -Z macro-backtrace for more info)
[INFO] [stdout] 
[INFO] [stdout] 
[INFO] [stdout] Some errors have detailed explanations: E0432, E0433.
[INFO] [stdout] 
[INFO] [stdout] For more information about an error, try `rustc --explain E0432`.
[INFO] [stdout] 
[INFO] [stderr] error: could not compile `strict_encoding_derive` (test "type") due to 16 previous errors
[INFO] [stdout] error[E0433]: failed to resolve: use of undeclared crate or module `strict_encoding`
[INFO] [stdout]    --> tests/base.rs:107:26
[INFO] [stdout]     |
[INFO] [stdout] 107 |     #[derive(StrictDumb, StrictType, StrictEncode, StrictDecode)]
[INFO] [stdout]     |                          ^^^^^^^^^^ use of undeclared crate or module `strict_encoding`
[INFO] [stdout]     |
[INFO] [stdout]     = note: this error originates in the derive macro `StrictType` (in Nightly builds, run with -Z macro-backtrace for more info)
[INFO] [stdout] 
[INFO] [stdout] 
[INFO] [stdout] error[E0433]: failed to resolve: use of undeclared crate or module `strict_encoding`
[INFO] [stdout]    --> tests/base.rs:128:26
[INFO] [stdout]     |
[INFO] [stdout] 128 |     #[derive(StrictDumb, StrictType, StrictEncode, StrictDecode)]
[INFO] [stdout]     |                          ^^^^^^^^^^ use of undeclared crate or module `strict_encoding`
[INFO] [stdout]     |
[INFO] [stdout]     = note: this error originates in the derive macro `StrictType` (in Nightly builds, run with -Z macro-backtrace for more info)
[INFO] [stdout] 
[INFO] [stdout] 
[INFO] [stdout] error[E0433]: failed to resolve: use of undeclared crate or module `strict_encoding`
[INFO] [stdout]   --> tests/base.rs:40:26
[INFO] [stdout]    |
[INFO] [stdout] 40 |     #[derive(StrictDumb, StrictType, StrictEncode, StrictDecode)]
[INFO] [stdout]    |                          ^^^^^^^^^^ use of undeclared crate or module `strict_encoding`
[INFO] [stdout]    |
[INFO] [stdout]    = note: this error originates in the derive macro `StrictType` (in Nightly builds, run with -Z macro-backtrace for more info)
[INFO] [stdout] 
[INFO] [stdout] 
[INFO] [stdout] error[E0433]: failed to resolve: use of undeclared crate or module `strict_encoding`
[INFO] [stdout]   --> tests/base.rs:50:26
[INFO] [stdout]    |
[INFO] [stdout] 50 |     #[derive(StrictDumb, StrictType, StrictEncode, StrictDecode)]
[INFO] [stdout]    |                          ^^^^^^^^^^ use of undeclared crate or module `strict_encoding`
[INFO] [stdout]    |
[INFO] [stdout]    = note: this error originates in the derive macro `StrictType` (in Nightly builds, run with -Z macro-backtrace for more info)
[INFO] [stdout] 
[INFO] [stdout] 
[INFO] [stdout] error[E0433]: failed to resolve: use of undeclared crate or module `strict_encoding`
[INFO] [stdout]   --> tests/base.rs:60:26
[INFO] [stdout]    |
[INFO] [stdout] 60 |     #[derive(StrictDumb, StrictType, StrictEncode, StrictDecode)]
[INFO] [stdout]    |                          ^^^^^^^^^^ use of undeclared crate or module `strict_encoding`
[INFO] [stdout]    |
[INFO] [stdout]    = note: this error originates in the derive macro `StrictType` (in Nightly builds, run with -Z macro-backtrace for more info)
[INFO] [stdout] 
[INFO] [stdout] 
[INFO] [stdout] error[E0433]: failed to resolve: use of undeclared crate or module `strict_encoding`
[INFO] [stdout]   --> tests/base.rs:68:26
[INFO] [stdout]    |
[INFO] [stdout] 68 |     #[derive(StrictDumb, StrictType, StrictEncode, StrictDecode)]
[INFO] [stdout]    |                          ^^^^^^^^^^ use of undeclared crate or module `strict_encoding`
[INFO] [stdout]    |
[INFO] [stdout]    = note: this error originates in the derive macro `StrictType` (in Nightly builds, run with -Z macro-backtrace for more info)
[INFO] [stdout] 
[INFO] [stdout] 
[INFO] [stdout] error[E0433]: failed to resolve: use of undeclared crate or module `strict_encoding`
[INFO] [stdout]   --> tests/base.rs:82:26
[INFO] [stdout]    |
[INFO] [stdout] 82 |     #[derive(StrictDumb, StrictType, StrictEncode, StrictDecode)]
[INFO] [stdout]    |                          ^^^^^^^^^^ use of undeclared crate or module `strict_encoding`
[INFO] [stdout]    |
[INFO] [stdout]    = note: this error originates in the derive macro `StrictType` (in Nightly builds, run with -Z macro-backtrace for more info)
[INFO] [stdout] 
[INFO] [stdout] 
[INFO] [stdout] error[E0433]: failed to resolve: use of undeclared crate or module `strict_encoding`
[INFO] [stdout]   --> tests/base.rs:90:26
[INFO] [stdout]    |
[INFO] [stdout] 90 |     #[derive(StrictDumb, StrictType, StrictEncode)]
[INFO] [stdout]    |                          ^^^^^^^^^^ use of undeclared crate or module `strict_encoding`
[INFO] [stdout]    |
[INFO] [stdout]    = note: this error originates in the derive macro `StrictType` (in Nightly builds, run with -Z macro-backtrace for more info)
[INFO] [stdout] 
[INFO] [stdout] 
[INFO] [stdout] error[E0433]: failed to resolve: use of undeclared crate or module `strict_encoding`
[INFO] [stdout]    --> tests/base.rs:149:26
[INFO] [stdout]     |
[INFO] [stdout] 149 |     #[derive(StrictDumb, StrictType, StrictEncode, StrictDecode)]
[INFO] [stdout]     |                          ^^^^^^^^^^ use of undeclared crate or module `strict_encoding`
[INFO] [stdout]     |
[INFO] [stdout]     = note: this error originates in the derive macro `StrictType` (in Nightly builds, run with -Z macro-backtrace for more info)
[INFO] [stdout] 
[INFO] [stdout] 
[INFO] [stdout] error[E0433]: failed to resolve: use of undeclared crate or module `strict_encoding`
[INFO] [stdout]    --> tests/base.rs:178:26
[INFO] [stdout]     |
[INFO] [stdout] 178 |     #[derive(StrictDumb, StrictType, StrictEncode, StrictDecode)]
[INFO] [stdout]     |                          ^^^^^^^^^^ use of undeclared crate or module `strict_encoding`
[INFO] [stdout]     |
[INFO] [stdout]     = note: this error originates in the derive macro `StrictType` (in Nightly builds, run with -Z macro-backtrace for more info)
[INFO] [stdout] 
[INFO] [stdout] 
[INFO] [stdout] Some errors have detailed explanations: E0432, E0433.
[INFO] [stdout] 
[INFO] [stdout] For more information about an error, try `rustc --explain E0432`.
[INFO] [stdout] 
[INFO] [stderr] error: could not compile `strict_encoding_derive` (test "base") due to 13 previous errors
[INFO] running `Command { std: "docker" "inspect" "7ad7fcac68615a9e4b4e5770c1b4e20640933726aa32f109bf49f48e0fbd9a85", kill_on_drop: false }`
[INFO] running `Command { std: "docker" "rm" "-f" "7ad7fcac68615a9e4b4e5770c1b4e20640933726aa32f109bf49f48e0fbd9a85", kill_on_drop: false }`
[INFO] [stdout] 7ad7fcac68615a9e4b4e5770c1b4e20640933726aa32f109bf49f48e0fbd9a85
