[INFO] fetching crate streamson-generator 7.1.0...
[INFO] testing streamson-generator-7.1.0 against nightly-2024-10-28 for randomize-layout
[INFO] extracting crate streamson-generator 7.1.0 into /workspace/builds/worker-7-tc1/source
[INFO] validating manifest of crates.io crate streamson-generator 7.1.0 on toolchain nightly-2024-10-28
[INFO] running `Command { std: CARGO_HOME="/workspace/cargo-home" RUSTUP_HOME="/workspace/rustup-home" "/workspace/cargo-home/bin/cargo" "+nightly-2024-10-28" "metadata" "--manifest-path" "Cargo.toml" "--no-deps", kill_on_drop: false }`
[INFO] started tweaking crates.io crate streamson-generator 7.1.0
[INFO] finished tweaking crates.io crate streamson-generator 7.1.0
[INFO] tweaked toml for crates.io crate streamson-generator 7.1.0 written to /workspace/builds/worker-7-tc1/source/Cargo.toml
[INFO] running `Command { std: CARGO_HOME="/workspace/cargo-home" RUSTUP_HOME="/workspace/rustup-home" "/workspace/cargo-home/bin/cargo" "+nightly-2024-10-28" "generate-lockfile" "--manifest-path" "Cargo.toml", kill_on_drop: false }`
[INFO] [stderr]     Updating crates.io index
[INFO] [stderr]      Locking 7 packages to latest compatible versions
[INFO] running `Command { std: CARGO_HOME="/workspace/cargo-home" RUSTUP_HOME="/workspace/rustup-home" "/workspace/cargo-home/bin/cargo" "+nightly-2024-10-28" "fetch" "--manifest-path" "Cargo.toml", kill_on_drop: false }`
[INFO] [stderr]  Downloading crates ...
[INFO] [stderr]   Downloaded sedregex v0.2.5
[INFO] [stderr]   Downloaded streamson-lib v7.1.0
[INFO] running `Command { std: "docker" "create" "-v" "/var/lib/crater-agent-workspace/builds/worker-7-tc1/target:/opt/rustwide/target:rw,Z" "-v" "/var/lib/crater-agent-workspace/builds/worker-7-tc1/source:/opt/rustwide/workdir:ro,Z" "-v" "/var/lib/crater-agent-workspace/cargo-home:/opt/rustwide/cargo-home:ro,Z" "-v" "/var/lib/crater-agent-workspace/rustup-home:/opt/rustwide/rustup-home:ro,Z" "-e" "SOURCE_DIR=/opt/rustwide/workdir" "-e" "CARGO_TARGET_DIR=/opt/rustwide/target" "-e" "CARGO_HOME=/opt/rustwide/cargo-home" "-e" "RUSTUP_HOME=/opt/rustwide/rustup-home" "-w" "/opt/rustwide/workdir" "-m" "1610612736" "--user" "0:0" "--network" "none" "ghcr.io/rust-lang/crates-build-env/linux@sha256:4a844ea9eb2546a2d2c7022eacef16ef2e8229c7fbb2c7d4d55a9ceca922f72d" "/opt/rustwide/cargo-home/bin/cargo" "+nightly-2024-10-28" "metadata" "--no-deps" "--format-version=1", kill_on_drop: false }`
[INFO] [stdout] ac9e248d8042ab76abc5bf6401de10b8bfdda8658de9a15654f49b2316c82cc8
[INFO] running `Command { std: "docker" "start" "-a" "ac9e248d8042ab76abc5bf6401de10b8bfdda8658de9a15654f49b2316c82cc8", kill_on_drop: false }`
[INFO] running `Command { std: "docker" "inspect" "ac9e248d8042ab76abc5bf6401de10b8bfdda8658de9a15654f49b2316c82cc8", kill_on_drop: false }`
[INFO] running `Command { std: "docker" "rm" "-f" "ac9e248d8042ab76abc5bf6401de10b8bfdda8658de9a15654f49b2316c82cc8", kill_on_drop: false }`
[INFO] [stdout] ac9e248d8042ab76abc5bf6401de10b8bfdda8658de9a15654f49b2316c82cc8
[INFO] running `Command { std: "docker" "create" "-v" "/var/lib/crater-agent-workspace/builds/worker-7-tc1/target:/opt/rustwide/target:rw,Z" "-v" "/var/lib/crater-agent-workspace/builds/worker-7-tc1/source:/opt/rustwide/workdir:ro,Z" "-v" "/var/lib/crater-agent-workspace/cargo-home:/opt/rustwide/cargo-home:ro,Z" "-v" "/var/lib/crater-agent-workspace/rustup-home:/opt/rustwide/rustup-home:ro,Z" "-e" "SOURCE_DIR=/opt/rustwide/workdir" "-e" "CARGO_TARGET_DIR=/opt/rustwide/target" "-e" "CARGO_INCREMENTAL=0" "-e" "RUST_BACKTRACE=full" "-e" "RUSTFLAGS=--cap-lints=forbid" "-e" "RUSTDOCFLAGS=--cap-lints=forbid" "-e" "CARGO_HOME=/opt/rustwide/cargo-home" "-e" "RUSTUP_HOME=/opt/rustwide/rustup-home" "-w" "/opt/rustwide/workdir" "-m" "1610612736" "--user" "0:0" "--network" "none" "ghcr.io/rust-lang/crates-build-env/linux@sha256:4a844ea9eb2546a2d2c7022eacef16ef2e8229c7fbb2c7d4d55a9ceca922f72d" "/opt/rustwide/cargo-home/bin/cargo" "+nightly-2024-10-28" "build" "--frozen" "--message-format=json", kill_on_drop: false }`
[INFO] [stdout] 34634d3ffcad1a392a4ce3f568d8b8984e4df690c9e43d61ed2b557adef90d6b
[INFO] running `Command { std: "docker" "start" "-a" "34634d3ffcad1a392a4ce3f568d8b8984e4df690c9e43d61ed2b557adef90d6b", kill_on_drop: false }`
[INFO] [stderr]    Compiling memchr v2.7.4
[INFO] [stderr]    Compiling regex-syntax v0.8.5
[INFO] [stderr]    Compiling aho-corasick v1.1.3
[INFO] [stderr]    Compiling regex-automata v0.4.8
[INFO] [stderr]    Compiling regex v1.11.1
[INFO] [stderr]    Compiling sedregex v0.2.5
[INFO] [stderr]    Compiling streamson-lib v7.1.0
[INFO] [stderr]    Compiling streamson-generator v7.1.0 (/opt/rustwide/workdir)
[INFO] [stdout] error[E0557]: feature has been removed
[INFO] [stdout]  --> src/lib.rs:2:12
[INFO] [stdout]   |
[INFO] [stdout] 2 | #![feature(generators, generator_trait)]
[INFO] [stdout]   |            ^^^^^^^^^^ feature has been removed
[INFO] [stdout]   |
[INFO] [stdout]   = note: renamed to `coroutines`
[INFO] [stdout] 
[INFO] [stdout] 
[INFO] [stdout] error[E0432]: unresolved imports `std::ops::Generator`, `std::ops::GeneratorState`
[INFO] [stdout]  --> src/lib.rs:7:11
[INFO] [stdout]   |
[INFO] [stdout] 7 |     ops::{Generator, GeneratorState},
[INFO] [stdout]   |           ^^^^^^^^^  ^^^^^^^^^^^^^^ no `GeneratorState` in `ops`
[INFO] [stdout]   |           |
[INFO] [stdout]   |           no `Generator` in `ops`
[INFO] [stdout] 
[INFO] [stdout] 
[INFO] [stdout] error[E0658]: yield syntax is experimental
[INFO] [stdout]    --> src/lib.rs:175:17
[INFO] [stdout]     |
[INFO] [stdout] 175 |                 yield line.to_vec();
[INFO] [stdout]     |                 ^^^^^^^^^^^^^^^^^^^
[INFO] [stdout]     |
[INFO] [stdout]     = note: see issue #43122 <https://github.com/rust-lang/rust/issues/43122> for more information
[INFO] [stdout]     = help: add `#![feature(coroutines)]` to the crate attributes to enable
[INFO] [stdout]     = note: this compiler was built on 2024-10-27; consider upgrading it if it is out of date
[INFO] [stdout] 
[INFO] [stdout] 
[INFO] [stdout] error[E0658]: yield syntax is experimental
[INFO] [stdout]    --> src/lib.rs:198:17
[INFO] [stdout]     |
[INFO] [stdout] 198 |                 yield line.clone();
[INFO] [stdout]     |                 ^^^^^^^^^^^^^^^^^^
[INFO] [stdout]     |
[INFO] [stdout]     = note: see issue #43122 <https://github.com/rust-lang/rust/issues/43122> for more information
[INFO] [stdout]     = help: add `#![feature(coroutines)]` to the crate attributes to enable
[INFO] [stdout]     = note: this compiler was built on 2024-10-27; consider upgrading it if it is out of date
[INFO] [stdout] 
[INFO] [stdout] 
[INFO] [stdout] error[E0658]: yield syntax is experimental
[INFO] [stdout]    --> src/lib.rs:237:17
[INFO] [stdout]     |
[INFO] [stdout] 237 |                 yield line.clone();
[INFO] [stdout]     |                 ^^^^^^^^^^^^^^^^^^
[INFO] [stdout]     |
[INFO] [stdout]     = note: see issue #43122 <https://github.com/rust-lang/rust/issues/43122> for more information
[INFO] [stdout]     = help: add `#![feature(coroutines)]` to the crate attributes to enable
[INFO] [stdout]     = note: this compiler was built on 2024-10-27; consider upgrading it if it is out of date
[INFO] [stdout] 
[INFO] [stdout] 
[INFO] [stdout] error[E0635]: unknown feature `generator_trait`
[INFO] [stdout]  --> src/lib.rs:2:24
[INFO] [stdout]   |
[INFO] [stdout] 2 | #![feature(generators, generator_trait)]
[INFO] [stdout]   |                        ^^^^^^^^^^^^^^^
[INFO] [stdout] 
[INFO] [stdout] 
[INFO] [stdout] Some errors have detailed explanations: E0432, E0557, E0635, E0658.
[INFO] [stdout] 
[INFO] [stdout] For more information about an error, try `rustc --explain E0432`.
[INFO] [stdout] 
[INFO] [stderr] error: could not compile `streamson-generator` (lib) due to 6 previous errors
[INFO] [stderr] warning: build failed, waiting for other jobs to finish...
[INFO] running `Command { std: "docker" "inspect" "34634d3ffcad1a392a4ce3f568d8b8984e4df690c9e43d61ed2b557adef90d6b", kill_on_drop: false }`
[INFO] running `Command { std: "docker" "rm" "-f" "34634d3ffcad1a392a4ce3f568d8b8984e4df690c9e43d61ed2b557adef90d6b", kill_on_drop: false }`
[INFO] [stdout] 34634d3ffcad1a392a4ce3f568d8b8984e4df690c9e43d61ed2b557adef90d6b
