[INFO] fetching crate str0m 0.6.2...
[INFO] testing str0m-0.6.2 against nightly-2024-10-28+rustflags=-Zrandomize-layout for randomize-layout
[INFO] extracting crate str0m 0.6.2 into /workspace/builds/worker-6-tc2/source
[INFO] validating manifest of crates.io crate str0m 0.6.2 on toolchain nightly-2024-10-28
[INFO] running `Command { std: CARGO_HOME="/workspace/cargo-home" RUSTUP_HOME="/workspace/rustup-home" "/workspace/cargo-home/bin/cargo" "+nightly-2024-10-28" "metadata" "--manifest-path" "Cargo.toml" "--no-deps", kill_on_drop: false }`
[INFO] started tweaking crates.io crate str0m 0.6.2
[INFO] removed 0 missing examples
[INFO] removed 0 missing tests
[INFO] finished tweaking crates.io crate str0m 0.6.2
[INFO] tweaked toml for crates.io crate str0m 0.6.2 written to /workspace/builds/worker-6-tc2/source/Cargo.toml
[INFO] crate crates.io crate str0m 0.6.2 already has a lockfile, it will not be regenerated
[INFO] running `Command { std: CARGO_HOME="/workspace/cargo-home" RUSTUP_HOME="/workspace/rustup-home" "/workspace/cargo-home/bin/cargo" "+nightly-2024-10-28" "fetch" "--manifest-path" "Cargo.toml", kill_on_drop: false }`
[INFO] [stderr]     Blocking waiting for file lock on package cache
[INFO] running `Command { std: "docker" "create" "-v" "/var/lib/crater-agent-workspace/builds/worker-6-tc2/target:/opt/rustwide/target:rw,Z" "-v" "/var/lib/crater-agent-workspace/builds/worker-6-tc2/source:/opt/rustwide/workdir:ro,Z" "-v" "/var/lib/crater-agent-workspace/cargo-home:/opt/rustwide/cargo-home:ro,Z" "-v" "/var/lib/crater-agent-workspace/rustup-home:/opt/rustwide/rustup-home:ro,Z" "-e" "SOURCE_DIR=/opt/rustwide/workdir" "-e" "CARGO_TARGET_DIR=/opt/rustwide/target" "-e" "CARGO_HOME=/opt/rustwide/cargo-home" "-e" "RUSTUP_HOME=/opt/rustwide/rustup-home" "-w" "/opt/rustwide/workdir" "-m" "1610612736" "--user" "0:0" "--network" "none" "ghcr.io/rust-lang/crates-build-env/linux@sha256:4a844ea9eb2546a2d2c7022eacef16ef2e8229c7fbb2c7d4d55a9ceca922f72d" "/opt/rustwide/cargo-home/bin/cargo" "+nightly-2024-10-28" "metadata" "--no-deps" "--format-version=1", kill_on_drop: false }`
[INFO] [stdout] cbdc78f444ca02ab07c3baae183a67c3243205a4fda02a890ece2dfe07eb25fe
[INFO] running `Command { std: "docker" "start" "-a" "cbdc78f444ca02ab07c3baae183a67c3243205a4fda02a890ece2dfe07eb25fe", kill_on_drop: false }`
[INFO] running `Command { std: "docker" "inspect" "cbdc78f444ca02ab07c3baae183a67c3243205a4fda02a890ece2dfe07eb25fe", kill_on_drop: false }`
[INFO] running `Command { std: "docker" "rm" "-f" "cbdc78f444ca02ab07c3baae183a67c3243205a4fda02a890ece2dfe07eb25fe", kill_on_drop: false }`
[INFO] [stdout] cbdc78f444ca02ab07c3baae183a67c3243205a4fda02a890ece2dfe07eb25fe
[INFO] running `Command { std: "docker" "create" "-v" "/var/lib/crater-agent-workspace/builds/worker-6-tc2/target:/opt/rustwide/target:rw,Z" "-v" "/var/lib/crater-agent-workspace/builds/worker-6-tc2/source:/opt/rustwide/workdir:ro,Z" "-v" "/var/lib/crater-agent-workspace/cargo-home:/opt/rustwide/cargo-home:ro,Z" "-v" "/var/lib/crater-agent-workspace/rustup-home:/opt/rustwide/rustup-home:ro,Z" "-e" "SOURCE_DIR=/opt/rustwide/workdir" "-e" "CARGO_TARGET_DIR=/opt/rustwide/target" "-e" "CARGO_INCREMENTAL=0" "-e" "RUST_BACKTRACE=full" "-e" "RUSTFLAGS=--cap-lints=forbid -Zrandomize-layout" "-e" "RUSTDOCFLAGS=--cap-lints=forbid" "-e" "CARGO_HOME=/opt/rustwide/cargo-home" "-e" "RUSTUP_HOME=/opt/rustwide/rustup-home" "-w" "/opt/rustwide/workdir" "-m" "1610612736" "--user" "0:0" "--network" "none" "ghcr.io/rust-lang/crates-build-env/linux@sha256:4a844ea9eb2546a2d2c7022eacef16ef2e8229c7fbb2c7d4d55a9ceca922f72d" "/opt/rustwide/cargo-home/bin/cargo" "+nightly-2024-10-28" "build" "--frozen" "--message-format=json", kill_on_drop: false }`
[INFO] [stdout] 5b01bc639417609b306fcad7ed2188ed8b58902f2ea6301fee9bc07b60c1a9fc
[INFO] running `Command { std: "docker" "start" "-a" "5b01bc639417609b306fcad7ed2188ed8b58902f2ea6301fee9bc07b60c1a9fc", kill_on_drop: false }`
[INFO] [stderr]    Compiling proc-macro2 v1.0.86
[INFO] [stderr]    Compiling cc v1.1.3
[INFO] [stderr]    Compiling libc v0.2.155
[INFO] [stderr]    Compiling pkg-config v0.3.30
[INFO] [stderr]    Compiling vcpkg v0.2.15
[INFO] [stderr]    Compiling thiserror v1.0.62
[INFO] [stderr]    Compiling once_cell v1.19.0
[INFO] [stderr]    Compiling subtle v2.6.1
[INFO] [stderr]    Compiling byteorder v1.5.0
[INFO] [stderr]    Compiling serde v1.0.204
[INFO] [stderr]    Compiling slab v0.4.9
[INFO] [stderr]    Compiling foreign-types-shared v0.1.1
[INFO] [stderr]    Compiling openssl v0.10.66
[INFO] [stderr]    Compiling crc-catalog v2.4.0
[INFO] [stderr]    Compiling bytes v1.6.1
[INFO] [stderr]    Compiling log v0.4.22
[INFO] [stderr]    Compiling foreign-types v0.3.2
[INFO] [stderr]    Compiling crc v3.2.1
[INFO] [stderr]    Compiling pin-project-lite v0.2.14
[INFO] [stderr]    Compiling digest v0.10.7
[INFO] [stderr]    Compiling tracing-core v0.1.32
[INFO] [stderr]    Compiling memchr v2.7.4
[INFO] [stderr]    Compiling bitflags v2.6.0
[INFO] [stderr]    Compiling fxhash v0.2.1
[INFO] [stderr]    Compiling fastrand v2.1.0
[INFO] [stderr]    Compiling hmac v0.12.1
[INFO] [stderr]    Compiling openssl-src v300.3.1+3.3.1
[INFO] [stderr]    Compiling combine v4.6.7
[INFO] [stderr]    Compiling quote v1.0.36
[INFO] [stderr]    Compiling openssl-sys v0.9.103
[INFO] [stderr]    Compiling sha1-asm v0.5.3
[INFO] [stderr]    Compiling syn v2.0.71
[INFO] [stderr]    Compiling getrandom v0.2.15
[INFO] [stderr]    Compiling rand_core v0.6.4
[INFO] [stderr]    Compiling sha1 v0.10.6
[INFO] [stderr]    Compiling rand_chacha v0.3.1
[INFO] [stderr]    Compiling rand v0.8.5
[INFO] [stderr]    Compiling thiserror-impl v1.0.62
[INFO] [stderr]    Compiling serde_derive v1.0.204
[INFO] [stderr]    Compiling tracing-attributes v0.1.27
[INFO] [stderr]    Compiling openssl-macros v0.1.1
[INFO] [stderr]    Compiling sctp-proto v0.3.0
[INFO] [stderr]    Compiling tracing v0.1.40
[INFO] [stderr]    Compiling str0m v0.6.2 (/opt/rustwide/workdir)
[INFO] [stdout] warning: elided lifetime has a name
[INFO] [stdout]     --> src/change/sdp.rs:1477:40
[INFO] [stdout]      |
[INFO] [stdout] 1472 |     pub fn as_new_medias<'a, 'b: 'a>(
[INFO] [stdout]      |                          -- lifetime `'a` declared here
[INFO] [stdout] ...
[INFO] [stdout] 1477 |     ) -> impl Iterator<Item = Media> + '_ {
[INFO] [stdout]      |                                        ^^ this elided lifetime gets resolved as `'a`
[INFO] [stdout]      |
[INFO] [stdout]      = note: `#[warn(elided_named_lifetimes)]` on by default
[INFO] [stdout] 
[INFO] [stdout] 
[INFO] [stderr]     Finished `dev` profile [unoptimized + debuginfo] target(s) in 53.27s
[INFO] running `Command { std: "docker" "inspect" "5b01bc639417609b306fcad7ed2188ed8b58902f2ea6301fee9bc07b60c1a9fc", kill_on_drop: false }`
[INFO] running `Command { std: "docker" "rm" "-f" "5b01bc639417609b306fcad7ed2188ed8b58902f2ea6301fee9bc07b60c1a9fc", kill_on_drop: false }`
[INFO] [stdout] 5b01bc639417609b306fcad7ed2188ed8b58902f2ea6301fee9bc07b60c1a9fc
[INFO] running `Command { std: "docker" "create" "-v" "/var/lib/crater-agent-workspace/builds/worker-6-tc2/target:/opt/rustwide/target:rw,Z" "-v" "/var/lib/crater-agent-workspace/builds/worker-6-tc2/source:/opt/rustwide/workdir:ro,Z" "-v" "/var/lib/crater-agent-workspace/cargo-home:/opt/rustwide/cargo-home:ro,Z" "-v" "/var/lib/crater-agent-workspace/rustup-home:/opt/rustwide/rustup-home:ro,Z" "-e" "SOURCE_DIR=/opt/rustwide/workdir" "-e" "CARGO_TARGET_DIR=/opt/rustwide/target" "-e" "CARGO_INCREMENTAL=0" "-e" "RUST_BACKTRACE=full" "-e" "RUSTFLAGS=--cap-lints=forbid -Zrandomize-layout" "-e" "RUSTDOCFLAGS=--cap-lints=forbid" "-e" "CARGO_HOME=/opt/rustwide/cargo-home" "-e" "RUSTUP_HOME=/opt/rustwide/rustup-home" "-w" "/opt/rustwide/workdir" "-m" "1610612736" "--user" "0:0" "--network" "none" "ghcr.io/rust-lang/crates-build-env/linux@sha256:4a844ea9eb2546a2d2c7022eacef16ef2e8229c7fbb2c7d4d55a9ceca922f72d" "/opt/rustwide/cargo-home/bin/cargo" "+nightly-2024-10-28" "test" "--frozen" "--no-run" "--message-format=json", kill_on_drop: false }`
[INFO] [stdout] 2d3d77b8cddd3456f22a195a571e9ce3c9f0647e41485571439ed76d4d267802
[INFO] running `Command { std: "docker" "start" "-a" "2d3d77b8cddd3456f22a195a571e9ce3c9f0647e41485571439ed76d4d267802", kill_on_drop: false }`
[INFO] [stderr]    Compiling memchr v2.7.4
[INFO] [stderr]    Compiling bitflags v2.6.0
[INFO] [stderr]    Compiling log v0.4.22
[INFO] [stderr]    Compiling unicase v2.7.0
[INFO] [stderr]    Compiling tinyvec_macros v0.1.1
[INFO] [stderr]    Compiling rustix v0.38.34
[INFO] [stderr]    Compiling tracing-core v0.1.32
[INFO] [stderr]    Compiling num-traits v0.2.19
[INFO] [stderr]    Compiling linux-raw-sys v0.4.14
[INFO] [stderr]    Compiling alloc-no-stdlib v2.0.4
[INFO] [stderr]    Compiling httparse v1.9.4
[INFO] [stderr]    Compiling syn v1.0.109
[INFO] [stderr]    Compiling crc32fast v1.4.2
[INFO] [stderr]    Compiling percent-encoding v2.3.1
[INFO] [stderr]    Compiling regex-syntax v0.8.4
[INFO] [stderr]    Compiling num_threads v0.1.7
[INFO] [stderr]    Compiling tinyvec v1.8.0
[INFO] [stderr]    Compiling alloc-stdlib v0.2.2
[INFO] [stderr]    Compiling openssl v0.10.66
[INFO] [stderr]    Compiling serde_json v1.0.120
[INFO] [stderr]    Compiling mime v0.3.17
[INFO] [stderr]    Compiling lazy_static v1.5.0
[INFO] [stderr]    Compiling regex-syntax v0.6.29
[INFO] [stderr]    Compiling unicode-bidi v0.3.15
[INFO] [stderr]    Compiling time-core v0.1.1
[INFO] [stderr]    Compiling safemem v0.3.3
[INFO] [stderr]    Compiling time v0.3.23
[INFO] [stderr]    Compiling brotli-decompressor v2.5.1
[INFO] [stderr]    Compiling gzip-header v1.0.0
[INFO] [stderr]    Compiling mime_guess v2.0.5
[INFO] [stderr]    Compiling tracing v0.1.40
[INFO] [stderr]    Compiling twoway v0.1.8
[INFO] [stderr]    Compiling buf_redux v0.8.4
[INFO] [stderr]    Compiling form_urlencoded v1.2.1
[INFO] [stderr]    Compiling num_cpus v1.16.0
[INFO] [stderr]    Compiling ascii v1.1.0
[INFO] [stderr]    Compiling unicode-normalization v0.1.23
[INFO] [stderr]    Compiling chunked_transfer v1.5.0
[INFO] [stderr]    Compiling adler32 v1.2.0
[INFO] [stderr]    Compiling zeroize v1.8.1
[INFO] [stderr]    Compiling overload v0.1.1
[INFO] [stderr]    Compiling httpdate v1.0.3
[INFO] [stderr]    Compiling quick-error v1.2.3
[INFO] [stderr]    Compiling iana-time-zone v0.1.60
[INFO] [stderr]    Compiling minimal-lexical v0.2.1
[INFO] [stderr]    Compiling nu-ansi-term v0.46.0
[INFO] [stderr]    Compiling deflate v1.0.0
[INFO] [stderr]    Compiling chrono v0.4.38
[INFO] [stderr]    Compiling threadpool v1.8.1
[INFO] [stderr]    Compiling sctp-proto v0.3.0
[INFO] [stderr]    Compiling idna v0.5.0
[INFO] [stderr]    Compiling nom v7.1.3
[INFO] [stderr]    Compiling brotli v3.5.0
[INFO] [stderr]    Compiling combine v4.6.7
[INFO] [stderr]    Compiling tracing-log v0.2.0
[INFO] [stderr]    Compiling sharded-slab v0.1.7
[INFO] [stderr]    Compiling regex-automata v0.4.7
[INFO] [stderr]    Compiling regex-automata v0.1.10
[INFO] [stderr]    Compiling url v2.5.2
[INFO] [stderr]    Compiling tempfile v3.10.1
[INFO] [stderr]    Compiling filetime v0.2.23
[INFO] [stderr]    Compiling multipart v0.18.0
[INFO] [stderr]    Compiling byteorder_slice v3.0.0
[INFO] [stderr]    Compiling thread_local v1.1.8
[INFO] [stderr]    Compiling matchers v0.1.0
[INFO] [stderr]    Compiling derive-into-owned v0.2.0
[INFO] [stderr]    Compiling base64 v0.13.1
[INFO] [stderr]    Compiling bytesize v1.3.0
[INFO] [stderr]    Compiling sha1_smol v1.0.0
[INFO] [stderr]    Compiling systemstat v0.2.3
[INFO] [stderr]    Compiling tiny_http v0.12.0
[INFO] [stderr]    Compiling pcap-file v2.0.0
[INFO] [stderr]    Compiling regex v1.10.5
[INFO] [stderr]    Compiling tracing-subscriber v0.3.18
[INFO] [stderr]    Compiling rouille v3.6.2
[INFO] [stderr]    Compiling str0m v0.6.2 (/opt/rustwide/workdir)
[INFO] [stdout] warning: elided lifetime has a name
[INFO] [stdout]     --> src/change/sdp.rs:1477:40
[INFO] [stdout]      |
[INFO] [stdout] 1472 |     pub fn as_new_medias<'a, 'b: 'a>(
[INFO] [stdout]      |                          -- lifetime `'a` declared here
[INFO] [stdout] ...
[INFO] [stdout] 1477 |     ) -> impl Iterator<Item = Media> + '_ {
[INFO] [stdout]      |                                        ^^ this elided lifetime gets resolved as `'a`
[INFO] [stdout]      |
[INFO] [stdout]      = note: `#[warn(elided_named_lifetimes)]` on by default
[INFO] [stdout] 
[INFO] [stdout] 
[INFO] [stdout] warning: elided lifetime has a name
[INFO] [stdout]     --> src/change/sdp.rs:1477:40
[INFO] [stdout]      |
[INFO] [stdout] 1472 |     pub fn as_new_medias<'a, 'b: 'a>(
[INFO] [stdout]      |                          -- lifetime `'a` declared here
[INFO] [stdout] ...
[INFO] [stdout] 1477 |     ) -> impl Iterator<Item = Media> + '_ {
[INFO] [stdout]      |                                        ^^ this elided lifetime gets resolved as `'a`
[INFO] [stdout]      |
[INFO] [stdout]      = note: `#[warn(elided_named_lifetimes)]` on by default
[INFO] [stdout] 
[INFO] [stdout] 
[INFO] [stdout] error[E0599]: no associated item named `_parse` found for struct `RtpHeader` in the current scope
[INFO] [stdout]    --> tests/common.rs:314:33
[INFO] [stdout]     |
[INFO] [stdout] 314 |         let header = RtpHeader::_parse(rtp_data, &exts).unwrap();
[INFO] [stdout]     |                                 ^^^^^^ associated item not found in `RtpHeader`
[INFO] [stdout] 
[INFO] [stdout] 
[INFO] [stdout] error[E0599]: no associated item named `_parse` found for struct `RtpHeader` in the current scope
[INFO] [stdout]    --> tests/common.rs:314:33
[INFO] [stdout]     |
[INFO] [stdout] 314 |         let header = RtpHeader::_parse(rtp_data, &exts).unwrap();
[INFO] [stdout]     |                                 ^^^^^^ associated item not found in `RtpHeader`
[INFO] [stdout] 
[INFO] [stdout] 
[INFO] [stdout] error[E0599]: no associated item named `_parse` found for struct `RtpHeader` in the current scope
[INFO] [stdout]    --> tests/common.rs:314:33
[INFO] [stdout]     |
[INFO] [stdout] 314 |         let header = RtpHeader::_parse(rtp_data, &exts).unwrap();
[INFO] [stdout]     |                                 ^^^^^^ associated item not found in `RtpHeader`
[INFO] [stdout] 
[INFO] [stdout] 
[INFO] [stdout] error[E0599]: no associated item named `_parse` found for struct `RtpHeader` in the current scope
[INFO] [stdout]    --> tests/common.rs:314:33
[INFO] [stdout]     |
[INFO] [stdout] 314 |         let header = RtpHeader::_parse(rtp_data, &exts).unwrap();
[INFO] [stdout]     |                                 ^^^^^^ associated item not found in `RtpHeader`
[INFO] [stdout] 
[INFO] [stdout] 
[INFO] [stdout] error[E0599]: no associated item named `_parse` found for struct `RtpHeader` in the current scope
[INFO] [stdout]    --> tests/common.rs:314:33
[INFO] [stdout]     |
[INFO] [stdout] 314 |         let header = RtpHeader::_parse(rtp_data, &exts).unwrap();
[INFO] [stdout]     |                                 ^^^^^^ associated item not found in `RtpHeader`
[INFO] [stdout] 
[INFO] [stdout] 
[INFO] [stdout] error[E0599]: no associated item named `_parse` found for struct `RtpHeader` in the current scope
[INFO] [stdout]    --> tests/common.rs:314:33
[INFO] [stdout]     |
[INFO] [stdout] 314 |         let header = RtpHeader::_parse(rtp_data, &exts).unwrap();
[INFO] [stdout]     |                                 ^^^^^^ associated item not found in `RtpHeader`
[INFO] [stdout] 
[INFO] [stdout] 
[INFO] [stdout] error[E0599]: no associated item named `_parse` found for struct `RtpHeader` in the current scope
[INFO] [stdout]    --> tests/common.rs:314:33
[INFO] [stdout]     |
[INFO] [stdout] 314 |         let header = RtpHeader::_parse(rtp_data, &exts).unwrap();
[INFO] [stdout]     |                                 ^^^^^^ associated item not found in `RtpHeader`
[INFO] [stdout] 
[INFO] [stdout] 
[INFO] [stdout] error[E0599]: no associated item named `_parse` found for struct `RtpHeader` in the current scope
[INFO] [stdout]    --> tests/common.rs:314:33
[INFO] [stdout]     |
[INFO] [stdout] 314 |         let header = RtpHeader::_parse(rtp_data, &exts).unwrap();
[INFO] [stdout]     |                                 ^^^^^^ associated item not found in `RtpHeader`
[INFO] [stdout] 
[INFO] [stdout] 
[INFO] [stdout] error[E0599]: no associated item named `_parse` found for struct `RtpHeader` in the current scope
[INFO] [stdout]    --> tests/common.rs:314:33
[INFO] [stdout]     |
[INFO] [stdout] 314 |         let header = RtpHeader::_parse(rtp_data, &exts).unwrap();
[INFO] [stdout]     |                                 ^^^^^^ associated item not found in `RtpHeader`
[INFO] [stdout] 
[INFO] [stdout] 
[INFO] [stdout] error[E0599]: no associated item named `_parse` found for struct `RtpHeader` in the current scope
[INFO] [stdout]    --> tests/common.rs:314:33
[INFO] [stdout]     |
[INFO] [stdout] 314 |         let header = RtpHeader::_parse(rtp_data, &exts).unwrap();
[INFO] [stdout]     |                                 ^^^^^^ associated item not found in `RtpHeader`
[INFO] [stdout] 
[INFO] [stdout] 
[INFO] [stdout] error[E0599]: no method named `_local_ice_creds` found for struct `TestRtc` in the current scope
[INFO] [stdout]   --> tests/ice-restart.rs:46:21
[INFO] [stdout]    |
[INFO] [stdout] 46 |     let l_creds = l._local_ice_creds();
[INFO] [stdout]    |                     ^^^^^^^^^^^^^^^^ method not found in `TestRtc`
[INFO] [stdout]    |
[INFO] [stdout]   ::: tests/common.rs:21:1
[INFO] [stdout]    |
[INFO] [stdout] 21 | pub struct TestRtc {
[INFO] [stdout]    | ------------------ method `_local_ice_creds` not found for this struct
[INFO] [stdout] 
[INFO] [stdout] 
[INFO] [stdout] error[E0599]: no associated item named `_parse` found for struct `RtpHeader` in the current scope
[INFO] [stdout]    --> tests/common.rs:314:33
[INFO] [stdout]     |
[INFO] [stdout] 314 |         let header = RtpHeader::_parse(rtp_data, &exts).unwrap();
[INFO] [stdout]     |                                 ^^^^^^ associated item not found in `RtpHeader`
[INFO] [stdout] 
[INFO] [stdout] 
[INFO] [stdout] error[E0599]: no method named `_local_ice_creds` found for struct `TestRtc` in the current scope
[INFO] [stdout]   --> tests/ice-restart.rs:47:21
[INFO] [stdout]    |
[INFO] [stdout] 47 |     let r_creds = r._local_ice_creds();
[INFO] [stdout]    |                     ^^^^^^^^^^^^^^^^ method not found in `TestRtc`
[INFO] [stdout]    |
[INFO] [stdout]   ::: tests/common.rs:21:1
[INFO] [stdout]    |
[INFO] [stdout] 21 | pub struct TestRtc {
[INFO] [stdout]    | ------------------ method `_local_ice_creds` not found for this struct
[INFO] [stdout] 
[INFO] [stdout] 
[INFO] [stdout] error[E0599]: no associated item named `_parse` found for struct `RtpHeader` in the current scope
[INFO] [stdout]    --> tests/common.rs:314:33
[INFO] [stdout]     |
[INFO] [stdout] 314 |         let header = RtpHeader::_parse(rtp_data, &exts).unwrap();
[INFO] [stdout]     |                                 ^^^^^^ associated item not found in `RtpHeader`
[INFO] [stdout] 
[INFO] [stdout] 
[INFO] [stdout] For more information about this error, try `rustc --explain E0599`.
[INFO] [stdout] 
[INFO] [stdout] error[E0599]: no associated item named `_parse` found for struct `RtpHeader` in the current scope
[INFO] [stdout]    --> tests/common.rs:314:33
[INFO] [stdout]     |
[INFO] [stdout] 314 |         let header = RtpHeader::_parse(rtp_data, &exts).unwrap();
[INFO] [stdout]     |                                 ^^^^^^ associated item not found in `RtpHeader`
[INFO] [stdout] 
[INFO] [stdout] 
[INFO] [stdout] error[E0599]: no method named `_local_ice_creds` found for struct `TestRtc` in the current scope
[INFO] [stdout]   --> tests/ice-restart.rs:79:11
[INFO] [stdout]    |
[INFO] [stdout] 79 |         r._local_ice_creds(),
[INFO] [stdout]    |           ^^^^^^^^^^^^^^^^ method not found in `TestRtc`
[INFO] [stdout]    |
[INFO] [stdout]   ::: tests/common.rs:21:1
[INFO] [stdout]    |
[INFO] [stdout] 21 | pub struct TestRtc {
[INFO] [stdout]    | ------------------ method `_local_ice_creds` not found for this struct
[INFO] [stdout] 
[INFO] [stdout] 
[INFO] [stdout] error[E0599]: no associated item named `_parse` found for struct `RtpHeader` in the current scope
[INFO] [stdout]    --> tests/common.rs:314:33
[INFO] [stdout]     |
[INFO] [stdout] 314 |         let header = RtpHeader::_parse(rtp_data, &exts).unwrap();
[INFO] [stdout]     |                                 ^^^^^^ associated item not found in `RtpHeader`
[INFO] [stdout] 
[INFO] [stdout] 
[INFO] [stderr] error: could not compile `str0m` (test "common") due to 1 previous error
[INFO] [stdout] For more information about this error, try `rustc --explain E0599`.
[INFO] [stdout] 
[INFO] [stderr] warning: build failed, waiting for other jobs to finish...
[INFO] [stdout] For more information about this error, try `rustc --explain E0599`.
[INFO] [stdout] 
[INFO] [stdout] For more information about this error, try `rustc --explain E0599`.
[INFO] [stdout] 
[INFO] [stdout] For more information about this error, try `rustc --explain E0599`.
[INFO] [stdout] 
[INFO] [stdout] For more information about this error, try `rustc --explain E0599`.
[INFO] [stdout] 
[INFO] [stdout] For more information about this error, try `rustc --explain E0599`.
[INFO] [stdout] 
[INFO] [stdout] For more information about this error, try `rustc --explain E0599`.
[INFO] [stdout] 
[INFO] [stdout] error[E0599]: no method named `_local_ice_creds` found for struct `TestRtc` in the current scope
[INFO] [stdout]   --> tests/ice-restart.rs:84:11
[INFO] [stdout]    |
[INFO] [stdout] 84 |         l._local_ice_creds(),
[INFO] [stdout]    |           ^^^^^^^^^^^^^^^^ method not found in `TestRtc`
[INFO] [stdout]    |
[INFO] [stdout]   ::: tests/common.rs:21:1
[INFO] [stdout]    |
[INFO] [stdout] 21 | pub struct TestRtc {
[INFO] [stdout]    | ------------------ method `_local_ice_creds` not found for this struct
[INFO] [stdout] 
[INFO] [stdout] 
[INFO] [stderr] error: could not compile `str0m` (test "rtp-direct-mid") due to 1 previous error
[INFO] [stderr] error: could not compile `str0m` (test "data-channel") due to 1 previous error
[INFO] [stderr] error: could not compile `str0m` (test "twcc") due to 1 previous error
[INFO] [stderr] error: could not compile `str0m` (test "repeated") due to 1 previous error
[INFO] [stderr] error: could not compile `str0m` (test "data-channel-direct") due to 1 previous error
[INFO] [stderr] error: could not compile `str0m` (test "flappy-ice-state") due to 1 previous error
[INFO] [stdout] For more information about this error, try `rustc --explain E0599`.
[INFO] [stdout] 
[INFO] [stderr] error: could not compile `str0m` (test "rtp-direct-with-roc") due to 1 previous error
[INFO] [stderr] error: could not compile `str0m` (test "unidirectional-r-create-media") due to 1 previous error
[INFO] [stdout] For more information about this error, try `rustc --explain E0599`.
[INFO] [stdout] 
[INFO] [stderr] error: could not compile `str0m` (test "rtp-direct-mid-rid") due to 1 previous error
[INFO] [stdout] For more information about this error, try `rustc --explain E0599`.
[INFO] [stdout] 
[INFO] [stdout] For more information about this error, try `rustc --explain E0599`.
[INFO] [stdout] 
[INFO] [stderr] error: could not compile `str0m` (test "ice-restart") due to 5 previous errors
[INFO] [stdout] For more information about this error, try `rustc --explain E0599`.
[INFO] [stdout] 
[INFO] [stdout] For more information about this error, try `rustc --explain E0599`.
[INFO] [stdout] 
[INFO] [stderr] error: could not compile `str0m` (test "remb") due to 1 previous error
[INFO] [stderr] error: could not compile `str0m` (test "contiguous") due to 1 previous error
[INFO] [stderr] error: could not compile `str0m` (test "user-rtp-header-extension") due to 1 previous error
[INFO] running `Command { std: "docker" "inspect" "2d3d77b8cddd3456f22a195a571e9ce3c9f0647e41485571439ed76d4d267802", kill_on_drop: false }`
[INFO] running `Command { std: "docker" "rm" "-f" "2d3d77b8cddd3456f22a195a571e9ce3c9f0647e41485571439ed76d4d267802", kill_on_drop: false }`
[INFO] [stdout] 2d3d77b8cddd3456f22a195a571e9ce3c9f0647e41485571439ed76d4d267802
