[INFO] fetching crate storey 0.3.0...
[INFO] testing storey-0.3.0 against nightly-2024-10-28 for randomize-layout
[INFO] extracting crate storey 0.3.0 into /workspace/builds/worker-7-tc1/source
[INFO] validating manifest of crates.io crate storey 0.3.0 on toolchain nightly-2024-10-28
[INFO] running `Command { std: CARGO_HOME="/workspace/cargo-home" RUSTUP_HOME="/workspace/rustup-home" "/workspace/cargo-home/bin/cargo" "+nightly-2024-10-28" "metadata" "--manifest-path" "Cargo.toml" "--no-deps", kill_on_drop: false }`
[INFO] started tweaking crates.io crate storey 0.3.0
[INFO] removed 0 missing tests
[INFO] finished tweaking crates.io crate storey 0.3.0
[INFO] tweaked toml for crates.io crate storey 0.3.0 written to /workspace/builds/worker-7-tc1/source/Cargo.toml
[INFO] running `Command { std: CARGO_HOME="/workspace/cargo-home" RUSTUP_HOME="/workspace/rustup-home" "/workspace/cargo-home/bin/cargo" "+nightly-2024-10-28" "generate-lockfile" "--manifest-path" "Cargo.toml", kill_on_drop: false }`
[INFO] [stderr]     Updating crates.io index
[INFO] [stderr]      Locking 8 packages to latest compatible versions
[INFO] running `Command { std: CARGO_HOME="/workspace/cargo-home" RUSTUP_HOME="/workspace/rustup-home" "/workspace/cargo-home/bin/cargo" "+nightly-2024-10-28" "fetch" "--manifest-path" "Cargo.toml", kill_on_drop: false }`
[INFO] [stderr]  Downloading crates ...
[INFO] [stderr]   Downloaded storey-encoding v0.1.1
[INFO] [stderr]   Downloaded storey-storage v0.1.1
[INFO] running `Command { std: "docker" "create" "-v" "/var/lib/crater-agent-workspace/builds/worker-7-tc1/target:/opt/rustwide/target:rw,Z" "-v" "/var/lib/crater-agent-workspace/builds/worker-7-tc1/source:/opt/rustwide/workdir:ro,Z" "-v" "/var/lib/crater-agent-workspace/cargo-home:/opt/rustwide/cargo-home:ro,Z" "-v" "/var/lib/crater-agent-workspace/rustup-home:/opt/rustwide/rustup-home:ro,Z" "-e" "SOURCE_DIR=/opt/rustwide/workdir" "-e" "CARGO_TARGET_DIR=/opt/rustwide/target" "-e" "CARGO_HOME=/opt/rustwide/cargo-home" "-e" "RUSTUP_HOME=/opt/rustwide/rustup-home" "-w" "/opt/rustwide/workdir" "-m" "1610612736" "--user" "0:0" "--network" "none" "ghcr.io/rust-lang/crates-build-env/linux@sha256:4a844ea9eb2546a2d2c7022eacef16ef2e8229c7fbb2c7d4d55a9ceca922f72d" "/opt/rustwide/cargo-home/bin/cargo" "+nightly-2024-10-28" "metadata" "--no-deps" "--format-version=1", kill_on_drop: false }`
[INFO] [stdout] 091c86ec996fe1195fec350cd12db052d2d94e3629f3065899fb0ee37cd94c94
[INFO] running `Command { std: "docker" "start" "-a" "091c86ec996fe1195fec350cd12db052d2d94e3629f3065899fb0ee37cd94c94", kill_on_drop: false }`
[INFO] running `Command { std: "docker" "inspect" "091c86ec996fe1195fec350cd12db052d2d94e3629f3065899fb0ee37cd94c94", kill_on_drop: false }`
[INFO] running `Command { std: "docker" "rm" "-f" "091c86ec996fe1195fec350cd12db052d2d94e3629f3065899fb0ee37cd94c94", kill_on_drop: false }`
[INFO] [stdout] 091c86ec996fe1195fec350cd12db052d2d94e3629f3065899fb0ee37cd94c94
[INFO] running `Command { std: "docker" "create" "-v" "/var/lib/crater-agent-workspace/builds/worker-7-tc1/target:/opt/rustwide/target:rw,Z" "-v" "/var/lib/crater-agent-workspace/builds/worker-7-tc1/source:/opt/rustwide/workdir:ro,Z" "-v" "/var/lib/crater-agent-workspace/cargo-home:/opt/rustwide/cargo-home:ro,Z" "-v" "/var/lib/crater-agent-workspace/rustup-home:/opt/rustwide/rustup-home:ro,Z" "-e" "SOURCE_DIR=/opt/rustwide/workdir" "-e" "CARGO_TARGET_DIR=/opt/rustwide/target" "-e" "CARGO_INCREMENTAL=0" "-e" "RUST_BACKTRACE=full" "-e" "RUSTFLAGS=--cap-lints=forbid" "-e" "RUSTDOCFLAGS=--cap-lints=forbid" "-e" "CARGO_HOME=/opt/rustwide/cargo-home" "-e" "RUSTUP_HOME=/opt/rustwide/rustup-home" "-w" "/opt/rustwide/workdir" "-m" "1610612736" "--user" "0:0" "--network" "none" "ghcr.io/rust-lang/crates-build-env/linux@sha256:4a844ea9eb2546a2d2c7022eacef16ef2e8229c7fbb2c7d4d55a9ceca922f72d" "/opt/rustwide/cargo-home/bin/cargo" "+nightly-2024-10-28" "build" "--frozen" "--message-format=json", kill_on_drop: false }`
[INFO] [stdout] 239e02eeaecf7db36efc9cc278b73e7829cb776bbf130f9e4c16c91773097a5c
[INFO] running `Command { std: "docker" "start" "-a" "239e02eeaecf7db36efc9cc278b73e7829cb776bbf130f9e4c16c91773097a5c", kill_on_drop: false }`
[INFO] [stderr]    Compiling thiserror v1.0.66
[INFO] [stderr]    Compiling storey-encoding v0.1.1
[INFO] [stderr]    Compiling storey-storage v0.1.1
[INFO] [stderr]    Compiling thiserror-impl v1.0.66
[INFO] [stderr]    Compiling storey v0.3.0 (/opt/rustwide/workdir)
[INFO] [stderr]     Finished `dev` profile [unoptimized + debuginfo] target(s) in 1.11s
[INFO] running `Command { std: "docker" "inspect" "239e02eeaecf7db36efc9cc278b73e7829cb776bbf130f9e4c16c91773097a5c", kill_on_drop: false }`
[INFO] running `Command { std: "docker" "rm" "-f" "239e02eeaecf7db36efc9cc278b73e7829cb776bbf130f9e4c16c91773097a5c", kill_on_drop: false }`
[INFO] [stdout] 239e02eeaecf7db36efc9cc278b73e7829cb776bbf130f9e4c16c91773097a5c
[INFO] running `Command { std: "docker" "create" "-v" "/var/lib/crater-agent-workspace/builds/worker-7-tc1/target:/opt/rustwide/target:rw,Z" "-v" "/var/lib/crater-agent-workspace/builds/worker-7-tc1/source:/opt/rustwide/workdir:ro,Z" "-v" "/var/lib/crater-agent-workspace/cargo-home:/opt/rustwide/cargo-home:ro,Z" "-v" "/var/lib/crater-agent-workspace/rustup-home:/opt/rustwide/rustup-home:ro,Z" "-e" "SOURCE_DIR=/opt/rustwide/workdir" "-e" "CARGO_TARGET_DIR=/opt/rustwide/target" "-e" "CARGO_INCREMENTAL=0" "-e" "RUST_BACKTRACE=full" "-e" "RUSTFLAGS=--cap-lints=forbid" "-e" "RUSTDOCFLAGS=--cap-lints=forbid" "-e" "CARGO_HOME=/opt/rustwide/cargo-home" "-e" "RUSTUP_HOME=/opt/rustwide/rustup-home" "-w" "/opt/rustwide/workdir" "-m" "1610612736" "--user" "0:0" "--network" "none" "ghcr.io/rust-lang/crates-build-env/linux@sha256:4a844ea9eb2546a2d2c7022eacef16ef2e8229c7fbb2c7d4d55a9ceca922f72d" "/opt/rustwide/cargo-home/bin/cargo" "+nightly-2024-10-28" "test" "--frozen" "--no-run" "--message-format=json", kill_on_drop: false }`
[INFO] [stdout] d27f7610c032e2be1cb3b792434b5727143e13c92ec7a9bc0874eee8f52972cf
[INFO] running `Command { std: "docker" "start" "-a" "d27f7610c032e2be1cb3b792434b5727143e13c92ec7a9bc0874eee8f52972cf", kill_on_drop: false }`
[INFO] [stderr]    Compiling storey v0.3.0 (/opt/rustwide/workdir)
[INFO] [stdout] error[E0433]: failed to resolve: use of undeclared crate or module `mocks`
[INFO] [stdout]  --> tests/iteration.rs:3:5
[INFO] [stdout]   |
[INFO] [stdout] 3 | use mocks::backend::TestStorage;
[INFO] [stdout]   |     ^^^^^ use of undeclared crate or module `mocks`
[INFO] [stdout] 
[INFO] [stdout] 
[INFO] [stdout] error[E0433]: failed to resolve: use of undeclared crate or module `mocks`
[INFO] [stdout]  --> tests/iteration.rs:4:5
[INFO] [stdout]   |
[INFO] [stdout] 4 | use mocks::encoding::TestEncoding;
[INFO] [stdout]   |     ^^^^^ use of undeclared crate or module `mocks`
[INFO] [stdout] 
[INFO] [stdout] 
[INFO] [stdout] error[E0433]: failed to resolve: use of undeclared crate or module `mocks`
[INFO] [stdout]  --> tests/composition.rs:3:5
[INFO] [stdout]   |
[INFO] [stdout] 3 | use mocks::backend::TestStorage;
[INFO] [stdout]   |     ^^^^^ use of undeclared crate or module `mocks`
[INFO] [stdout] 
[INFO] [stdout] 
[INFO] [stdout] error[E0433]: failed to resolve: use of undeclared crate or module `mocks`
[INFO] [stdout]  --> tests/composition.rs:4:5
[INFO] [stdout]   |
[INFO] [stdout] 4 | use mocks::encoding::TestEncoding;
[INFO] [stdout]   |     ^^^^^ use of undeclared crate or module `mocks`
[INFO] [stdout] 
[INFO] [stdout] 
[INFO] [stdout] error[E0433]: failed to resolve: use of undeclared crate or module `mocks`
[INFO] [stdout]    --> src/containers/column.rs:459:9
[INFO] [stdout]     |
[INFO] [stdout] 459 |     use mocks::backend::TestStorage;
[INFO] [stdout]     |         ^^^^^ use of undeclared crate or module `mocks`
[INFO] [stdout] 
[INFO] [stdout] 
[INFO] [stdout] error[E0433]: failed to resolve: use of undeclared crate or module `mocks`
[INFO] [stdout]    --> src/containers/column.rs:460:9
[INFO] [stdout]     |
[INFO] [stdout] 460 |     use mocks::encoding::TestEncoding;
[INFO] [stdout]     |         ^^^^^ use of undeclared crate or module `mocks`
[INFO] [stdout] 
[INFO] [stdout] 
[INFO] [stdout] error[E0433]: failed to resolve: use of undeclared crate or module `mocks`
[INFO] [stdout]    --> src/containers/item.rs:261:9
[INFO] [stdout]     |
[INFO] [stdout] 261 |     use mocks::backend::TestStorage;
[INFO] [stdout]     |         ^^^^^ use of undeclared crate or module `mocks`
[INFO] [stdout] 
[INFO] [stdout] 
[INFO] [stdout] error[E0433]: failed to resolve: use of undeclared crate or module `mocks`
[INFO] [stdout]    --> src/containers/item.rs:262:9
[INFO] [stdout]     |
[INFO] [stdout] 262 |     use mocks::encoding::TestEncoding;
[INFO] [stdout]     |         ^^^^^ use of undeclared crate or module `mocks`
[INFO] [stdout] 
[INFO] [stdout] 
[INFO] [stdout] error[E0433]: failed to resolve: use of undeclared crate or module `mocks`
[INFO] [stdout]    --> src/containers/map/mod.rs:353:9
[INFO] [stdout]     |
[INFO] [stdout] 353 |     use mocks::backend::TestStorage;
[INFO] [stdout]     |         ^^^^^ use of undeclared crate or module `mocks`
[INFO] [stdout] 
[INFO] [stdout] 
[INFO] [stdout] error[E0433]: failed to resolve: use of undeclared crate or module `mocks`
[INFO] [stdout]    --> src/containers/map/mod.rs:354:9
[INFO] [stdout]     |
[INFO] [stdout] 354 |     use mocks::encoding::TestEncoding;
[INFO] [stdout]     |         ^^^^^ use of undeclared crate or module `mocks`
[INFO] [stdout] 
[INFO] [stdout] 
[INFO] [stdout] error[E0433]: failed to resolve: use of undeclared crate or module `mocks`
[INFO] [stdout]    --> src/storage/branch.rs:320:9
[INFO] [stdout]     |
[INFO] [stdout] 320 |     use mocks::backend::TestStorage;
[INFO] [stdout]     |         ^^^^^ use of undeclared crate or module `mocks`
[INFO] [stdout] 
[INFO] [stdout] 
[INFO] [stdout] For more information about this error, try `rustc --explain E0433`.
[INFO] [stdout] 
[INFO] [stdout] For more information about this error, try `rustc --explain E0433`.
[INFO] [stdout] 
[INFO] [stderr] error: could not compile `storey` (test "iteration") due to 2 previous errors
[INFO] [stderr] warning: build failed, waiting for other jobs to finish...
[INFO] [stderr] error: could not compile `storey` (test "composition") due to 2 previous errors
[INFO] [stdout] For more information about this error, try `rustc --explain E0433`.
[INFO] [stdout] 
[INFO] [stderr] error: could not compile `storey` (lib test) due to 7 previous errors
[INFO] running `Command { std: "docker" "inspect" "d27f7610c032e2be1cb3b792434b5727143e13c92ec7a9bc0874eee8f52972cf", kill_on_drop: false }`
[INFO] running `Command { std: "docker" "rm" "-f" "d27f7610c032e2be1cb3b792434b5727143e13c92ec7a9bc0874eee8f52972cf", kill_on_drop: false }`
[INFO] [stdout] d27f7610c032e2be1cb3b792434b5727143e13c92ec7a9bc0874eee8f52972cf
