[INFO] fetching crate stm32wlxx-hal 0.6.1...
[INFO] testing stm32wlxx-hal-0.6.1 against nightly-2024-10-28 for randomize-layout
[INFO] extracting crate stm32wlxx-hal 0.6.1 into /workspace/builds/worker-2-tc1/source
[INFO] validating manifest of crates.io crate stm32wlxx-hal 0.6.1 on toolchain nightly-2024-10-28
[INFO] running `Command { std: CARGO_HOME="/workspace/cargo-home" RUSTUP_HOME="/workspace/rustup-home" "/workspace/cargo-home/bin/cargo" "+nightly-2024-10-28" "metadata" "--manifest-path" "Cargo.toml" "--no-deps", kill_on_drop: false }`
[INFO] started tweaking crates.io crate stm32wlxx-hal 0.6.1
[INFO] finished tweaking crates.io crate stm32wlxx-hal 0.6.1
[INFO] tweaked toml for crates.io crate stm32wlxx-hal 0.6.1 written to /workspace/builds/worker-2-tc1/source/Cargo.toml
[INFO] running `Command { std: CARGO_HOME="/workspace/cargo-home" RUSTUP_HOME="/workspace/rustup-home" "/workspace/cargo-home/bin/cargo" "+nightly-2024-10-28" "generate-lockfile" "--manifest-path" "Cargo.toml", kill_on_drop: false }`
[INFO] [stderr]     Updating crates.io index
[INFO] [stderr]      Locking 43 packages to latest compatible versions
[INFO] [stderr]       Adding embedded-hal v0.2.7 (available: v1.0.0)
[INFO] running `Command { std: CARGO_HOME="/workspace/cargo-home" RUSTUP_HOME="/workspace/rustup-home" "/workspace/cargo-home/bin/cargo" "+nightly-2024-10-28" "fetch" "--manifest-path" "Cargo.toml", kill_on_drop: false }`
[INFO] [stderr]  Downloading crates ...
[INFO] [stderr]   Downloaded stm32wl v0.15.1
[INFO] running `Command { std: "docker" "create" "-v" "/var/lib/crater-agent-workspace/builds/worker-2-tc1/target:/opt/rustwide/target:rw,Z" "-v" "/var/lib/crater-agent-workspace/builds/worker-2-tc1/source:/opt/rustwide/workdir:ro,Z" "-v" "/var/lib/crater-agent-workspace/cargo-home:/opt/rustwide/cargo-home:ro,Z" "-v" "/var/lib/crater-agent-workspace/rustup-home:/opt/rustwide/rustup-home:ro,Z" "-e" "SOURCE_DIR=/opt/rustwide/workdir" "-e" "CARGO_TARGET_DIR=/opt/rustwide/target" "-e" "CARGO_HOME=/opt/rustwide/cargo-home" "-e" "RUSTUP_HOME=/opt/rustwide/rustup-home" "-w" "/opt/rustwide/workdir" "-m" "1610612736" "--user" "0:0" "--network" "none" "ghcr.io/rust-lang/crates-build-env/linux@sha256:4a844ea9eb2546a2d2c7022eacef16ef2e8229c7fbb2c7d4d55a9ceca922f72d" "/opt/rustwide/cargo-home/bin/cargo" "+nightly-2024-10-28" "metadata" "--no-deps" "--format-version=1", kill_on_drop: false }`
[INFO] [stdout] 36608f1205b62162a7b1626de87a88ffcbf427632f6a39a423781d319e2e3735
[INFO] running `Command { std: "docker" "start" "-a" "36608f1205b62162a7b1626de87a88ffcbf427632f6a39a423781d319e2e3735", kill_on_drop: false }`
[INFO] running `Command { std: "docker" "inspect" "36608f1205b62162a7b1626de87a88ffcbf427632f6a39a423781d319e2e3735", kill_on_drop: false }`
[INFO] running `Command { std: "docker" "rm" "-f" "36608f1205b62162a7b1626de87a88ffcbf427632f6a39a423781d319e2e3735", kill_on_drop: false }`
[INFO] [stdout] 36608f1205b62162a7b1626de87a88ffcbf427632f6a39a423781d319e2e3735
[INFO] running `Command { std: "docker" "create" "-v" "/var/lib/crater-agent-workspace/builds/worker-2-tc1/target:/opt/rustwide/target:rw,Z" "-v" "/var/lib/crater-agent-workspace/builds/worker-2-tc1/source:/opt/rustwide/workdir:ro,Z" "-v" "/var/lib/crater-agent-workspace/cargo-home:/opt/rustwide/cargo-home:ro,Z" "-v" "/var/lib/crater-agent-workspace/rustup-home:/opt/rustwide/rustup-home:ro,Z" "-e" "SOURCE_DIR=/opt/rustwide/workdir" "-e" "CARGO_TARGET_DIR=/opt/rustwide/target" "-e" "CARGO_INCREMENTAL=0" "-e" "RUST_BACKTRACE=full" "-e" "RUSTFLAGS=--cap-lints=forbid" "-e" "RUSTDOCFLAGS=--cap-lints=forbid" "-e" "CARGO_HOME=/opt/rustwide/cargo-home" "-e" "RUSTUP_HOME=/opt/rustwide/rustup-home" "-w" "/opt/rustwide/workdir" "-m" "1610612736" "--user" "0:0" "--network" "none" "ghcr.io/rust-lang/crates-build-env/linux@sha256:4a844ea9eb2546a2d2c7022eacef16ef2e8229c7fbb2c7d4d55a9ceca922f72d" "/opt/rustwide/cargo-home/bin/cargo" "+nightly-2024-10-28" "build" "--frozen" "--message-format=json", kill_on_drop: false }`
[INFO] [stdout] b09d28ea8e453dd4bbb8c8b7927f2716b242c60f616cd6c6056789d7541a219b
[INFO] running `Command { std: "docker" "start" "-a" "b09d28ea8e453dd4bbb8c8b7927f2716b242c60f616cd6c6056789d7541a219b", kill_on_drop: false }`
[INFO] [stderr]    Compiling nb v1.1.0
[INFO] [stderr]    Compiling cortex-m v0.7.7
[INFO] [stderr]    Compiling autocfg v1.4.0
[INFO] [stderr]    Compiling paste v1.0.15
[INFO] [stderr]    Compiling stm32wl v0.15.1
[INFO] [stderr]    Compiling volatile-register v0.2.2
[INFO] [stderr]    Compiling bare-metal v0.2.5
[INFO] [stderr]    Compiling rand_core v0.6.4
[INFO] [stderr]    Compiling nb v0.1.3
[INFO] [stderr]    Compiling embedded-hal v0.2.7
[INFO] [stderr]    Compiling num-traits v0.2.19
[INFO] [stderr]    Compiling num-integer v0.1.46
[INFO] [stderr]    Compiling stm32wlxx-hal v0.6.1 (/opt/rustwide/workdir)
[INFO] [stdout] error: You must select your hardware with a feature flag
[INFO] [stdout]   --> src/lib.rs:41:9
[INFO] [stdout]    |
[INFO] [stdout] 41 |         core::compile_error!("You must select your hardware with a feature flag");
[INFO] [stdout]    |         ^^^^^^^^^^^^^^^^^^^^^^^^^^^^^^^^^^^^^^^^^^^^^^^^^^^^^^^^^^^^^^^^^^^^^^^^^
[INFO] [stdout] 
[INFO] [stdout] 
[INFO] [stdout] error[E0433]: failed to resolve: use of undeclared crate or module `pac`
[INFO] [stdout]   --> src/adc.rs:13:9
[INFO] [stdout]    |
[INFO] [stdout] 13 | pub use pac::adc::cfgr2::{OVSR_A as OversampleRatio, OVSS_A as OversampleShift};
[INFO] [stdout]    |         ^^^ use of undeclared crate or module `pac`
[INFO] [stdout] 
[INFO] [stdout] 
[INFO] [stdout] error[E0432]: unresolved import `super::pac`
[INFO] [stdout]   --> src/adc.rs:18:5
[INFO] [stdout]    |
[INFO] [stdout] 18 | use super::pac;
[INFO] [stdout]    |     ^^^^^^^---
[INFO] [stdout]    |     |      |
[INFO] [stdout]    |     |      help: a similar name exists in the module: `dac`
[INFO] [stdout]    |     no `pac` in the root
[INFO] [stdout] 
[INFO] [stdout] 
[INFO] [stdout] error[E0432]: unresolved import `crate::pac`
[INFO] [stdout]  --> src/aes.rs:3:5
[INFO] [stdout]   |
[INFO] [stdout] 3 | use crate::pac;
[INFO] [stdout]   |     ^^^^^^^---
[INFO] [stdout]   |     |      |
[INFO] [stdout]   |     |      help: a similar name exists in the module: `dac`
[INFO] [stdout]   |     no `pac` in the root
[INFO] [stdout] 
[INFO] [stdout] 
[INFO] [stdout] error[E0432]: unresolved import `super::pac`
[INFO] [stdout]  --> src/dac.rs:3:5
[INFO] [stdout]   |
[INFO] [stdout] 3 | use super::pac;
[INFO] [stdout]   |     ^^^^^^^---
[INFO] [stdout]   |     |      |
[INFO] [stdout]   |     |      help: a similar name exists in the module: `dac`
[INFO] [stdout]   |     no `pac` in the root
[INFO] [stdout] 
[INFO] [stdout] 
[INFO] [stdout] error[E0432]: unresolved import `super::pac`
[INFO] [stdout]   --> src/dma/mod.rs:20:5
[INFO] [stdout]    |
[INFO] [stdout] 20 | use super::pac;
[INFO] [stdout]    |     ^^^^^^^---
[INFO] [stdout]    |     |      |
[INFO] [stdout]    |     |      help: a similar name exists in the module: `dac`
[INFO] [stdout]    |     no `pac` in the root
[INFO] [stdout] 
[INFO] [stdout] 
[INFO] [stdout] error[E0432]: unresolved import `crate::pac`
[INFO] [stdout]  --> src/flash.rs:9:5
[INFO] [stdout]   |
[INFO] [stdout] 9 | use crate::pac;
[INFO] [stdout]   |     ^^^^^^^---
[INFO] [stdout]   |     |      |
[INFO] [stdout]   |     |      help: a similar name exists in the module: `dac`
[INFO] [stdout]   |     no `pac` in the root
[INFO] [stdout] 
[INFO] [stdout] 
[INFO] [stdout] error[E0432]: unresolved import `crate::pac`
[INFO] [stdout]  --> src/gpio.rs:3:18
[INFO] [stdout]   |
[INFO] [stdout] 3 | use crate::{adc, pac};
[INFO] [stdout]   |                  ^^^
[INFO] [stdout]   |                  |
[INFO] [stdout]   |                  no `pac` in the root
[INFO] [stdout]   |                  help: a similar name exists in the module: `dac`
[INFO] [stdout] 
[INFO] [stdout] 
[INFO] [stdout] error[E0433]: failed to resolve: could not find `pac` in the crate root
[INFO] [stdout]  --> src/i2c.rs:6:5
[INFO] [stdout]   |
[INFO] [stdout] 6 |     pac::{self, rcc::ccipr::I2C3SEL_A, I2C1, I2C2, I2C3, RCC},
[INFO] [stdout]   |     ^^^ could not find `pac` in the crate root
[INFO] [stdout] 
[INFO] [stdout] 
[INFO] [stdout] error[E0432]: unresolved imports `crate::pac`, `crate::pac`
[INFO] [stdout]  --> src/i2c.rs:6:5
[INFO] [stdout]   |
[INFO] [stdout] 6 |     pac::{self, rcc::ccipr::I2C3SEL_A, I2C1, I2C2, I2C3, RCC},
[INFO] [stdout]   |     ^^^   ^^^^ no `pac` in the root
[INFO] [stdout]   |     |
[INFO] [stdout]   |     could not find `pac` in the crate root
[INFO] [stdout]   |     help: a similar name exists in the module: `dac`
[INFO] [stdout] 
[INFO] [stdout] 
[INFO] [stdout] error[E0432]: unresolved import `crate::pac`
[INFO] [stdout]   --> src/lptim/mod.rs:42:5
[INFO] [stdout]    |
[INFO] [stdout] 42 |     pac, Ratio,
[INFO] [stdout]    |     ^^^
[INFO] [stdout]    |     |
[INFO] [stdout]    |     no `pac` in the root
[INFO] [stdout]    |     help: a similar name exists in the module: `dac`
[INFO] [stdout] 
[INFO] [stdout] 
[INFO] [stdout] error[E0433]: failed to resolve: could not find `pac` in the crate root
[INFO] [stdout]   --> src/pka.rs:69:12
[INFO] [stdout]    |
[INFO] [stdout] 69 | use crate::pac::{self, pka::cr::MODE_A};
[INFO] [stdout]    |            ^^^ could not find `pac` in the crate root
[INFO] [stdout] 
[INFO] [stdout] 
[INFO] [stdout] error[E0432]: unresolved import `crate::pac`
[INFO] [stdout]   --> src/pka.rs:69:18
[INFO] [stdout]    |
[INFO] [stdout] 69 | use crate::pac::{self, pka::cr::MODE_A};
[INFO] [stdout]    |            ---   ^^^^ no `pac` in the root
[INFO] [stdout]    |            |
[INFO] [stdout]    |            help: a similar name exists in the module: `dac`
[INFO] [stdout] 
[INFO] [stdout] 
[INFO] [stdout] error[E0432]: unresolved import `crate::pac`
[INFO] [stdout]  --> src/pwr.rs:7:13
[INFO] [stdout]   |
[INFO] [stdout] 7 | use crate::{pac, rcc::MsiRange};
[INFO] [stdout]   |             ^^^
[INFO] [stdout]   |             |
[INFO] [stdout]   |             no `pac` in the root
[INFO] [stdout]   |             help: a similar name exists in the module: `dac`
[INFO] [stdout] 
[INFO] [stdout] 
[INFO] [stdout] error[E0432]: unresolved import `crate::pac`
[INFO] [stdout]  --> src/rcc.rs:9:13
[INFO] [stdout]   |
[INFO] [stdout] 9 | use crate::{pac, Ratio};
[INFO] [stdout]   |             ^^^
[INFO] [stdout]   |             |
[INFO] [stdout]   |             no `pac` in the root
[INFO] [stdout]   |             help: a similar name exists in the module: `dac`
[INFO] [stdout] 
[INFO] [stdout] 
[INFO] [stdout] error[E0432]: unresolved import `crate::pac`
[INFO] [stdout]   --> src/rng.rs:16:5
[INFO] [stdout]    |
[INFO] [stdout] 16 | use crate::pac;
[INFO] [stdout]    |     ^^^^^^^---
[INFO] [stdout]    |     |      |
[INFO] [stdout]    |     |      help: a similar name exists in the module: `dac`
[INFO] [stdout]    |     no `pac` in the root
[INFO] [stdout] 
[INFO] [stdout] 
[INFO] [stdout] error[E0432]: unresolved imports `crate::pac`, `crate::pac`
[INFO] [stdout]   --> src/spi.rs:37:5
[INFO] [stdout]    |
[INFO] [stdout] 37 |     pac::{self, SPI1, SPI2},
[INFO] [stdout]    |     ^^^   ^^^^ no `pac` in the root
[INFO] [stdout]    |     |
[INFO] [stdout]    |     could not find `pac` in the crate root
[INFO] [stdout]    |     help: a similar name exists in the module: `dac`
[INFO] [stdout] 
[INFO] [stdout] 
[INFO] [stdout] error[E0432]: unresolved import `crate::pac`
[INFO] [stdout]    --> src/spi.rs:159:9
[INFO] [stdout]     |
[INFO] [stdout] 159 |         pac,
[INFO] [stdout]     |         ^^^
[INFO] [stdout]     |         |
[INFO] [stdout]     |         no `pac` in the root
[INFO] [stdout]     |         help: a similar name exists in the module: `dac`
[INFO] [stdout]     |
[INFO] [stdout]     = help: consider importing this unresolved item through its public re-export instead:
[INFO] [stdout]             crate::spi::pac
[INFO] [stdout] 
[INFO] [stdout] 
[INFO] [stdout] error[E0432]: unresolved import `crate::pac`
[INFO] [stdout]   --> src/subghz/mod.rs:44:5
[INFO] [stdout]    |
[INFO] [stdout] 44 |     pac,
[INFO] [stdout]    |     ^^^
[INFO] [stdout]    |     |
[INFO] [stdout]    |     no `pac` in the root
[INFO] [stdout]    |     help: a similar name exists in the module: `dac`
[INFO] [stdout] 
[INFO] [stdout] 
[INFO] [stdout] error[E0432]: unresolved import `crate::pac`
[INFO] [stdout]  --> src/uart.rs:5:5
[INFO] [stdout]   |
[INFO] [stdout] 5 |     pac, rcc, Ratio,
[INFO] [stdout]   |     ^^^
[INFO] [stdout]   |     |
[INFO] [stdout]   |     no `pac` in the root
[INFO] [stdout]   |     help: a similar name exists in the module: `dac`
[INFO] [stdout] 
[INFO] [stdout] 
[INFO] [stdout] error[E0432]: unresolved import `crate::pac`
[INFO] [stdout]  --> src/util.rs:2:5
[INFO] [stdout]   |
[INFO] [stdout] 2 | use crate::pac;
[INFO] [stdout]   |     ^^^^^^^---
[INFO] [stdout]   |     |      |
[INFO] [stdout]   |     |      help: a similar name exists in the module: `dac`
[INFO] [stdout]   |     no `pac` in the root
[INFO] [stdout] 
[INFO] [stdout] 
[INFO] [stdout] error: cannot find macro `c1_c2` in this scope
[INFO] [stdout]    --> src/flash.rs:443:9
[INFO] [stdout]     |
[INFO] [stdout] 443 |         c1_c2!(self.flash.sr.read().bits(), self.flash.c2sr.read().bits())
[INFO] [stdout]     |         ^^^^^
[INFO] [stdout] 
[INFO] [stdout] 
[INFO] [stdout] error: cannot find macro `c1_c2` in this scope
[INFO] [stdout]    --> src/flash.rs:448:9
[INFO] [stdout]     |
[INFO] [stdout] 448 |         c1_c2!(
[INFO] [stdout]     |         ^^^^^
[INFO] [stdout] 
[INFO] [stdout] 
[INFO] [stdout] error: cannot find macro `c1_c2` in this scope
[INFO] [stdout]   --> src/info.rs:36:26
[INFO] [stdout]    |
[INFO] [stdout] 36 |     pub const CT: Core = c1_c2!(Core::Cm4, Core::Cm0p);
[INFO] [stdout]    |                          ^^^^^
[INFO] [stdout] 
[INFO] [stdout] 
[INFO] [stdout] error: cannot find macro `c1_c2` in this scope
[INFO] [stdout]    --> src/flash.rs:836:9
[INFO] [stdout]     |
[INFO] [stdout] 836 |         c1_c2!(
[INFO] [stdout]     |         ^^^^^
[INFO] [stdout] 
[INFO] [stdout] 
[INFO] [stdout] error: cannot find macro `c1_c2` in this scope
[INFO] [stdout]    --> src/flash.rs:825:9
[INFO] [stdout]     |
[INFO] [stdout] 825 |         c1_c2!(
[INFO] [stdout]     |         ^^^^^
[INFO] [stdout] 
[INFO] [stdout] 
[INFO] [stdout] error: cannot find macro `c1_c2` in this scope
[INFO] [stdout]    --> src/flash.rs:797:9
[INFO] [stdout]     |
[INFO] [stdout] 797 |         c1_c2!(
[INFO] [stdout]     |         ^^^^^
[INFO] [stdout] 
[INFO] [stdout] 
[INFO] [stdout] error: cannot find macro `c1_c2` in this scope
[INFO] [stdout]    --> src/flash.rs:778:9
[INFO] [stdout]     |
[INFO] [stdout] 778 |         c1_c2!(
[INFO] [stdout]     |         ^^^^^
[INFO] [stdout] 
[INFO] [stdout] 
[INFO] [stdout] error: cannot find macro `c1_c2` in this scope
[INFO] [stdout]    --> src/flash.rs:735:9
[INFO] [stdout]     |
[INFO] [stdout] 735 |         c1_c2!(
[INFO] [stdout]     |         ^^^^^
[INFO] [stdout] 
[INFO] [stdout] 
[INFO] [stdout] error: cannot find macro `c1_c2` in this scope
[INFO] [stdout]    --> src/flash.rs:721:9
[INFO] [stdout]     |
[INFO] [stdout] 721 |         c1_c2!(
[INFO] [stdout]     |         ^^^^^
[INFO] [stdout] 
[INFO] [stdout] 
[INFO] [stdout] error: cannot find macro `c1_c2` in this scope
[INFO] [stdout]    --> src/flash.rs:687:9
[INFO] [stdout]     |
[INFO] [stdout] 687 |         c1_c2!(
[INFO] [stdout]     |         ^^^^^
[INFO] [stdout] 
[INFO] [stdout] 
[INFO] [stdout] error: cannot find macro `c1_c2` in this scope
[INFO] [stdout]    --> src/flash.rs:647:9
[INFO] [stdout]     |
[INFO] [stdout] 647 |         c1_c2!(
[INFO] [stdout]     |         ^^^^^
[INFO] [stdout] 
[INFO] [stdout] 
[INFO] [stdout] error: cannot find macro `c1_c2` in this scope
[INFO] [stdout]    --> src/flash.rs:543:9
[INFO] [stdout]     |
[INFO] [stdout] 543 |         c1_c2!(
[INFO] [stdout]     |         ^^^^^
[INFO] [stdout] 
[INFO] [stdout] 
[INFO] [stdout] error: cannot find macro `c1_c2` in this scope
[INFO] [stdout]    --> src/flash.rs:528:9
[INFO] [stdout]     |
[INFO] [stdout] 528 |         c1_c2!(
[INFO] [stdout]     |         ^^^^^
[INFO] [stdout] 
[INFO] [stdout] 
[INFO] [stdout] warning: unexpected `cfg` condition value: `embedded_time`
[INFO] [stdout]   --> src/lib.rs:80:7
[INFO] [stdout]    |
[INFO] [stdout] 80 | #[cfg(feature = "embedded_time")]
[INFO] [stdout]    |       ^^^^^^^^^^---------------
[INFO] [stdout]    |                 |
[INFO] [stdout]    |                 help: there is a expected value with a similar name: `"embedded-time"`
[INFO] [stdout]    |
[INFO] [stdout]    = note: expected values for `feature` are: `chrono`, `cortex-m-rt`, `defmt`, `embedded-time`, `rt`, `stm32wl5x_cm0p`, `stm32wl5x_cm4`, and `stm32wle5`
[INFO] [stdout]    = help: consider adding `embedded_time` as a feature in `Cargo.toml`
[INFO] [stdout]    = note: see <https://doc.rust-lang.org/nightly/rustc/check-cfg/cargo-specifics.html> for more information about checking conditional configuration
[INFO] [stdout]    = note: `#[warn(unexpected_cfgs)]` on by default
[INFO] [stdout] 
[INFO] [stdout] 
[INFO] [stdout] warning: unexpected `cfg` condition value: `log`
[INFO] [stdout]    --> src/fmt.rs:156:27
[INFO] [stdout]     |
[INFO] [stdout] 156 |             #[cfg(not(any(feature = "log", feature="defmt")))]
[INFO] [stdout]     |                           ^^^^^^^^^^^^^^^
[INFO] [stdout]     |
[INFO] [stdout]    ::: src/adc.rs:685:25
[INFO] [stdout]     |
[INFO] [stdout] 685 |                         error!("Reserved ADC prescaler value {:#X}", ccr.presc().bits());
[INFO] [stdout]     |                         ---------------------------------------------------------------- in this macro invocation
[INFO] [stdout]     |
[INFO] [stdout]     = note: expected values for `feature` are: `chrono`, `cortex-m-rt`, `defmt`, `embedded-time`, `rt`, `stm32wl5x_cm0p`, `stm32wl5x_cm4`, and `stm32wle5`
[INFO] [stdout]     = help: consider adding `log` as a feature in `Cargo.toml`
[INFO] [stdout]     = note: see <https://doc.rust-lang.org/nightly/rustc/check-cfg/cargo-specifics.html> for more information about checking conditional configuration
[INFO] [stdout]     = note: this warning originates in the macro `error` (in Nightly builds, run with -Z macro-backtrace for more info)
[INFO] [stdout] 
[INFO] [stdout] 
[INFO] [stdout] warning: unexpected `cfg` condition value: `embedded_time`
[INFO] [stdout]    --> src/subghz/timeout.rs:443:7
[INFO] [stdout]     |
[INFO] [stdout] 443 | #[cfg(feature = "embedded_time")]
[INFO] [stdout]     |       ^^^^^^^^^^---------------
[INFO] [stdout]     |                 |
[INFO] [stdout]     |                 help: there is a expected value with a similar name: `"embedded-time"`
[INFO] [stdout]     |
[INFO] [stdout]     = note: expected values for `feature` are: `chrono`, `cortex-m-rt`, `defmt`, `embedded-time`, `rt`, `stm32wl5x_cm0p`, `stm32wl5x_cm4`, and `stm32wle5`
[INFO] [stdout]     = help: consider adding `embedded_time` as a feature in `Cargo.toml`
[INFO] [stdout]     = note: see <https://doc.rust-lang.org/nightly/rustc/check-cfg/cargo-specifics.html> for more information about checking conditional configuration
[INFO] [stdout] 
[INFO] [stdout] 
[INFO] [stdout] warning: unexpected `cfg` condition value: `embedded_time`
[INFO] [stdout]    --> src/subghz/timeout.rs:450:7
[INFO] [stdout]     |
[INFO] [stdout] 450 | #[cfg(feature = "embedded_time")]
[INFO] [stdout]     |       ^^^^^^^^^^---------------
[INFO] [stdout]     |                 |
[INFO] [stdout]     |                 help: there is a expected value with a similar name: `"embedded-time"`
[INFO] [stdout]     |
[INFO] [stdout]     = note: expected values for `feature` are: `chrono`, `cortex-m-rt`, `defmt`, `embedded-time`, `rt`, `stm32wl5x_cm0p`, `stm32wl5x_cm4`, and `stm32wle5`
[INFO] [stdout]     = help: consider adding `embedded_time` as a feature in `Cargo.toml`
[INFO] [stdout]     = note: see <https://doc.rust-lang.org/nightly/rustc/check-cfg/cargo-specifics.html> for more information about checking conditional configuration
[INFO] [stdout] 
[INFO] [stdout] 
[INFO] [stdout] warning: unexpected `cfg` condition value: `embedded_time`
[INFO] [stdout]    --> src/subghz/timeout.rs:457:7
[INFO] [stdout]     |
[INFO] [stdout] 457 | #[cfg(feature = "embedded_time")]
[INFO] [stdout]     |       ^^^^^^^^^^---------------
[INFO] [stdout]     |                 |
[INFO] [stdout]     |                 help: there is a expected value with a similar name: `"embedded-time"`
[INFO] [stdout]     |
[INFO] [stdout]     = note: expected values for `feature` are: `chrono`, `cortex-m-rt`, `defmt`, `embedded-time`, `rt`, `stm32wl5x_cm0p`, `stm32wl5x_cm4`, and `stm32wle5`
[INFO] [stdout]     = help: consider adding `embedded_time` as a feature in `Cargo.toml`
[INFO] [stdout]     = note: see <https://doc.rust-lang.org/nightly/rustc/check-cfg/cargo-specifics.html> for more information about checking conditional configuration
[INFO] [stdout] 
[INFO] [stdout] 
[INFO] [stdout] warning: unexpected `cfg` condition value: `embedded_time`
[INFO] [stdout]   --> src/subghz/tx_params.rs:47:7
[INFO] [stdout]    |
[INFO] [stdout] 47 | #[cfg(feature = "embedded_time")]
[INFO] [stdout]    |       ^^^^^^^^^^---------------
[INFO] [stdout]    |                 |
[INFO] [stdout]    |                 help: there is a expected value with a similar name: `"embedded-time"`
[INFO] [stdout]    |
[INFO] [stdout]    = note: expected values for `feature` are: `chrono`, `cortex-m-rt`, `defmt`, `embedded-time`, `rt`, `stm32wl5x_cm0p`, `stm32wl5x_cm4`, and `stm32wle5`
[INFO] [stdout]    = help: consider adding `embedded_time` as a feature in `Cargo.toml`
[INFO] [stdout]    = note: see <https://doc.rust-lang.org/nightly/rustc/check-cfg/cargo-specifics.html> for more information about checking conditional configuration
[INFO] [stdout] 
[INFO] [stdout] 
[INFO] [stdout] error[E0592]: duplicate definitions with name `pulse_reset`
[INFO] [stdout]    --> src/spi.rs:474:5
[INFO] [stdout]     |
[INFO] [stdout] 474 |     pub unsafe fn pulse_reset(rcc: &mut pac::RCC) {
[INFO] [stdout]     |     ^^^^^^^^^^^^^^^^^^^^^^^^^^^^^^^^^^^^^^^^^^^^^ duplicate definitions for `pulse_reset`
[INFO] [stdout] ...
[INFO] [stdout] 549 |     pub unsafe fn pulse_reset(rcc: &mut pac::RCC) {
[INFO] [stdout]     |     --------------------------------------------- other definition for `pulse_reset`
[INFO] [stdout] 
[INFO] [stdout] 
[INFO] [stdout] error[E0592]: duplicate definitions with name `disable_clock`
[INFO] [stdout]    --> src/spi.rs:503:5
[INFO] [stdout]     |
[INFO] [stdout] 503 |     pub unsafe fn disable_clock(rcc: &mut pac::RCC) {
[INFO] [stdout]     |     ^^^^^^^^^^^^^^^^^^^^^^^^^^^^^^^^^^^^^^^^^^^^^^^ duplicate definitions for `disable_clock`
[INFO] [stdout] ...
[INFO] [stdout] 578 |     pub unsafe fn disable_clock(rcc: &mut pac::RCC) {
[INFO] [stdout]     |     ----------------------------------------------- other definition for `disable_clock`
[INFO] [stdout] 
[INFO] [stdout] 
[INFO] [stdout] error[E0592]: duplicate definitions with name `enable_clock`
[INFO] [stdout]    --> src/spi.rs:523:5
[INFO] [stdout]     |
[INFO] [stdout] 523 |     pub fn enable_clock(rcc: &mut pac::RCC) {
[INFO] [stdout]     |     ^^^^^^^^^^^^^^^^^^^^^^^^^^^^^^^^^^^^^^^ duplicate definitions for `enable_clock`
[INFO] [stdout] ...
[INFO] [stdout] 598 |     pub fn enable_clock(rcc: &mut pac::RCC) {
[INFO] [stdout]     |     --------------------------------------- other definition for `enable_clock`
[INFO] [stdout] 
[INFO] [stdout] 
[INFO] [stdout] error[E0433]: failed to resolve: use of undeclared crate or module `irq_num`
[INFO] [stdout]    --> src/dma/mod.rs:244:45
[INFO] [stdout]     |
[INFO] [stdout] 244 |                 const IRQ: pac::Interrupt = irq_num::$irq;
[INFO] [stdout]     |                                             ^^^^^^^ use of undeclared crate or module `irq_num`
[INFO] [stdout] ...
[INFO] [stdout] 337 | dma_ch!(1, 1, DMA1_CH1);
[INFO] [stdout]     | ----------------------- in this macro invocation
[INFO] [stdout]     |
[INFO] [stdout]     = note: this error originates in the macro `dma_ch` (in Nightly builds, run with -Z macro-backtrace for more info)
[INFO] [stdout] 
[INFO] [stdout] 
[INFO] [stdout] error[E0433]: failed to resolve: use of undeclared crate or module `irq_num`
[INFO] [stdout]    --> src/dma/mod.rs:244:45
[INFO] [stdout]     |
[INFO] [stdout] 244 |                 const IRQ: pac::Interrupt = irq_num::$irq;
[INFO] [stdout]     |                                             ^^^^^^^ use of undeclared crate or module `irq_num`
[INFO] [stdout] ...
[INFO] [stdout] 338 | dma_ch!(1, 2, DMA1_CH2);
[INFO] [stdout]     | ----------------------- in this macro invocation
[INFO] [stdout]     |
[INFO] [stdout]     = note: this error originates in the macro `dma_ch` (in Nightly builds, run with -Z macro-backtrace for more info)
[INFO] [stdout] 
[INFO] [stdout] 
[INFO] [stdout] error[E0433]: failed to resolve: use of undeclared crate or module `irq_num`
[INFO] [stdout]    --> src/dma/mod.rs:244:45
[INFO] [stdout]     |
[INFO] [stdout] 244 |                 const IRQ: pac::Interrupt = irq_num::$irq;
[INFO] [stdout]     |                                             ^^^^^^^ use of undeclared crate or module `irq_num`
[INFO] [stdout] ...
[INFO] [stdout] 339 | dma_ch!(1, 3, DMA1_CH3);
[INFO] [stdout]     | ----------------------- in this macro invocation
[INFO] [stdout]     |
[INFO] [stdout]     = note: this error originates in the macro `dma_ch` (in Nightly builds, run with -Z macro-backtrace for more info)
[INFO] [stdout] 
[INFO] [stdout] 
[INFO] [stdout] error[E0433]: failed to resolve: use of undeclared crate or module `irq_num`
[INFO] [stdout]    --> src/dma/mod.rs:244:45
[INFO] [stdout]     |
[INFO] [stdout] 244 |                 const IRQ: pac::Interrupt = irq_num::$irq;
[INFO] [stdout]     |                                             ^^^^^^^ use of undeclared crate or module `irq_num`
[INFO] [stdout] ...
[INFO] [stdout] 340 | dma_ch!(1, 4, DMA1_CH4);
[INFO] [stdout]     | ----------------------- in this macro invocation
[INFO] [stdout]     |
[INFO] [stdout]     = note: this error originates in the macro `dma_ch` (in Nightly builds, run with -Z macro-backtrace for more info)
[INFO] [stdout] 
[INFO] [stdout] 
[INFO] [stdout] error[E0433]: failed to resolve: use of undeclared crate or module `irq_num`
[INFO] [stdout]    --> src/dma/mod.rs:244:45
[INFO] [stdout]     |
[INFO] [stdout] 244 |                 const IRQ: pac::Interrupt = irq_num::$irq;
[INFO] [stdout]     |                                             ^^^^^^^ use of undeclared crate or module `irq_num`
[INFO] [stdout] ...
[INFO] [stdout] 341 | dma_ch!(1, 5, DMA1_CH5);
[INFO] [stdout]     | ----------------------- in this macro invocation
[INFO] [stdout]     |
[INFO] [stdout]     = note: this error originates in the macro `dma_ch` (in Nightly builds, run with -Z macro-backtrace for more info)
[INFO] [stdout] 
[INFO] [stdout] 
[INFO] [stdout] error[E0433]: failed to resolve: use of undeclared crate or module `irq_num`
[INFO] [stdout]    --> src/dma/mod.rs:244:45
[INFO] [stdout]     |
[INFO] [stdout] 244 |                 const IRQ: pac::Interrupt = irq_num::$irq;
[INFO] [stdout]     |                                             ^^^^^^^ use of undeclared crate or module `irq_num`
[INFO] [stdout] ...
[INFO] [stdout] 342 | dma_ch!(1, 6, DMA1_CH6);
[INFO] [stdout]     | ----------------------- in this macro invocation
[INFO] [stdout]     |
[INFO] [stdout]     = note: this error originates in the macro `dma_ch` (in Nightly builds, run with -Z macro-backtrace for more info)
[INFO] [stdout] 
[INFO] [stdout] 
[INFO] [stdout] error[E0433]: failed to resolve: use of undeclared crate or module `irq_num`
[INFO] [stdout]    --> src/dma/mod.rs:244:45
[INFO] [stdout]     |
[INFO] [stdout] 244 |                 const IRQ: pac::Interrupt = irq_num::$irq;
[INFO] [stdout]     |                                             ^^^^^^^ use of undeclared crate or module `irq_num`
[INFO] [stdout] ...
[INFO] [stdout] 343 | dma_ch!(1, 7, DMA1_CH7);
[INFO] [stdout]     | ----------------------- in this macro invocation
[INFO] [stdout]     |
[INFO] [stdout]     = note: this error originates in the macro `dma_ch` (in Nightly builds, run with -Z macro-backtrace for more info)
[INFO] [stdout] 
[INFO] [stdout] 
[INFO] [stdout] error[E0433]: failed to resolve: use of undeclared crate or module `irq_num`
[INFO] [stdout]    --> src/dma/mod.rs:244:45
[INFO] [stdout]     |
[INFO] [stdout] 244 |                 const IRQ: pac::Interrupt = irq_num::$irq;
[INFO] [stdout]     |                                             ^^^^^^^ use of undeclared crate or module `irq_num`
[INFO] [stdout] ...
[INFO] [stdout] 344 | dma_ch!(2, 1, DMA2_CH1);
[INFO] [stdout]     | ----------------------- in this macro invocation
[INFO] [stdout]     |
[INFO] [stdout]     = note: this error originates in the macro `dma_ch` (in Nightly builds, run with -Z macro-backtrace for more info)
[INFO] [stdout] 
[INFO] [stdout] 
[INFO] [stdout] error[E0433]: failed to resolve: use of undeclared crate or module `irq_num`
[INFO] [stdout]    --> src/dma/mod.rs:244:45
[INFO] [stdout]     |
[INFO] [stdout] 244 |                 const IRQ: pac::Interrupt = irq_num::$irq;
[INFO] [stdout]     |                                             ^^^^^^^ use of undeclared crate or module `irq_num`
[INFO] [stdout] ...
[INFO] [stdout] 345 | dma_ch!(2, 2, DMA2_CH2);
[INFO] [stdout]     | ----------------------- in this macro invocation
[INFO] [stdout]     |
[INFO] [stdout]     = note: this error originates in the macro `dma_ch` (in Nightly builds, run with -Z macro-backtrace for more info)
[INFO] [stdout] 
[INFO] [stdout] 
[INFO] [stdout] error[E0433]: failed to resolve: use of undeclared crate or module `irq_num`
[INFO] [stdout]    --> src/dma/mod.rs:244:45
[INFO] [stdout]     |
[INFO] [stdout] 244 |                 const IRQ: pac::Interrupt = irq_num::$irq;
[INFO] [stdout]     |                                             ^^^^^^^ use of undeclared crate or module `irq_num`
[INFO] [stdout] ...
[INFO] [stdout] 346 | dma_ch!(2, 3, DMA2_CH3);
[INFO] [stdout]     | ----------------------- in this macro invocation
[INFO] [stdout]     |
[INFO] [stdout]     = note: this error originates in the macro `dma_ch` (in Nightly builds, run with -Z macro-backtrace for more info)
[INFO] [stdout] 
[INFO] [stdout] 
[INFO] [stdout] error[E0433]: failed to resolve: use of undeclared crate or module `irq_num`
[INFO] [stdout]    --> src/dma/mod.rs:244:45
[INFO] [stdout]     |
[INFO] [stdout] 244 |                 const IRQ: pac::Interrupt = irq_num::$irq;
[INFO] [stdout]     |                                             ^^^^^^^ use of undeclared crate or module `irq_num`
[INFO] [stdout] ...
[INFO] [stdout] 347 | dma_ch!(2, 4, DMA2_CH4);
[INFO] [stdout]     | ----------------------- in this macro invocation
[INFO] [stdout]     |
[INFO] [stdout]     = note: this error originates in the macro `dma_ch` (in Nightly builds, run with -Z macro-backtrace for more info)
[INFO] [stdout] 
[INFO] [stdout] 
[INFO] [stdout] error[E0433]: failed to resolve: use of undeclared crate or module `irq_num`
[INFO] [stdout]    --> src/dma/mod.rs:244:45
[INFO] [stdout]     |
[INFO] [stdout] 244 |                 const IRQ: pac::Interrupt = irq_num::$irq;
[INFO] [stdout]     |                                             ^^^^^^^ use of undeclared crate or module `irq_num`
[INFO] [stdout] ...
[INFO] [stdout] 348 | dma_ch!(2, 5, DMA2_CH5);
[INFO] [stdout]     | ----------------------- in this macro invocation
[INFO] [stdout]     |
[INFO] [stdout]     = note: this error originates in the macro `dma_ch` (in Nightly builds, run with -Z macro-backtrace for more info)
[INFO] [stdout] 
[INFO] [stdout] 
[INFO] [stdout] error[E0433]: failed to resolve: use of undeclared crate or module `irq_num`
[INFO] [stdout]    --> src/dma/mod.rs:244:45
[INFO] [stdout]     |
[INFO] [stdout] 244 |                 const IRQ: pac::Interrupt = irq_num::$irq;
[INFO] [stdout]     |                                             ^^^^^^^ use of undeclared crate or module `irq_num`
[INFO] [stdout] ...
[INFO] [stdout] 349 | dma_ch!(2, 6, DMA2_CH6);
[INFO] [stdout]     | ----------------------- in this macro invocation
[INFO] [stdout]     |
[INFO] [stdout]     = note: this error originates in the macro `dma_ch` (in Nightly builds, run with -Z macro-backtrace for more info)
[INFO] [stdout] 
[INFO] [stdout] 
[INFO] [stdout] error[E0433]: failed to resolve: use of undeclared crate or module `irq_num`
[INFO] [stdout]    --> src/dma/mod.rs:244:45
[INFO] [stdout]     |
[INFO] [stdout] 244 |                 const IRQ: pac::Interrupt = irq_num::$irq;
[INFO] [stdout]     |                                             ^^^^^^^ use of undeclared crate or module `irq_num`
[INFO] [stdout] ...
[INFO] [stdout] 350 | dma_ch!(2, 7, DMA2_CH7);
[INFO] [stdout]     | ----------------------- in this macro invocation
[INFO] [stdout]     |
[INFO] [stdout]     = note: this error originates in the macro `dma_ch` (in Nightly builds, run with -Z macro-backtrace for more info)
[INFO] [stdout] 
[INFO] [stdout] 
[INFO] [stdout] error[E0609]: no field `sr` on type `SPI`
[INFO] [stdout]     --> src/spi.rs:1252:18
[INFO] [stdout]      |
[INFO] [stdout] 1248 | impl<SPI: SpiRegs, SCK, MISO, MOSI> Spi<SPI, SCK, MISO, MOSI> {
[INFO] [stdout]      |      --- type parameter 'SPI' declared here
[INFO] [stdout] ...
[INFO] [stdout] 1252 |         self.spi.sr.read()
[INFO] [stdout]      |                  ^^ unknown field
[INFO] [stdout] 
[INFO] [stdout] 
[INFO] [stdout] Some errors have detailed explanations: E0432, E0433, E0592, E0609.
[INFO] [stdout] 
[INFO] [stdout] For more information about an error, try `rustc --explain E0432`.
[INFO] [stdout] 
[INFO] [stderr] error: could not compile `stm32wlxx-hal` (lib) due to 52 previous errors; 6 warnings emitted
[INFO] running `Command { std: "docker" "inspect" "b09d28ea8e453dd4bbb8c8b7927f2716b242c60f616cd6c6056789d7541a219b", kill_on_drop: false }`
[INFO] running `Command { std: "docker" "rm" "-f" "b09d28ea8e453dd4bbb8c8b7927f2716b242c60f616cd6c6056789d7541a219b", kill_on_drop: false }`
[INFO] [stdout] b09d28ea8e453dd4bbb8c8b7927f2716b242c60f616cd6c6056789d7541a219b
