[INFO] fetching crate stilts-lang 0.3.1...
[INFO] testing stilts-lang-0.3.1 against nightly-2024-10-28 for randomize-layout
[INFO] extracting crate stilts-lang 0.3.1 into /workspace/builds/worker-4-tc1/source
[INFO] validating manifest of crates.io crate stilts-lang 0.3.1 on toolchain nightly-2024-10-28
[INFO] running `Command { std: CARGO_HOME="/workspace/cargo-home" RUSTUP_HOME="/workspace/rustup-home" "/workspace/cargo-home/bin/cargo" "+nightly-2024-10-28" "metadata" "--manifest-path" "Cargo.toml" "--no-deps", kill_on_drop: false }`
[INFO] started tweaking crates.io crate stilts-lang 0.3.1
[INFO] finished tweaking crates.io crate stilts-lang 0.3.1
[INFO] tweaked toml for crates.io crate stilts-lang 0.3.1 written to /workspace/builds/worker-4-tc1/source/Cargo.toml
[INFO] running `Command { std: CARGO_HOME="/workspace/cargo-home" RUSTUP_HOME="/workspace/rustup-home" "/workspace/cargo-home/bin/cargo" "+nightly-2024-10-28" "generate-lockfile" "--manifest-path" "Cargo.toml", kill_on_drop: false }`
[INFO] [stderr]     Updating crates.io index
[INFO] [stderr]      Locking 51 packages to latest compatible versions
[INFO] running `Command { std: CARGO_HOME="/workspace/cargo-home" RUSTUP_HOME="/workspace/rustup-home" "/workspace/cargo-home/bin/cargo" "+nightly-2024-10-28" "fetch" "--manifest-path" "Cargo.toml", kill_on_drop: false }`
[INFO] running `Command { std: "docker" "create" "-v" "/var/lib/crater-agent-workspace/builds/worker-4-tc1/target:/opt/rustwide/target:rw,Z" "-v" "/var/lib/crater-agent-workspace/builds/worker-4-tc1/source:/opt/rustwide/workdir:ro,Z" "-v" "/var/lib/crater-agent-workspace/cargo-home:/opt/rustwide/cargo-home:ro,Z" "-v" "/var/lib/crater-agent-workspace/rustup-home:/opt/rustwide/rustup-home:ro,Z" "-e" "SOURCE_DIR=/opt/rustwide/workdir" "-e" "CARGO_TARGET_DIR=/opt/rustwide/target" "-e" "CARGO_HOME=/opt/rustwide/cargo-home" "-e" "RUSTUP_HOME=/opt/rustwide/rustup-home" "-w" "/opt/rustwide/workdir" "-m" "1610612736" "--user" "0:0" "--network" "none" "ghcr.io/rust-lang/crates-build-env/linux@sha256:4a844ea9eb2546a2d2c7022eacef16ef2e8229c7fbb2c7d4d55a9ceca922f72d" "/opt/rustwide/cargo-home/bin/cargo" "+nightly-2024-10-28" "metadata" "--no-deps" "--format-version=1", kill_on_drop: false }`
[INFO] [stdout] 31e58804143ec841e48eb283ce69700dc4254523321c14a8f5e0a62ac73c85d9
[INFO] running `Command { std: "docker" "start" "-a" "31e58804143ec841e48eb283ce69700dc4254523321c14a8f5e0a62ac73c85d9", kill_on_drop: false }`
[INFO] running `Command { std: "docker" "inspect" "31e58804143ec841e48eb283ce69700dc4254523321c14a8f5e0a62ac73c85d9", kill_on_drop: false }`
[INFO] running `Command { std: "docker" "rm" "-f" "31e58804143ec841e48eb283ce69700dc4254523321c14a8f5e0a62ac73c85d9", kill_on_drop: false }`
[INFO] [stdout] 31e58804143ec841e48eb283ce69700dc4254523321c14a8f5e0a62ac73c85d9
[INFO] running `Command { std: "docker" "create" "-v" "/var/lib/crater-agent-workspace/builds/worker-4-tc1/target:/opt/rustwide/target:rw,Z" "-v" "/var/lib/crater-agent-workspace/builds/worker-4-tc1/source:/opt/rustwide/workdir:ro,Z" "-v" "/var/lib/crater-agent-workspace/cargo-home:/opt/rustwide/cargo-home:ro,Z" "-v" "/var/lib/crater-agent-workspace/rustup-home:/opt/rustwide/rustup-home:ro,Z" "-e" "SOURCE_DIR=/opt/rustwide/workdir" "-e" "CARGO_TARGET_DIR=/opt/rustwide/target" "-e" "CARGO_INCREMENTAL=0" "-e" "RUST_BACKTRACE=full" "-e" "RUSTFLAGS=--cap-lints=forbid" "-e" "RUSTDOCFLAGS=--cap-lints=forbid" "-e" "CARGO_HOME=/opt/rustwide/cargo-home" "-e" "RUSTUP_HOME=/opt/rustwide/rustup-home" "-w" "/opt/rustwide/workdir" "-m" "1610612736" "--user" "0:0" "--network" "none" "ghcr.io/rust-lang/crates-build-env/linux@sha256:4a844ea9eb2546a2d2c7022eacef16ef2e8229c7fbb2c7d4d55a9ceca922f72d" "/opt/rustwide/cargo-home/bin/cargo" "+nightly-2024-10-28" "build" "--frozen" "--message-format=json", kill_on_drop: false }`
[INFO] [stdout] c494b8db10af361c19f1abdb48aa894fc163a59e74f53dd8519a17dece2061a6
[INFO] running `Command { std: "docker" "start" "-a" "c494b8db10af361c19f1abdb48aa894fc163a59e74f53dd8519a17dece2061a6", kill_on_drop: false }`
[INFO] [stderr]    Compiling unicode-ident v1.0.13
[INFO] [stderr]    Compiling proc-macro2 v1.0.89
[INFO] [stderr]    Compiling thiserror v1.0.66
[INFO] [stderr]    Compiling memchr v2.7.4
[INFO] [stderr]    Compiling unicode-width v0.1.14
[INFO] [stderr]    Compiling bitflags v2.6.0
[INFO] [stderr]    Compiling quote v1.0.37
[INFO] [stderr]    Compiling winnow v0.6.20
[INFO] [stderr]    Compiling aho-corasick v1.1.3
[INFO] [stderr]    Compiling syn v2.0.86
[INFO] [stderr]    Compiling thiserror-impl v1.0.66
[INFO] [stderr]    Compiling miette-derive v7.2.0
[INFO] [stderr]    Compiling miette v7.2.0
[INFO] [stderr]    Compiling stilts-lang v0.3.1 (/opt/rustwide/workdir)
[INFO] [stderr]     Finished `dev` profile [unoptimized + debuginfo] target(s) in 15.57s
[INFO] running `Command { std: "docker" "inspect" "c494b8db10af361c19f1abdb48aa894fc163a59e74f53dd8519a17dece2061a6", kill_on_drop: false }`
[INFO] running `Command { std: "docker" "rm" "-f" "c494b8db10af361c19f1abdb48aa894fc163a59e74f53dd8519a17dece2061a6", kill_on_drop: false }`
[INFO] [stdout] c494b8db10af361c19f1abdb48aa894fc163a59e74f53dd8519a17dece2061a6
[INFO] running `Command { std: "docker" "create" "-v" "/var/lib/crater-agent-workspace/builds/worker-4-tc1/target:/opt/rustwide/target:rw,Z" "-v" "/var/lib/crater-agent-workspace/builds/worker-4-tc1/source:/opt/rustwide/workdir:ro,Z" "-v" "/var/lib/crater-agent-workspace/cargo-home:/opt/rustwide/cargo-home:ro,Z" "-v" "/var/lib/crater-agent-workspace/rustup-home:/opt/rustwide/rustup-home:ro,Z" "-e" "SOURCE_DIR=/opt/rustwide/workdir" "-e" "CARGO_TARGET_DIR=/opt/rustwide/target" "-e" "CARGO_INCREMENTAL=0" "-e" "RUST_BACKTRACE=full" "-e" "RUSTFLAGS=--cap-lints=forbid" "-e" "RUSTDOCFLAGS=--cap-lints=forbid" "-e" "CARGO_HOME=/opt/rustwide/cargo-home" "-e" "RUSTUP_HOME=/opt/rustwide/rustup-home" "-w" "/opt/rustwide/workdir" "-m" "1610612736" "--user" "0:0" "--network" "none" "ghcr.io/rust-lang/crates-build-env/linux@sha256:4a844ea9eb2546a2d2c7022eacef16ef2e8229c7fbb2c7d4d55a9ceca922f72d" "/opt/rustwide/cargo-home/bin/cargo" "+nightly-2024-10-28" "test" "--frozen" "--no-run" "--message-format=json", kill_on_drop: false }`
[INFO] [stdout] d626c5e1a6ea8991b85ff3f66608ddc0433e63d1894f16c4af792940378f8ccc
[INFO] running `Command { std: "docker" "start" "-a" "d626c5e1a6ea8991b85ff3f66608ddc0433e63d1894f16c4af792940378f8ccc", kill_on_drop: false }`
[INFO] [stderr]    Compiling diff v0.1.13
[INFO] [stderr]    Compiling yansi v1.0.1
[INFO] [stderr]    Compiling pretty_assertions v1.4.1
[INFO] [stderr]    Compiling stilts-lang v0.3.1 (/opt/rustwide/workdir)
[INFO] [stdout] error[E0277]: `Pat` doesn't implement `Debug`
[INFO] [stdout]   --> src/types.rs:36:5
[INFO] [stdout]    |
[INFO] [stdout] 33 | #[cfg_attr(any(test, feature = "extra-traits"), derive(Clone, Debug, PartialEq, Eq, Hash))]
[INFO] [stdout]    |                                                               ----- in this derive macro expansion
[INFO] [stdout] ...
[INFO] [stdout] 36 |     pub pat: syn::Pat,
[INFO] [stdout]    |     ^^^^^^^^^^^^^^^^^ `Pat` cannot be formatted using `{:?}` because it doesn't implement `Debug`
[INFO] [stdout]    |
[INFO] [stdout]    = help: the trait `Debug` is not implemented for `Pat`
[INFO] [stdout]    = note: this error originates in the derive macro `Debug` (in Nightly builds, run with -Z macro-backtrace for more info)
[INFO] [stdout] 
[INFO] [stdout] 
[INFO] [stdout] error[E0277]: `syn::Expr` doesn't implement `Debug`
[INFO] [stdout]   --> src/types.rs:37:5
[INFO] [stdout]    |
[INFO] [stdout] 33 | #[cfg_attr(any(test, feature = "extra-traits"), derive(Clone, Debug, PartialEq, Eq, Hash))]
[INFO] [stdout]    |                                                               ----- in this derive macro expansion
[INFO] [stdout] ...
[INFO] [stdout] 37 |     pub expr: syn::Expr,
[INFO] [stdout]    |     ^^^^^^^^^^^^^^^^^^^ `syn::Expr` cannot be formatted using `{:?}` because it doesn't implement `Debug`
[INFO] [stdout]    |
[INFO] [stdout]    = help: the trait `Debug` is not implemented for `syn::Expr`
[INFO] [stdout]    = note: this error originates in the derive macro `Debug` (in Nightly builds, run with -Z macro-backtrace for more info)
[INFO] [stdout] 
[INFO] [stdout] 
[INFO] [stdout] error[E0277]: `syn::Label` doesn't implement `Debug`
[INFO] [stdout]   --> src/types.rs:35:5
[INFO] [stdout]    |
[INFO] [stdout] 33 | #[cfg_attr(any(test, feature = "extra-traits"), derive(Clone, Debug, PartialEq, Eq, Hash))]
[INFO] [stdout]    |                                                               ----- in this derive macro expansion
[INFO] [stdout] 34 | pub struct ItemFor<'i> {
[INFO] [stdout] 35 |     pub label: Option<syn::Label>,
[INFO] [stdout]    |     ^^^^^^^^^^^^^^^^^^^^^^^^^^^^^ `syn::Label` cannot be formatted using `{:?}` because it doesn't implement `Debug`
[INFO] [stdout]    |
[INFO] [stdout]    = help: the trait `Debug` is not implemented for `syn::Label`, which is required by `Option<syn::Label>: Debug`
[INFO] [stdout]    = help: the trait `Debug` is implemented for `Option<T>`
[INFO] [stdout]    = note: this error originates in the derive macro `Debug` (in Nightly builds, run with -Z macro-backtrace for more info)
[INFO] [stdout] 
[INFO] [stdout] 
[INFO] [stdout] error[E0369]: binary operation `==` cannot be applied to type `Option<syn::Label>`
[INFO] [stdout]     --> src/types.rs:35:5
[INFO] [stdout]      |
[INFO] [stdout] 33   | #[cfg_attr(any(test, feature = "extra-traits"), derive(Clone, Debug, PartialEq, Eq, Hash))]
[INFO] [stdout]      |                                                                      --------- in this derive macro expansion
[INFO] [stdout] 34   | pub struct ItemFor<'i> {
[INFO] [stdout] 35   |     pub label: Option<syn::Label>,
[INFO] [stdout]      |     ^^^^^^^^^^^^^^^^^^^^^^^^^^^^^
[INFO] [stdout]      |
[INFO] [stdout] note: the foreign item type `syn::Label` doesn't implement `PartialEq`
[INFO] [stdout]     --> /opt/rustwide/cargo-home/registry/src/index.crates.io-6f17d22bba15001f/syn-2.0.86/src/expr.rs:1067:1
[INFO] [stdout]      |
[INFO] [stdout] 1067 | / ast_struct! {
[INFO] [stdout] 1068 | |     /// A lifetime labeling a `for`, `while`, or `loop`.
[INFO] [stdout] 1069 | |     #[cfg_attr(docsrs, doc(cfg(feature = "full")))]
[INFO] [stdout] 1070 | |     pub struct Label {
[INFO] [stdout] ...    |
[INFO] [stdout] 1073 | |     }
[INFO] [stdout] 1074 | | }
[INFO] [stdout]      | |_^ not implement `PartialEq`
[INFO] [stdout]      = note: this error originates in the derive macro `PartialEq` which comes from the expansion of the macro `ast_struct` (in Nightly builds, run with -Z macro-backtrace for more info)
[INFO] [stdout] 
[INFO] [stdout] 
[INFO] [stdout] error[E0369]: binary operation `==` cannot be applied to type `Pat`
[INFO] [stdout]    --> src/types.rs:36:5
[INFO] [stdout]     |
[INFO] [stdout] 33  | #[cfg_attr(any(test, feature = "extra-traits"), derive(Clone, Debug, PartialEq, Eq, Hash))]
[INFO] [stdout]     |                                                                      --------- in this derive macro expansion
[INFO] [stdout] ...
[INFO] [stdout] 36  |     pub pat: syn::Pat,
[INFO] [stdout]     |     ^^^^^^^^^^^^^^^^^
[INFO] [stdout]     |
[INFO] [stdout] note: the foreign item type `Pat` doesn't implement `PartialEq`
[INFO] [stdout]    --> /opt/rustwide/cargo-home/registry/src/index.crates.io-6f17d22bba15001f/syn-2.0.86/src/pat.rs:15:1
[INFO] [stdout]     |
[INFO] [stdout] 15  | / ast_enum_of_structs! {
[INFO] [stdout] 16  | |     /// A pattern in a local binding, function signature, match expression, or
[INFO] [stdout] 17  | |     /// various other places.
[INFO] [stdout] 18  | |     ///
[INFO] [stdout] ...   |
[INFO] [stdout] 101 | |     }
[INFO] [stdout] 102 | | }
[INFO] [stdout]     | |_^ not implement `PartialEq`
[INFO] [stdout]     = note: this error originates in the derive macro `PartialEq` which comes from the expansion of the macro `ast_enum_of_structs` (in Nightly builds, run with -Z macro-backtrace for more info)
[INFO] [stdout] 
[INFO] [stdout] 
[INFO] [stdout] error[E0369]: binary operation `==` cannot be applied to type `syn::Expr`
[INFO] [stdout]    --> src/types.rs:37:5
[INFO] [stdout]     |
[INFO] [stdout] 33  | #[cfg_attr(any(test, feature = "extra-traits"), derive(Clone, Debug, PartialEq, Eq, Hash))]
[INFO] [stdout]     |                                                                      --------- in this derive macro expansion
[INFO] [stdout] ...
[INFO] [stdout] 37  |     pub expr: syn::Expr,
[INFO] [stdout]     |     ^^^^^^^^^^^^^^^^^^^
[INFO] [stdout]     |
[INFO] [stdout] note: the foreign item type `syn::Expr` doesn't implement `PartialEq`
[INFO] [stdout]    --> /opt/rustwide/cargo-home/registry/src/index.crates.io-6f17d22bba15001f/syn-2.0.86/src/expr.rs:33:1
[INFO] [stdout]     |
[INFO] [stdout] 33  | / ast_enum_of_structs! {
[INFO] [stdout] 34  | |     /// A Rust expression.
[INFO] [stdout] 35  | |     ///
[INFO] [stdout] 36  | |     /// *This type is available only if Syn is built with the `"derive"` or `"full"`
[INFO] [stdout] ...   |
[INFO] [stdout] 264 | |     }
[INFO] [stdout] 265 | | }
[INFO] [stdout]     | |_^ not implement `PartialEq`
[INFO] [stdout]     = note: this error originates in the derive macro `PartialEq` which comes from the expansion of the macro `ast_enum_of_structs` (in Nightly builds, run with -Z macro-backtrace for more info)
[INFO] [stdout] 
[INFO] [stdout] 
[INFO] [stdout] error[E0277]: the trait bound `Pat: std::cmp::Eq` is not satisfied
[INFO] [stdout]   --> src/types.rs:36:5
[INFO] [stdout]    |
[INFO] [stdout] 33 | #[cfg_attr(any(test, feature = "extra-traits"), derive(Clone, Debug, PartialEq, Eq, Hash))]
[INFO] [stdout]    |                                                                                 -- in this derive macro expansion
[INFO] [stdout] ...
[INFO] [stdout] 36 |     pub pat: syn::Pat,
[INFO] [stdout]    |     ^^^^^^^^^^^^^^^^^ the trait `std::cmp::Eq` is not implemented for `Pat`
[INFO] [stdout]    |
[INFO] [stdout] note: required by a bound in `AssertParamIsEq`
[INFO] [stdout]   --> /rustc/df4ca44d3fbc9301ee17f30f4d474e6ae4b05252/library/core/src/cmp.rs:363:1
[INFO] [stdout]    = note: this error originates in the derive macro `Eq` (in Nightly builds, run with -Z macro-backtrace for more info)
[INFO] [stdout] 
[INFO] [stdout] 
[INFO] [stdout] error[E0277]: the trait bound `syn::Expr: std::cmp::Eq` is not satisfied
[INFO] [stdout]   --> src/types.rs:37:5
[INFO] [stdout]    |
[INFO] [stdout] 33 | #[cfg_attr(any(test, feature = "extra-traits"), derive(Clone, Debug, PartialEq, Eq, Hash))]
[INFO] [stdout]    |                                                                                 -- in this derive macro expansion
[INFO] [stdout] ...
[INFO] [stdout] 37 |     pub expr: syn::Expr,
[INFO] [stdout]    |     ^^^^^^^^^^^^^^^^^^^ the trait `std::cmp::Eq` is not implemented for `syn::Expr`
[INFO] [stdout]    |
[INFO] [stdout] note: required by a bound in `AssertParamIsEq`
[INFO] [stdout]   --> /rustc/df4ca44d3fbc9301ee17f30f4d474e6ae4b05252/library/core/src/cmp.rs:363:1
[INFO] [stdout]    = note: this error originates in the derive macro `Eq` (in Nightly builds, run with -Z macro-backtrace for more info)
[INFO] [stdout] 
[INFO] [stdout] 
[INFO] [stdout] error[E0277]: the trait bound `syn::Label: std::cmp::Eq` is not satisfied
[INFO] [stdout]   --> src/types.rs:35:5
[INFO] [stdout]    |
[INFO] [stdout] 33 | #[cfg_attr(any(test, feature = "extra-traits"), derive(Clone, Debug, PartialEq, Eq, Hash))]
[INFO] [stdout]    |                                                                                 -- in this derive macro expansion
[INFO] [stdout] 34 | pub struct ItemFor<'i> {
[INFO] [stdout] 35 |     pub label: Option<syn::Label>,
[INFO] [stdout]    |     ^^^^^^^^^^^^^^^^^^^^^^^^^^^^^ the trait `std::cmp::Eq` is not implemented for `syn::Label`, which is required by `Option<syn::Label>: std::cmp::Eq`
[INFO] [stdout]    |
[INFO] [stdout]    = help: the trait `std::cmp::Eq` is implemented for `Option<T>`
[INFO] [stdout]    = note: required for `Option<syn::Label>` to implement `std::cmp::Eq`
[INFO] [stdout] note: required by a bound in `AssertParamIsEq`
[INFO] [stdout]   --> /rustc/df4ca44d3fbc9301ee17f30f4d474e6ae4b05252/library/core/src/cmp.rs:363:1
[INFO] [stdout]    = note: this error originates in the derive macro `Eq` (in Nightly builds, run with -Z macro-backtrace for more info)
[INFO] [stdout] 
[INFO] [stdout] 
[INFO] [stdout] error[E0277]: the trait bound `syn::Label: Hash` is not satisfied
[INFO] [stdout]   --> src/types.rs:35:5
[INFO] [stdout]    |
[INFO] [stdout] 33 | #[cfg_attr(any(test, feature = "extra-traits"), derive(Clone, Debug, PartialEq, Eq, Hash))]
[INFO] [stdout]    |                                                                                     ---- in this derive macro expansion
[INFO] [stdout] 34 | pub struct ItemFor<'i> {
[INFO] [stdout] 35 |     pub label: Option<syn::Label>,
[INFO] [stdout]    |     ^^^^^^^^^^^^^^^^^^^^^^^^^^^^^ the trait `Hash` is not implemented for `syn::Label`, which is required by `Option<syn::Label>: Hash`
[INFO] [stdout]    |
[INFO] [stdout]    = help: the trait `Hash` is implemented for `Option<T>`
[INFO] [stdout]    = note: required for `Option<syn::Label>` to implement `Hash`
[INFO] [stdout]    = note: this error originates in the derive macro `Hash` (in Nightly builds, run with -Z macro-backtrace for more info)
[INFO] [stdout] 
[INFO] [stdout] 
[INFO] [stdout] error[E0277]: the trait bound `Pat: Hash` is not satisfied
[INFO] [stdout]   --> src/types.rs:36:5
[INFO] [stdout]    |
[INFO] [stdout] 33 | #[cfg_attr(any(test, feature = "extra-traits"), derive(Clone, Debug, PartialEq, Eq, Hash))]
[INFO] [stdout]    |                                                                                     ---- in this derive macro expansion
[INFO] [stdout] ...
[INFO] [stdout] 36 |     pub pat: syn::Pat,
[INFO] [stdout]    |     ^^^^^^^^^^^^^^^^^ the trait `Hash` is not implemented for `Pat`
[INFO] [stdout]    |
[INFO] [stdout]    = note: this error originates in the derive macro `Hash` (in Nightly builds, run with -Z macro-backtrace for more info)
[INFO] [stdout] 
[INFO] [stdout] 
[INFO] [stdout] error[E0277]: the trait bound `syn::Expr: Hash` is not satisfied
[INFO] [stdout]   --> src/types.rs:37:5
[INFO] [stdout]    |
[INFO] [stdout] 33 | #[cfg_attr(any(test, feature = "extra-traits"), derive(Clone, Debug, PartialEq, Eq, Hash))]
[INFO] [stdout]    |                                                                                     ---- in this derive macro expansion
[INFO] [stdout] ...
[INFO] [stdout] 37 |     pub expr: syn::Expr,
[INFO] [stdout]    |     ^^^^^^^^^^^^^^^^^^^ the trait `Hash` is not implemented for `syn::Expr`
[INFO] [stdout]    |
[INFO] [stdout]    = note: this error originates in the derive macro `Hash` (in Nightly builds, run with -Z macro-backtrace for more info)
[INFO] [stdout] 
[INFO] [stdout] 
[INFO] [stdout] error[E0277]: `syn::Expr` doesn't implement `Debug`
[INFO] [stdout]   --> src/types.rs:43:5
[INFO] [stdout]    |
[INFO] [stdout] 41 | #[cfg_attr(any(test, feature = "extra-traits"), derive(Clone, Debug, PartialEq, Eq, Hash))]
[INFO] [stdout]    |                                                               ----- in this derive macro expansion
[INFO] [stdout] 42 | pub struct ItemIf<'i> {
[INFO] [stdout] 43 |     pub cond: syn::Expr,
[INFO] [stdout]    |     ^^^^^^^^^^^^^^^^^^^ `syn::Expr` cannot be formatted using `{:?}` because it doesn't implement `Debug`
[INFO] [stdout]    |
[INFO] [stdout]    = help: the trait `Debug` is not implemented for `syn::Expr`
[INFO] [stdout]    = note: this error originates in the derive macro `Debug` (in Nightly builds, run with -Z macro-backtrace for more info)
[INFO] [stdout] 
[INFO] [stdout] 
[INFO] [stdout] error[E0369]: binary operation `==` cannot be applied to type `syn::Expr`
[INFO] [stdout]    --> src/types.rs:43:5
[INFO] [stdout]     |
[INFO] [stdout] 41  | #[cfg_attr(any(test, feature = "extra-traits"), derive(Clone, Debug, PartialEq, Eq, Hash))]
[INFO] [stdout]     |                                                                      --------- in this derive macro expansion
[INFO] [stdout] 42  | pub struct ItemIf<'i> {
[INFO] [stdout] 43  |     pub cond: syn::Expr,
[INFO] [stdout]     |     ^^^^^^^^^^^^^^^^^^^
[INFO] [stdout]     |
[INFO] [stdout] note: the foreign item type `syn::Expr` doesn't implement `PartialEq`
[INFO] [stdout]    --> /opt/rustwide/cargo-home/registry/src/index.crates.io-6f17d22bba15001f/syn-2.0.86/src/expr.rs:33:1
[INFO] [stdout]     |
[INFO] [stdout] 33  | / ast_enum_of_structs! {
[INFO] [stdout] 34  | |     /// A Rust expression.
[INFO] [stdout] 35  | |     ///
[INFO] [stdout] 36  | |     /// *This type is available only if Syn is built with the `"derive"` or `"full"`
[INFO] [stdout] ...   |
[INFO] [stdout] 264 | |     }
[INFO] [stdout] 265 | | }
[INFO] [stdout]     | |_^ not implement `PartialEq`
[INFO] [stdout]     = note: this error originates in the derive macro `PartialEq` which comes from the expansion of the macro `ast_enum_of_structs` (in Nightly builds, run with -Z macro-backtrace for more info)
[INFO] [stdout] 
[INFO] [stdout] 
[INFO] [stdout] error[E0277]: the trait bound `syn::Expr: std::cmp::Eq` is not satisfied
[INFO] [stdout]   --> src/types.rs:43:5
[INFO] [stdout]    |
[INFO] [stdout] 41 | #[cfg_attr(any(test, feature = "extra-traits"), derive(Clone, Debug, PartialEq, Eq, Hash))]
[INFO] [stdout]    |                                                                                 -- in this derive macro expansion
[INFO] [stdout] 42 | pub struct ItemIf<'i> {
[INFO] [stdout] 43 |     pub cond: syn::Expr,
[INFO] [stdout]    |     ^^^^^^^^^^^^^^^^^^^ the trait `std::cmp::Eq` is not implemented for `syn::Expr`
[INFO] [stdout]    |
[INFO] [stdout] note: required by a bound in `AssertParamIsEq`
[INFO] [stdout]   --> /rustc/df4ca44d3fbc9301ee17f30f4d474e6ae4b05252/library/core/src/cmp.rs:363:1
[INFO] [stdout]    = note: this error originates in the derive macro `Eq` (in Nightly builds, run with -Z macro-backtrace for more info)
[INFO] [stdout] 
[INFO] [stdout] 
[INFO] [stdout] error[E0277]: the trait bound `syn::Expr: Hash` is not satisfied
[INFO] [stdout]   --> src/types.rs:43:5
[INFO] [stdout]    |
[INFO] [stdout] 41 | #[cfg_attr(any(test, feature = "extra-traits"), derive(Clone, Debug, PartialEq, Eq, Hash))]
[INFO] [stdout]    |                                                                                     ---- in this derive macro expansion
[INFO] [stdout] 42 | pub struct ItemIf<'i> {
[INFO] [stdout] 43 |     pub cond: syn::Expr,
[INFO] [stdout]    |     ^^^^^^^^^^^^^^^^^^^ the trait `Hash` is not implemented for `syn::Expr`
[INFO] [stdout]    |
[INFO] [stdout]    = note: this error originates in the derive macro `Hash` (in Nightly builds, run with -Z macro-backtrace for more info)
[INFO] [stdout] 
[INFO] [stdout] 
[INFO] [stdout] error[E0277]: `syn::Expr` doesn't implement `Debug`
[INFO] [stdout]   --> src/types.rs:51:9
[INFO] [stdout]    |
[INFO] [stdout] 48 | #[cfg_attr(any(test, feature = "extra-traits"), derive(Clone, Debug, PartialEq, Eq, Hash))]
[INFO] [stdout]    |                                                               ----- in this derive macro expansion
[INFO] [stdout] ...
[INFO] [stdout] 51 |         cond: syn::Expr,
[INFO] [stdout]    |         ^^^^^^^^^^^^^^^ `syn::Expr` cannot be formatted using `{:?}` because it doesn't implement `Debug`
[INFO] [stdout]    |
[INFO] [stdout]    = help: the trait `Debug` is not implemented for `syn::Expr`
[INFO] [stdout]    = note: this error originates in the derive macro `Debug` (in Nightly builds, run with -Z macro-backtrace for more info)
[INFO] [stdout] 
[INFO] [stdout] 
[INFO] [stdout] error[E0369]: binary operation `==` cannot be applied to type `&syn::Expr`
[INFO] [stdout]    --> src/types.rs:51:9
[INFO] [stdout]     |
[INFO] [stdout] 48  | #[cfg_attr(any(test, feature = "extra-traits"), derive(Clone, Debug, PartialEq, Eq, Hash))]
[INFO] [stdout]     |                                                                      --------- in this derive macro expansion
[INFO] [stdout] ...
[INFO] [stdout] 51  |         cond: syn::Expr,
[INFO] [stdout]     |         ^^^^^^^^^^^^^^^
[INFO] [stdout]     |
[INFO] [stdout] note: the foreign item type `syn::Expr` doesn't implement `PartialEq`
[INFO] [stdout]    --> /opt/rustwide/cargo-home/registry/src/index.crates.io-6f17d22bba15001f/syn-2.0.86/src/expr.rs:33:1
[INFO] [stdout]     |
[INFO] [stdout] 33  | / ast_enum_of_structs! {
[INFO] [stdout] 34  | |     /// A Rust expression.
[INFO] [stdout] 35  | |     ///
[INFO] [stdout] 36  | |     /// *This type is available only if Syn is built with the `"derive"` or `"full"`
[INFO] [stdout] ...   |
[INFO] [stdout] 264 | |     }
[INFO] [stdout] 265 | | }
[INFO] [stdout]     | |_^ not implement `PartialEq`
[INFO] [stdout]     = note: this error originates in the derive macro `PartialEq` which comes from the expansion of the macro `ast_enum_of_structs` (in Nightly builds, run with -Z macro-backtrace for more info)
[INFO] [stdout] 
[INFO] [stdout] 
[INFO] [stdout] error[E0277]: the trait bound `syn::Expr: std::cmp::Eq` is not satisfied
[INFO] [stdout]   --> src/types.rs:51:9
[INFO] [stdout]    |
[INFO] [stdout] 48 | #[cfg_attr(any(test, feature = "extra-traits"), derive(Clone, Debug, PartialEq, Eq, Hash))]
[INFO] [stdout]    |                                                                                 -- in this derive macro expansion
[INFO] [stdout] ...
[INFO] [stdout] 51 |         cond: syn::Expr,
[INFO] [stdout]    |         ^^^^^^^^^^^^^^^ the trait `std::cmp::Eq` is not implemented for `syn::Expr`
[INFO] [stdout]    |
[INFO] [stdout] note: required by a bound in `AssertParamIsEq`
[INFO] [stdout]   --> /rustc/df4ca44d3fbc9301ee17f30f4d474e6ae4b05252/library/core/src/cmp.rs:363:1
[INFO] [stdout]    = note: this error originates in the derive macro `Eq` (in Nightly builds, run with -Z macro-backtrace for more info)
[INFO] [stdout] 
[INFO] [stdout] 
[INFO] [stdout] error[E0277]: the trait bound `syn::Expr: Hash` is not satisfied
[INFO] [stdout]   --> src/types.rs:51:9
[INFO] [stdout]    |
[INFO] [stdout] 48 | #[cfg_attr(any(test, feature = "extra-traits"), derive(Clone, Debug, PartialEq, Eq, Hash))]
[INFO] [stdout]    |                                                                                     ---- in this derive macro expansion
[INFO] [stdout] ...
[INFO] [stdout] 51 |         cond: syn::Expr,
[INFO] [stdout]    |         ^^^^^^^^^^^^^^^ the trait `Hash` is not implemented for `syn::Expr`
[INFO] [stdout]    |
[INFO] [stdout]    = note: this error originates in the derive macro `Hash` (in Nightly builds, run with -Z macro-backtrace for more info)
[INFO] [stdout] 
[INFO] [stdout] 
[INFO] [stdout] error[E0277]: `syn::Expr` doesn't implement `Debug`
[INFO] [stdout]   --> src/types.rs:63:5
[INFO] [stdout]    |
[INFO] [stdout] 61 | #[cfg_attr(any(test, feature = "extra-traits"), derive(Clone, Debug, PartialEq, Eq, Hash))]
[INFO] [stdout]    |                                                               ----- in this derive macro expansion
[INFO] [stdout] 62 | pub struct ItemMatch<'i> {
[INFO] [stdout] 63 |     pub expr: syn::Expr,
[INFO] [stdout]    |     ^^^^^^^^^^^^^^^^^^^ `syn::Expr` cannot be formatted using `{:?}` because it doesn't implement `Debug`
[INFO] [stdout]    |
[INFO] [stdout]    = help: the trait `Debug` is not implemented for `syn::Expr`
[INFO] [stdout]    = note: this error originates in the derive macro `Debug` (in Nightly builds, run with -Z macro-backtrace for more info)
[INFO] [stdout] 
[INFO] [stdout] 
[INFO] [stdout] error[E0369]: binary operation `==` cannot be applied to type `syn::Expr`
[INFO] [stdout]    --> src/types.rs:63:5
[INFO] [stdout]     |
[INFO] [stdout] 61  | #[cfg_attr(any(test, feature = "extra-traits"), derive(Clone, Debug, PartialEq, Eq, Hash))]
[INFO] [stdout]     |                                                                      --------- in this derive macro expansion
[INFO] [stdout] 62  | pub struct ItemMatch<'i> {
[INFO] [stdout] 63  |     pub expr: syn::Expr,
[INFO] [stdout]     |     ^^^^^^^^^^^^^^^^^^^
[INFO] [stdout]     |
[INFO] [stdout] note: the foreign item type `syn::Expr` doesn't implement `PartialEq`
[INFO] [stdout]    --> /opt/rustwide/cargo-home/registry/src/index.crates.io-6f17d22bba15001f/syn-2.0.86/src/expr.rs:33:1
[INFO] [stdout]     |
[INFO] [stdout] 33  | / ast_enum_of_structs! {
[INFO] [stdout] 34  | |     /// A Rust expression.
[INFO] [stdout] 35  | |     ///
[INFO] [stdout] 36  | |     /// *This type is available only if Syn is built with the `"derive"` or `"full"`
[INFO] [stdout] ...   |
[INFO] [stdout] 264 | |     }
[INFO] [stdout] 265 | | }
[INFO] [stdout]     | |_^ not implement `PartialEq`
[INFO] [stdout]     = note: this error originates in the derive macro `PartialEq` which comes from the expansion of the macro `ast_enum_of_structs` (in Nightly builds, run with -Z macro-backtrace for more info)
[INFO] [stdout] 
[INFO] [stdout] 
[INFO] [stdout] error[E0277]: the trait bound `syn::Expr: std::cmp::Eq` is not satisfied
[INFO] [stdout]   --> src/types.rs:63:5
[INFO] [stdout]    |
[INFO] [stdout] 61 | #[cfg_attr(any(test, feature = "extra-traits"), derive(Clone, Debug, PartialEq, Eq, Hash))]
[INFO] [stdout]    |                                                                                 -- in this derive macro expansion
[INFO] [stdout] 62 | pub struct ItemMatch<'i> {
[INFO] [stdout] 63 |     pub expr: syn::Expr,
[INFO] [stdout]    |     ^^^^^^^^^^^^^^^^^^^ the trait `std::cmp::Eq` is not implemented for `syn::Expr`
[INFO] [stdout]    |
[INFO] [stdout] note: required by a bound in `AssertParamIsEq`
[INFO] [stdout]   --> /rustc/df4ca44d3fbc9301ee17f30f4d474e6ae4b05252/library/core/src/cmp.rs:363:1
[INFO] [stdout]    = note: this error originates in the derive macro `Eq` (in Nightly builds, run with -Z macro-backtrace for more info)
[INFO] [stdout] 
[INFO] [stdout] 
[INFO] [stdout] error[E0277]: the trait bound `syn::Expr: Hash` is not satisfied
[INFO] [stdout]   --> src/types.rs:63:5
[INFO] [stdout]    |
[INFO] [stdout] 61 | #[cfg_attr(any(test, feature = "extra-traits"), derive(Clone, Debug, PartialEq, Eq, Hash))]
[INFO] [stdout]    |                                                                                     ---- in this derive macro expansion
[INFO] [stdout] 62 | pub struct ItemMatch<'i> {
[INFO] [stdout] 63 |     pub expr: syn::Expr,
[INFO] [stdout]    |     ^^^^^^^^^^^^^^^^^^^ the trait `Hash` is not implemented for `syn::Expr`
[INFO] [stdout]    |
[INFO] [stdout]    = note: this error originates in the derive macro `Hash` (in Nightly builds, run with -Z macro-backtrace for more info)
[INFO] [stdout] 
[INFO] [stdout] 
[INFO] [stdout] error[E0277]: `Pat` doesn't implement `Debug`
[INFO] [stdout]   --> src/types.rs:69:5
[INFO] [stdout]    |
[INFO] [stdout] 67 | #[cfg_attr(any(test, feature = "extra-traits"), derive(Clone, Debug, PartialEq, Eq, Hash))]
[INFO] [stdout]    |                                                               ----- in this derive macro expansion
[INFO] [stdout] 68 | pub struct MatchArm<'i> {
[INFO] [stdout] 69 |     pub pat: syn::Pat,
[INFO] [stdout]    |     ^^^^^^^^^^^^^^^^^ `Pat` cannot be formatted using `{:?}` because it doesn't implement `Debug`
[INFO] [stdout]    |
[INFO] [stdout]    = help: the trait `Debug` is not implemented for `Pat`
[INFO] [stdout]    = note: this error originates in the derive macro `Debug` (in Nightly builds, run with -Z macro-backtrace for more info)
[INFO] [stdout] 
[INFO] [stdout] 
[INFO] [stdout] error[E0277]: `syn::Expr` doesn't implement `Debug`
[INFO] [stdout]   --> src/types.rs:70:5
[INFO] [stdout]    |
[INFO] [stdout] 67 | #[cfg_attr(any(test, feature = "extra-traits"), derive(Clone, Debug, PartialEq, Eq, Hash))]
[INFO] [stdout]    |                                                               ----- in this derive macro expansion
[INFO] [stdout] ...
[INFO] [stdout] 70 |     pub guard: Option<syn::Expr>,
[INFO] [stdout]    |     ^^^^^^^^^^^^^^^^^^^^^^^^^^^^ `syn::Expr` cannot be formatted using `{:?}` because it doesn't implement `Debug`
[INFO] [stdout]    |
[INFO] [stdout]    = help: the trait `Debug` is not implemented for `syn::Expr`, which is required by `Option<syn::Expr>: Debug`
[INFO] [stdout]    = help: the trait `Debug` is implemented for `Option<T>`
[INFO] [stdout]    = note: this error originates in the derive macro `Debug` (in Nightly builds, run with -Z macro-backtrace for more info)
[INFO] [stdout] 
[INFO] [stdout] 
[INFO] [stdout] error[E0369]: binary operation `==` cannot be applied to type `Pat`
[INFO] [stdout]    --> src/types.rs:69:5
[INFO] [stdout]     |
[INFO] [stdout] 67  | #[cfg_attr(any(test, feature = "extra-traits"), derive(Clone, Debug, PartialEq, Eq, Hash))]
[INFO] [stdout]     |                                                                      --------- in this derive macro expansion
[INFO] [stdout] 68  | pub struct MatchArm<'i> {
[INFO] [stdout] 69  |     pub pat: syn::Pat,
[INFO] [stdout]     |     ^^^^^^^^^^^^^^^^^
[INFO] [stdout]     |
[INFO] [stdout] note: the foreign item type `Pat` doesn't implement `PartialEq`
[INFO] [stdout]    --> /opt/rustwide/cargo-home/registry/src/index.crates.io-6f17d22bba15001f/syn-2.0.86/src/pat.rs:15:1
[INFO] [stdout]     |
[INFO] [stdout] 15  | / ast_enum_of_structs! {
[INFO] [stdout] 16  | |     /// A pattern in a local binding, function signature, match expression, or
[INFO] [stdout] 17  | |     /// various other places.
[INFO] [stdout] 18  | |     ///
[INFO] [stdout] ...   |
[INFO] [stdout] 101 | |     }
[INFO] [stdout] 102 | | }
[INFO] [stdout]     | |_^ not implement `PartialEq`
[INFO] [stdout]     = note: this error originates in the derive macro `PartialEq` which comes from the expansion of the macro `ast_enum_of_structs` (in Nightly builds, run with -Z macro-backtrace for more info)
[INFO] [stdout] 
[INFO] [stdout] 
[INFO] [stdout] error[E0369]: binary operation `==` cannot be applied to type `Option<syn::Expr>`
[INFO] [stdout]    --> src/types.rs:70:5
[INFO] [stdout]     |
[INFO] [stdout] 67  | #[cfg_attr(any(test, feature = "extra-traits"), derive(Clone, Debug, PartialEq, Eq, Hash))]
[INFO] [stdout]     |                                                                      --------- in this derive macro expansion
[INFO] [stdout] ...
[INFO] [stdout] 70  |     pub guard: Option<syn::Expr>,
[INFO] [stdout]     |     ^^^^^^^^^^^^^^^^^^^^^^^^^^^^
[INFO] [stdout]     |
[INFO] [stdout] note: the foreign item type `syn::Expr` doesn't implement `PartialEq`
[INFO] [stdout]    --> /opt/rustwide/cargo-home/registry/src/index.crates.io-6f17d22bba15001f/syn-2.0.86/src/expr.rs:33:1
[INFO] [stdout]     |
[INFO] [stdout] 33  | / ast_enum_of_structs! {
[INFO] [stdout] 34  | |     /// A Rust expression.
[INFO] [stdout] 35  | |     ///
[INFO] [stdout] 36  | |     /// *This type is available only if Syn is built with the `"derive"` or `"full"`
[INFO] [stdout] ...   |
[INFO] [stdout] 264 | |     }
[INFO] [stdout] 265 | | }
[INFO] [stdout]     | |_^ not implement `PartialEq`
[INFO] [stdout]     = note: this error originates in the derive macro `PartialEq` which comes from the expansion of the macro `ast_enum_of_structs` (in Nightly builds, run with -Z macro-backtrace for more info)
[INFO] [stdout] 
[INFO] [stdout] 
[INFO] [stdout] error[E0277]: the trait bound `Pat: std::cmp::Eq` is not satisfied
[INFO] [stdout]   --> src/types.rs:69:5
[INFO] [stdout]    |
[INFO] [stdout] 67 | #[cfg_attr(any(test, feature = "extra-traits"), derive(Clone, Debug, PartialEq, Eq, Hash))]
[INFO] [stdout]    |                                                                                 -- in this derive macro expansion
[INFO] [stdout] 68 | pub struct MatchArm<'i> {
[INFO] [stdout] 69 |     pub pat: syn::Pat,
[INFO] [stdout]    |     ^^^^^^^^^^^^^^^^^ the trait `std::cmp::Eq` is not implemented for `Pat`
[INFO] [stdout]    |
[INFO] [stdout] note: required by a bound in `AssertParamIsEq`
[INFO] [stdout]   --> /rustc/df4ca44d3fbc9301ee17f30f4d474e6ae4b05252/library/core/src/cmp.rs:363:1
[INFO] [stdout]    = note: this error originates in the derive macro `Eq` (in Nightly builds, run with -Z macro-backtrace for more info)
[INFO] [stdout] 
[INFO] [stdout] 
[INFO] [stdout] error[E0277]: the trait bound `syn::Expr: std::cmp::Eq` is not satisfied
[INFO] [stdout]   --> src/types.rs:70:5
[INFO] [stdout]    |
[INFO] [stdout] 67 | #[cfg_attr(any(test, feature = "extra-traits"), derive(Clone, Debug, PartialEq, Eq, Hash))]
[INFO] [stdout]    |                                                                                 -- in this derive macro expansion
[INFO] [stdout] ...
[INFO] [stdout] 70 |     pub guard: Option<syn::Expr>,
[INFO] [stdout]    |     ^^^^^^^^^^^^^^^^^^^^^^^^^^^^ the trait `std::cmp::Eq` is not implemented for `syn::Expr`, which is required by `Option<syn::Expr>: std::cmp::Eq`
[INFO] [stdout]    |
[INFO] [stdout]    = help: the trait `std::cmp::Eq` is implemented for `Option<T>`
[INFO] [stdout]    = note: required for `Option<syn::Expr>` to implement `std::cmp::Eq`
[INFO] [stdout] note: required by a bound in `AssertParamIsEq`
[INFO] [stdout]   --> /rustc/df4ca44d3fbc9301ee17f30f4d474e6ae4b05252/library/core/src/cmp.rs:363:1
[INFO] [stdout]    = note: this error originates in the derive macro `Eq` (in Nightly builds, run with -Z macro-backtrace for more info)
[INFO] [stdout] 
[INFO] [stdout] 
[INFO] [stdout] error[E0277]: the trait bound `Pat: Hash` is not satisfied
[INFO] [stdout]   --> src/types.rs:69:5
[INFO] [stdout]    |
[INFO] [stdout] 67 | #[cfg_attr(any(test, feature = "extra-traits"), derive(Clone, Debug, PartialEq, Eq, Hash))]
[INFO] [stdout]    |                                                                                     ---- in this derive macro expansion
[INFO] [stdout] 68 | pub struct MatchArm<'i> {
[INFO] [stdout] 69 |     pub pat: syn::Pat,
[INFO] [stdout]    |     ^^^^^^^^^^^^^^^^^ the trait `Hash` is not implemented for `Pat`
[INFO] [stdout]    |
[INFO] [stdout]    = note: this error originates in the derive macro `Hash` (in Nightly builds, run with -Z macro-backtrace for more info)
[INFO] [stdout] 
[INFO] [stdout] 
[INFO] [stdout] error[E0277]: the trait bound `syn::Expr: Hash` is not satisfied
[INFO] [stdout]   --> src/types.rs:70:5
[INFO] [stdout]    |
[INFO] [stdout] 67 | #[cfg_attr(any(test, feature = "extra-traits"), derive(Clone, Debug, PartialEq, Eq, Hash))]
[INFO] [stdout]    |                                                                                     ---- in this derive macro expansion
[INFO] [stdout] ...
[INFO] [stdout] 70 |     pub guard: Option<syn::Expr>,
[INFO] [stdout]    |     ^^^^^^^^^^^^^^^^^^^^^^^^^^^^ the trait `Hash` is not implemented for `syn::Expr`, which is required by `Option<syn::Expr>: Hash`
[INFO] [stdout]    |
[INFO] [stdout]    = help: the trait `Hash` is implemented for `Option<T>`
[INFO] [stdout]    = note: required for `Option<syn::Expr>` to implement `Hash`
[INFO] [stdout]    = note: this error originates in the derive macro `Hash` (in Nightly builds, run with -Z macro-backtrace for more info)
[INFO] [stdout] 
[INFO] [stdout] 
[INFO] [stdout] error[E0277]: `syn::punctuated::Punctuated<FnArg, syn::token::Comma>` doesn't implement `Debug`
[INFO] [stdout]   --> src/types.rs:77:5
[INFO] [stdout]    |
[INFO] [stdout] 74 | #[cfg_attr(any(test, feature = "extra-traits"), derive(Clone, Debug, PartialEq, Eq, Hash))]
[INFO] [stdout]    |                                                               ----- in this derive macro expansion
[INFO] [stdout] ...
[INFO] [stdout] 77 |     pub args: syn::punctuated::Punctuated<syn::FnArg, syn::Token![,]>,
[INFO] [stdout]    |     ^^^^^^^^^^^^^^^^^^^^^^^^^^^^^^^^^^^^^^^^^^^^^^^^^^^^^^^^^^^^^^^^^ `syn::punctuated::Punctuated<FnArg, syn::token::Comma>` cannot be formatted using `{:?}` because it doesn't implement `Debug`
[INFO] [stdout]    |
[INFO] [stdout]    = help: the trait `Debug` is not implemented for `syn::punctuated::Punctuated<FnArg, syn::token::Comma>`
[INFO] [stdout]    = note: this error originates in the derive macro `Debug` (in Nightly builds, run with -Z macro-backtrace for more info)
[INFO] [stdout] 
[INFO] [stdout] 
[INFO] [stdout] error[E0369]: binary operation `==` cannot be applied to type `syn::punctuated::Punctuated<FnArg, syn::token::Comma>`
[INFO] [stdout]   --> src/types.rs:77:5
[INFO] [stdout]    |
[INFO] [stdout] 74 | #[cfg_attr(any(test, feature = "extra-traits"), derive(Clone, Debug, PartialEq, Eq, Hash))]
[INFO] [stdout]    |                                                                      --------- in this derive macro expansion
[INFO] [stdout] ...
[INFO] [stdout] 77 |     pub args: syn::punctuated::Punctuated<syn::FnArg, syn::Token![,]>,
[INFO] [stdout]    |     ^^^^^^^^^^^^^^^^^^^^^^^^^^^^^^^^^^^^^^^^^^^^^^^^^^^^^^^^^^^^^^^^^
[INFO] [stdout]    |
[INFO] [stdout] note: the foreign item type `syn::punctuated::Punctuated<FnArg, syn::token::Comma>` doesn't implement `PartialEq`
[INFO] [stdout]   --> /opt/rustwide/cargo-home/registry/src/index.crates.io-6f17d22bba15001f/syn-2.0.86/src/punctuated.rs:47:1
[INFO] [stdout]    |
[INFO] [stdout] 47 | pub struct Punctuated<T, P> {
[INFO] [stdout]    | ^^^^^^^^^^^^^^^^^^^^^^^^^^^ not implement `PartialEq`
[INFO] [stdout]    = note: this error originates in the derive macro `PartialEq` (in Nightly builds, run with -Z macro-backtrace for more info)
[INFO] [stdout] 
[INFO] [stdout] 
[INFO] [stdout] error[E0277]: the trait bound `syn::punctuated::Punctuated<FnArg, syn::token::Comma>: std::cmp::Eq` is not satisfied
[INFO] [stdout]   --> src/types.rs:77:5
[INFO] [stdout]    |
[INFO] [stdout] 74 | #[cfg_attr(any(test, feature = "extra-traits"), derive(Clone, Debug, PartialEq, Eq, Hash))]
[INFO] [stdout]    |                                                                                 -- in this derive macro expansion
[INFO] [stdout] ...
[INFO] [stdout] 77 |     pub args: syn::punctuated::Punctuated<syn::FnArg, syn::Token![,]>,
[INFO] [stdout]    |     ^^^^^^^^^^^^^^^^^^^^^^^^^^^^^^^^^^^^^^^^^^^^^^^^^^^^^^^^^^^^^^^^^ the trait `std::cmp::Eq` is not implemented for `syn::punctuated::Punctuated<FnArg, syn::token::Comma>`
[INFO] [stdout]    |
[INFO] [stdout] note: required by a bound in `AssertParamIsEq`
[INFO] [stdout]   --> /rustc/df4ca44d3fbc9301ee17f30f4d474e6ae4b05252/library/core/src/cmp.rs:363:1
[INFO] [stdout]    = note: this error originates in the derive macro `Eq` (in Nightly builds, run with -Z macro-backtrace for more info)
[INFO] [stdout] 
[INFO] [stdout] 
[INFO] [stdout] error[E0277]: the trait bound `syn::punctuated::Punctuated<FnArg, syn::token::Comma>: Hash` is not satisfied
[INFO] [stdout]   --> src/types.rs:77:5
[INFO] [stdout]    |
[INFO] [stdout] 74 | #[cfg_attr(any(test, feature = "extra-traits"), derive(Clone, Debug, PartialEq, Eq, Hash))]
[INFO] [stdout]    |                                                                                     ---- in this derive macro expansion
[INFO] [stdout] ...
[INFO] [stdout] 77 |     pub args: syn::punctuated::Punctuated<syn::FnArg, syn::Token![,]>,
[INFO] [stdout]    |     ^^^^^^^^^^^^^^^^^^^^^^^^^^^^^^^^^^^^^^^^^^^^^^^^^^^^^^^^^^^^^^^^^ the trait `Hash` is not implemented for `syn::punctuated::Punctuated<FnArg, syn::token::Comma>`
[INFO] [stdout]    |
[INFO] [stdout]    = note: this error originates in the derive macro `Hash` (in Nightly builds, run with -Z macro-backtrace for more info)
[INFO] [stdout] 
[INFO] [stdout] 
[INFO] [stdout] error[E0277]: `syn::punctuated::Punctuated<syn::Expr, syn::token::Comma>` doesn't implement `Debug`
[INFO] [stdout]   --> src/types.rs:88:9
[INFO] [stdout]    |
[INFO] [stdout] 81 | #[cfg_attr(any(test, feature = "extra-traits"), derive(Clone, Debug, PartialEq, Eq, Hash))]
[INFO] [stdout]    |                                                               ----- in this derive macro expansion
[INFO] [stdout] ...
[INFO] [stdout] 88 |         args: syn::punctuated::Punctuated<syn::Expr, syn::Token![,]>,
[INFO] [stdout]    |         ^^^^^^^^^^^^^^^^^^^^^^^^^^^^^^^^^^^^^^^^^^^^^^^^^^^^^^^^^^^^ `syn::punctuated::Punctuated<syn::Expr, syn::token::Comma>` cannot be formatted using `{:?}` because it doesn't implement `Debug`
[INFO] [stdout]    |
[INFO] [stdout]    = help: the trait `Debug` is not implemented for `syn::punctuated::Punctuated<syn::Expr, syn::token::Comma>`, which is required by `&syn::punctuated::Punctuated<syn::Expr, syn::token::Comma>: Debug`
[INFO] [stdout]    = note: this error originates in the derive macro `Debug` (in Nightly builds, run with -Z macro-backtrace for more info)
[INFO] [stdout] 
[INFO] [stdout] 
[INFO] [stdout] error[E0277]: `Stmt` doesn't implement `Debug`
[INFO] [stdout]   --> src/types.rs:90:10
[INFO] [stdout]    |
[INFO] [stdout] 81 | #[cfg_attr(any(test, feature = "extra-traits"), derive(Clone, Debug, PartialEq, Eq, Hash))]
[INFO] [stdout]    |                                                               ----- in this derive macro expansion
[INFO] [stdout] ...
[INFO] [stdout] 90 |     Stmt(syn::Stmt),
[INFO] [stdout]    |          ^^^^^^^^^ `Stmt` cannot be formatted using `{:?}` because it doesn't implement `Debug`
[INFO] [stdout]    |
[INFO] [stdout]    = help: the trait `Debug` is not implemented for `Stmt`, which is required by `&Stmt: Debug`
[INFO] [stdout]    = note: this error originates in the derive macro `Debug` (in Nightly builds, run with -Z macro-backtrace for more info)
[INFO] [stdout] 
[INFO] [stdout] 
[INFO] [stdout] error[E0277]: `syn::Expr` doesn't implement `Debug`
[INFO] [stdout]   --> src/types.rs:91:10
[INFO] [stdout]    |
[INFO] [stdout] 81 | #[cfg_attr(any(test, feature = "extra-traits"), derive(Clone, Debug, PartialEq, Eq, Hash))]
[INFO] [stdout]    |                                                               ----- in this derive macro expansion
[INFO] [stdout] ...
[INFO] [stdout] 91 |     Expr(syn::Expr),
[INFO] [stdout]    |          ^^^^^^^^^ `syn::Expr` cannot be formatted using `{:?}` because it doesn't implement `Debug`
[INFO] [stdout]    |
[INFO] [stdout]    = help: the trait `Debug` is not implemented for `syn::Expr`, which is required by `&syn::Expr: Debug`
[INFO] [stdout]    = note: this error originates in the derive macro `Debug` (in Nightly builds, run with -Z macro-backtrace for more info)
[INFO] [stdout] 
[INFO] [stdout] 
[INFO] [stdout] error[E0369]: binary operation `==` cannot be applied to type `&syn::punctuated::Punctuated<syn::Expr, syn::token::Comma>`
[INFO] [stdout]   --> src/types.rs:88:9
[INFO] [stdout]    |
[INFO] [stdout] 81 | #[cfg_attr(any(test, feature = "extra-traits"), derive(Clone, Debug, PartialEq, Eq, Hash))]
[INFO] [stdout]    |                                                                      --------- in this derive macro expansion
[INFO] [stdout] ...
[INFO] [stdout] 88 |         args: syn::punctuated::Punctuated<syn::Expr, syn::Token![,]>,
[INFO] [stdout]    |         ^^^^^^^^^^^^^^^^^^^^^^^^^^^^^^^^^^^^^^^^^^^^^^^^^^^^^^^^^^^^
[INFO] [stdout]    |
[INFO] [stdout] note: the foreign item type `syn::punctuated::Punctuated<syn::Expr, syn::token::Comma>` doesn't implement `PartialEq`
[INFO] [stdout]   --> /opt/rustwide/cargo-home/registry/src/index.crates.io-6f17d22bba15001f/syn-2.0.86/src/punctuated.rs:47:1
[INFO] [stdout]    |
[INFO] [stdout] 47 | pub struct Punctuated<T, P> {
[INFO] [stdout]    | ^^^^^^^^^^^^^^^^^^^^^^^^^^^ not implement `PartialEq`
[INFO] [stdout]    = note: this error originates in the derive macro `PartialEq` (in Nightly builds, run with -Z macro-backtrace for more info)
[INFO] [stdout] 
[INFO] [stdout] 
[INFO] [stdout] error[E0369]: binary operation `==` cannot be applied to type `&Stmt`
[INFO] [stdout]   --> src/types.rs:90:10
[INFO] [stdout]    |
[INFO] [stdout] 81 | #[cfg_attr(any(test, feature = "extra-traits"), derive(Clone, Debug, PartialEq, Eq, Hash))]
[INFO] [stdout]    |                                                                      --------- in this derive macro expansion
[INFO] [stdout] ...
[INFO] [stdout] 90 |     Stmt(syn::Stmt),
[INFO] [stdout]    |          ^^^^^^^^^
[INFO] [stdout]    |
[INFO] [stdout] note: the foreign item type `Stmt` doesn't implement `PartialEq`
[INFO] [stdout]   --> /opt/rustwide/cargo-home/registry/src/index.crates.io-6f17d22bba15001f/syn-2.0.86/src/stmt.rs:18:1
[INFO] [stdout]    |
[INFO] [stdout] 18 | / ast_enum! {
[INFO] [stdout] 19 | |     /// A statement, usually ending in a semicolon.
[INFO] [stdout] 20 | |     #[cfg_attr(docsrs, doc(cfg(feature = "full")))]
[INFO] [stdout] 21 | |     pub enum Stmt {
[INFO] [stdout] ...  |
[INFO] [stdout] 37 | |     }
[INFO] [stdout] 38 | | }
[INFO] [stdout]    | |_^ not implement `PartialEq`
[INFO] [stdout]    = note: this error originates in the derive macro `PartialEq` which comes from the expansion of the macro `ast_enum` (in Nightly builds, run with -Z macro-backtrace for more info)
[INFO] [stdout] 
[INFO] [stdout] 
[INFO] [stdout] error[E0369]: binary operation `==` cannot be applied to type `&syn::Expr`
[INFO] [stdout]    --> src/types.rs:91:10
[INFO] [stdout]     |
[INFO] [stdout] 81  | #[cfg_attr(any(test, feature = "extra-traits"), derive(Clone, Debug, PartialEq, Eq, Hash))]
[INFO] [stdout]     |                                                                      --------- in this derive macro expansion
[INFO] [stdout] ...
[INFO] [stdout] 91  |     Expr(syn::Expr),
[INFO] [stdout]     |          ^^^^^^^^^
[INFO] [stdout]     |
[INFO] [stdout] note: the foreign item type `syn::Expr` doesn't implement `PartialEq`
[INFO] [stdout]    --> /opt/rustwide/cargo-home/registry/src/index.crates.io-6f17d22bba15001f/syn-2.0.86/src/expr.rs:33:1
[INFO] [stdout]     |
[INFO] [stdout] 33  | / ast_enum_of_structs! {
[INFO] [stdout] 34  | |     /// A Rust expression.
[INFO] [stdout] 35  | |     ///
[INFO] [stdout] 36  | |     /// *This type is available only if Syn is built with the `"derive"` or `"full"`
[INFO] [stdout] ...   |
[INFO] [stdout] 264 | |     }
[INFO] [stdout] 265 | | }
[INFO] [stdout]     | |_^ not implement `PartialEq`
[INFO] [stdout]     = note: this error originates in the derive macro `PartialEq` which comes from the expansion of the macro `ast_enum_of_structs` (in Nightly builds, run with -Z macro-backtrace for more info)
[INFO] [stdout] 
[INFO] [stdout] 
[INFO] [stdout] error[E0277]: the trait bound `syn::punctuated::Punctuated<syn::Expr, syn::token::Comma>: std::cmp::Eq` is not satisfied
[INFO] [stdout]   --> src/types.rs:88:9
[INFO] [stdout]    |
[INFO] [stdout] 81 | #[cfg_attr(any(test, feature = "extra-traits"), derive(Clone, Debug, PartialEq, Eq, Hash))]
[INFO] [stdout]    |                                                                                 -- in this derive macro expansion
[INFO] [stdout] ...
[INFO] [stdout] 88 |         args: syn::punctuated::Punctuated<syn::Expr, syn::Token![,]>,
[INFO] [stdout]    |         ^^^^^^^^^^^^^^^^^^^^^^^^^^^^^^^^^^^^^^^^^^^^^^^^^^^^^^^^^^^^ the trait `std::cmp::Eq` is not implemented for `syn::punctuated::Punctuated<syn::Expr, syn::token::Comma>`
[INFO] [stdout]    |
[INFO] [stdout] note: required by a bound in `AssertParamIsEq`
[INFO] [stdout]   --> /rustc/df4ca44d3fbc9301ee17f30f4d474e6ae4b05252/library/core/src/cmp.rs:363:1
[INFO] [stdout]    = note: this error originates in the derive macro `Eq` (in Nightly builds, run with -Z macro-backtrace for more info)
[INFO] [stdout] 
[INFO] [stdout] 
[INFO] [stdout] error[E0277]: the trait bound `Stmt: std::cmp::Eq` is not satisfied
[INFO] [stdout]   --> src/types.rs:90:10
[INFO] [stdout]    |
[INFO] [stdout] 81 | #[cfg_attr(any(test, feature = "extra-traits"), derive(Clone, Debug, PartialEq, Eq, Hash))]
[INFO] [stdout]    |                                                                                 -- in this derive macro expansion
[INFO] [stdout] ...
[INFO] [stdout] 90 |     Stmt(syn::Stmt),
[INFO] [stdout]    |          ^^^^^^^^^ the trait `std::cmp::Eq` is not implemented for `Stmt`
[INFO] [stdout]    |
[INFO] [stdout] note: required by a bound in `AssertParamIsEq`
[INFO] [stdout]   --> /rustc/df4ca44d3fbc9301ee17f30f4d474e6ae4b05252/library/core/src/cmp.rs:363:1
[INFO] [stdout]    = note: this error originates in the derive macro `Eq` (in Nightly builds, run with -Z macro-backtrace for more info)
[INFO] [stdout] 
[INFO] [stdout] 
[INFO] [stdout] error[E0277]: the trait bound `syn::Expr: std::cmp::Eq` is not satisfied
[INFO] [stdout]   --> src/types.rs:91:10
[INFO] [stdout]    |
[INFO] [stdout] 81 | #[cfg_attr(any(test, feature = "extra-traits"), derive(Clone, Debug, PartialEq, Eq, Hash))]
[INFO] [stdout]    |                                                                                 -- in this derive macro expansion
[INFO] [stdout] ...
[INFO] [stdout] 91 |     Expr(syn::Expr),
[INFO] [stdout]    |          ^^^^^^^^^ the trait `std::cmp::Eq` is not implemented for `syn::Expr`
[INFO] [stdout]    |
[INFO] [stdout] note: required by a bound in `AssertParamIsEq`
[INFO] [stdout]   --> /rustc/df4ca44d3fbc9301ee17f30f4d474e6ae4b05252/library/core/src/cmp.rs:363:1
[INFO] [stdout]    = note: this error originates in the derive macro `Eq` (in Nightly builds, run with -Z macro-backtrace for more info)
[INFO] [stdout] 
[INFO] [stdout] 
[INFO] [stdout] error[E0277]: the trait bound `syn::punctuated::Punctuated<syn::Expr, syn::token::Comma>: Hash` is not satisfied
[INFO] [stdout]   --> src/types.rs:88:9
[INFO] [stdout]    |
[INFO] [stdout] 81 | #[cfg_attr(any(test, feature = "extra-traits"), derive(Clone, Debug, PartialEq, Eq, Hash))]
[INFO] [stdout]    |                                                                                     ---- in this derive macro expansion
[INFO] [stdout] ...
[INFO] [stdout] 88 |         args: syn::punctuated::Punctuated<syn::Expr, syn::Token![,]>,
[INFO] [stdout]    |         ^^^^^^^^^^^^^^^^^^^^^^^^^^^^^^^^^^^^^^^^^^^^^^^^^^^^^^^^^^^^ the trait `Hash` is not implemented for `syn::punctuated::Punctuated<syn::Expr, syn::token::Comma>`
[INFO] [stdout]    |
[INFO] [stdout]    = note: this error originates in the derive macro `Hash` (in Nightly builds, run with -Z macro-backtrace for more info)
[INFO] [stdout] 
[INFO] [stdout] 
[INFO] [stdout] error[E0277]: the trait bound `Stmt: Hash` is not satisfied
[INFO] [stdout]   --> src/types.rs:90:10
[INFO] [stdout]    |
[INFO] [stdout] 81 | #[cfg_attr(any(test, feature = "extra-traits"), derive(Clone, Debug, PartialEq, Eq, Hash))]
[INFO] [stdout]    |                                                                                     ---- in this derive macro expansion
[INFO] [stdout] ...
[INFO] [stdout] 90 |     Stmt(syn::Stmt),
[INFO] [stdout]    |          ^^^^^^^^^ the trait `Hash` is not implemented for `Stmt`
[INFO] [stdout]    |
[INFO] [stdout]    = note: this error originates in the derive macro `Hash` (in Nightly builds, run with -Z macro-backtrace for more info)
[INFO] [stdout] 
[INFO] [stdout] 
[INFO] [stdout] error[E0277]: the trait bound `syn::Expr: Hash` is not satisfied
[INFO] [stdout]   --> src/types.rs:91:10
[INFO] [stdout]    |
[INFO] [stdout] 81 | #[cfg_attr(any(test, feature = "extra-traits"), derive(Clone, Debug, PartialEq, Eq, Hash))]
[INFO] [stdout]    |                                                                                     ---- in this derive macro expansion
[INFO] [stdout] ...
[INFO] [stdout] 91 |     Expr(syn::Expr),
[INFO] [stdout]    |          ^^^^^^^^^ the trait `Hash` is not implemented for `syn::Expr`
[INFO] [stdout]    |
[INFO] [stdout]    = note: this error originates in the derive macro `Hash` (in Nightly builds, run with -Z macro-backtrace for more info)
[INFO] [stdout] 
[INFO] [stdout] 
[INFO] [stdout] Some errors have detailed explanations: E0277, E0369.
[INFO] [stdout] 
[INFO] [stdout] For more information about an error, try `rustc --explain E0277`.
[INFO] [stdout] 
[INFO] [stderr] error: could not compile `stilts-lang` (lib test) due to 48 previous errors
[INFO] running `Command { std: "docker" "inspect" "d626c5e1a6ea8991b85ff3f66608ddc0433e63d1894f16c4af792940378f8ccc", kill_on_drop: false }`
[INFO] running `Command { std: "docker" "rm" "-f" "d626c5e1a6ea8991b85ff3f66608ddc0433e63d1894f16c4af792940378f8ccc", kill_on_drop: false }`
[INFO] [stdout] d626c5e1a6ea8991b85ff3f66608ddc0433e63d1894f16c4af792940378f8ccc
