[INFO] fetching crate steel-copper 0.1.0...
[INFO] testing steel-copper-0.1.0 against nightly-2024-10-28 for randomize-layout
[INFO] extracting crate steel-copper 0.1.0 into /workspace/builds/worker-5-tc1/source
[INFO] validating manifest of crates.io crate steel-copper 0.1.0 on toolchain nightly-2024-10-28
[INFO] running `Command { std: CARGO_HOME="/workspace/cargo-home" RUSTUP_HOME="/workspace/rustup-home" "/workspace/cargo-home/bin/cargo" "+nightly-2024-10-28" "metadata" "--manifest-path" "Cargo.toml" "--no-deps", kill_on_drop: false }`
[INFO] started tweaking crates.io crate steel-copper 0.1.0
[INFO] finished tweaking crates.io crate steel-copper 0.1.0
[INFO] tweaked toml for crates.io crate steel-copper 0.1.0 written to /workspace/builds/worker-5-tc1/source/Cargo.toml
[INFO] crate crates.io crate steel-copper 0.1.0 already has a lockfile, it will not be regenerated
[INFO] running `Command { std: CARGO_HOME="/workspace/cargo-home" RUSTUP_HOME="/workspace/rustup-home" "/workspace/cargo-home/bin/cargo" "+nightly-2024-10-28" "fetch" "--manifest-path" "Cargo.toml", kill_on_drop: false }`
[INFO] [stderr]     Updating crates.io index
[INFO] [stderr]  Downloading crates ...
[INFO] [stderr]   Downloaded tera v0.11.20
[INFO] [stderr]   Downloaded unic-common v0.7.0
[INFO] [stderr]   Downloaded unic-char-range v0.7.0
[INFO] [stderr]   Downloaded unic-char-property v0.7.0
[INFO] [stderr]   Downloaded tinyvec v0.3.3
[INFO] [stderr]   Downloaded unic-ucd-version v0.7.0
[INFO] [stderr]   Downloaded rc-u8-reader v2.0.12
[INFO] [stderr]   Downloaded macro-utils v0.1.3
[INFO] [stderr]   Downloaded devise_core v0.2.0
[INFO] [stderr]   Downloaded cow-utils v0.1.2
[INFO] [stderr]   Downloaded lru_time_cache v0.10.0
[INFO] [stderr]   Downloaded pest_generator v2.1.3
[INFO] [stderr]   Downloaded pear_codegen v0.1.4
[INFO] [stderr]   Downloaded rocket-include-tera v0.4.19
[INFO] [stderr]   Downloaded inotify-sys v0.1.3
[INFO] [stderr]   Downloaded typenum v1.12.0
[INFO] [stderr]   Downloaded addr2line v0.13.0
[INFO] [stderr]   Downloaded ignore v0.4.16
[INFO] [stderr]   Downloaded educe v0.4.13
[INFO] [stderr]   Downloaded enum-ordinalize v3.1.8
[INFO] [stderr]   Downloaded utf8-width v0.1.4
[INFO] [stderr]   Downloaded crc-any v2.3.5
[INFO] [stderr]   Downloaded html-escape v0.2.6
[INFO] [stderr]   Downloaded cookie v0.11.3
[INFO] [stderr]   Downloaded html-minifier v3.0.3
[INFO] [stderr]   Downloaded rocket-include-static-resources v0.9.5
[INFO] [stderr]   Downloaded num-bigint v0.3.0
[INFO] [stderr]   Downloaded minifier v0.0.36
[INFO] [stderr]   Downloaded aes-gcm v0.5.0
[INFO] [stderr]   Downloaded syn v1.0.35
[INFO] [stderr]   Downloaded serde_json v1.0.56
[INFO] [stderr]   Downloaded tera v1.4.0
[INFO] [stderr]   Downloaded chrono v0.4.13
[INFO] [stderr]   Downloaded aho-corasick v0.7.13
[INFO] [stderr]   Downloaded regex-syntax v0.6.18
[INFO] [stderr]   Downloaded bstr v0.2.13
[INFO] [stderr]   Downloaded aes-soft v0.3.3
[INFO] [stderr]   Downloaded object v0.20.0
[INFO] [stderr]   Downloaded regex v1.3.9
[INFO] [stderr]   Downloaded chrono-tz v0.5.2
[INFO] [stderr]   Downloaded globset v0.4.5
[INFO] [stderr]   Downloaded inotify v0.7.1
[INFO] [stderr]   Downloaded libc v0.2.72
[INFO] [stderr]   Downloaded lazycell v1.2.1
[INFO] [stderr]   Downloaded hashbrown v0.8.1
[INFO] [stderr]   Downloaded state v0.4.1
[INFO] [stderr]   Downloaded yansi v0.5.0
[INFO] [stderr]   Downloaded globwalk v0.8.0
[INFO] [stderr]   Downloaded gimli v0.22.0
[INFO] [stderr]   Downloaded filetime v0.2.10
[INFO] [stderr]   Downloaded notify v4.0.15
[INFO] [stderr]   Downloaded devise_codegen v0.2.0
[INFO] [stderr]   Downloaded devise v0.2.0
[INFO] [stderr]   Downloaded rocket_codegen v0.4.5
[INFO] [stderr]   Downloaded ghash v0.2.3
[INFO] [stderr]   Downloaded subtle v2.2.3
[INFO] [stderr]   Downloaded hkdf v0.8.0
[INFO] [stderr]   Downloaded hermit-abi v0.1.15
[INFO] [stderr]   Downloaded indexmap v1.5.0
[INFO] [stderr]   Downloaded smallvec v1.4.1
[INFO] [stderr]   Downloaded rocket v0.4.5
[INFO] [stderr]   Downloaded rocket_contrib v0.4.5
[INFO] [stderr]   Downloaded num-integer v0.1.43
[INFO] [stderr]   Downloaded miniz_oxide v0.4.0
[INFO] [stderr]   Downloaded aesni v0.6.0
[INFO] [stderr]   Downloaded error-chain v0.12.2
[INFO] [stderr]   Downloaded proc-macro2 v1.0.19
[INFO] [stderr]   Downloaded serde v1.0.114
[INFO] [stderr]   Downloaded debug-helper v0.3.10
[INFO] [stderr]   Downloaded rocket-etag-if-none-match v0.3.5
[INFO] [stderr]   Downloaded net2 v0.2.34
[INFO] [stderr]   Downloaded mio v0.6.22
[INFO] [stderr]   Downloaded aes v0.3.2
[INFO] [stderr]   Downloaded universal-hash v0.3.0
[INFO] [stderr]   Downloaded ppv-lite86 v0.2.8
[INFO] [stderr]   Downloaded pear v0.1.4
[INFO] [stderr]   Downloaded humansize v1.1.0
[INFO] [stderr]   Downloaded unicode-normalization v0.1.13
[INFO] [stderr]   Downloaded block-cipher-trait v0.6.2
[INFO] [stderr]   Downloaded rocket_http v0.4.5
[INFO] [stderr]   Downloaded num-traits v0.2.12
[INFO] [stderr]   Downloaded backtrace v0.3.50
[INFO] [stderr]   Downloaded fsevent-sys v2.0.1
[INFO] [stderr]   Downloaded miow v0.2.1
[INFO] [stderr]   Downloaded aead v0.2.0
[INFO] [stderr]   Downloaded polyval v0.3.3
[INFO] [stderr]   Downloaded unic-segment v0.7.0
[INFO] [stderr]   Downloaded zeroize v1.1.0
[INFO] [stderr]   Downloaded hmac v0.7.1
[INFO] [stderr]   Downloaded sha2 v0.8.2
[INFO] [stderr]   Downloaded adler v0.2.3
[INFO] [stderr]   Downloaded fsevent v0.4.0
[INFO] [stderr]   Downloaded unic-ucd-segment v0.7.0
[INFO] running `Command { std: "docker" "create" "-v" "/var/lib/crater-agent-workspace/builds/worker-5-tc1/target:/opt/rustwide/target:rw,Z" "-v" "/var/lib/crater-agent-workspace/builds/worker-5-tc1/source:/opt/rustwide/workdir:ro,Z" "-v" "/var/lib/crater-agent-workspace/cargo-home:/opt/rustwide/cargo-home:ro,Z" "-v" "/var/lib/crater-agent-workspace/rustup-home:/opt/rustwide/rustup-home:ro,Z" "-e" "SOURCE_DIR=/opt/rustwide/workdir" "-e" "CARGO_TARGET_DIR=/opt/rustwide/target" "-e" "CARGO_HOME=/opt/rustwide/cargo-home" "-e" "RUSTUP_HOME=/opt/rustwide/rustup-home" "-w" "/opt/rustwide/workdir" "-m" "1610612736" "--user" "0:0" "--network" "none" "ghcr.io/rust-lang/crates-build-env/linux@sha256:4a844ea9eb2546a2d2c7022eacef16ef2e8229c7fbb2c7d4d55a9ceca922f72d" "/opt/rustwide/cargo-home/bin/cargo" "+nightly-2024-10-28" "metadata" "--no-deps" "--format-version=1", kill_on_drop: false }`
[INFO] [stdout] 0b094ae2d16f8cc81f1ae47e90f42675807b6577571b4d44c49bbc745745da37
[INFO] running `Command { std: "docker" "start" "-a" "0b094ae2d16f8cc81f1ae47e90f42675807b6577571b4d44c49bbc745745da37", kill_on_drop: false }`
[INFO] running `Command { std: "docker" "inspect" "0b094ae2d16f8cc81f1ae47e90f42675807b6577571b4d44c49bbc745745da37", kill_on_drop: false }`
[INFO] running `Command { std: "docker" "rm" "-f" "0b094ae2d16f8cc81f1ae47e90f42675807b6577571b4d44c49bbc745745da37", kill_on_drop: false }`
[INFO] [stdout] 0b094ae2d16f8cc81f1ae47e90f42675807b6577571b4d44c49bbc745745da37
[INFO] running `Command { std: "docker" "create" "-v" "/var/lib/crater-agent-workspace/builds/worker-5-tc1/target:/opt/rustwide/target:rw,Z" "-v" "/var/lib/crater-agent-workspace/builds/worker-5-tc1/source:/opt/rustwide/workdir:ro,Z" "-v" "/var/lib/crater-agent-workspace/cargo-home:/opt/rustwide/cargo-home:ro,Z" "-v" "/var/lib/crater-agent-workspace/rustup-home:/opt/rustwide/rustup-home:ro,Z" "-e" "SOURCE_DIR=/opt/rustwide/workdir" "-e" "CARGO_TARGET_DIR=/opt/rustwide/target" "-e" "CARGO_INCREMENTAL=0" "-e" "RUST_BACKTRACE=full" "-e" "RUSTFLAGS=--cap-lints=forbid" "-e" "RUSTDOCFLAGS=--cap-lints=forbid" "-e" "CARGO_HOME=/opt/rustwide/cargo-home" "-e" "RUSTUP_HOME=/opt/rustwide/rustup-home" "-w" "/opt/rustwide/workdir" "-m" "1610612736" "--user" "0:0" "--network" "none" "ghcr.io/rust-lang/crates-build-env/linux@sha256:4a844ea9eb2546a2d2c7022eacef16ef2e8229c7fbb2c7d4d55a9ceca922f72d" "/opt/rustwide/cargo-home/bin/cargo" "+nightly-2024-10-28" "build" "--frozen" "--message-format=json", kill_on_drop: false }`
[INFO] [stdout] a572e99efb4d8251bfe774ffa8ae8daa36975e87d23b2c76f7674fc5b94179ee
[INFO] running `Command { std: "docker" "start" "-a" "a572e99efb4d8251bfe774ffa8ae8daa36975e87d23b2c76f7674fc5b94179ee", kill_on_drop: false }`
[INFO] [stderr]    Compiling autocfg v1.0.0
[INFO] [stderr]    Compiling libc v0.2.72
[INFO] [stderr]    Compiling cfg-if v0.1.10
[INFO] [stderr]    Compiling version_check v0.9.2
[INFO] [stderr]    Compiling typenum v1.12.0
[INFO] [stderr]    Compiling log v0.4.11
[INFO] [stderr]    Compiling memchr v2.3.3
[INFO] [stderr]    Compiling byteorder v1.3.4
[INFO] [stderr]    Compiling proc-macro2 v0.4.30
[INFO] [stderr]    Compiling unicode-xid v0.1.0
[INFO] [stderr]    Compiling bitflags v1.2.1
[INFO] [stderr]    Compiling yansi v0.5.0
[INFO] [stderr]    Compiling getrandom v0.1.14
[INFO] [stderr]    Compiling syn v0.15.44
[INFO] [stderr]    Compiling lazy_static v1.4.0
[INFO] [stderr]    Compiling proc-macro2 v1.0.19
[INFO] [stderr]    Compiling unicode-xid v0.2.1
[INFO] [stderr]    Compiling thread_local v1.0.1
[INFO] [stderr]    Compiling opaque-debug v0.2.3
[INFO] [stderr]    Compiling tinyvec v0.3.3
[INFO] [stderr]    Compiling subtle v2.2.3
[INFO] [stderr]    Compiling matches v0.1.8
[INFO] [stderr]    Compiling regex-syntax v0.6.18
[INFO] [stderr]    Compiling unicode-bidi v0.3.4
[INFO] [stderr]    Compiling ppv-lite86 v0.2.8
[INFO] [stderr]    Compiling subtle v1.0.0
[INFO] [stderr]    Compiling version_check v0.1.5
[INFO] [stderr]    Compiling syn v1.0.35
[INFO] [stderr]    Compiling num-traits v0.2.12
[INFO] [stderr]    Compiling num-integer v0.1.43
[INFO] [stderr]    Compiling serde v1.0.114
[INFO] [stderr]    Compiling byte-tools v0.3.1
[INFO] [stderr]    Compiling unicode-normalization v0.1.13
[INFO] [stderr]    Compiling block-padding v0.1.5
[INFO] [stderr]    Compiling aho-corasick v0.7.13
[INFO] [stderr]    Compiling unicase v1.4.2
[INFO] [stderr]    Compiling hashbrown v0.8.1
[INFO] [stderr]    Compiling pear_codegen v0.1.4
[INFO] [stderr]    Compiling httparse v1.3.4
[INFO] [stderr]    Compiling percent-encoding v1.0.1
[INFO] [stderr]    Compiling indexmap v1.5.0
[INFO] [stderr]    Compiling quote v0.6.13
[INFO] [stderr]    Compiling log v0.3.9
[INFO] [stderr]    Compiling time v0.1.43
[INFO] [stderr]    Compiling quote v1.0.7
[INFO] [stderr]    Compiling safemem v0.3.3
[INFO] [stderr]    Compiling fake-simd v0.1.2
[INFO] [stderr]    Compiling zeroize v1.1.0
[INFO] [stderr]    Compiling rand_core v0.5.1
[INFO] [stderr]    Compiling percent-encoding v2.1.0
[INFO] [stderr]    Compiling base64 v0.9.3
[INFO] [stderr]    Compiling mime v0.2.6
[INFO] [stderr]    Compiling rand_chacha v0.2.2
[INFO] [stderr]    Compiling idna v0.1.5
[INFO] [stderr]    Compiling generic-array v0.12.3
[INFO] [stderr]    Compiling num_cpus v1.13.0
[INFO] [stderr]    Compiling base64 v0.12.3
[INFO] [stderr]    Compiling language-tags v0.2.2
[INFO] [stderr]    Compiling traitobject v0.1.0
[INFO] [stderr]    Compiling rand v0.7.3
[INFO] [stderr]    Compiling typeable v0.1.2
[INFO] [stderr]    Compiling ucd-trie v0.1.3
[INFO] [stderr]    Compiling rocket_codegen v0.4.5
[INFO] [stderr]    Compiling block-cipher-trait v0.6.2
[INFO] [stderr]    Compiling universal-hash v0.3.0
[INFO] [stderr]    Compiling digest v0.8.1
[INFO] [stderr]    Compiling polyval v0.3.3
[INFO] [stderr]    Compiling aes-soft v0.3.3
[INFO] [stderr]    Compiling crypto-mac v0.7.0
[INFO] [stderr]    Compiling url v1.7.2
[INFO] [stderr]    Compiling block-buffer v0.7.3
[INFO] [stderr]    Compiling hmac v0.7.1
[INFO] [stderr]    Compiling aead v0.2.0
[INFO] [stderr]    Compiling ghash v0.2.3
[INFO] [stderr]    Compiling hkdf v0.8.0
[INFO] [stderr]    Compiling sha2 v0.8.2
[INFO] [stderr]    Compiling aes v0.3.2
[INFO] [stderr]    Compiling pest v2.1.3
[INFO] [stderr]    Compiling aes-gcm v0.5.0
[INFO] [stderr]    Compiling same-file v1.0.6
[INFO] [stderr]    Compiling smallvec v1.4.1
[INFO] [stderr]    Compiling ryu v1.0.5
[INFO] [stderr]    Compiling maplit v1.0.2
[INFO] [stderr]    Compiling state v0.4.1
[INFO] [stderr]    Compiling walkdir v2.3.1
[INFO] [stderr]    Compiling num-bigint v0.3.0
[INFO] [stderr]    Compiling crossbeam-utils v0.7.2
[INFO] [stderr]    Compiling unicase v2.6.0
[INFO] [stderr]    Compiling rocket v0.4.5
[INFO] [stderr]    Compiling glob v0.3.0
[INFO] [stderr]    Compiling serde_json v1.0.56
[INFO] [stderr]    Compiling chrono v0.4.13
[INFO] [stderr]    Compiling cookie v0.11.3
[INFO] [stderr]    Compiling hyper v0.10.16
[INFO] [stderr]    Compiling regex v1.3.9
[INFO] [stderr]    Compiling atty v0.2.14
[INFO] [stderr]    Compiling bstr v0.2.13
[INFO] [stderr]    Compiling deunicode v0.4.3
[INFO] [stderr]    Compiling adler v0.2.3
[INFO] [stderr]    Compiling gimli v0.22.0
[INFO] [stderr]    Compiling unic-common v0.9.0
[INFO] [stderr]    Compiling itoa v0.4.6
[INFO] [stderr]    Compiling unic-common v0.7.0
[INFO] [stderr]    Compiling unic-char-range v0.9.0
[INFO] [stderr]    Compiling pest_meta v2.1.3
[INFO] [stderr]    Compiling unic-char-range v0.7.0
[INFO] [stderr]    Compiling unic-ucd-version v0.7.0
[INFO] [stderr]    Compiling unic-char-property v0.7.0
[INFO] [stderr]    Compiling unic-char-property v0.9.0
[INFO] [stderr]    Compiling slug v0.1.4
[INFO] [stderr]    Compiling miniz_oxide v0.4.0
[INFO] [stderr]    Compiling unic-ucd-version v0.9.0
[INFO] [stderr]    Compiling net2 v0.2.34
[INFO] [stderr]    Compiling iovec v0.1.4
[INFO] [stderr]    Compiling error-chain v0.12.2
[INFO] [stderr]    Compiling rustc-demangle v0.1.16
[INFO] [stderr]    Compiling slab v0.4.2
[INFO] [stderr]    Compiling debug-helper v0.3.10
[INFO] [stderr]    Compiling humansize v1.1.0
[INFO] [stderr]    Compiling object v0.20.0
[INFO] [stdout] error[E0308]: mismatched types
[INFO] [stdout]    --> /opt/rustwide/cargo-home/registry/src/index.crates.io-6f17d22bba15001f/num-bigint-0.3.0/src/biguint.rs:198:19
[INFO] [stdout]     |
[INFO] [stdout] 198 |         .div_ceil(&big_digit::BITS.into())
[INFO] [stdout]     |          -------- ^^^^^^^^^^^^^^^^^^^^^^^ expected `u64`, found `&_`
[INFO] [stdout]     |          |
[INFO] [stdout]     |          arguments to this method are incorrect
[INFO] [stdout]     |
[INFO] [stdout]     = note:   expected type `u64`
[INFO] [stdout]             found reference `&_`
[INFO] [stdout] note: method defined here
[INFO] [stdout]    --> /rustc/df4ca44d3fbc9301ee17f30f4d474e6ae4b05252/library/core/src/num/mod.rs:1230:5
[INFO] [stdout]     = note: this error originates in the macro `uint_impl` (in Nightly builds, run with -Z macro-backtrace for more info)
[INFO] [stdout] help: consider removing the borrow
[INFO] [stdout]     |
[INFO] [stdout] 198 -         .div_ceil(&big_digit::BITS.into())
[INFO] [stdout] 198 +         .div_ceil(big_digit::BITS.into())
[INFO] [stdout]     |
[INFO] [stdout] 
[INFO] [stdout] 
[INFO] [stderr]    Compiling mio v0.6.22
[INFO] [stderr]    Compiling mime_guess v2.0.3
[INFO] [stderr]    Compiling parse-zoneinfo v0.3.0
[INFO] [stdout] error[E0308]: mismatched types
[INFO] [stdout]     --> /opt/rustwide/cargo-home/registry/src/index.crates.io-6f17d22bba15001f/num-bigint-0.3.0/src/biguint.rs:1700:50
[INFO] [stdout]      |
[INFO] [stdout] 1700 |             let root_scale = extra_bits.div_ceil(&n64);
[INFO] [stdout]      |                                         -------- ^^^^ expected `u64`, found `&u64`
[INFO] [stdout]      |                                         |
[INFO] [stdout]      |                                         arguments to this method are incorrect
[INFO] [stdout]      |
[INFO] [stdout] note: method defined here
[INFO] [stdout]     --> /rustc/df4ca44d3fbc9301ee17f30f4d474e6ae4b05252/library/core/src/num/mod.rs:1230:5
[INFO] [stdout]      = note: this error originates in the macro `uint_impl` (in Nightly builds, run with -Z macro-backtrace for more info)
[INFO] [stdout] help: consider removing the borrow
[INFO] [stdout]      |
[INFO] [stdout] 1700 -             let root_scale = extra_bits.div_ceil(&n64);
[INFO] [stdout] 1700 +             let root_scale = extra_bits.div_ceil(n64);
[INFO] [stdout]      |
[INFO] [stdout] 
[INFO] [stdout] 
[INFO] [stderr]    Compiling globset v0.4.5
[INFO] [stdout] error[E0308]: mismatched types
[INFO] [stdout]     --> /opt/rustwide/cargo-home/registry/src/index.crates.io-6f17d22bba15001f/num-bigint-0.3.0/src/biguint.rs:2119:19
[INFO] [stdout]      |
[INFO] [stdout] 2119 |         .div_ceil(&u64::from(bits))
[INFO] [stdout]      |          -------- ^^^^^^^^^^^^^^^^ expected `u64`, found `&u64`
[INFO] [stdout]      |          |
[INFO] [stdout]      |          arguments to this method are incorrect
[INFO] [stdout]      |
[INFO] [stdout] note: method defined here
[INFO] [stdout]     --> /rustc/df4ca44d3fbc9301ee17f30f4d474e6ae4b05252/library/core/src/num/mod.rs:1230:5
[INFO] [stdout]      = note: this error originates in the macro `uint_impl` (in Nightly builds, run with -Z macro-backtrace for more info)
[INFO] [stdout] help: consider removing the borrow
[INFO] [stdout]      |
[INFO] [stdout] 2119 -         .div_ceil(&u64::from(bits))
[INFO] [stdout] 2119 +         .div_ceil(u64::from(bits))
[INFO] [stdout]      |
[INFO] [stdout] 
[INFO] [stdout] 
[INFO] [stdout] error[E0308]: mismatched types
[INFO] [stdout]     --> /opt/rustwide/cargo-home/registry/src/index.crates.io-6f17d22bba15001f/num-bigint-0.3.0/src/biguint.rs:2147:19
[INFO] [stdout]      |
[INFO] [stdout] 2147 |         .div_ceil(&u64::from(bits))
[INFO] [stdout]      |          -------- ^^^^^^^^^^^^^^^^ expected `u64`, found `&u64`
[INFO] [stdout]      |          |
[INFO] [stdout]      |          arguments to this method are incorrect
[INFO] [stdout]      |
[INFO] [stdout] note: method defined here
[INFO] [stdout]     --> /rustc/df4ca44d3fbc9301ee17f30f4d474e6ae4b05252/library/core/src/num/mod.rs:1230:5
[INFO] [stdout]      = note: this error originates in the macro `uint_impl` (in Nightly builds, run with -Z macro-backtrace for more info)
[INFO] [stdout] help: consider removing the borrow
[INFO] [stdout]      |
[INFO] [stdout] 2147 -         .div_ceil(&u64::from(bits))
[INFO] [stdout] 2147 +         .div_ceil(u64::from(bits))
[INFO] [stdout]      |
[INFO] [stdout] 
[INFO] [stdout] 
[INFO] [stderr]    Compiling pest_generator v2.1.3
[INFO] [stderr]    Compiling unic-ucd-segment v0.9.0
[INFO] [stdout] For more information about this error, try `rustc --explain E0308`.
[INFO] [stdout] 
[INFO] [stderr] error: could not compile `num-bigint` (lib) due to 4 previous errors
[INFO] [stderr] warning: build failed, waiting for other jobs to finish...
[INFO] running `Command { std: "docker" "inspect" "a572e99efb4d8251bfe774ffa8ae8daa36975e87d23b2c76f7674fc5b94179ee", kill_on_drop: false }`
[INFO] running `Command { std: "docker" "rm" "-f" "a572e99efb4d8251bfe774ffa8ae8daa36975e87d23b2c76f7674fc5b94179ee", kill_on_drop: false }`
[INFO] [stdout] a572e99efb4d8251bfe774ffa8ae8daa36975e87d23b2c76f7674fc5b94179ee
