[INFO] fetching crate stdweb-logger 0.1.1...
[INFO] testing stdweb-logger-0.1.1 against nightly-2024-10-28+rustflags=-Zrandomize-layout for randomize-layout
[INFO] extracting crate stdweb-logger 0.1.1 into /workspace/builds/worker-1-tc2/source
[INFO] validating manifest of crates.io crate stdweb-logger 0.1.1 on toolchain nightly-2024-10-28
[INFO] running `Command { std: CARGO_HOME="/workspace/cargo-home" RUSTUP_HOME="/workspace/rustup-home" "/workspace/cargo-home/bin/cargo" "+nightly-2024-10-28" "metadata" "--manifest-path" "Cargo.toml" "--no-deps", kill_on_drop: false }`
[INFO] started tweaking crates.io crate stdweb-logger 0.1.1
[INFO] finished tweaking crates.io crate stdweb-logger 0.1.1
[INFO] tweaked toml for crates.io crate stdweb-logger 0.1.1 written to /workspace/builds/worker-1-tc2/source/Cargo.toml
[INFO] running `Command { std: CARGO_HOME="/workspace/cargo-home" RUSTUP_HOME="/workspace/rustup-home" "/workspace/cargo-home/bin/cargo" "+nightly-2024-10-28" "generate-lockfile" "--manifest-path" "Cargo.toml", kill_on_drop: false }`
[INFO] [stderr]     Updating crates.io index
[INFO] [stderr]     Blocking waiting for file lock on package cache
[INFO] [stderr]      Locking 31 packages to latest compatible versions
[INFO] running `Command { std: CARGO_HOME="/workspace/cargo-home" RUSTUP_HOME="/workspace/rustup-home" "/workspace/cargo-home/bin/cargo" "+nightly-2024-10-28" "fetch" "--manifest-path" "Cargo.toml", kill_on_drop: false }`
[INFO] [stderr]     Blocking waiting for file lock on package cache
[INFO] running `Command { std: "docker" "create" "-v" "/var/lib/crater-agent-workspace/builds/worker-1-tc2/target:/opt/rustwide/target:rw,Z" "-v" "/var/lib/crater-agent-workspace/builds/worker-1-tc2/source:/opt/rustwide/workdir:ro,Z" "-v" "/var/lib/crater-agent-workspace/cargo-home:/opt/rustwide/cargo-home:ro,Z" "-v" "/var/lib/crater-agent-workspace/rustup-home:/opt/rustwide/rustup-home:ro,Z" "-e" "SOURCE_DIR=/opt/rustwide/workdir" "-e" "CARGO_TARGET_DIR=/opt/rustwide/target" "-e" "CARGO_HOME=/opt/rustwide/cargo-home" "-e" "RUSTUP_HOME=/opt/rustwide/rustup-home" "-w" "/opt/rustwide/workdir" "-m" "1610612736" "--user" "0:0" "--network" "none" "ghcr.io/rust-lang/crates-build-env/linux@sha256:4a844ea9eb2546a2d2c7022eacef16ef2e8229c7fbb2c7d4d55a9ceca922f72d" "/opt/rustwide/cargo-home/bin/cargo" "+nightly-2024-10-28" "metadata" "--no-deps" "--format-version=1", kill_on_drop: false }`
[INFO] [stdout] 99074aa80e8f512293abcb54d5cfed0c556993d3656246fe9824fb270ab38d29
[INFO] running `Command { std: "docker" "start" "-a" "99074aa80e8f512293abcb54d5cfed0c556993d3656246fe9824fb270ab38d29", kill_on_drop: false }`
[INFO] running `Command { std: "docker" "inspect" "99074aa80e8f512293abcb54d5cfed0c556993d3656246fe9824fb270ab38d29", kill_on_drop: false }`
[INFO] running `Command { std: "docker" "rm" "-f" "99074aa80e8f512293abcb54d5cfed0c556993d3656246fe9824fb270ab38d29", kill_on_drop: false }`
[INFO] [stdout] 99074aa80e8f512293abcb54d5cfed0c556993d3656246fe9824fb270ab38d29
[INFO] running `Command { std: "docker" "create" "-v" "/var/lib/crater-agent-workspace/builds/worker-1-tc2/target:/opt/rustwide/target:rw,Z" "-v" "/var/lib/crater-agent-workspace/builds/worker-1-tc2/source:/opt/rustwide/workdir:ro,Z" "-v" "/var/lib/crater-agent-workspace/cargo-home:/opt/rustwide/cargo-home:ro,Z" "-v" "/var/lib/crater-agent-workspace/rustup-home:/opt/rustwide/rustup-home:ro,Z" "-e" "SOURCE_DIR=/opt/rustwide/workdir" "-e" "CARGO_TARGET_DIR=/opt/rustwide/target" "-e" "CARGO_INCREMENTAL=0" "-e" "RUST_BACKTRACE=full" "-e" "RUSTFLAGS=--cap-lints=forbid -Zrandomize-layout" "-e" "RUSTDOCFLAGS=--cap-lints=forbid" "-e" "CARGO_HOME=/opt/rustwide/cargo-home" "-e" "RUSTUP_HOME=/opt/rustwide/rustup-home" "-w" "/opt/rustwide/workdir" "-m" "1610612736" "--user" "0:0" "--network" "none" "ghcr.io/rust-lang/crates-build-env/linux@sha256:4a844ea9eb2546a2d2c7022eacef16ef2e8229c7fbb2c7d4d55a9ceca922f72d" "/opt/rustwide/cargo-home/bin/cargo" "+nightly-2024-10-28" "build" "--frozen" "--message-format=json", kill_on_drop: false }`
[INFO] [stdout] 2ac47dee14a1663a30bb923d22fcfcf69d367c28968d6a6f54f9487e4e3ef12e
[INFO] running `Command { std: "docker" "start" "-a" "2ac47dee14a1663a30bb923d22fcfcf69d367c28968d6a6f54f9487e4e3ef12e", kill_on_drop: false }`
[INFO] [stderr]    Compiling proc-macro2 v1.0.89
[INFO] [stderr]    Compiling unicode-ident v1.0.13
[INFO] [stderr]    Compiling serde v1.0.214
[INFO] [stderr]    Compiling semver-parser v0.7.0
[INFO] [stderr]    Compiling syn v1.0.109
[INFO] [stderr]    Compiling serde_json v1.0.132
[INFO] [stderr]    Compiling ryu v1.0.18
[INFO] [stderr]    Compiling stdweb-internal-runtime v0.1.5
[INFO] [stderr]    Compiling itoa v1.0.11
[INFO] [stderr]    Compiling memchr v2.7.4
[INFO] [stderr]    Compiling sha1_smol v1.0.1
[INFO] [stderr]    Compiling base-x v0.2.11
[INFO] [stderr]    Compiling discard v1.0.4
[INFO] [stderr]    Compiling log v0.4.22
[INFO] [stderr]    Compiling sha1 v0.6.1
[INFO] [stderr]    Compiling semver v0.9.0
[INFO] [stderr]    Compiling rustc_version v0.2.3
[INFO] [stderr]    Compiling stdweb v0.4.20
[INFO] [stderr]    Compiling quote v1.0.37
[INFO] [stderr]    Compiling syn v2.0.86
[INFO] [stderr]    Compiling serde_derive v1.0.214
[INFO] [stderr]    Compiling stdweb-derive v0.5.3
[INFO] [stderr]    Compiling stdweb-internal-macros v0.2.9
[INFO] [stderr]    Compiling stdweb-logger v0.1.1 (/opt/rustwide/workdir)
[INFO] [stderr]     Finished `dev` profile [unoptimized + debuginfo] target(s) in 18.69s
[INFO] [stderr] warning: the following packages contain code that will be rejected by a future version of Rust: stdweb v0.4.20
[INFO] [stderr] note: to see what the problems were, use the option `--future-incompat-report`, or run `cargo report future-incompatibilities --id 1`
[INFO] running `Command { std: "docker" "inspect" "2ac47dee14a1663a30bb923d22fcfcf69d367c28968d6a6f54f9487e4e3ef12e", kill_on_drop: false }`
[INFO] running `Command { std: "docker" "rm" "-f" "2ac47dee14a1663a30bb923d22fcfcf69d367c28968d6a6f54f9487e4e3ef12e", kill_on_drop: false }`
[INFO] [stdout] 2ac47dee14a1663a30bb923d22fcfcf69d367c28968d6a6f54f9487e4e3ef12e
[INFO] running `Command { std: "docker" "create" "-v" "/var/lib/crater-agent-workspace/builds/worker-1-tc2/target:/opt/rustwide/target:rw,Z" "-v" "/var/lib/crater-agent-workspace/builds/worker-1-tc2/source:/opt/rustwide/workdir:ro,Z" "-v" "/var/lib/crater-agent-workspace/cargo-home:/opt/rustwide/cargo-home:ro,Z" "-v" "/var/lib/crater-agent-workspace/rustup-home:/opt/rustwide/rustup-home:ro,Z" "-e" "SOURCE_DIR=/opt/rustwide/workdir" "-e" "CARGO_TARGET_DIR=/opt/rustwide/target" "-e" "CARGO_INCREMENTAL=0" "-e" "RUST_BACKTRACE=full" "-e" "RUSTFLAGS=--cap-lints=forbid -Zrandomize-layout" "-e" "RUSTDOCFLAGS=--cap-lints=forbid" "-e" "CARGO_HOME=/opt/rustwide/cargo-home" "-e" "RUSTUP_HOME=/opt/rustwide/rustup-home" "-w" "/opt/rustwide/workdir" "-m" "1610612736" "--user" "0:0" "--network" "none" "ghcr.io/rust-lang/crates-build-env/linux@sha256:4a844ea9eb2546a2d2c7022eacef16ef2e8229c7fbb2c7d4d55a9ceca922f72d" "/opt/rustwide/cargo-home/bin/cargo" "+nightly-2024-10-28" "test" "--frozen" "--no-run" "--message-format=json", kill_on_drop: false }`
[INFO] [stdout] 8099d5d0bc57734ac596f4105451c7439f185f0eb334c6dfe963a46578a250b2
[INFO] running `Command { std: "docker" "start" "-a" "8099d5d0bc57734ac596f4105451c7439f185f0eb334c6dfe963a46578a250b2", kill_on_drop: false }`
[INFO] [stderr]    Compiling stdweb-logger v0.1.1 (/opt/rustwide/workdir)
[INFO] [stdout] error: linking with `cc` failed: exit status: 1
[INFO] [stdout]   |
[INFO] [stdout]   = note: LC_ALL="C" PATH="/opt/rustwide/rustup-home/toolchains/nightly-2024-10-28-x86_64-unknown-linux-gnu/lib/rustlib/x86_64-unknown-linux-gnu/bin:/opt/rustwide/rustup-home/toolchains/nightly-2024-10-28-x86_64-unknown-linux-gnu/lib/rustlib/x86_64-unknown-linux-gnu/bin/self-contained:/opt/rustwide/cargo-home/bin:/usr/local/sbin:/usr/local/bin:/usr/sbin:/usr/bin:/sbin:/bin" VSLANG="1033" "cc" "-m64" "/tmp/rustc68GYE9/symbols.o" "/opt/rustwide/target/debug/examples/detail-2b057f49439e986c.detail.9834ff17480af6b3-cgu.0.rcgu.o" "/opt/rustwide/target/debug/examples/detail-2b057f49439e986c.8vboui4m0g5axzh8z5ouphi4x.rcgu.o" "-Wl,--as-needed" "-Wl,-Bstatic" "/opt/rustwide/target/debug/deps/libstdweb_logger-c774b39f5dcce343.rlib" "/opt/rustwide/target/debug/deps/libstdweb-35db40acf47d9a9a.rlib" "/opt/rustwide/target/debug/deps/libdiscard-98975c93c4127ce9.rlib" "/opt/rustwide/target/debug/deps/libstdweb_internal_runtime-a39d04929a1564a1.rlib" "/opt/rustwide/target/debug/deps/libserde_json-2c14a39d695220fd.rlib" "/opt/rustwide/target/debug/deps/libmemchr-34eb650b64c0b1fd.rlib" "/opt/rustwide/target/debug/deps/libitoa-add5260810035b6e.rlib" "/opt/rustwide/target/debug/deps/libryu-2ae7af5af0bb88e0.rlib" "/opt/rustwide/target/debug/deps/libserde-228eb9d983fcf8ca.rlib" "/opt/rustwide/target/debug/deps/liblog-e7e7e8ec9ff686da.rlib" "/opt/rustwide/rustup-home/toolchains/nightly-2024-10-28-x86_64-unknown-linux-gnu/lib/rustlib/x86_64-unknown-linux-gnu/lib/libstd-fb8c387236db3c10.rlib" "/opt/rustwide/rustup-home/toolchains/nightly-2024-10-28-x86_64-unknown-linux-gnu/lib/rustlib/x86_64-unknown-linux-gnu/lib/libpanic_unwind-b251837809b2f64b.rlib" "/opt/rustwide/rustup-home/toolchains/nightly-2024-10-28-x86_64-unknown-linux-gnu/lib/rustlib/x86_64-unknown-linux-gnu/lib/libobject-cbef83eaa4e01f04.rlib" "/opt/rustwide/rustup-home/toolchains/nightly-2024-10-28-x86_64-unknown-linux-gnu/lib/rustlib/x86_64-unknown-linux-gnu/lib/libmemchr-12a772286de2fca7.rlib" "/opt/rustwide/rustup-home/toolchains/nightly-2024-10-28-x86_64-unknown-linux-gnu/lib/rustlib/x86_64-unknown-linux-gnu/lib/libaddr2line-023bbe5ada7abfc3.rlib" "/opt/rustwide/rustup-home/toolchains/nightly-2024-10-28-x86_64-unknown-linux-gnu/lib/rustlib/x86_64-unknown-linux-gnu/lib/libgimli-de2bcdf10ec69c2b.rlib" "/opt/rustwide/rustup-home/toolchains/nightly-2024-10-28-x86_64-unknown-linux-gnu/lib/rustlib/x86_64-unknown-linux-gnu/lib/librustc_demangle-8e1754df350800fd.rlib" "/opt/rustwide/rustup-home/toolchains/nightly-2024-10-28-x86_64-unknown-linux-gnu/lib/rustlib/x86_64-unknown-linux-gnu/lib/libstd_detect-06c2ab7b9c32e037.rlib" "/opt/rustwide/rustup-home/toolchains/nightly-2024-10-28-x86_64-unknown-linux-gnu/lib/rustlib/x86_64-unknown-linux-gnu/lib/libhashbrown-51d2621fc57a281b.rlib" "/opt/rustwide/rustup-home/toolchains/nightly-2024-10-28-x86_64-unknown-linux-gnu/lib/rustlib/x86_64-unknown-linux-gnu/lib/librustc_std_workspace_alloc-54a930408793772f.rlib" "/opt/rustwide/rustup-home/toolchains/nightly-2024-10-28-x86_64-unknown-linux-gnu/lib/rustlib/x86_64-unknown-linux-gnu/lib/libminiz_oxide-0c7d01cba400dcb2.rlib" "/opt/rustwide/rustup-home/toolchains/nightly-2024-10-28-x86_64-unknown-linux-gnu/lib/rustlib/x86_64-unknown-linux-gnu/lib/libadler-b9f84d69e331b75b.rlib" "/opt/rustwide/rustup-home/toolchains/nightly-2024-10-28-x86_64-unknown-linux-gnu/lib/rustlib/x86_64-unknown-linux-gnu/lib/libunwind-eec95493246aae39.rlib" "/opt/rustwide/rustup-home/toolchains/nightly-2024-10-28-x86_64-unknown-linux-gnu/lib/rustlib/x86_64-unknown-linux-gnu/lib/libcfg_if-6f6676c475e08ab0.rlib" "/opt/rustwide/rustup-home/toolchains/nightly-2024-10-28-x86_64-unknown-linux-gnu/lib/rustlib/x86_64-unknown-linux-gnu/lib/liblibc-799d520624f8b2e0.rlib" "/opt/rustwide/rustup-home/toolchains/nightly-2024-10-28-x86_64-unknown-linux-gnu/lib/rustlib/x86_64-unknown-linux-gnu/lib/liballoc-fcf93d4842acd9a9.rlib" "/opt/rustwide/rustup-home/toolchains/nightly-2024-10-28-x86_64-unknown-linux-gnu/lib/rustlib/x86_64-unknown-linux-gnu/lib/librustc_std_workspace_core-395a38b8e0851c9b.rlib" "/opt/rustwide/rustup-home/toolchains/nightly-2024-10-28-x86_64-unknown-linux-gnu/lib/rustlib/x86_64-unknown-linux-gnu/lib/libcore-d453bab70303062c.rlib" "/opt/rustwide/rustup-home/toolchains/nightly-2024-10-28-x86_64-unknown-linux-gnu/lib/rustlib/x86_64-unknown-linux-gnu/lib/libcompiler_builtins-0e6386368b0a24e8.rlib" "-Wl,-Bdynamic" "-lgcc_s" "-lutil" "-lrt" "-lpthread" "-lm" "-ldl" "-lc" "-B/opt/rustwide/rustup-home/toolchains/nightly-2024-10-28-x86_64-unknown-linux-gnu/lib/rustlib/x86_64-unknown-linux-gnu/bin/gcc-ld" "-fuse-ld=lld" "-Wl,--eh-frame-hdr" "-Wl,-z,noexecstack" "-L" "/opt/rustwide/rustup-home/toolchains/nightly-2024-10-28-x86_64-unknown-linux-gnu/lib/rustlib/x86_64-unknown-linux-gnu/lib" "-o" "/opt/rustwide/target/debug/examples/detail-2b057f49439e986c" "-Wl,--gc-sections" "-pie" "-Wl,-z,relro,-z,now" "-nodefaultlibs"
[INFO] [stdout]   = note: rust-lld: error: undefined symbol: emscripten_asm_const_int
[INFO] [stdout]           >>> referenced by macros.rs:139 (/opt/rustwide/cargo-home/registry/src/index.crates.io-6f17d22bba15001f/stdweb-0.4.20/src/webcore/macros.rs:139)
[INFO] [stdout]           >>>               stdweb_logger-c774b39f5dcce343.stdweb_logger.d74327ad32c011a-cgu.0.rcgu.o:(_$LT$stdweb_logger..Logger$u20$as$u20$log..Log$GT$::log::snippet::__cargo_web_snippet_4fd31c9e56d40b8642cf9e6f96fd6b570f355cea::h2fa3be1e570287f7) in archive /opt/rustwide/target/debug/deps/libstdweb_logger-c774b39f5dcce343.rlib
[INFO] [stdout]           >>> referenced by macros.rs:139 (/opt/rustwide/cargo-home/registry/src/index.crates.io-6f17d22bba15001f/stdweb-0.4.20/src/webcore/macros.rs:139)
[INFO] [stdout]           >>>               stdweb_logger-c774b39f5dcce343.stdweb_logger.d74327ad32c011a-cgu.0.rcgu.o:(_$LT$stdweb_logger..Logger$u20$as$u20$log..Log$GT$::log::snippet::__cargo_web_snippet_4fd31c9e56d40b8642cf9e6f96fd6b570f355cea::hf4f900b7daea6abd) in archive /opt/rustwide/target/debug/deps/libstdweb_logger-c774b39f5dcce343.rlib
[INFO] [stdout]           >>> referenced by macros.rs:139 (/opt/rustwide/cargo-home/registry/src/index.crates.io-6f17d22bba15001f/stdweb-0.4.20/src/webcore/macros.rs:139)
[INFO] [stdout]           >>>               stdweb_logger-c774b39f5dcce343.stdweb_logger.d74327ad32c011a-cgu.0.rcgu.o:(_$LT$stdweb_logger..Logger$u20$as$u20$log..Log$GT$::log::snippet::__cargo_web_snippet_114b518968fda2247f8d0d6ad5a226d35aa55986::h28b92d7d06813fac) in archive /opt/rustwide/target/debug/deps/libstdweb_logger-c774b39f5dcce343.rlib
[INFO] [stdout]           >>> referenced 9 more times
[INFO] [stdout]           
[INFO] [stdout]           rust-lld: error: undefined symbol: emscripten_pause_main_loop
[INFO] [stdout]           >>> referenced by emscripten.rs:11 (src/webcore/ffi/emscripten.rs:11)
[INFO] [stdout]           >>>               stdweb-35db40acf47d9a9a.stdweb.6af5ec635a33b32c-cgu.03.rcgu.o:(stdweb::webcore::ffi::emscripten::event_loop::hf7a5268e175d19a6) in archive /opt/rustwide/target/debug/deps/libstdweb-35db40acf47d9a9a.rlib
[INFO] [stdout]           
[INFO] [stdout]           rust-lld: error: undefined symbol: emscripten_set_main_loop
[INFO] [stdout]           >>> referenced by emscripten.rs:11 (src/webcore/ffi/emscripten.rs:11)
[INFO] [stdout]           >>>               stdweb-35db40acf47d9a9a.stdweb.6af5ec635a33b32c-cgu.03.rcgu.o:(stdweb::webcore::ffi::emscripten::event_loop::hf7a5268e175d19a6) in archive /opt/rustwide/target/debug/deps/libstdweb-35db40acf47d9a9a.rlib
[INFO] [stdout]           collect2: error: ld returned 1 exit status
[INFO] [stdout]           
[INFO] [stdout] 
[INFO] [stdout] 
[INFO] [stderr] error: could not compile `stdweb-logger` (example "detail") due to 1 previous error
[INFO] [stderr] warning: build failed, waiting for other jobs to finish...
[INFO] [stdout] error: linking with `cc` failed: exit status: 1
[INFO] [stdout]   |
[INFO] [stdout]   = note: LC_ALL="C" PATH="/opt/rustwide/rustup-home/toolchains/nightly-2024-10-28-x86_64-unknown-linux-gnu/lib/rustlib/x86_64-unknown-linux-gnu/bin:/opt/rustwide/rustup-home/toolchains/nightly-2024-10-28-x86_64-unknown-linux-gnu/lib/rustlib/x86_64-unknown-linux-gnu/bin/self-contained:/opt/rustwide/cargo-home/bin:/usr/local/sbin:/usr/local/bin:/usr/sbin:/usr/bin:/sbin:/bin" VSLANG="1033" "cc" "-m64" "/tmp/rustcbwLtAs/symbols.o" "/opt/rustwide/target/debug/examples/simple-d6705c0fd579034f.simple.ac95e75e0d2358c0-cgu.0.rcgu.o" "/opt/rustwide/target/debug/examples/simple-d6705c0fd579034f.e92xckv7j6mjvj0gympchwn71.rcgu.o" "-Wl,--as-needed" "-Wl,-Bstatic" "/opt/rustwide/target/debug/deps/libstdweb_logger-c774b39f5dcce343.rlib" "/opt/rustwide/target/debug/deps/libstdweb-35db40acf47d9a9a.rlib" "/opt/rustwide/target/debug/deps/libdiscard-98975c93c4127ce9.rlib" "/opt/rustwide/target/debug/deps/libstdweb_internal_runtime-a39d04929a1564a1.rlib" "/opt/rustwide/target/debug/deps/libserde_json-2c14a39d695220fd.rlib" "/opt/rustwide/target/debug/deps/libmemchr-34eb650b64c0b1fd.rlib" "/opt/rustwide/target/debug/deps/libitoa-add5260810035b6e.rlib" "/opt/rustwide/target/debug/deps/libryu-2ae7af5af0bb88e0.rlib" "/opt/rustwide/target/debug/deps/libserde-228eb9d983fcf8ca.rlib" "/opt/rustwide/target/debug/deps/liblog-e7e7e8ec9ff686da.rlib" "/opt/rustwide/rustup-home/toolchains/nightly-2024-10-28-x86_64-unknown-linux-gnu/lib/rustlib/x86_64-unknown-linux-gnu/lib/libstd-fb8c387236db3c10.rlib" "/opt/rustwide/rustup-home/toolchains/nightly-2024-10-28-x86_64-unknown-linux-gnu/lib/rustlib/x86_64-unknown-linux-gnu/lib/libpanic_unwind-b251837809b2f64b.rlib" "/opt/rustwide/rustup-home/toolchains/nightly-2024-10-28-x86_64-unknown-linux-gnu/lib/rustlib/x86_64-unknown-linux-gnu/lib/libobject-cbef83eaa4e01f04.rlib" "/opt/rustwide/rustup-home/toolchains/nightly-2024-10-28-x86_64-unknown-linux-gnu/lib/rustlib/x86_64-unknown-linux-gnu/lib/libmemchr-12a772286de2fca7.rlib" "/opt/rustwide/rustup-home/toolchains/nightly-2024-10-28-x86_64-unknown-linux-gnu/lib/rustlib/x86_64-unknown-linux-gnu/lib/libaddr2line-023bbe5ada7abfc3.rlib" "/opt/rustwide/rustup-home/toolchains/nightly-2024-10-28-x86_64-unknown-linux-gnu/lib/rustlib/x86_64-unknown-linux-gnu/lib/libgimli-de2bcdf10ec69c2b.rlib" "/opt/rustwide/rustup-home/toolchains/nightly-2024-10-28-x86_64-unknown-linux-gnu/lib/rustlib/x86_64-unknown-linux-gnu/lib/librustc_demangle-8e1754df350800fd.rlib" "/opt/rustwide/rustup-home/toolchains/nightly-2024-10-28-x86_64-unknown-linux-gnu/lib/rustlib/x86_64-unknown-linux-gnu/lib/libstd_detect-06c2ab7b9c32e037.rlib" "/opt/rustwide/rustup-home/toolchains/nightly-2024-10-28-x86_64-unknown-linux-gnu/lib/rustlib/x86_64-unknown-linux-gnu/lib/libhashbrown-51d2621fc57a281b.rlib" "/opt/rustwide/rustup-home/toolchains/nightly-2024-10-28-x86_64-unknown-linux-gnu/lib/rustlib/x86_64-unknown-linux-gnu/lib/librustc_std_workspace_alloc-54a930408793772f.rlib" "/opt/rustwide/rustup-home/toolchains/nightly-2024-10-28-x86_64-unknown-linux-gnu/lib/rustlib/x86_64-unknown-linux-gnu/lib/libminiz_oxide-0c7d01cba400dcb2.rlib" "/opt/rustwide/rustup-home/toolchains/nightly-2024-10-28-x86_64-unknown-linux-gnu/lib/rustlib/x86_64-unknown-linux-gnu/lib/libadler-b9f84d69e331b75b.rlib" "/opt/rustwide/rustup-home/toolchains/nightly-2024-10-28-x86_64-unknown-linux-gnu/lib/rustlib/x86_64-unknown-linux-gnu/lib/libunwind-eec95493246aae39.rlib" "/opt/rustwide/rustup-home/toolchains/nightly-2024-10-28-x86_64-unknown-linux-gnu/lib/rustlib/x86_64-unknown-linux-gnu/lib/libcfg_if-6f6676c475e08ab0.rlib" "/opt/rustwide/rustup-home/toolchains/nightly-2024-10-28-x86_64-unknown-linux-gnu/lib/rustlib/x86_64-unknown-linux-gnu/lib/liblibc-799d520624f8b2e0.rlib" "/opt/rustwide/rustup-home/toolchains/nightly-2024-10-28-x86_64-unknown-linux-gnu/lib/rustlib/x86_64-unknown-linux-gnu/lib/liballoc-fcf93d4842acd9a9.rlib" "/opt/rustwide/rustup-home/toolchains/nightly-2024-10-28-x86_64-unknown-linux-gnu/lib/rustlib/x86_64-unknown-linux-gnu/lib/librustc_std_workspace_core-395a38b8e0851c9b.rlib" "/opt/rustwide/rustup-home/toolchains/nightly-2024-10-28-x86_64-unknown-linux-gnu/lib/rustlib/x86_64-unknown-linux-gnu/lib/libcore-d453bab70303062c.rlib" "/opt/rustwide/rustup-home/toolchains/nightly-2024-10-28-x86_64-unknown-linux-gnu/lib/rustlib/x86_64-unknown-linux-gnu/lib/libcompiler_builtins-0e6386368b0a24e8.rlib" "-Wl,-Bdynamic" "-lgcc_s" "-lutil" "-lrt" "-lpthread" "-lm" "-ldl" "-lc" "-B/opt/rustwide/rustup-home/toolchains/nightly-2024-10-28-x86_64-unknown-linux-gnu/lib/rustlib/x86_64-unknown-linux-gnu/bin/gcc-ld" "-fuse-ld=lld" "-Wl,--eh-frame-hdr" "-Wl,-z,noexecstack" "-L" "/opt/rustwide/rustup-home/toolchains/nightly-2024-10-28-x86_64-unknown-linux-gnu/lib/rustlib/x86_64-unknown-linux-gnu/lib" "-o" "/opt/rustwide/target/debug/examples/simple-d6705c0fd579034f" "-Wl,--gc-sections" "-pie" "-Wl,-z,relro,-z,now" "-nodefaultlibs"
[INFO] [stdout]   = note: rust-lld: error: undefined symbol: emscripten_asm_const_int
[INFO] [stdout]           >>> referenced by macros.rs:139 (/opt/rustwide/cargo-home/registry/src/index.crates.io-6f17d22bba15001f/stdweb-0.4.20/src/webcore/macros.rs:139)
[INFO] [stdout]           >>>               stdweb_logger-c774b39f5dcce343.stdweb_logger.d74327ad32c011a-cgu.0.rcgu.o:(_$LT$stdweb_logger..Logger$u20$as$u20$log..Log$GT$::log::snippet::__cargo_web_snippet_4fd31c9e56d40b8642cf9e6f96fd6b570f355cea::h2fa3be1e570287f7) in archive /opt/rustwide/target/debug/deps/libstdweb_logger-c774b39f5dcce343.rlib
[INFO] [stdout]           >>> referenced by macros.rs:139 (/opt/rustwide/cargo-home/registry/src/index.crates.io-6f17d22bba15001f/stdweb-0.4.20/src/webcore/macros.rs:139)
[INFO] [stdout]           >>>               stdweb_logger-c774b39f5dcce343.stdweb_logger.d74327ad32c011a-cgu.0.rcgu.o:(_$LT$stdweb_logger..Logger$u20$as$u20$log..Log$GT$::log::snippet::__cargo_web_snippet_4fd31c9e56d40b8642cf9e6f96fd6b570f355cea::hf4f900b7daea6abd) in archive /opt/rustwide/target/debug/deps/libstdweb_logger-c774b39f5dcce343.rlib
[INFO] [stdout]           >>> referenced by macros.rs:139 (/opt/rustwide/cargo-home/registry/src/index.crates.io-6f17d22bba15001f/stdweb-0.4.20/src/webcore/macros.rs:139)
[INFO] [stdout]           >>>               stdweb_logger-c774b39f5dcce343.stdweb_logger.d74327ad32c011a-cgu.0.rcgu.o:(_$LT$stdweb_logger..Logger$u20$as$u20$log..Log$GT$::log::snippet::__cargo_web_snippet_114b518968fda2247f8d0d6ad5a226d35aa55986::h28b92d7d06813fac) in archive /opt/rustwide/target/debug/deps/libstdweb_logger-c774b39f5dcce343.rlib
[INFO] [stdout]           >>> referenced 9 more times
[INFO] [stdout]           
[INFO] [stdout]           rust-lld: error: undefined symbol: emscripten_pause_main_loop
[INFO] [stdout]           >>> referenced by emscripten.rs:11 (src/webcore/ffi/emscripten.rs:11)
[INFO] [stdout]           >>>               stdweb-35db40acf47d9a9a.stdweb.6af5ec635a33b32c-cgu.03.rcgu.o:(stdweb::webcore::ffi::emscripten::event_loop::hf7a5268e175d19a6) in archive /opt/rustwide/target/debug/deps/libstdweb-35db40acf47d9a9a.rlib
[INFO] [stdout]           
[INFO] [stdout]           rust-lld: error: undefined symbol: emscripten_set_main_loop
[INFO] [stdout]           >>> referenced by emscripten.rs:11 (src/webcore/ffi/emscripten.rs:11)
[INFO] [stdout]           >>>               stdweb-35db40acf47d9a9a.stdweb.6af5ec635a33b32c-cgu.03.rcgu.o:(stdweb::webcore::ffi::emscripten::event_loop::hf7a5268e175d19a6) in archive /opt/rustwide/target/debug/deps/libstdweb-35db40acf47d9a9a.rlib
[INFO] [stdout]           collect2: error: ld returned 1 exit status
[INFO] [stdout]           
[INFO] [stdout] 
[INFO] [stdout] 
[INFO] [stderr] error: could not compile `stdweb-logger` (example "simple") due to 1 previous error
[INFO] [stdout] error: linking with `cc` failed: exit status: 1
[INFO] [stdout]   |
[INFO] [stdout]   = note: LC_ALL="C" PATH="/opt/rustwide/rustup-home/toolchains/nightly-2024-10-28-x86_64-unknown-linux-gnu/lib/rustlib/x86_64-unknown-linux-gnu/bin:/opt/rustwide/rustup-home/toolchains/nightly-2024-10-28-x86_64-unknown-linux-gnu/lib/rustlib/x86_64-unknown-linux-gnu/bin/self-contained:/opt/rustwide/cargo-home/bin:/usr/local/sbin:/usr/local/bin:/usr/sbin:/usr/bin:/sbin:/bin" VSLANG="1033" "cc" "-m64" "/tmp/rustcXQQOOI/symbols.o" "/opt/rustwide/target/debug/examples/format-068370eeb5e1599b.format.3ced7e7e8af6339a-cgu.0.rcgu.o" "/opt/rustwide/target/debug/examples/format-068370eeb5e1599b.833316cvw22zl7bh9vnlat253.rcgu.o" "-Wl,--as-needed" "-Wl,-Bstatic" "/opt/rustwide/target/debug/deps/libstdweb_logger-c774b39f5dcce343.rlib" "/opt/rustwide/target/debug/deps/libstdweb-35db40acf47d9a9a.rlib" "/opt/rustwide/target/debug/deps/libdiscard-98975c93c4127ce9.rlib" "/opt/rustwide/target/debug/deps/libstdweb_internal_runtime-a39d04929a1564a1.rlib" "/opt/rustwide/target/debug/deps/libserde_json-2c14a39d695220fd.rlib" "/opt/rustwide/target/debug/deps/libmemchr-34eb650b64c0b1fd.rlib" "/opt/rustwide/target/debug/deps/libitoa-add5260810035b6e.rlib" "/opt/rustwide/target/debug/deps/libryu-2ae7af5af0bb88e0.rlib" "/opt/rustwide/target/debug/deps/libserde-228eb9d983fcf8ca.rlib" "/opt/rustwide/target/debug/deps/liblog-e7e7e8ec9ff686da.rlib" "/opt/rustwide/rustup-home/toolchains/nightly-2024-10-28-x86_64-unknown-linux-gnu/lib/rustlib/x86_64-unknown-linux-gnu/lib/libstd-fb8c387236db3c10.rlib" "/opt/rustwide/rustup-home/toolchains/nightly-2024-10-28-x86_64-unknown-linux-gnu/lib/rustlib/x86_64-unknown-linux-gnu/lib/libpanic_unwind-b251837809b2f64b.rlib" "/opt/rustwide/rustup-home/toolchains/nightly-2024-10-28-x86_64-unknown-linux-gnu/lib/rustlib/x86_64-unknown-linux-gnu/lib/libobject-cbef83eaa4e01f04.rlib" "/opt/rustwide/rustup-home/toolchains/nightly-2024-10-28-x86_64-unknown-linux-gnu/lib/rustlib/x86_64-unknown-linux-gnu/lib/libmemchr-12a772286de2fca7.rlib" "/opt/rustwide/rustup-home/toolchains/nightly-2024-10-28-x86_64-unknown-linux-gnu/lib/rustlib/x86_64-unknown-linux-gnu/lib/libaddr2line-023bbe5ada7abfc3.rlib" "/opt/rustwide/rustup-home/toolchains/nightly-2024-10-28-x86_64-unknown-linux-gnu/lib/rustlib/x86_64-unknown-linux-gnu/lib/libgimli-de2bcdf10ec69c2b.rlib" "/opt/rustwide/rustup-home/toolchains/nightly-2024-10-28-x86_64-unknown-linux-gnu/lib/rustlib/x86_64-unknown-linux-gnu/lib/librustc_demangle-8e1754df350800fd.rlib" "/opt/rustwide/rustup-home/toolchains/nightly-2024-10-28-x86_64-unknown-linux-gnu/lib/rustlib/x86_64-unknown-linux-gnu/lib/libstd_detect-06c2ab7b9c32e037.rlib" "/opt/rustwide/rustup-home/toolchains/nightly-2024-10-28-x86_64-unknown-linux-gnu/lib/rustlib/x86_64-unknown-linux-gnu/lib/libhashbrown-51d2621fc57a281b.rlib" "/opt/rustwide/rustup-home/toolchains/nightly-2024-10-28-x86_64-unknown-linux-gnu/lib/rustlib/x86_64-unknown-linux-gnu/lib/librustc_std_workspace_alloc-54a930408793772f.rlib" "/opt/rustwide/rustup-home/toolchains/nightly-2024-10-28-x86_64-unknown-linux-gnu/lib/rustlib/x86_64-unknown-linux-gnu/lib/libminiz_oxide-0c7d01cba400dcb2.rlib" "/opt/rustwide/rustup-home/toolchains/nightly-2024-10-28-x86_64-unknown-linux-gnu/lib/rustlib/x86_64-unknown-linux-gnu/lib/libadler-b9f84d69e331b75b.rlib" "/opt/rustwide/rustup-home/toolchains/nightly-2024-10-28-x86_64-unknown-linux-gnu/lib/rustlib/x86_64-unknown-linux-gnu/lib/libunwind-eec95493246aae39.rlib" "/opt/rustwide/rustup-home/toolchains/nightly-2024-10-28-x86_64-unknown-linux-gnu/lib/rustlib/x86_64-unknown-linux-gnu/lib/libcfg_if-6f6676c475e08ab0.rlib" "/opt/rustwide/rustup-home/toolchains/nightly-2024-10-28-x86_64-unknown-linux-gnu/lib/rustlib/x86_64-unknown-linux-gnu/lib/liblibc-799d520624f8b2e0.rlib" "/opt/rustwide/rustup-home/toolchains/nightly-2024-10-28-x86_64-unknown-linux-gnu/lib/rustlib/x86_64-unknown-linux-gnu/lib/liballoc-fcf93d4842acd9a9.rlib" "/opt/rustwide/rustup-home/toolchains/nightly-2024-10-28-x86_64-unknown-linux-gnu/lib/rustlib/x86_64-unknown-linux-gnu/lib/librustc_std_workspace_core-395a38b8e0851c9b.rlib" "/opt/rustwide/rustup-home/toolchains/nightly-2024-10-28-x86_64-unknown-linux-gnu/lib/rustlib/x86_64-unknown-linux-gnu/lib/libcore-d453bab70303062c.rlib" "/opt/rustwide/rustup-home/toolchains/nightly-2024-10-28-x86_64-unknown-linux-gnu/lib/rustlib/x86_64-unknown-linux-gnu/lib/libcompiler_builtins-0e6386368b0a24e8.rlib" "-Wl,-Bdynamic" "-lgcc_s" "-lutil" "-lrt" "-lpthread" "-lm" "-ldl" "-lc" "-B/opt/rustwide/rustup-home/toolchains/nightly-2024-10-28-x86_64-unknown-linux-gnu/lib/rustlib/x86_64-unknown-linux-gnu/bin/gcc-ld" "-fuse-ld=lld" "-Wl,--eh-frame-hdr" "-Wl,-z,noexecstack" "-L" "/opt/rustwide/rustup-home/toolchains/nightly-2024-10-28-x86_64-unknown-linux-gnu/lib/rustlib/x86_64-unknown-linux-gnu/lib" "-o" "/opt/rustwide/target/debug/examples/format-068370eeb5e1599b" "-Wl,--gc-sections" "-pie" "-Wl,-z,relro,-z,now" "-nodefaultlibs"
[INFO] [stdout]   = note: rust-lld: error: undefined symbol: emscripten_asm_const_int
[INFO] [stdout]           >>> referenced by macros.rs:139 (/opt/rustwide/cargo-home/registry/src/index.crates.io-6f17d22bba15001f/stdweb-0.4.20/src/webcore/macros.rs:139)
[INFO] [stdout]           >>>               stdweb_logger-c774b39f5dcce343.stdweb_logger.d74327ad32c011a-cgu.0.rcgu.o:(_$LT$stdweb_logger..Logger$u20$as$u20$log..Log$GT$::log::snippet::__cargo_web_snippet_4fd31c9e56d40b8642cf9e6f96fd6b570f355cea::h2fa3be1e570287f7) in archive /opt/rustwide/target/debug/deps/libstdweb_logger-c774b39f5dcce343.rlib
[INFO] [stdout]           >>> referenced by macros.rs:139 (/opt/rustwide/cargo-home/registry/src/index.crates.io-6f17d22bba15001f/stdweb-0.4.20/src/webcore/macros.rs:139)
[INFO] [stdout]           >>>               stdweb_logger-c774b39f5dcce343.stdweb_logger.d74327ad32c011a-cgu.0.rcgu.o:(_$LT$stdweb_logger..Logger$u20$as$u20$log..Log$GT$::log::snippet::__cargo_web_snippet_4fd31c9e56d40b8642cf9e6f96fd6b570f355cea::hf4f900b7daea6abd) in archive /opt/rustwide/target/debug/deps/libstdweb_logger-c774b39f5dcce343.rlib
[INFO] [stdout]           >>> referenced by macros.rs:139 (/opt/rustwide/cargo-home/registry/src/index.crates.io-6f17d22bba15001f/stdweb-0.4.20/src/webcore/macros.rs:139)
[INFO] [stdout]           >>>               stdweb_logger-c774b39f5dcce343.stdweb_logger.d74327ad32c011a-cgu.0.rcgu.o:(_$LT$stdweb_logger..Logger$u20$as$u20$log..Log$GT$::log::snippet::__cargo_web_snippet_114b518968fda2247f8d0d6ad5a226d35aa55986::h28b92d7d06813fac) in archive /opt/rustwide/target/debug/deps/libstdweb_logger-c774b39f5dcce343.rlib
[INFO] [stdout]           >>> referenced 9 more times
[INFO] [stdout]           
[INFO] [stdout]           rust-lld: error: undefined symbol: emscripten_pause_main_loop
[INFO] [stdout]           >>> referenced by emscripten.rs:11 (src/webcore/ffi/emscripten.rs:11)
[INFO] [stdout]           >>>               stdweb-35db40acf47d9a9a.stdweb.6af5ec635a33b32c-cgu.03.rcgu.o:(stdweb::webcore::ffi::emscripten::event_loop::hf7a5268e175d19a6) in archive /opt/rustwide/target/debug/deps/libstdweb-35db40acf47d9a9a.rlib
[INFO] [stdout]           
[INFO] [stdout]           rust-lld: error: undefined symbol: emscripten_set_main_loop
[INFO] [stdout]           >>> referenced by emscripten.rs:11 (src/webcore/ffi/emscripten.rs:11)
[INFO] [stdout]           >>>               stdweb-35db40acf47d9a9a.stdweb.6af5ec635a33b32c-cgu.03.rcgu.o:(stdweb::webcore::ffi::emscripten::event_loop::hf7a5268e175d19a6) in archive /opt/rustwide/target/debug/deps/libstdweb-35db40acf47d9a9a.rlib
[INFO] [stdout]           collect2: error: ld returned 1 exit status
[INFO] [stdout]           
[INFO] [stdout] 
[INFO] [stdout] 
[INFO] [stderr] error: could not compile `stdweb-logger` (example "format") due to 1 previous error
[INFO] [stdout] error: linking with `cc` failed: exit status: 1
[INFO] [stdout]   |
[INFO] [stdout]   = note: LC_ALL="C" PATH="/opt/rustwide/rustup-home/toolchains/nightly-2024-10-28-x86_64-unknown-linux-gnu/lib/rustlib/x86_64-unknown-linux-gnu/bin:/opt/rustwide/rustup-home/toolchains/nightly-2024-10-28-x86_64-unknown-linux-gnu/lib/rustlib/x86_64-unknown-linux-gnu/bin/self-contained:/opt/rustwide/cargo-home/bin:/usr/local/sbin:/usr/local/bin:/usr/sbin:/usr/bin:/sbin:/bin" VSLANG="1033" "cc" "-m64" "/tmp/rustcfVatlu/symbols.o" "/opt/rustwide/target/debug/examples/filter-18c97b66a2de40f7.filter.33dd600e5b6341d-cgu.0.rcgu.o" "/opt/rustwide/target/debug/examples/filter-18c97b66a2de40f7.3rphmc7semwmuaxkodryjz7e8.rcgu.o" "-Wl,--as-needed" "-Wl,-Bstatic" "/opt/rustwide/target/debug/deps/libstdweb_logger-c774b39f5dcce343.rlib" "/opt/rustwide/target/debug/deps/libstdweb-35db40acf47d9a9a.rlib" "/opt/rustwide/target/debug/deps/libdiscard-98975c93c4127ce9.rlib" "/opt/rustwide/target/debug/deps/libstdweb_internal_runtime-a39d04929a1564a1.rlib" "/opt/rustwide/target/debug/deps/libserde_json-2c14a39d695220fd.rlib" "/opt/rustwide/target/debug/deps/libmemchr-34eb650b64c0b1fd.rlib" "/opt/rustwide/target/debug/deps/libitoa-add5260810035b6e.rlib" "/opt/rustwide/target/debug/deps/libryu-2ae7af5af0bb88e0.rlib" "/opt/rustwide/target/debug/deps/libserde-228eb9d983fcf8ca.rlib" "/opt/rustwide/target/debug/deps/liblog-e7e7e8ec9ff686da.rlib" "/opt/rustwide/rustup-home/toolchains/nightly-2024-10-28-x86_64-unknown-linux-gnu/lib/rustlib/x86_64-unknown-linux-gnu/lib/libstd-fb8c387236db3c10.rlib" "/opt/rustwide/rustup-home/toolchains/nightly-2024-10-28-x86_64-unknown-linux-gnu/lib/rustlib/x86_64-unknown-linux-gnu/lib/libpanic_unwind-b251837809b2f64b.rlib" "/opt/rustwide/rustup-home/toolchains/nightly-2024-10-28-x86_64-unknown-linux-gnu/lib/rustlib/x86_64-unknown-linux-gnu/lib/libobject-cbef83eaa4e01f04.rlib" "/opt/rustwide/rustup-home/toolchains/nightly-2024-10-28-x86_64-unknown-linux-gnu/lib/rustlib/x86_64-unknown-linux-gnu/lib/libmemchr-12a772286de2fca7.rlib" "/opt/rustwide/rustup-home/toolchains/nightly-2024-10-28-x86_64-unknown-linux-gnu/lib/rustlib/x86_64-unknown-linux-gnu/lib/libaddr2line-023bbe5ada7abfc3.rlib" "/opt/rustwide/rustup-home/toolchains/nightly-2024-10-28-x86_64-unknown-linux-gnu/lib/rustlib/x86_64-unknown-linux-gnu/lib/libgimli-de2bcdf10ec69c2b.rlib" "/opt/rustwide/rustup-home/toolchains/nightly-2024-10-28-x86_64-unknown-linux-gnu/lib/rustlib/x86_64-unknown-linux-gnu/lib/librustc_demangle-8e1754df350800fd.rlib" "/opt/rustwide/rustup-home/toolchains/nightly-2024-10-28-x86_64-unknown-linux-gnu/lib/rustlib/x86_64-unknown-linux-gnu/lib/libstd_detect-06c2ab7b9c32e037.rlib" "/opt/rustwide/rustup-home/toolchains/nightly-2024-10-28-x86_64-unknown-linux-gnu/lib/rustlib/x86_64-unknown-linux-gnu/lib/libhashbrown-51d2621fc57a281b.rlib" "/opt/rustwide/rustup-home/toolchains/nightly-2024-10-28-x86_64-unknown-linux-gnu/lib/rustlib/x86_64-unknown-linux-gnu/lib/librustc_std_workspace_alloc-54a930408793772f.rlib" "/opt/rustwide/rustup-home/toolchains/nightly-2024-10-28-x86_64-unknown-linux-gnu/lib/rustlib/x86_64-unknown-linux-gnu/lib/libminiz_oxide-0c7d01cba400dcb2.rlib" "/opt/rustwide/rustup-home/toolchains/nightly-2024-10-28-x86_64-unknown-linux-gnu/lib/rustlib/x86_64-unknown-linux-gnu/lib/libadler-b9f84d69e331b75b.rlib" "/opt/rustwide/rustup-home/toolchains/nightly-2024-10-28-x86_64-unknown-linux-gnu/lib/rustlib/x86_64-unknown-linux-gnu/lib/libunwind-eec95493246aae39.rlib" "/opt/rustwide/rustup-home/toolchains/nightly-2024-10-28-x86_64-unknown-linux-gnu/lib/rustlib/x86_64-unknown-linux-gnu/lib/libcfg_if-6f6676c475e08ab0.rlib" "/opt/rustwide/rustup-home/toolchains/nightly-2024-10-28-x86_64-unknown-linux-gnu/lib/rustlib/x86_64-unknown-linux-gnu/lib/liblibc-799d520624f8b2e0.rlib" "/opt/rustwide/rustup-home/toolchains/nightly-2024-10-28-x86_64-unknown-linux-gnu/lib/rustlib/x86_64-unknown-linux-gnu/lib/liballoc-fcf93d4842acd9a9.rlib" "/opt/rustwide/rustup-home/toolchains/nightly-2024-10-28-x86_64-unknown-linux-gnu/lib/rustlib/x86_64-unknown-linux-gnu/lib/librustc_std_workspace_core-395a38b8e0851c9b.rlib" "/opt/rustwide/rustup-home/toolchains/nightly-2024-10-28-x86_64-unknown-linux-gnu/lib/rustlib/x86_64-unknown-linux-gnu/lib/libcore-d453bab70303062c.rlib" "/opt/rustwide/rustup-home/toolchains/nightly-2024-10-28-x86_64-unknown-linux-gnu/lib/rustlib/x86_64-unknown-linux-gnu/lib/libcompiler_builtins-0e6386368b0a24e8.rlib" "-Wl,-Bdynamic" "-lgcc_s" "-lutil" "-lrt" "-lpthread" "-lm" "-ldl" "-lc" "-B/opt/rustwide/rustup-home/toolchains/nightly-2024-10-28-x86_64-unknown-linux-gnu/lib/rustlib/x86_64-unknown-linux-gnu/bin/gcc-ld" "-fuse-ld=lld" "-Wl,--eh-frame-hdr" "-Wl,-z,noexecstack" "-L" "/opt/rustwide/rustup-home/toolchains/nightly-2024-10-28-x86_64-unknown-linux-gnu/lib/rustlib/x86_64-unknown-linux-gnu/lib" "-o" "/opt/rustwide/target/debug/examples/filter-18c97b66a2de40f7" "-Wl,--gc-sections" "-pie" "-Wl,-z,relro,-z,now" "-nodefaultlibs"
[INFO] [stdout]   = note: rust-lld: error: undefined symbol: emscripten_asm_const_int
[INFO] [stdout]           >>> referenced by macros.rs:32 (src/webcore/macros.rs:32)
[INFO] [stdout]           >>>               stdweb-35db40acf47d9a9a.stdweb.6af5ec635a33b32c-cgu.06.rcgu.o:(stdweb::webcore::initialization::initialize::snippet::__cargo_web_snippet_16d36d978962b51d2e9b2d23aa2ea13de278c5da::h58ee8dd4dd270a4f) in archive /opt/rustwide/target/debug/deps/libstdweb-35db40acf47d9a9a.rlib
[INFO] [stdout]           >>> referenced by macros.rs:32 (src/webcore/macros.rs:32)
[INFO] [stdout]           >>>               stdweb-35db40acf47d9a9a.stdweb.6af5ec635a33b32c-cgu.06.rcgu.o:(stdweb::webcore::initialization::initialize::_$u7b$$u7b$closure$u7d$$u7d$::snippet::__cargo_web_snippet_dc2fd915bd92f9e9c6a3bd15174f1414eee3dbaf::h8e8ff5aa9e3081c3) in archive /opt/rustwide/target/debug/deps/libstdweb-35db40acf47d9a9a.rlib
[INFO] [stdout]           >>> referenced by macros.rs:32 (src/webcore/macros.rs:32)
[INFO] [stdout]           >>>               stdweb-35db40acf47d9a9a.stdweb.6af5ec635a33b32c-cgu.06.rcgu.o:(stdweb::webcore::initialization::initialize::_$u7b$$u7b$closure$u7d$$u7d$::snippet::__cargo_web_snippet_97495987af1720d8a9a923fa4683a7b683e3acd6::h52a5d257e54f7387) in archive /opt/rustwide/target/debug/deps/libstdweb-35db40acf47d9a9a.rlib
[INFO] [stdout]           >>> referenced 9 more times
[INFO] [stdout]           
[INFO] [stdout]           rust-lld: error: undefined symbol: emscripten_pause_main_loop
[INFO] [stdout]           >>> referenced by emscripten.rs:11 (src/webcore/ffi/emscripten.rs:11)
[INFO] [stdout]           >>>               stdweb-35db40acf47d9a9a.stdweb.6af5ec635a33b32c-cgu.03.rcgu.o:(stdweb::webcore::ffi::emscripten::event_loop::hf7a5268e175d19a6) in archive /opt/rustwide/target/debug/deps/libstdweb-35db40acf47d9a9a.rlib
[INFO] [stdout]           
[INFO] [stdout]           rust-lld: error: undefined symbol: emscripten_set_main_loop
[INFO] [stdout]           >>> referenced by emscripten.rs:11 (src/webcore/ffi/emscripten.rs:11)
[INFO] [stdout]           >>>               stdweb-35db40acf47d9a9a.stdweb.6af5ec635a33b32c-cgu.03.rcgu.o:(stdweb::webcore::ffi::emscripten::event_loop::hf7a5268e175d19a6) in archive /opt/rustwide/target/debug/deps/libstdweb-35db40acf47d9a9a.rlib
[INFO] [stdout]           collect2: error: ld returned 1 exit status
[INFO] [stdout]           
[INFO] [stdout] 
[INFO] [stdout] 
[INFO] [stderr] error: could not compile `stdweb-logger` (example "filter") due to 1 previous error
[INFO] running `Command { std: "docker" "inspect" "8099d5d0bc57734ac596f4105451c7439f185f0eb334c6dfe963a46578a250b2", kill_on_drop: false }`
[INFO] running `Command { std: "docker" "rm" "-f" "8099d5d0bc57734ac596f4105451c7439f185f0eb334c6dfe963a46578a250b2", kill_on_drop: false }`
[INFO] [stdout] 8099d5d0bc57734ac596f4105451c7439f185f0eb334c6dfe963a46578a250b2
