[INFO] fetching crate starlark_module 0.4.0...
[INFO] testing starlark_module-0.4.0 against nightly-2024-10-28+rustflags=-Zrandomize-layout for randomize-layout
[INFO] extracting crate starlark_module 0.4.0 into /workspace/builds/worker-0-tc2/source
[INFO] validating manifest of crates.io crate starlark_module 0.4.0 on toolchain nightly-2024-10-28
[INFO] running `Command { std: CARGO_HOME="/workspace/cargo-home" RUSTUP_HOME="/workspace/rustup-home" "/workspace/cargo-home/bin/cargo" "+nightly-2024-10-28" "metadata" "--manifest-path" "Cargo.toml" "--no-deps", kill_on_drop: false }`
[INFO] started tweaking crates.io crate starlark_module 0.4.0
[INFO] finished tweaking crates.io crate starlark_module 0.4.0
[INFO] tweaked toml for crates.io crate starlark_module 0.4.0 written to /workspace/builds/worker-0-tc2/source/Cargo.toml
[INFO] running `Command { std: CARGO_HOME="/workspace/cargo-home" RUSTUP_HOME="/workspace/rustup-home" "/workspace/cargo-home/bin/cargo" "+nightly-2024-10-28" "generate-lockfile" "--manifest-path" "Cargo.toml", kill_on_drop: false }`
[INFO] [stderr]     Updating crates.io index
[INFO] [stderr]      Locking 6 packages to latest compatible versions
[INFO] [stderr]       Adding gazebo v0.2.2 (available: v0.8.1)
[INFO] [stderr]       Adding syn v1.0.109 (available: v2.0.86)
[INFO] running `Command { std: CARGO_HOME="/workspace/cargo-home" RUSTUP_HOME="/workspace/rustup-home" "/workspace/cargo-home/bin/cargo" "+nightly-2024-10-28" "fetch" "--manifest-path" "Cargo.toml", kill_on_drop: false }`
[INFO] running `Command { std: "docker" "create" "-v" "/var/lib/crater-agent-workspace/builds/worker-0-tc2/target:/opt/rustwide/target:rw,Z" "-v" "/var/lib/crater-agent-workspace/builds/worker-0-tc2/source:/opt/rustwide/workdir:ro,Z" "-v" "/var/lib/crater-agent-workspace/cargo-home:/opt/rustwide/cargo-home:ro,Z" "-v" "/var/lib/crater-agent-workspace/rustup-home:/opt/rustwide/rustup-home:ro,Z" "-e" "SOURCE_DIR=/opt/rustwide/workdir" "-e" "CARGO_TARGET_DIR=/opt/rustwide/target" "-e" "CARGO_HOME=/opt/rustwide/cargo-home" "-e" "RUSTUP_HOME=/opt/rustwide/rustup-home" "-w" "/opt/rustwide/workdir" "-m" "1610612736" "--user" "0:0" "--network" "none" "ghcr.io/rust-lang/crates-build-env/linux@sha256:4a844ea9eb2546a2d2c7022eacef16ef2e8229c7fbb2c7d4d55a9ceca922f72d" "/opt/rustwide/cargo-home/bin/cargo" "+nightly-2024-10-28" "metadata" "--no-deps" "--format-version=1", kill_on_drop: false }`
[INFO] [stdout] d57331b91d4a01cecec2622b914871b61384fd33bdfad96fa20ff0c1460502e7
[INFO] running `Command { std: "docker" "start" "-a" "d57331b91d4a01cecec2622b914871b61384fd33bdfad96fa20ff0c1460502e7", kill_on_drop: false }`
[INFO] running `Command { std: "docker" "inspect" "d57331b91d4a01cecec2622b914871b61384fd33bdfad96fa20ff0c1460502e7", kill_on_drop: false }`
[INFO] running `Command { std: "docker" "rm" "-f" "d57331b91d4a01cecec2622b914871b61384fd33bdfad96fa20ff0c1460502e7", kill_on_drop: false }`
[INFO] [stdout] d57331b91d4a01cecec2622b914871b61384fd33bdfad96fa20ff0c1460502e7
[INFO] running `Command { std: "docker" "create" "-v" "/var/lib/crater-agent-workspace/builds/worker-0-tc2/target:/opt/rustwide/target:rw,Z" "-v" "/var/lib/crater-agent-workspace/builds/worker-0-tc2/source:/opt/rustwide/workdir:ro,Z" "-v" "/var/lib/crater-agent-workspace/cargo-home:/opt/rustwide/cargo-home:ro,Z" "-v" "/var/lib/crater-agent-workspace/rustup-home:/opt/rustwide/rustup-home:ro,Z" "-e" "SOURCE_DIR=/opt/rustwide/workdir" "-e" "CARGO_TARGET_DIR=/opt/rustwide/target" "-e" "CARGO_INCREMENTAL=0" "-e" "RUST_BACKTRACE=full" "-e" "RUSTFLAGS=--cap-lints=forbid -Zrandomize-layout" "-e" "RUSTDOCFLAGS=--cap-lints=forbid" "-e" "CARGO_HOME=/opt/rustwide/cargo-home" "-e" "RUSTUP_HOME=/opt/rustwide/rustup-home" "-w" "/opt/rustwide/workdir" "-m" "1610612736" "--user" "0:0" "--network" "none" "ghcr.io/rust-lang/crates-build-env/linux@sha256:4a844ea9eb2546a2d2c7022eacef16ef2e8229c7fbb2c7d4d55a9ceca922f72d" "/opt/rustwide/cargo-home/bin/cargo" "+nightly-2024-10-28" "build" "--frozen" "--message-format=json", kill_on_drop: false }`
[INFO] [stdout] 21a259d79afccb3bd2453edea04a5cd5f22d50e9744f72666541a0242f0db737
[INFO] running `Command { std: "docker" "start" "-a" "21a259d79afccb3bd2453edea04a5cd5f22d50e9744f72666541a0242f0db737", kill_on_drop: false }`
[INFO] [stderr]    Compiling syn v1.0.109
[INFO] [stderr]    Compiling gazebo_derive v0.1.1
[INFO] [stderr]    Compiling gazebo v0.2.2
[INFO] [stdout] error[E0107]: trait takes 0 lifetime arguments but 1 lifetime argument was supplied
[INFO] [stdout]    --> /opt/rustwide/cargo-home/registry/src/index.crates.io-6f17d22bba15001f/gazebo-0.2.2/src/ext/str.rs:115:12
[INFO] [stdout]     |
[INFO] [stdout] 115 |         P: Pattern<'a>,
[INFO] [stdout]     |            ^^^^^^^---- help: remove the unnecessary generics
[INFO] [stdout]     |            |
[INFO] [stdout]     |            expected 0 lifetime arguments
[INFO] [stdout] 
[INFO] [stdout] 
[INFO] [stdout] error[E0107]: trait takes 0 lifetime arguments but 1 lifetime argument was supplied
[INFO] [stdout]   --> /opt/rustwide/cargo-home/registry/src/index.crates.io-6f17d22bba15001f/gazebo-0.2.2/src/ext/str.rs:46:12
[INFO] [stdout]    |
[INFO] [stdout] 46 |         P: Pattern<'a>;
[INFO] [stdout]    |            ^^^^^^^---- help: remove the unnecessary generics
[INFO] [stdout]    |            |
[INFO] [stdout]    |            expected 0 lifetime arguments
[INFO] [stdout] 
[INFO] [stdout] 
[INFO] [stdout] error[E0107]: trait takes 0 lifetime arguments but 1 lifetime argument was supplied
[INFO] [stdout]    --> /opt/rustwide/cargo-home/registry/src/index.crates.io-6f17d22bba15001f/gazebo-0.2.2/src/ext/str.rs:129:12
[INFO] [stdout]     |
[INFO] [stdout] 129 |         P: Pattern<'a>,
[INFO] [stdout]     |            ^^^^^^^---- help: remove the unnecessary generics
[INFO] [stdout]     |            |
[INFO] [stdout]     |            expected 0 lifetime arguments
[INFO] [stdout] 
[INFO] [stdout] 
[INFO] [stdout] error[E0107]: trait takes 0 lifetime arguments but 1 lifetime argument was supplied
[INFO] [stdout]   --> /opt/rustwide/cargo-home/registry/src/index.crates.io-6f17d22bba15001f/gazebo-0.2.2/src/ext/str.rs:31:12
[INFO] [stdout]    |
[INFO] [stdout] 31 |         P: Pattern<'a>;
[INFO] [stdout]    |            ^^^^^^^---- help: remove the unnecessary generics
[INFO] [stdout]    |            |
[INFO] [stdout]    |            expected 0 lifetime arguments
[INFO] [stdout] 
[INFO] [stdout] 
[INFO] [stdout] error[E0107]: trait takes 0 lifetime arguments but 1 lifetime argument was supplied
[INFO] [stdout]    --> /opt/rustwide/cargo-home/registry/src/index.crates.io-6f17d22bba15001f/gazebo-0.2.2/src/ext/str.rs:137:12
[INFO] [stdout]     |
[INFO] [stdout] 137 |         P: Pattern<'a>,
[INFO] [stdout]     |            ^^^^^^^---- help: remove the unnecessary generics
[INFO] [stdout]     |            |
[INFO] [stdout]     |            expected 0 lifetime arguments
[INFO] [stdout] 
[INFO] [stdout] 
[INFO] [stdout] error[E0107]: trait takes 0 lifetime arguments but 1 lifetime argument was supplied
[INFO] [stdout]   --> /opt/rustwide/cargo-home/registry/src/index.crates.io-6f17d22bba15001f/gazebo-0.2.2/src/ext/str.rs:77:12
[INFO] [stdout]    |
[INFO] [stdout] 77 |         P: Pattern<'a>;
[INFO] [stdout]    |            ^^^^^^^---- help: remove the unnecessary generics
[INFO] [stdout]    |            |
[INFO] [stdout]    |            expected 0 lifetime arguments
[INFO] [stdout] 
[INFO] [stdout] 
[INFO] [stdout] error[E0107]: trait takes 0 lifetime arguments but 1 lifetime argument was supplied
[INFO] [stdout]    --> /opt/rustwide/cargo-home/registry/src/index.crates.io-6f17d22bba15001f/gazebo-0.2.2/src/ext/str.rs:149:12
[INFO] [stdout]     |
[INFO] [stdout] 149 |         P: Pattern<'a>,
[INFO] [stdout]     |            ^^^^^^^---- help: remove the unnecessary generics
[INFO] [stdout]     |            |
[INFO] [stdout]     |            expected 0 lifetime arguments
[INFO] [stdout] 
[INFO] [stdout] 
[INFO] [stdout] error[E0107]: trait takes 0 lifetime arguments but 1 lifetime argument was supplied
[INFO] [stdout]   --> /opt/rustwide/cargo-home/registry/src/index.crates.io-6f17d22bba15001f/gazebo-0.2.2/src/ext/str.rs:61:12
[INFO] [stdout]    |
[INFO] [stdout] 61 |         P: Pattern<'a>;
[INFO] [stdout]    |            ^^^^^^^---- help: remove the unnecessary generics
[INFO] [stdout]    |            |
[INFO] [stdout]    |            expected 0 lifetime arguments
[INFO] [stdout] 
[INFO] [stdout] 
[INFO] [stdout] error[E0107]: trait takes 0 lifetime arguments but 1 lifetime argument was supplied
[INFO] [stdout]    --> /opt/rustwide/cargo-home/registry/src/index.crates.io-6f17d22bba15001f/gazebo-0.2.2/src/ext/str.rs:158:12
[INFO] [stdout]     |
[INFO] [stdout] 158 |         P: Pattern<'a, Searcher: ReverseSearcher<'a>>,
[INFO] [stdout]     |            ^^^^^^^----------------------------------- help: remove the unnecessary generics
[INFO] [stdout]     |            |
[INFO] [stdout]     |            expected 0 lifetime arguments
[INFO] [stdout] 
[INFO] [stdout] 
[INFO] [stdout] error[E0107]: missing generics for associated type `std::str::pattern::Pattern::Searcher`
[INFO] [stdout]    --> /opt/rustwide/cargo-home/registry/src/index.crates.io-6f17d22bba15001f/gazebo-0.2.2/src/ext/str.rs:158:24
[INFO] [stdout]     |
[INFO] [stdout] 158 |         P: Pattern<'a, Searcher: ReverseSearcher<'a>>,
[INFO] [stdout]     |                        ^^^^^^^^ expected 1 lifetime argument
[INFO] [stdout]     |
[INFO] [stdout] help: add missing lifetime argument
[INFO] [stdout]     |
[INFO] [stdout] 158 |         P: Pattern<'a, Searcher<'a>: ReverseSearcher<'a>>,
[INFO] [stdout]     |                                ++++
[INFO] [stdout] 
[INFO] [stdout] 
[INFO] [stdout] error[E0107]: trait takes 0 lifetime arguments but 1 lifetime argument was supplied
[INFO] [stdout]    --> /opt/rustwide/cargo-home/registry/src/index.crates.io-6f17d22bba15001f/gazebo-0.2.2/src/ext/str.rs:108:12
[INFO] [stdout]     |
[INFO] [stdout] 108 |         P: Pattern<'a, Searcher: ReverseSearcher<'a>>;
[INFO] [stdout]     |            ^^^^^^^----------------------------------- help: remove the unnecessary generics
[INFO] [stdout]     |            |
[INFO] [stdout]     |            expected 0 lifetime arguments
[INFO] [stdout] 
[INFO] [stdout] 
[INFO] [stdout] error[E0107]: missing generics for associated type `std::str::pattern::Pattern::Searcher`
[INFO] [stdout]    --> /opt/rustwide/cargo-home/registry/src/index.crates.io-6f17d22bba15001f/gazebo-0.2.2/src/ext/str.rs:108:24
[INFO] [stdout]     |
[INFO] [stdout] 108 |         P: Pattern<'a, Searcher: ReverseSearcher<'a>>;
[INFO] [stdout]     |                        ^^^^^^^^ expected 1 lifetime argument
[INFO] [stdout]     |
[INFO] [stdout] help: add missing lifetime argument
[INFO] [stdout]     |
[INFO] [stdout] 108 |         P: Pattern<'a, Searcher<'a>: ReverseSearcher<'a>>;
[INFO] [stdout]     |                                ++++
[INFO] [stdout] 
[INFO] [stdout] 
[INFO] [stdout] error[E0107]: trait takes 0 lifetime arguments but 1 lifetime argument was supplied
[INFO] [stdout]    --> /opt/rustwide/cargo-home/registry/src/index.crates.io-6f17d22bba15001f/gazebo-0.2.2/src/ext/str.rs:170:12
[INFO] [stdout]     |
[INFO] [stdout] 170 |         P: Pattern<'a, Searcher: ReverseSearcher<'a>>,
[INFO] [stdout]     |            ^^^^^^^----------------------------------- help: remove the unnecessary generics
[INFO] [stdout]     |            |
[INFO] [stdout]     |            expected 0 lifetime arguments
[INFO] [stdout] 
[INFO] [stdout] 
[INFO] [stdout] error[E0107]: missing generics for associated type `std::str::pattern::Pattern::Searcher`
[INFO] [stdout]    --> /opt/rustwide/cargo-home/registry/src/index.crates.io-6f17d22bba15001f/gazebo-0.2.2/src/ext/str.rs:170:24
[INFO] [stdout]     |
[INFO] [stdout] 170 |         P: Pattern<'a, Searcher: ReverseSearcher<'a>>,
[INFO] [stdout]     |                        ^^^^^^^^ expected 1 lifetime argument
[INFO] [stdout]     |
[INFO] [stdout] help: add missing lifetime argument
[INFO] [stdout]     |
[INFO] [stdout] 170 |         P: Pattern<'a, Searcher<'a>: ReverseSearcher<'a>>,
[INFO] [stdout]     |                                ++++
[INFO] [stdout] 
[INFO] [stdout] 
[INFO] [stdout] error[E0107]: trait takes 0 lifetime arguments but 1 lifetime argument was supplied
[INFO] [stdout]   --> /opt/rustwide/cargo-home/registry/src/index.crates.io-6f17d22bba15001f/gazebo-0.2.2/src/ext/str.rs:92:12
[INFO] [stdout]    |
[INFO] [stdout] 92 |         P: Pattern<'a, Searcher: ReverseSearcher<'a>>;
[INFO] [stdout]    |            ^^^^^^^----------------------------------- help: remove the unnecessary generics
[INFO] [stdout]    |            |
[INFO] [stdout]    |            expected 0 lifetime arguments
[INFO] [stdout] 
[INFO] [stdout] 
[INFO] [stdout] error[E0107]: missing generics for associated type `std::str::pattern::Pattern::Searcher`
[INFO] [stdout]   --> /opt/rustwide/cargo-home/registry/src/index.crates.io-6f17d22bba15001f/gazebo-0.2.2/src/ext/str.rs:92:24
[INFO] [stdout]    |
[INFO] [stdout] 92 |         P: Pattern<'a, Searcher: ReverseSearcher<'a>>;
[INFO] [stdout]    |                        ^^^^^^^^ expected 1 lifetime argument
[INFO] [stdout]    |
[INFO] [stdout] help: add missing lifetime argument
[INFO] [stdout]    |
[INFO] [stdout] 92 |         P: Pattern<'a, Searcher<'a>: ReverseSearcher<'a>>;
[INFO] [stdout]    |                                ++++
[INFO] [stdout] 
[INFO] [stdout] 
[INFO] [stdout] For more information about this error, try `rustc --explain E0107`.
[INFO] [stdout] 
[INFO] [stderr] error: could not compile `gazebo` (lib) due to 16 previous errors
[INFO] running `Command { std: "docker" "inspect" "21a259d79afccb3bd2453edea04a5cd5f22d50e9744f72666541a0242f0db737", kill_on_drop: false }`
[INFO] running `Command { std: "docker" "rm" "-f" "21a259d79afccb3bd2453edea04a5cd5f22d50e9744f72666541a0242f0db737", kill_on_drop: false }`
[INFO] [stdout] 21a259d79afccb3bd2453edea04a5cd5f22d50e9744f72666541a0242f0db737
