[INFO] fetching crate starlane-macros 0.3.18...
[INFO] testing starlane-macros-0.3.18 against nightly-2024-10-28 for randomize-layout
[INFO] extracting crate starlane-macros 0.3.18 into /workspace/builds/worker-6-tc1/source
[INFO] validating manifest of crates.io crate starlane-macros 0.3.18 on toolchain nightly-2024-10-28
[INFO] running `Command { std: CARGO_HOME="/workspace/cargo-home" RUSTUP_HOME="/workspace/rustup-home" "/workspace/cargo-home/bin/cargo" "+nightly-2024-10-28" "metadata" "--manifest-path" "Cargo.toml" "--no-deps", kill_on_drop: false }`
[INFO] started tweaking crates.io crate starlane-macros 0.3.18
[INFO] finished tweaking crates.io crate starlane-macros 0.3.18
[INFO] tweaked toml for crates.io crate starlane-macros 0.3.18 written to /workspace/builds/worker-6-tc1/source/Cargo.toml
[INFO] running `Command { std: CARGO_HOME="/workspace/cargo-home" RUSTUP_HOME="/workspace/rustup-home" "/workspace/cargo-home/bin/cargo" "+nightly-2024-10-28" "generate-lockfile" "--manifest-path" "Cargo.toml", kill_on_drop: false }`
[INFO] [stderr]     Updating crates.io index
[INFO] [stderr]      Locking 113 packages to latest compatible versions
[INFO] [stderr]       Adding syn v1.0.109 (available: v2.0.86)
[INFO] running `Command { std: CARGO_HOME="/workspace/cargo-home" RUSTUP_HOME="/workspace/rustup-home" "/workspace/cargo-home/bin/cargo" "+nightly-2024-10-28" "fetch" "--manifest-path" "Cargo.toml", kill_on_drop: false }`
[INFO] [stderr]  Downloading crates ...
[INFO] [stderr]   Downloaded nom_locate v4.2.0
[INFO] [stderr]   Downloaded validator v0.15.0
[INFO] [stderr]   Downloaded ariadne v0.1.5
[INFO] [stderr]   Downloaded brownstone v3.0.0
[INFO] [stderr]   Downloaded nom-supreme v0.8.0
[INFO] [stderr]   Downloaded joinery v2.1.0
[INFO] [stderr]   Downloaded starlane-primitive-macros v0.3.19
[INFO] [stderr]   Downloaded starlane-space v0.3.19
[INFO] running `Command { std: "docker" "create" "-v" "/var/lib/crater-agent-workspace/builds/worker-6-tc1/target:/opt/rustwide/target:rw,Z" "-v" "/var/lib/crater-agent-workspace/builds/worker-6-tc1/source:/opt/rustwide/workdir:ro,Z" "-v" "/var/lib/crater-agent-workspace/cargo-home:/opt/rustwide/cargo-home:ro,Z" "-v" "/var/lib/crater-agent-workspace/rustup-home:/opt/rustwide/rustup-home:ro,Z" "-e" "SOURCE_DIR=/opt/rustwide/workdir" "-e" "CARGO_TARGET_DIR=/opt/rustwide/target" "-e" "CARGO_HOME=/opt/rustwide/cargo-home" "-e" "RUSTUP_HOME=/opt/rustwide/rustup-home" "-w" "/opt/rustwide/workdir" "-m" "1610612736" "--user" "0:0" "--network" "none" "ghcr.io/rust-lang/crates-build-env/linux@sha256:4a844ea9eb2546a2d2c7022eacef16ef2e8229c7fbb2c7d4d55a9ceca922f72d" "/opt/rustwide/cargo-home/bin/cargo" "+nightly-2024-10-28" "metadata" "--no-deps" "--format-version=1", kill_on_drop: false }`
[INFO] [stdout] 6fadc24a2fef01be3903884a22314360d77d189221d8eede0f45d0e0d592fabe
[INFO] running `Command { std: "docker" "start" "-a" "6fadc24a2fef01be3903884a22314360d77d189221d8eede0f45d0e0d592fabe", kill_on_drop: false }`
[INFO] running `Command { std: "docker" "inspect" "6fadc24a2fef01be3903884a22314360d77d189221d8eede0f45d0e0d592fabe", kill_on_drop: false }`
[INFO] running `Command { std: "docker" "rm" "-f" "6fadc24a2fef01be3903884a22314360d77d189221d8eede0f45d0e0d592fabe", kill_on_drop: false }`
[INFO] [stdout] 6fadc24a2fef01be3903884a22314360d77d189221d8eede0f45d0e0d592fabe
[INFO] running `Command { std: "docker" "create" "-v" "/var/lib/crater-agent-workspace/builds/worker-6-tc1/target:/opt/rustwide/target:rw,Z" "-v" "/var/lib/crater-agent-workspace/builds/worker-6-tc1/source:/opt/rustwide/workdir:ro,Z" "-v" "/var/lib/crater-agent-workspace/cargo-home:/opt/rustwide/cargo-home:ro,Z" "-v" "/var/lib/crater-agent-workspace/rustup-home:/opt/rustwide/rustup-home:ro,Z" "-e" "SOURCE_DIR=/opt/rustwide/workdir" "-e" "CARGO_TARGET_DIR=/opt/rustwide/target" "-e" "CARGO_INCREMENTAL=0" "-e" "RUST_BACKTRACE=full" "-e" "RUSTFLAGS=--cap-lints=forbid" "-e" "RUSTDOCFLAGS=--cap-lints=forbid" "-e" "CARGO_HOME=/opt/rustwide/cargo-home" "-e" "RUSTUP_HOME=/opt/rustwide/rustup-home" "-w" "/opt/rustwide/workdir" "-m" "1610612736" "--user" "0:0" "--network" "none" "ghcr.io/rust-lang/crates-build-env/linux@sha256:4a844ea9eb2546a2d2c7022eacef16ef2e8229c7fbb2c7d4d55a9ceca922f72d" "/opt/rustwide/cargo-home/bin/cargo" "+nightly-2024-10-28" "build" "--frozen" "--message-format=json", kill_on_drop: false }`
[INFO] [stdout] 0e11110f74d250d549f2108acf06c7f67b78c53696a0895f0baddd139e3126f3
[INFO] running `Command { std: "docker" "start" "-a" "0e11110f74d250d549f2108acf06c7f67b78c53696a0895f0baddd139e3126f3", kill_on_drop: false }`
[INFO] [stderr]    Compiling autocfg v1.4.0
[INFO] [stderr]    Compiling serde v1.0.214
[INFO] [stderr]    Compiling memchr v2.7.4
[INFO] [stderr]    Compiling typenum v1.17.0
[INFO] [stderr]    Compiling libc v0.2.161
[INFO] [stderr]    Compiling tinyvec_macros v0.1.1
[INFO] [stderr]    Compiling cfg-if v1.0.0
[INFO] [stderr]    Compiling unicode-bidi v0.3.17
[INFO] [stderr]    Compiling percent-encoding v2.3.1
[INFO] [stderr]    Compiling regex-syntax v0.8.5
[INFO] [stderr]    Compiling rustversion v1.0.18
[INFO] [stderr]    Compiling syn v1.0.109
[INFO] [stderr]    Compiling parking_lot_core v0.9.10
[INFO] [stderr]    Compiling generic-array v0.14.7
[INFO] [stderr]    Compiling serde_json v1.0.132
[INFO] [stderr]    Compiling quote v1.0.37
[INFO] [stderr]    Compiling tinyvec v1.8.0
[INFO] [stderr]    Compiling ryu v1.0.18
[INFO] [stderr]    Compiling itoa v1.0.11
[INFO] [stderr]    Compiling form_urlencoded v1.2.1
[INFO] [stderr]    Compiling syn v2.0.86
[INFO] [stderr]    Compiling minimal-lexical v0.2.1
[INFO] [stderr]    Compiling arrayvec v0.7.6
[INFO] [stderr]    Compiling semver v1.0.23
[INFO] [stderr]    Compiling smallvec v1.13.2
[INFO] [stderr]    Compiling anyhow v1.0.92
[INFO] [stderr]    Compiling matches v0.1.10
[INFO] [stderr]    Compiling thiserror v1.0.66
[INFO] [stderr]    Compiling scopeguard v1.2.0
[INFO] [stderr]    Compiling brownstone v3.0.0
[INFO] [stderr]    Compiling lazy_static v1.5.0
[INFO] [stderr]    Compiling num-traits v0.2.19
[INFO] [stderr]    Compiling lock_api v0.4.12
[INFO] [stderr]    Compiling indent_write v2.2.0
[INFO] [stderr]    Compiling joinery v2.1.0
[INFO] [stderr]    Compiling bytecount v0.6.8
[INFO] [stderr]    Compiling yansi v0.5.1
[INFO] [stderr]    Compiling heck v0.5.0
[INFO] [stderr]    Compiling once_cell v1.20.2
[INFO] [stderr]    Compiling pin-project-lite v0.2.15
[INFO] [stderr]    Compiling hashbrown v0.14.5
[INFO] [stderr]    Compiling tokio v1.41.0
[INFO] [stderr]    Compiling unicode-normalization v0.1.24
[INFO] [stderr]    Compiling ariadne v0.1.5
[INFO] [stderr]    Compiling iana-time-zone v0.1.61
[INFO] [stderr]    Compiling aho-corasick v1.1.3
[INFO] [stderr]    Compiling nom v7.1.3
[INFO] [stderr]    Compiling getrandom v0.2.15
[INFO] [stderr]    Compiling strum v0.26.3
[INFO] [stderr]    Compiling convert_case v0.5.0
[INFO] [stderr]    Compiling uuid v1.11.0
[INFO] [stderr]    Compiling idna v0.5.0
[INFO] [stderr]    Compiling idna v0.2.3
[INFO] [stderr]    Compiling dashmap v5.5.3
[INFO] [stderr]    Compiling block-buffer v0.10.4
[INFO] [stderr]    Compiling crypto-common v0.1.6
[INFO] [stderr]    Compiling num-integer v0.1.46
[INFO] [stderr]    Compiling digest v0.10.7
[INFO] [stderr]    Compiling md-5 v0.10.6
[INFO] [stderr]    Compiling num-bigint v0.4.6
[INFO] [stderr]    Compiling regex-automata v0.4.8
[INFO] [stderr]    Compiling nom_locate v4.2.0
[INFO] [stderr]    Compiling nom-supreme v0.8.0
[INFO] [stderr]    Compiling starlane-primitive-macros v0.3.19
[INFO] [stderr]    Compiling serde_derive v1.0.214
[INFO] [stderr]    Compiling thiserror-impl v1.0.66
[INFO] [stderr]    Compiling async-trait v0.1.83
[INFO] [stderr]    Compiling strum_macros v0.26.4
[INFO] [stderr]    Compiling enum-ordinalize v3.1.15
[INFO] [stderr]    Compiling regex v1.11.1
[INFO] [stderr]    Compiling url v2.5.2
[INFO] [stderr]    Compiling serde_urlencoded v0.7.1
[INFO] [stderr]    Compiling bincode v1.3.3
[INFO] [stderr]    Compiling chrono v0.4.38
[INFO] [stderr]    Compiling validator v0.15.0
[INFO] [stderr]    Compiling starlane-space v0.3.19
[INFO] [stdout] error[E0277]: the trait bound `Method: thiserror::display::Sealed` is not satisfied
[INFO] [stdout]    --> /opt/rustwide/cargo-home/registry/src/index.crates.io-6f17d22bba15001f/starlane-space-0.3.19/src/space/wave/core.rs:284:24
[INFO] [stdout]     |
[INFO] [stdout] 284 | impl AsDisplay<'_> for Method {
[INFO] [stdout]     |                        ^^^^^^ the trait `thiserror::display::Sealed` is not implemented for `Method`
[INFO] [stdout]     |
[INFO] [stdout]     = help: the following other types implement trait `thiserror::display::Sealed`:
[INFO] [stdout]               &T
[INFO] [stdout]               PathBuf
[INFO] [stdout]               std::path::Path
[INFO] [stdout] note: required by a bound in `AsDisplay`
[INFO] [stdout]    --> /opt/rustwide/cargo-home/registry/src/index.crates.io-6f17d22bba15001f/thiserror-1.0.66/src/display.rs:5:26
[INFO] [stdout]     |
[INFO] [stdout] 5   | pub trait AsDisplay<'a>: Sealed {
[INFO] [stdout]     |                          ^^^^^^ required by this bound in `AsDisplay`
[INFO] [stdout]     = note: `AsDisplay` is a "sealed trait", because to implement it you also need to implement `thiserror::display::Sealed`, which is not accessible; this is usually done to force you to use one of the provided types that already implement it
[INFO] [stdout]     = help: the following types implement the trait:
[INFO] [stdout]               &T
[INFO] [stdout]               std::path::Path
[INFO] [stdout]               std::path::PathBuf
[INFO] [stdout] 
[INFO] [stdout] 
[INFO] [stdout] error[E0277]: the trait bound `KindTemplate: thiserror::display::Sealed` is not satisfied
[INFO] [stdout]    --> /opt/rustwide/cargo-home/registry/src/index.crates.io-6f17d22bba15001f/starlane-space-0.3.19/src/space/command.rs:449:32
[INFO] [stdout]     |
[INFO] [stdout] 449 |         impl AsDisplay<'_> for KindTemplate{
[INFO] [stdout]     |                                ^^^^^^^^^^^^ the trait `thiserror::display::Sealed` is not implemented for `KindTemplate`
[INFO] [stdout]     |
[INFO] [stdout]     = help: the following other types implement trait `thiserror::display::Sealed`:
[INFO] [stdout]               &T
[INFO] [stdout]               PathBuf
[INFO] [stdout]               std::path::Path
[INFO] [stdout] note: required by a bound in `AsDisplay`
[INFO] [stdout]    --> /opt/rustwide/cargo-home/registry/src/index.crates.io-6f17d22bba15001f/thiserror-1.0.66/src/display.rs:5:26
[INFO] [stdout]     |
[INFO] [stdout] 5   | pub trait AsDisplay<'a>: Sealed {
[INFO] [stdout]     |                          ^^^^^^ required by this bound in `AsDisplay`
[INFO] [stdout]     = note: `AsDisplay` is a "sealed trait", because to implement it you also need to implement `thiserror::display::Sealed`, which is not accessible; this is usually done to force you to use one of the provided types that already implement it
[INFO] [stdout]     = help: the following types implement the trait:
[INFO] [stdout]               &T
[INFO] [stdout]               std::path::Path
[INFO] [stdout]               std::path::PathBuf
[INFO] [stdout] 
[INFO] [stdout] 
[INFO] [stdout] error[E0277]: the trait bound `PointDef<Route, Seg>: thiserror::display::Sealed` is not satisfied
[INFO] [stdout]     --> /opt/rustwide/cargo-home/registry/src/index.crates.io-6f17d22bba15001f/starlane-space-0.3.19/src/space/point.rs:1480:36
[INFO] [stdout]      |
[INFO] [stdout] 1480 | impl <Route,Seg> AsDisplay<'_> for PointDef<Route,Seg>
[INFO] [stdout]      |                                    ^^^^^^^^^^^^^^^^^^^ the trait `thiserror::display::Sealed` is not implemented for `PointDef<Route, Seg>`
[INFO] [stdout]      |
[INFO] [stdout]      = help: the following other types implement trait `thiserror::display::Sealed`:
[INFO] [stdout]                &T
[INFO] [stdout]                PathBuf
[INFO] [stdout]                std::path::Path
[INFO] [stdout] note: required by a bound in `AsDisplay`
[INFO] [stdout]     --> /opt/rustwide/cargo-home/registry/src/index.crates.io-6f17d22bba15001f/thiserror-1.0.66/src/display.rs:5:26
[INFO] [stdout]      |
[INFO] [stdout] 5    | pub trait AsDisplay<'a>: Sealed {
[INFO] [stdout]      |                          ^^^^^^ required by this bound in `AsDisplay`
[INFO] [stdout]      = note: `AsDisplay` is a "sealed trait", because to implement it you also need to implement `thiserror::display::Sealed`, which is not accessible; this is usually done to force you to use one of the provided types that already implement it
[INFO] [stdout]      = help: the following types implement the trait:
[INFO] [stdout]                &T
[INFO] [stdout]                std::path::Path
[INFO] [stdout]                std::path::PathBuf
[INFO] [stdout] 
[INFO] [stdout] 
[INFO] [stdout] error[E0277]: the trait bound `PointDef<RouteSeg, PointSeg>: thiserror::display::Sealed` is not satisfied
[INFO] [stdout]   --> /opt/rustwide/cargo-home/registry/src/index.crates.io-6f17d22bba15001f/starlane-space-0.3.19/src/space/artifact/asynch.rs:39:13
[INFO] [stdout]    |
[INFO] [stdout] 39 |     #[error("artifact '{0}' not found.")]
[INFO] [stdout]    |             ^^^^^^^^^^^^^^^^^^^^^^^^^^^ the trait `thiserror::display::Sealed` is not implemented for `PointDef<RouteSeg, PointSeg>`
[INFO] [stdout]    |
[INFO] [stdout]    = help: the following other types implement trait `thiserror::display::Sealed`:
[INFO] [stdout]              &T
[INFO] [stdout]              PathBuf
[INFO] [stdout]              std::path::Path
[INFO] [stdout] note: required by a bound in `as_display`
[INFO] [stdout]   --> /opt/rustwide/cargo-home/registry/src/index.crates.io-6f17d22bba15001f/thiserror-1.0.66/src/display.rs:5:26
[INFO] [stdout]    |
[INFO] [stdout] 5  | pub trait AsDisplay<'a>: Sealed {
[INFO] [stdout]    |                          ^^^^^^ required by this bound in `AsDisplay::as_display`
[INFO] [stdout] ...
[INFO] [stdout] 10 |     fn as_display(&'a self) -> Self::Target;
[INFO] [stdout]    |        ---------- required by a bound in this associated function
[INFO] [stdout] 
[INFO] [stdout] 
[INFO] [stdout] error[E0277]: the trait bound `Method: thiserror::display::Sealed` is not satisfied
[INFO] [stdout]   --> /opt/rustwide/cargo-home/registry/src/index.crates.io-6f17d22bba15001f/starlane-space-0.3.19/src/space/err.rs:56:9
[INFO] [stdout]    |
[INFO] [stdout] 56 |         "because method was '{method}' expected substance: '{expected}' instead found:  '{found}'"
[INFO] [stdout]    |         ^^^^^^^^^^^^^^^^^^^^^^^^^^^^^^^^^^^^^^^^^^^^^^^^^^^^^^^^^^^^^^^^^^^^^^^^^^^^^^^^^^^^^^^^^^ the trait `thiserror::display::Sealed` is not implemented for `Method`
[INFO] [stdout]    |
[INFO] [stdout] note: required by a bound in `as_display`
[INFO] [stdout]   --> /opt/rustwide/cargo-home/registry/src/index.crates.io-6f17d22bba15001f/thiserror-1.0.66/src/display.rs:5:26
[INFO] [stdout]    |
[INFO] [stdout] 5  | pub trait AsDisplay<'a>: Sealed {
[INFO] [stdout]    |                          ^^^^^^ required by this bound in `AsDisplay::as_display`
[INFO] [stdout] ...
[INFO] [stdout] 10 |     fn as_display(&'a self) -> Self::Target;
[INFO] [stdout]    |        ---------- required by a bound in this associated function
[INFO] [stdout] help: consider borrowing here
[INFO] [stdout]    |
[INFO] [stdout] 56 |         &"because method was '{method}' expected substance: '{expected}' instead found:  '{found}'"
[INFO] [stdout]    |         +
[INFO] [stdout] 
[INFO] [stdout] 
[INFO] [stdout] error[E0277]: the trait bound `KindTemplate: thiserror::display::Sealed` is not satisfied
[INFO] [stdout]   --> /opt/rustwide/cargo-home/registry/src/index.crates.io-6f17d22bba15001f/starlane-space-0.3.19/src/space/err.rs:65:13
[INFO] [stdout]    |
[INFO] [stdout] 65 |     #[error("platform does not have a kind that matches template '{0}'")]
[INFO] [stdout]    |             ^^^^^^^^^^^^^^^^^^^^^^^^^^^^^^^^^^^^^^^^^^^^^^^^^^^^^^^^^^^ the trait `thiserror::display::Sealed` is not implemented for `KindTemplate`
[INFO] [stdout]    |
[INFO] [stdout]    = help: the following other types implement trait `thiserror::display::Sealed`:
[INFO] [stdout]              &T
[INFO] [stdout]              PathBuf
[INFO] [stdout]              std::path::Path
[INFO] [stdout] note: required by a bound in `as_display`
[INFO] [stdout]   --> /opt/rustwide/cargo-home/registry/src/index.crates.io-6f17d22bba15001f/thiserror-1.0.66/src/display.rs:5:26
[INFO] [stdout]    |
[INFO] [stdout] 5  | pub trait AsDisplay<'a>: Sealed {
[INFO] [stdout]    |                          ^^^^^^ required by this bound in `AsDisplay::as_display`
[INFO] [stdout] ...
[INFO] [stdout] 10 |     fn as_display(&'a self) -> Self::Target;
[INFO] [stdout]    |        ---------- required by a bound in this associated function
[INFO] [stdout] 
[INFO] [stdout] 
[INFO] [stdout] For more information about this error, try `rustc --explain E0277`.
[INFO] [stdout] 
[INFO] [stderr] error: could not compile `starlane-space` (lib) due to 6 previous errors
[INFO] running `Command { std: "docker" "inspect" "0e11110f74d250d549f2108acf06c7f67b78c53696a0895f0baddd139e3126f3", kill_on_drop: false }`
[INFO] running `Command { std: "docker" "rm" "-f" "0e11110f74d250d549f2108acf06c7f67b78c53696a0895f0baddd139e3126f3", kill_on_drop: false }`
[INFO] [stdout] 0e11110f74d250d549f2108acf06c7f67b78c53696a0895f0baddd139e3126f3
