[INFO] fetching crate starbase_shell 0.5.8...
[INFO] testing starbase_shell-0.5.8 against nightly-2024-10-28+rustflags=-Zrandomize-layout for randomize-layout
[INFO] extracting crate starbase_shell 0.5.8 into /workspace/builds/worker-0-tc2/source
[INFO] validating manifest of crates.io crate starbase_shell 0.5.8 on toolchain nightly-2024-10-28
[INFO] running `Command { std: CARGO_HOME="/workspace/cargo-home" RUSTUP_HOME="/workspace/rustup-home" "/workspace/cargo-home/bin/cargo" "+nightly-2024-10-28" "metadata" "--manifest-path" "Cargo.toml" "--no-deps", kill_on_drop: false }`
[INFO] started tweaking crates.io crate starbase_shell 0.5.8
[INFO] removed 0 missing tests
[INFO] finished tweaking crates.io crate starbase_shell 0.5.8
[INFO] tweaked toml for crates.io crate starbase_shell 0.5.8 written to /workspace/builds/worker-0-tc2/source/Cargo.toml
[INFO] running `Command { std: CARGO_HOME="/workspace/cargo-home" RUSTUP_HOME="/workspace/rustup-home" "/workspace/cargo-home/bin/cargo" "+nightly-2024-10-28" "generate-lockfile" "--manifest-path" "Cargo.toml", kill_on_drop: false }`
[INFO] [stderr]     Updating crates.io index
[INFO] [stderr]      Locking 63 packages to latest compatible versions
[INFO] running `Command { std: CARGO_HOME="/workspace/cargo-home" RUSTUP_HOME="/workspace/rustup-home" "/workspace/cargo-home/bin/cargo" "+nightly-2024-10-28" "fetch" "--manifest-path" "Cargo.toml", kill_on_drop: false }`
[INFO] running `Command { std: "docker" "create" "-v" "/var/lib/crater-agent-workspace/builds/worker-0-tc2/target:/opt/rustwide/target:rw,Z" "-v" "/var/lib/crater-agent-workspace/builds/worker-0-tc2/source:/opt/rustwide/workdir:ro,Z" "-v" "/var/lib/crater-agent-workspace/cargo-home:/opt/rustwide/cargo-home:ro,Z" "-v" "/var/lib/crater-agent-workspace/rustup-home:/opt/rustwide/rustup-home:ro,Z" "-e" "SOURCE_DIR=/opt/rustwide/workdir" "-e" "CARGO_TARGET_DIR=/opt/rustwide/target" "-e" "CARGO_HOME=/opt/rustwide/cargo-home" "-e" "RUSTUP_HOME=/opt/rustwide/rustup-home" "-w" "/opt/rustwide/workdir" "-m" "1610612736" "--user" "0:0" "--network" "none" "ghcr.io/rust-lang/crates-build-env/linux@sha256:4a844ea9eb2546a2d2c7022eacef16ef2e8229c7fbb2c7d4d55a9ceca922f72d" "/opt/rustwide/cargo-home/bin/cargo" "+nightly-2024-10-28" "metadata" "--no-deps" "--format-version=1", kill_on_drop: false }`
[INFO] [stdout] 0db03165b1da5caf201cbfaeb059db77ae09f4b2ed40873b52a99d3985c7d9c2
[INFO] running `Command { std: "docker" "start" "-a" "0db03165b1da5caf201cbfaeb059db77ae09f4b2ed40873b52a99d3985c7d9c2", kill_on_drop: false }`
[INFO] running `Command { std: "docker" "inspect" "0db03165b1da5caf201cbfaeb059db77ae09f4b2ed40873b52a99d3985c7d9c2", kill_on_drop: false }`
[INFO] running `Command { std: "docker" "rm" "-f" "0db03165b1da5caf201cbfaeb059db77ae09f4b2ed40873b52a99d3985c7d9c2", kill_on_drop: false }`
[INFO] [stdout] 0db03165b1da5caf201cbfaeb059db77ae09f4b2ed40873b52a99d3985c7d9c2
[INFO] running `Command { std: "docker" "create" "-v" "/var/lib/crater-agent-workspace/builds/worker-0-tc2/target:/opt/rustwide/target:rw,Z" "-v" "/var/lib/crater-agent-workspace/builds/worker-0-tc2/source:/opt/rustwide/workdir:ro,Z" "-v" "/var/lib/crater-agent-workspace/cargo-home:/opt/rustwide/cargo-home:ro,Z" "-v" "/var/lib/crater-agent-workspace/rustup-home:/opt/rustwide/rustup-home:ro,Z" "-e" "SOURCE_DIR=/opt/rustwide/workdir" "-e" "CARGO_TARGET_DIR=/opt/rustwide/target" "-e" "CARGO_INCREMENTAL=0" "-e" "RUST_BACKTRACE=full" "-e" "RUSTFLAGS=--cap-lints=forbid -Zrandomize-layout" "-e" "RUSTDOCFLAGS=--cap-lints=forbid" "-e" "CARGO_HOME=/opt/rustwide/cargo-home" "-e" "RUSTUP_HOME=/opt/rustwide/rustup-home" "-w" "/opt/rustwide/workdir" "-m" "1610612736" "--user" "0:0" "--network" "none" "ghcr.io/rust-lang/crates-build-env/linux@sha256:4a844ea9eb2546a2d2c7022eacef16ef2e8229c7fbb2c7d4d55a9ceca922f72d" "/opt/rustwide/cargo-home/bin/cargo" "+nightly-2024-10-28" "build" "--frozen" "--message-format=json", kill_on_drop: false }`
[INFO] [stdout] 0b6c5e5c10246b8773d9e6a2cefa91f4acfa1ed4a6f2aaea0573fba8a2d21b6f
[INFO] running `Command { std: "docker" "start" "-a" "0b6c5e5c10246b8773d9e6a2cefa91f4acfa1ed4a6f2aaea0573fba8a2d21b6f", kill_on_drop: false }`
[INFO] [stderr]    Compiling proc-macro2 v1.0.89
[INFO] [stderr]    Compiling thiserror v1.0.66
[INFO] [stderr]    Compiling regex-syntax v0.8.5
[INFO] [stderr]    Compiling once_cell v1.20.2
[INFO] [stderr]    Compiling tracing-core v0.1.32
[INFO] [stderr]    Compiling quote v1.0.37
[INFO] [stderr]    Compiling syn v2.0.86
[INFO] [stderr]    Compiling regex-automata v0.4.8
[INFO] [stderr]    Compiling regex v1.11.1
[INFO] [stderr]    Compiling thiserror-impl v1.0.66
[INFO] [stderr]    Compiling tracing-attributes v0.1.27
[INFO] [stderr]    Compiling tracing v0.1.40
[INFO] [stderr]    Compiling starbase_shell v0.5.8 (/opt/rustwide/workdir)
[INFO] [stderr]     Finished `dev` profile [unoptimized + debuginfo] target(s) in 4.26s
[INFO] running `Command { std: "docker" "inspect" "0b6c5e5c10246b8773d9e6a2cefa91f4acfa1ed4a6f2aaea0573fba8a2d21b6f", kill_on_drop: false }`
[INFO] running `Command { std: "docker" "rm" "-f" "0b6c5e5c10246b8773d9e6a2cefa91f4acfa1ed4a6f2aaea0573fba8a2d21b6f", kill_on_drop: false }`
[INFO] [stdout] 0b6c5e5c10246b8773d9e6a2cefa91f4acfa1ed4a6f2aaea0573fba8a2d21b6f
[INFO] running `Command { std: "docker" "create" "-v" "/var/lib/crater-agent-workspace/builds/worker-0-tc2/target:/opt/rustwide/target:rw,Z" "-v" "/var/lib/crater-agent-workspace/builds/worker-0-tc2/source:/opt/rustwide/workdir:ro,Z" "-v" "/var/lib/crater-agent-workspace/cargo-home:/opt/rustwide/cargo-home:ro,Z" "-v" "/var/lib/crater-agent-workspace/rustup-home:/opt/rustwide/rustup-home:ro,Z" "-e" "SOURCE_DIR=/opt/rustwide/workdir" "-e" "CARGO_TARGET_DIR=/opt/rustwide/target" "-e" "CARGO_INCREMENTAL=0" "-e" "RUST_BACKTRACE=full" "-e" "RUSTFLAGS=--cap-lints=forbid -Zrandomize-layout" "-e" "RUSTDOCFLAGS=--cap-lints=forbid" "-e" "CARGO_HOME=/opt/rustwide/cargo-home" "-e" "RUSTUP_HOME=/opt/rustwide/rustup-home" "-w" "/opt/rustwide/workdir" "-m" "1610612736" "--user" "0:0" "--network" "none" "ghcr.io/rust-lang/crates-build-env/linux@sha256:4a844ea9eb2546a2d2c7022eacef16ef2e8229c7fbb2c7d4d55a9ceca922f72d" "/opt/rustwide/cargo-home/bin/cargo" "+nightly-2024-10-28" "test" "--frozen" "--no-run" "--message-format=json", kill_on_drop: false }`
[INFO] [stdout] 087fc975e28fb10066fd3eb6e2aa14547f05fafbc02b45a5fba9dcb0e124180a
[INFO] running `Command { std: "docker" "start" "-a" "087fc975e28fb10066fd3eb6e2aa14547f05fafbc02b45a5fba9dcb0e124180a", kill_on_drop: false }`
[INFO] [stderr]    Compiling autocfg v1.4.0
[INFO] [stderr]    Compiling libc v0.2.161
[INFO] [stderr]    Compiling futures-sink v0.3.31
[INFO] [stderr]    Compiling futures-core v0.3.31
[INFO] [stderr]    Compiling futures-task v0.3.31
[INFO] [stderr]    Compiling futures-io v0.3.31
[INFO] [stderr]    Compiling memchr v2.7.4
[INFO] [stderr]    Compiling parking_lot_core v0.9.10
[INFO] [stderr]    Compiling pin-utils v0.1.0
[INFO] [stderr]    Compiling smallvec v1.13.2
[INFO] [stderr]    Compiling scopeguard v1.2.0
[INFO] [stderr]    Compiling sdd v3.0.4
[INFO] [stderr]    Compiling log v0.4.22
[INFO] [stderr]    Compiling serial_test_derive v3.1.1
[INFO] [stderr]    Compiling futures-channel v0.3.31
[INFO] [stderr]    Compiling scc v2.2.4
[INFO] [stderr]    Compiling slab v0.4.9
[INFO] [stderr]    Compiling lock_api v0.4.12
[INFO] [stderr]    Compiling futures-util v0.3.31
[INFO] [stderr]    Compiling parking_lot v0.12.3
[INFO] [stderr]    Compiling futures-executor v0.3.31
[INFO] [stderr]    Compiling futures v0.3.31
[INFO] [stderr]    Compiling serial_test v3.1.1
[INFO] [stderr]    Compiling starbase_shell v0.5.8 (/opt/rustwide/workdir)
[INFO] [stdout] error[E0432]: unresolved import `starbase_sandbox`
[INFO] [stdout]    --> src/shells/bash.rs:123:9
[INFO] [stdout]     |
[INFO] [stdout] 123 |     use starbase_sandbox::assert_snapshot;
[INFO] [stdout]     |         ^^^^^^^^^^^^^^^^ use of undeclared crate or module `starbase_sandbox`
[INFO] [stdout] 
[INFO] [stdout] 
[INFO] [stdout] error[E0432]: unresolved import `starbase_sandbox`
[INFO] [stdout]    --> src/shells/elvish.rs:173:9
[INFO] [stdout]     |
[INFO] [stdout] 173 |     use starbase_sandbox::assert_snapshot;
[INFO] [stdout]     |         ^^^^^^^^^^^^^^^^ use of undeclared crate or module `starbase_sandbox`
[INFO] [stdout] 
[INFO] [stdout] 
[INFO] [stdout] error[E0432]: unresolved import `starbase_sandbox`
[INFO] [stdout]    --> src/shells/fish.rs:141:9
[INFO] [stdout]     |
[INFO] [stdout] 141 |     use starbase_sandbox::assert_snapshot;
[INFO] [stdout]     |         ^^^^^^^^^^^^^^^^ use of undeclared crate or module `starbase_sandbox`
[INFO] [stdout] 
[INFO] [stdout] 
[INFO] [stdout] error[E0432]: unresolved import `starbase_sandbox`
[INFO] [stdout]    --> src/shells/murex.rs:120:9
[INFO] [stdout]     |
[INFO] [stdout] 120 |     use starbase_sandbox::assert_snapshot;
[INFO] [stdout]     |         ^^^^^^^^^^^^^^^^ use of undeclared crate or module `starbase_sandbox`
[INFO] [stdout] 
[INFO] [stdout] 
[INFO] [stdout] error[E0432]: unresolved import `starbase_sandbox`
[INFO] [stdout]    --> src/shells/pwsh.rs:258:9
[INFO] [stdout]     |
[INFO] [stdout] 258 |     use starbase_sandbox::assert_snapshot;
[INFO] [stdout]     |         ^^^^^^^^^^^^^^^^ use of undeclared crate or module `starbase_sandbox`
[INFO] [stdout] 
[INFO] [stdout] 
[INFO] [stdout] error[E0432]: unresolved import `starbase_sandbox`
[INFO] [stdout]    --> src/shells/zsh.rs:139:9
[INFO] [stdout]     |
[INFO] [stdout] 139 |     use starbase_sandbox::assert_snapshot;
[INFO] [stdout]     |         ^^^^^^^^^^^^^^^^ use of undeclared crate or module `starbase_sandbox`
[INFO] [stdout] 
[INFO] [stdout] 
[INFO] [stdout] error[E0432]: unresolved import `starbase_sandbox`
[INFO] [stdout]    --> src/shells/nu.rs:242:13
[INFO] [stdout]     |
[INFO] [stdout] 242 |         use starbase_sandbox::assert_snapshot;
[INFO] [stdout]     |             ^^^^^^^^^^^^^^^^ use of undeclared crate or module `starbase_sandbox`
[INFO] [stdout] 
[INFO] [stdout] 
[INFO] [stdout] For more information about this error, try `rustc --explain E0432`.
[INFO] [stdout] 
[INFO] [stderr] error: could not compile `starbase_shell` (lib test) due to 7 previous errors
[INFO] running `Command { std: "docker" "inspect" "087fc975e28fb10066fd3eb6e2aa14547f05fafbc02b45a5fba9dcb0e124180a", kill_on_drop: false }`
[INFO] running `Command { std: "docker" "rm" "-f" "087fc975e28fb10066fd3eb6e2aa14547f05fafbc02b45a5fba9dcb0e124180a", kill_on_drop: false }`
[INFO] [stdout] 087fc975e28fb10066fd3eb6e2aa14547f05fafbc02b45a5fba9dcb0e124180a
