[INFO] fetching crate staging-protobuf 4.27.3-beta.0...
[INFO] testing staging-protobuf-4.27.3-beta.0 against nightly-2024-10-28+rustflags=-Zrandomize-layout for randomize-layout
[INFO] extracting crate staging-protobuf 4.27.3-beta.0 into /workspace/builds/worker-3-tc2/source
[INFO] validating manifest of crates.io crate staging-protobuf 4.27.3-beta.0 on toolchain nightly-2024-10-28
[INFO] running `Command { std: CARGO_HOME="/workspace/cargo-home" RUSTUP_HOME="/workspace/rustup-home" "/workspace/cargo-home/bin/cargo" "+nightly-2024-10-28" "metadata" "--manifest-path" "Cargo.toml" "--no-deps", kill_on_drop: false }`
[INFO] started tweaking crates.io crate staging-protobuf 4.27.3-beta.0
[INFO] finished tweaking crates.io crate staging-protobuf 4.27.3-beta.0
[INFO] tweaked toml for crates.io crate staging-protobuf 4.27.3-beta.0 written to /workspace/builds/worker-3-tc2/source/Cargo.toml
[INFO] running `Command { std: CARGO_HOME="/workspace/cargo-home" RUSTUP_HOME="/workspace/rustup-home" "/workspace/cargo-home/bin/cargo" "+nightly-2024-10-28" "generate-lockfile" "--manifest-path" "Cargo.toml", kill_on_drop: false }`
[INFO] [stderr]     Updating crates.io index
[INFO] [stderr]      Locking 17 packages to latest compatible versions
[INFO] running `Command { std: CARGO_HOME="/workspace/cargo-home" RUSTUP_HOME="/workspace/rustup-home" "/workspace/cargo-home/bin/cargo" "+nightly-2024-10-28" "fetch" "--manifest-path" "Cargo.toml", kill_on_drop: false }`
[INFO] running `Command { std: "docker" "create" "-v" "/var/lib/crater-agent-workspace/builds/worker-3-tc2/target:/opt/rustwide/target:rw,Z" "-v" "/var/lib/crater-agent-workspace/builds/worker-3-tc2/source:/opt/rustwide/workdir:ro,Z" "-v" "/var/lib/crater-agent-workspace/cargo-home:/opt/rustwide/cargo-home:ro,Z" "-v" "/var/lib/crater-agent-workspace/rustup-home:/opt/rustwide/rustup-home:ro,Z" "-e" "SOURCE_DIR=/opt/rustwide/workdir" "-e" "CARGO_TARGET_DIR=/opt/rustwide/target" "-e" "CARGO_HOME=/opt/rustwide/cargo-home" "-e" "RUSTUP_HOME=/opt/rustwide/rustup-home" "-w" "/opt/rustwide/workdir" "-m" "1610612736" "--user" "0:0" "--network" "none" "ghcr.io/rust-lang/crates-build-env/linux@sha256:4a844ea9eb2546a2d2c7022eacef16ef2e8229c7fbb2c7d4d55a9ceca922f72d" "/opt/rustwide/cargo-home/bin/cargo" "+nightly-2024-10-28" "metadata" "--no-deps" "--format-version=1", kill_on_drop: false }`
[INFO] [stdout] 0dce69da5534506415971e67bfb74032f4318325032423da7d5d7661741fb41a
[INFO] running `Command { std: "docker" "start" "-a" "0dce69da5534506415971e67bfb74032f4318325032423da7d5d7661741fb41a", kill_on_drop: false }`
[INFO] running `Command { std: "docker" "inspect" "0dce69da5534506415971e67bfb74032f4318325032423da7d5d7661741fb41a", kill_on_drop: false }`
[INFO] running `Command { std: "docker" "rm" "-f" "0dce69da5534506415971e67bfb74032f4318325032423da7d5d7661741fb41a", kill_on_drop: false }`
[INFO] [stdout] 0dce69da5534506415971e67bfb74032f4318325032423da7d5d7661741fb41a
[INFO] running `Command { std: "docker" "create" "-v" "/var/lib/crater-agent-workspace/builds/worker-3-tc2/target:/opt/rustwide/target:rw,Z" "-v" "/var/lib/crater-agent-workspace/builds/worker-3-tc2/source:/opt/rustwide/workdir:ro,Z" "-v" "/var/lib/crater-agent-workspace/cargo-home:/opt/rustwide/cargo-home:ro,Z" "-v" "/var/lib/crater-agent-workspace/rustup-home:/opt/rustwide/rustup-home:ro,Z" "-e" "SOURCE_DIR=/opt/rustwide/workdir" "-e" "CARGO_TARGET_DIR=/opt/rustwide/target" "-e" "CARGO_INCREMENTAL=0" "-e" "RUST_BACKTRACE=full" "-e" "RUSTFLAGS=--cap-lints=forbid -Zrandomize-layout" "-e" "RUSTDOCFLAGS=--cap-lints=forbid" "-e" "CARGO_HOME=/opt/rustwide/cargo-home" "-e" "RUSTUP_HOME=/opt/rustwide/rustup-home" "-w" "/opt/rustwide/workdir" "-m" "1610612736" "--user" "0:0" "--network" "none" "ghcr.io/rust-lang/crates-build-env/linux@sha256:4a844ea9eb2546a2d2c7022eacef16ef2e8229c7fbb2c7d4d55a9ceca922f72d" "/opt/rustwide/cargo-home/bin/cargo" "+nightly-2024-10-28" "build" "--frozen" "--message-format=json", kill_on_drop: false }`
[INFO] [stdout] 0b87b49de3a81a0fe53dd629dd34dd54151669651766dafb85863f8e5f16e924
[INFO] running `Command { std: "docker" "start" "-a" "0b87b49de3a81a0fe53dd629dd34dd54151669651766dafb85863f8e5f16e924", kill_on_drop: false }`
[INFO] [stderr]    Compiling staging-protobuf v4.27.3-beta.0 (/opt/rustwide/workdir)
[INFO] [stderr] warning: staging-protobuf@4.27.3-beta.0: libupb/upb/upb.c:3369:1: warning: 'no_sanitize' attribute ignored [-Wattributes]
[INFO] [stderr] warning: staging-protobuf@4.27.3-beta.0:  3369 | UPB_LINKARR_DECLARE(upb_AllExts, upb_MiniTableExtension);
[INFO] [stderr] warning: staging-protobuf@4.27.3-beta.0:       | ^~~~~~~~~~~~~~~~~~~
[INFO] [stderr]     Finished `dev` profile [unoptimized + debuginfo] target(s) in 2.49s
[INFO] running `Command { std: "docker" "inspect" "0b87b49de3a81a0fe53dd629dd34dd54151669651766dafb85863f8e5f16e924", kill_on_drop: false }`
[INFO] running `Command { std: "docker" "rm" "-f" "0b87b49de3a81a0fe53dd629dd34dd54151669651766dafb85863f8e5f16e924", kill_on_drop: false }`
[INFO] [stdout] 0b87b49de3a81a0fe53dd629dd34dd54151669651766dafb85863f8e5f16e924
[INFO] running `Command { std: "docker" "create" "-v" "/var/lib/crater-agent-workspace/builds/worker-3-tc2/target:/opt/rustwide/target:rw,Z" "-v" "/var/lib/crater-agent-workspace/builds/worker-3-tc2/source:/opt/rustwide/workdir:ro,Z" "-v" "/var/lib/crater-agent-workspace/cargo-home:/opt/rustwide/cargo-home:ro,Z" "-v" "/var/lib/crater-agent-workspace/rustup-home:/opt/rustwide/rustup-home:ro,Z" "-e" "SOURCE_DIR=/opt/rustwide/workdir" "-e" "CARGO_TARGET_DIR=/opt/rustwide/target" "-e" "CARGO_INCREMENTAL=0" "-e" "RUST_BACKTRACE=full" "-e" "RUSTFLAGS=--cap-lints=forbid -Zrandomize-layout" "-e" "RUSTDOCFLAGS=--cap-lints=forbid" "-e" "CARGO_HOME=/opt/rustwide/cargo-home" "-e" "RUSTUP_HOME=/opt/rustwide/rustup-home" "-w" "/opt/rustwide/workdir" "-m" "1610612736" "--user" "0:0" "--network" "none" "ghcr.io/rust-lang/crates-build-env/linux@sha256:4a844ea9eb2546a2d2c7022eacef16ef2e8229c7fbb2c7d4d55a9ceca922f72d" "/opt/rustwide/cargo-home/bin/cargo" "+nightly-2024-10-28" "test" "--frozen" "--no-run" "--message-format=json", kill_on_drop: false }`
[INFO] [stdout] 19611e6b38c00cef84f50bba4aa397c2b7daa7e21f29170d6bd8e15ffbe22204
[INFO] running `Command { std: "docker" "start" "-a" "19611e6b38c00cef84f50bba4aa397c2b7daa7e21f29170d6bd8e15ffbe22204", kill_on_drop: false }`
[INFO] [stderr]    Compiling rustversion v1.0.18
[INFO] [stderr]    Compiling regex-syntax v0.8.5
[INFO] [stderr]    Compiling aho-corasick v1.1.3
[INFO] [stderr]    Compiling quote v1.0.37
[INFO] [stderr] warning: staging-protobuf@4.27.3-beta.0: libupb/upb/upb.c:3369:1: warning: 'no_sanitize' attribute ignored [-Wattributes]
[INFO] [stderr] warning: staging-protobuf@4.27.3-beta.0:  3369 | UPB_LINKARR_DECLARE(upb_AllExts, upb_MiniTableExtension);
[INFO] [stderr] warning: staging-protobuf@4.27.3-beta.0:       | ^~~~~~~~~~~~~~~~~~~
[INFO] [stderr]    Compiling syn v2.0.86
[INFO] [stderr]    Compiling regex-automata v0.4.8
[INFO] [stderr]    Compiling googletest_macro v0.12.0
[INFO] [stderr]    Compiling regex v1.11.1
[INFO] [stderr]    Compiling googletest v0.12.0
[INFO] [stderr]    Compiling staging-protobuf v4.27.3-beta.0 (/opt/rustwide/workdir)
[INFO] [stdout] error[E0432]: unresolved import `googletest::gtest`
[INFO] [stdout]    --> src/upb/arena.rs:207:9
[INFO] [stdout]     |
[INFO] [stdout] 207 |     use googletest::gtest;
[INFO] [stdout]     |         ^^^^^^^^^^^^-----
[INFO] [stdout]     |         |           |
[INFO] [stdout]     |         |           help: a similar name exists in the module: `test`
[INFO] [stdout]     |         no `gtest` in the root
[INFO] [stdout] 
[INFO] [stdout] 
[INFO] [stdout] error[E0432]: unresolved import `googletest::gtest`
[INFO] [stdout]   --> src/upb/array.rs:32:9
[INFO] [stdout]    |
[INFO] [stdout] 32 |     use googletest::gtest;
[INFO] [stdout]    |         ^^^^^^^^^^^^-----
[INFO] [stdout]    |         |           |
[INFO] [stdout]    |         |           help: a similar name exists in the module: `test`
[INFO] [stdout]    |         no `gtest` in the root
[INFO] [stdout] 
[INFO] [stdout] 
[INFO] [stdout] error[E0432]: unresolved import `googletest::gtest`
[INFO] [stdout]   --> src/upb/map.rs:54:9
[INFO] [stdout]    |
[INFO] [stdout] 54 |     use googletest::gtest;
[INFO] [stdout]    |         ^^^^^^^^^^^^-----
[INFO] [stdout]    |         |           |
[INFO] [stdout]    |         |           help: a similar name exists in the module: `test`
[INFO] [stdout]    |         no `gtest` in the root
[INFO] [stdout] 
[INFO] [stdout] 
[INFO] [stdout] error[E0432]: unresolved import `googletest::gtest`
[INFO] [stdout]    --> src/upb/message.rs:309:9
[INFO] [stdout]     |
[INFO] [stdout] 309 |     use googletest::gtest;
[INFO] [stdout]     |         ^^^^^^^^^^^^-----
[INFO] [stdout]     |         |           |
[INFO] [stdout]     |         |           help: a similar name exists in the module: `test`
[INFO] [stdout]     |         no `gtest` in the root
[INFO] [stdout] 
[INFO] [stdout] 
[INFO] [stdout] error[E0432]: unresolved import `googletest::gtest`
[INFO] [stdout]   --> src/upb/mini_table.rs:53:9
[INFO] [stdout]    |
[INFO] [stdout] 53 |     use googletest::gtest;
[INFO] [stdout]    |         ^^^^^^^^^^^^-----
[INFO] [stdout]    |         |           |
[INFO] [stdout]    |         |           help: a similar name exists in the module: `test`
[INFO] [stdout]    |         no `gtest` in the root
[INFO] [stdout] 
[INFO] [stdout] 
[INFO] [stdout] error[E0432]: unresolved import `googletest::gtest`
[INFO] [stdout]   --> src/upb/owned_arena_box.rs:91:9
[INFO] [stdout]    |
[INFO] [stdout] 91 |     use googletest::gtest;
[INFO] [stdout]    |         ^^^^^^^^^^^^-----
[INFO] [stdout]    |         |           |
[INFO] [stdout]    |         |           help: a similar name exists in the module: `test`
[INFO] [stdout]    |         no `gtest` in the root
[INFO] [stdout] 
[INFO] [stdout] 
[INFO] [stdout] error[E0432]: unresolved import `googletest::gtest`
[INFO] [stdout]   --> src/upb/text.rs:71:9
[INFO] [stdout]    |
[INFO] [stdout] 71 |     use googletest::gtest;
[INFO] [stdout]    |         ^^^^^^^^^^^^-----
[INFO] [stdout]    |         |           |
[INFO] [stdout]    |         |           help: a similar name exists in the module: `test`
[INFO] [stdout]    |         no `gtest` in the root
[INFO] [stdout] 
[INFO] [stdout] 
[INFO] [stdout] error[E0432]: unresolved import `googletest::gtest`
[INFO] [stdout]    --> src/upb/wire.rs:129:9
[INFO] [stdout]     |
[INFO] [stdout] 129 |     use googletest::gtest;
[INFO] [stdout]     |         ^^^^^^^^^^^^-----
[INFO] [stdout]     |         |           |
[INFO] [stdout]     |         |           help: a similar name exists in the module: `test`
[INFO] [stdout]     |         no `gtest` in the root
[INFO] [stdout] 
[INFO] [stdout] 
[INFO] [stdout] error: cannot find attribute `gtest` in this scope
[INFO] [stdout]    --> src/map.rs:530:7
[INFO] [stdout]     |
[INFO] [stdout] 530 |     #[gtest]
[INFO] [stdout]     |       ^^^^^ help: an attribute macro with a similar name exists: `test`
[INFO] [stdout]    --> /rustc/df4ca44d3fbc9301ee17f30f4d474e6ae4b05252/library/core/src/macros/mod.rs:1679:5
[INFO] [stdout]     |
[INFO] [stdout]     = note: similarly named attribute macro `test` defined here
[INFO] [stdout] 
[INFO] [stdout] 
[INFO] [stdout] error: cannot find attribute `gtest` in this scope
[INFO] [stdout]    --> src/map.rs:556:7
[INFO] [stdout]     |
[INFO] [stdout] 556 |     #[gtest]
[INFO] [stdout]     |       ^^^^^ help: an attribute macro with a similar name exists: `test`
[INFO] [stdout]    --> /rustc/df4ca44d3fbc9301ee17f30f4d474e6ae4b05252/library/core/src/macros/mod.rs:1679:5
[INFO] [stdout]     |
[INFO] [stdout]     = note: similarly named attribute macro `test` defined here
[INFO] [stdout] 
[INFO] [stdout] 
[INFO] [stdout] error: cannot find attribute `gtest` in this scope
[INFO] [stdout]    --> src/map.rs:581:7
[INFO] [stdout]     |
[INFO] [stdout] 581 |     #[gtest]
[INFO] [stdout]     |       ^^^^^ help: an attribute macro with a similar name exists: `test`
[INFO] [stdout]    --> /rustc/df4ca44d3fbc9301ee17f30f4d474e6ae4b05252/library/core/src/macros/mod.rs:1679:5
[INFO] [stdout]     |
[INFO] [stdout]     = note: similarly named attribute macro `test` defined here
[INFO] [stdout] 
[INFO] [stdout] 
[INFO] [stdout] error: cannot find attribute `gtest` in this scope
[INFO] [stdout]    --> src/map.rs:628:7
[INFO] [stdout]     |
[INFO] [stdout] 628 |     #[gtest]
[INFO] [stdout]     |       ^^^^^ help: an attribute macro with a similar name exists: `test`
[INFO] [stdout]    --> /rustc/df4ca44d3fbc9301ee17f30f4d474e6ae4b05252/library/core/src/macros/mod.rs:1679:5
[INFO] [stdout]     |
[INFO] [stdout]     = note: similarly named attribute macro `test` defined here
[INFO] [stdout] 
[INFO] [stdout] 
[INFO] [stdout] error: cannot find attribute `gtest` in this scope
[INFO] [stdout]    --> src/map.rs:638:7
[INFO] [stdout]     |
[INFO] [stdout] 638 |     #[gtest]
[INFO] [stdout]     |       ^^^^^ help: an attribute macro with a similar name exists: `test`
[INFO] [stdout]    --> /rustc/df4ca44d3fbc9301ee17f30f4d474e6ae4b05252/library/core/src/macros/mod.rs:1679:5
[INFO] [stdout]     |
[INFO] [stdout]     = note: similarly named attribute macro `test` defined here
[INFO] [stdout] 
[INFO] [stdout] 
[INFO] [stdout] error: cannot find attribute `gtest` in this scope
[INFO] [stdout]    --> src/map.rs:675:7
[INFO] [stdout]     |
[INFO] [stdout] 675 |     #[gtest]
[INFO] [stdout]     |       ^^^^^ help: an attribute macro with a similar name exists: `test`
[INFO] [stdout]    --> /rustc/df4ca44d3fbc9301ee17f30f4d474e6ae4b05252/library/core/src/macros/mod.rs:1679:5
[INFO] [stdout]     |
[INFO] [stdout]     = note: similarly named attribute macro `test` defined here
[INFO] [stdout] 
[INFO] [stdout] 
[INFO] [stdout] error: cannot find attribute `gtest` in this scope
[INFO] [stdout]    --> src/map.rs:706:7
[INFO] [stdout]     |
[INFO] [stdout] 706 |     #[gtest]
[INFO] [stdout]     |       ^^^^^ help: an attribute macro with a similar name exists: `test`
[INFO] [stdout]    --> /rustc/df4ca44d3fbc9301ee17f30f4d474e6ae4b05252/library/core/src/macros/mod.rs:1679:5
[INFO] [stdout]     |
[INFO] [stdout]     = note: similarly named attribute macro `test` defined here
[INFO] [stdout] 
[INFO] [stdout] 
[INFO] [stdout] error: cannot find attribute `gtest` in this scope
[INFO] [stdout]    --> src/map.rs:728:7
[INFO] [stdout]     |
[INFO] [stdout] 728 |     #[gtest]
[INFO] [stdout]     |       ^^^^^ help: an attribute macro with a similar name exists: `test`
[INFO] [stdout]    --> /rustc/df4ca44d3fbc9301ee17f30f4d474e6ae4b05252/library/core/src/macros/mod.rs:1679:5
[INFO] [stdout]     |
[INFO] [stdout]     = note: similarly named attribute macro `test` defined here
[INFO] [stdout] 
[INFO] [stdout] 
[INFO] [stdout] error: cannot find attribute `gtest` in this scope
[INFO] [stdout]    --> src/proxied.rs:375:7
[INFO] [stdout]     |
[INFO] [stdout] 375 |     #[gtest]
[INFO] [stdout]     |       ^^^^^ help: an attribute macro with a similar name exists: `test`
[INFO] [stdout]    --> /rustc/df4ca44d3fbc9301ee17f30f4d474e6ae4b05252/library/core/src/macros/mod.rs:1679:5
[INFO] [stdout]     |
[INFO] [stdout]     = note: similarly named attribute macro `test` defined here
[INFO] [stdout] 
[INFO] [stdout] 
[INFO] [stdout] error: cannot find attribute `gtest` in this scope
[INFO] [stdout]    --> src/proxied.rs:390:7
[INFO] [stdout]     |
[INFO] [stdout] 390 |     #[gtest]
[INFO] [stdout]     |       ^^^^^ help: an attribute macro with a similar name exists: `test`
[INFO] [stdout]    --> /rustc/df4ca44d3fbc9301ee17f30f4d474e6ae4b05252/library/core/src/macros/mod.rs:1679:5
[INFO] [stdout]     |
[INFO] [stdout]     = note: similarly named attribute macro `test` defined here
[INFO] [stdout] 
[INFO] [stdout] 
[INFO] [stdout] error: cannot find attribute `gtest` in this scope
[INFO] [stdout]    --> src/proxied.rs:398:7
[INFO] [stdout]     |
[INFO] [stdout] 398 |     #[gtest]
[INFO] [stdout]     |       ^^^^^ help: an attribute macro with a similar name exists: `test`
[INFO] [stdout]    --> /rustc/df4ca44d3fbc9301ee17f30f4d474e6ae4b05252/library/core/src/macros/mod.rs:1679:5
[INFO] [stdout]     |
[INFO] [stdout]     = note: similarly named attribute macro `test` defined here
[INFO] [stdout] 
[INFO] [stdout] 
[INFO] [stdout] error: cannot find attribute `gtest` in this scope
[INFO] [stdout]    --> src/proxied.rs:423:7
[INFO] [stdout]     |
[INFO] [stdout] 423 |     #[gtest]
[INFO] [stdout]     |       ^^^^^ help: an attribute macro with a similar name exists: `test`
[INFO] [stdout]    --> /rustc/df4ca44d3fbc9301ee17f30f4d474e6ae4b05252/library/core/src/macros/mod.rs:1679:5
[INFO] [stdout]     |
[INFO] [stdout]     = note: similarly named attribute macro `test` defined here
[INFO] [stdout] 
[INFO] [stdout] 
[INFO] [stdout] error: cannot find attribute `gtest` in this scope
[INFO] [stdout]    --> src/proxied.rs:450:7
[INFO] [stdout]     |
[INFO] [stdout] 450 |     #[gtest]
[INFO] [stdout]     |       ^^^^^ help: an attribute macro with a similar name exists: `test`
[INFO] [stdout]    --> /rustc/df4ca44d3fbc9301ee17f30f4d474e6ae4b05252/library/core/src/macros/mod.rs:1679:5
[INFO] [stdout]     |
[INFO] [stdout]     = note: similarly named attribute macro `test` defined here
[INFO] [stdout] 
[INFO] [stdout] 
[INFO] [stdout] error: cannot find attribute `gtest` in this scope
[INFO] [stdout]    --> src/proxied.rs:470:7
[INFO] [stdout]     |
[INFO] [stdout] 470 |     #[gtest]
[INFO] [stdout]     |       ^^^^^ help: an attribute macro with a similar name exists: `test`
[INFO] [stdout]    --> /rustc/df4ca44d3fbc9301ee17f30f4d474e6ae4b05252/library/core/src/macros/mod.rs:1679:5
[INFO] [stdout]     |
[INFO] [stdout]     = note: similarly named attribute macro `test` defined here
[INFO] [stdout] 
[INFO] [stdout] 
[INFO] [stdout] error: cannot find attribute `gtest` in this scope
[INFO] [stdout]    --> src/proxied.rs:494:7
[INFO] [stdout]     |
[INFO] [stdout] 494 |     #[gtest]
[INFO] [stdout]     |       ^^^^^ help: an attribute macro with a similar name exists: `test`
[INFO] [stdout]    --> /rustc/df4ca44d3fbc9301ee17f30f4d474e6ae4b05252/library/core/src/macros/mod.rs:1679:5
[INFO] [stdout]     |
[INFO] [stdout]     = note: similarly named attribute macro `test` defined here
[INFO] [stdout] 
[INFO] [stdout] 
[INFO] [stdout] error: cannot find attribute `gtest` in this scope
[INFO] [stdout]    --> src/repeated.rs:588:7
[INFO] [stdout]     |
[INFO] [stdout] 588 |     #[gtest]
[INFO] [stdout]     |       ^^^^^ help: an attribute macro with a similar name exists: `test`
[INFO] [stdout]    --> /rustc/df4ca44d3fbc9301ee17f30f4d474e6ae4b05252/library/core/src/macros/mod.rs:1679:5
[INFO] [stdout]     |
[INFO] [stdout]     = note: similarly named attribute macro `test` defined here
[INFO] [stdout] 
[INFO] [stdout] 
[INFO] [stdout] error: cannot find attribute `gtest` in this scope
[INFO] [stdout]    --> src/repeated.rs:629:7
[INFO] [stdout]     |
[INFO] [stdout] 629 |     #[gtest]
[INFO] [stdout]     |       ^^^^^ help: an attribute macro with a similar name exists: `test`
[INFO] [stdout]    --> /rustc/df4ca44d3fbc9301ee17f30f4d474e6ae4b05252/library/core/src/macros/mod.rs:1679:5
[INFO] [stdout]     |
[INFO] [stdout]     = note: similarly named attribute macro `test` defined here
[INFO] [stdout] 
[INFO] [stdout] 
[INFO] [stdout] error: cannot find attribute `gtest` in this scope
[INFO] [stdout]    --> src/repeated.rs:646:7
[INFO] [stdout]     |
[INFO] [stdout] 646 |     #[gtest]
[INFO] [stdout]     |       ^^^^^ help: an attribute macro with a similar name exists: `test`
[INFO] [stdout]    --> /rustc/df4ca44d3fbc9301ee17f30f4d474e6ae4b05252/library/core/src/macros/mod.rs:1679:5
[INFO] [stdout]     |
[INFO] [stdout]     = note: similarly named attribute macro `test` defined here
[INFO] [stdout] 
[INFO] [stdout] 
[INFO] [stdout] error: cannot find attribute `gtest` in this scope
[INFO] [stdout]    --> src/string.rs:624:7
[INFO] [stdout]     |
[INFO] [stdout] 624 |     #[gtest]
[INFO] [stdout]     |       ^^^^^ help: an attribute macro with a similar name exists: `test`
[INFO] [stdout]    --> /rustc/df4ca44d3fbc9301ee17f30f4d474e6ae4b05252/library/core/src/macros/mod.rs:1679:5
[INFO] [stdout]     |
[INFO] [stdout]     = note: similarly named attribute macro `test` defined here
[INFO] [stdout] 
[INFO] [stdout] 
[INFO] [stdout] error: cannot find attribute `gtest` in this scope
[INFO] [stdout]    --> src/string.rs:636:7
[INFO] [stdout]     |
[INFO] [stdout] 636 |     #[gtest]
[INFO] [stdout]     |       ^^^^^ help: an attribute macro with a similar name exists: `test`
[INFO] [stdout]    --> /rustc/df4ca44d3fbc9301ee17f30f4d474e6ae4b05252/library/core/src/macros/mod.rs:1679:5
[INFO] [stdout]     |
[INFO] [stdout]     = note: similarly named attribute macro `test` defined here
[INFO] [stdout] 
[INFO] [stdout] 
[INFO] [stdout] error: cannot find attribute `gtest` in this scope
[INFO] [stdout]    --> src/string.rs:645:7
[INFO] [stdout]     |
[INFO] [stdout] 645 |     #[gtest]
[INFO] [stdout]     |       ^^^^^ help: an attribute macro with a similar name exists: `test`
[INFO] [stdout]    --> /rustc/df4ca44d3fbc9301ee17f30f4d474e6ae4b05252/library/core/src/macros/mod.rs:1679:5
[INFO] [stdout]     |
[INFO] [stdout]     = note: similarly named attribute macro `test` defined here
[INFO] [stdout] 
[INFO] [stdout] 
[INFO] [stdout] error: cannot find attribute `gtest` in this scope
[INFO] [stdout]    --> src/string.rs:665:7
[INFO] [stdout]     |
[INFO] [stdout] 665 |     #[gtest]
[INFO] [stdout]     |       ^^^^^ help: an attribute macro with a similar name exists: `test`
[INFO] [stdout]    --> /rustc/df4ca44d3fbc9301ee17f30f4d474e6ae4b05252/library/core/src/macros/mod.rs:1679:5
[INFO] [stdout]     |
[INFO] [stdout]     = note: similarly named attribute macro `test` defined here
[INFO] [stdout] 
[INFO] [stdout] 
[INFO] [stdout] error: cannot find attribute `gtest` in this scope
[INFO] [stdout]    --> src/string.rs:687:7
[INFO] [stdout]     |
[INFO] [stdout] 687 |     #[gtest]
[INFO] [stdout]     |       ^^^^^ help: an attribute macro with a similar name exists: `test`
[INFO] [stdout]    --> /rustc/df4ca44d3fbc9301ee17f30f4d474e6ae4b05252/library/core/src/macros/mod.rs:1679:5
[INFO] [stdout]     |
[INFO] [stdout]     = note: similarly named attribute macro `test` defined here
[INFO] [stdout] 
[INFO] [stdout] 
[INFO] [stdout] error: cannot find attribute `gtest` in this scope
[INFO] [stdout]    --> src/string.rs:766:7
[INFO] [stdout]     |
[INFO] [stdout] 766 |     #[gtest]
[INFO] [stdout]     |       ^^^^^ help: an attribute macro with a similar name exists: `test`
[INFO] [stdout]    --> /rustc/df4ca44d3fbc9301ee17f30f4d474e6ae4b05252/library/core/src/macros/mod.rs:1679:5
[INFO] [stdout]     |
[INFO] [stdout]     = note: similarly named attribute macro `test` defined here
[INFO] [stdout] 
[INFO] [stdout] 
[INFO] [stdout] For more information about this error, try `rustc --explain E0432`.
[INFO] [stdout] 
[INFO] [stderr] The following warnings were emitted during compilation:
[INFO] [stderr] 
[INFO] [stderr] warning: staging-protobuf@4.27.3-beta.0: libupb/upb/upb.c:3369:1: warning: 'no_sanitize' attribute ignored [-Wattributes]
[INFO] [stderr] warning: staging-protobuf@4.27.3-beta.0:  3369 | UPB_LINKARR_DECLARE(upb_AllExts, upb_MiniTableExtension);
[INFO] [stderr] warning: staging-protobuf@4.27.3-beta.0:       | ^~~~~~~~~~~~~~~~~~~
[INFO] [stderr] 
[INFO] [stderr] error: could not compile `staging-protobuf` (lib test) due to 32 previous errors
[INFO] running `Command { std: "docker" "inspect" "19611e6b38c00cef84f50bba4aa397c2b7daa7e21f29170d6bd8e15ffbe22204", kill_on_drop: false }`
[INFO] running `Command { std: "docker" "rm" "-f" "19611e6b38c00cef84f50bba4aa397c2b7daa7e21f29170d6bd8e15ffbe22204", kill_on_drop: false }`
[INFO] [stdout] 19611e6b38c00cef84f50bba4aa397c2b7daa7e21f29170d6bd8e15ffbe22204
